Jun 11 11:00:18 standalone container-server[128582]: 172.20.0.100 - - [11/Jun/2026:11:00:18 +0000] "GET /d1/605/AUTH_883fb82d4dc5440dbc9cc9be5ae60e9c/gnocchi.4189dc54-879d-45fa-aaab-ed409473fd80" 200 2 "GET http://172.18.0.2:8080/v1/AUTH_883fb82d4dc5440dbc9cc9be5ae60e9c/gnocchi.4189dc54-879d-45fa-aaab-ed409473fd80?format=json&marker=none_v3&states=listing" "tx14ba1dfcefdb4b06903ec-006a2a9542" "proxy-server 20" 0.0036 "-" 22 0
Jun 11 11:00:18 standalone proxy-server[130571]: 172.18.0.2 172.18.0.100 11/Jun/2026/11/00/18 GET /v1/AUTH_883fb82d4dc5440dbc9cc9be5ae60e9c/gnocchi.4189dc54-879d-45fa-aaab-ed409473fd80%3Fformat%3Djson%26marker%3Dnone_v3%26states%3Dlisting HTTP/1.0 200 - python-swiftclient-3.11.1 gAAAAABqKpTNpp1R... - 2 - tx14ba1dfcefdb4b06903ec-006a2a9542 - 0.0111 - - 1781175618.622621536 1781175618.633769035 0
Jun 11 11:00:18 standalone object-server[128924]: 172.20.0.100 - - [11/Jun/2026:11:00:18 +0000] "GET /d1/717/AUTH_883fb82d4dc5440dbc9cc9be5ae60e9c/gnocchi.4189dc54-879d-45fa-aaab-ed409473fd80/1780920000.0_mean_300.0_v3" 200 23 "GET http://172.18.0.2:8080/v1/AUTH_883fb82d4dc5440dbc9cc9be5ae60e9c/gnocchi.4189dc54-879d-45fa-aaab-ed409473fd80/1780920000.0_mean_300.0_v3" "tx41d236a846654af09912a-006a2a9542" "proxy-server 20" 0.0010 "-" 23 0
Jun 11 11:00:18 standalone proxy-server[130571]: 172.18.0.2 172.18.0.100 11/Jun/2026/11/00/18 GET /v1/AUTH_883fb82d4dc5440dbc9cc9be5ae60e9c/gnocchi.4189dc54-879d-45fa-aaab-ed409473fd80/1780920000.0_mean_300.0_v3 HTTP/1.0 200 - python-swiftclient-3.11.1 gAAAAABqKpTNpp1R... - 23 - tx41d236a846654af09912a-006a2a9542 - 0.0085 - - 1781175618.636595726 1781175618.645046473 0
Jun 11 11:00:18 standalone container-server[128578]: 172.20.0.100 - - [11/Jun/2026:11:00:18 +0000] "PUT /d1/605/AUTH_883fb82d4dc5440dbc9cc9be5ae60e9c/gnocchi.4189dc54-879d-45fa-aaab-ed409473fd80/1780920000.0_mean_300.0_v3" 201 - "PUT http://172.18.0.2:8080/d1/717/AUTH_883fb82d4dc5440dbc9cc9be5ae60e9c/gnocchi.4189dc54-879d-45fa-aaab-ed409473fd80/1780920000.0_mean_300.0_v3" "tx437cc8c5010140109cdd4-006a2a9542" "object-server 23" 0.0006 "-" 20 0
Jun 11 11:00:18 standalone object-server[128924]: 172.20.0.100 - - [11/Jun/2026:11:00:18 +0000] "PUT /d1/717/AUTH_883fb82d4dc5440dbc9cc9be5ae60e9c/gnocchi.4189dc54-879d-45fa-aaab-ed409473fd80/1780920000.0_mean_300.0_v3" 201 - "PUT http://172.18.0.2:8080/v1/AUTH_883fb82d4dc5440dbc9cc9be5ae60e9c/gnocchi.4189dc54-879d-45fa-aaab-ed409473fd80/1780920000.0_mean_300.0_v3" "tx437cc8c5010140109cdd4-006a2a9542" "proxy-server 20" 0.0202 "-" 23 0
Jun 11 11:00:18 standalone proxy-server[130571]: 172.18.0.2 172.18.0.100 11/Jun/2026/11/00/18 PUT /v1/AUTH_883fb82d4dc5440dbc9cc9be5ae60e9c/gnocchi.4189dc54-879d-45fa-aaab-ed409473fd80/1780920000.0_mean_300.0_v3 HTTP/1.0 201 - python-swiftclient-3.11.1 gAAAAABqKpTNpp1R... 23 - - tx437cc8c5010140109cdd4-006a2a9542 - 0.0276 - - 1781175618.647504330 1781175618.675094128 0
Jun 11 11:00:18 standalone container-server[128582]: 172.20.0.100 - - [11/Jun/2026:11:00:18 +0000] "PUT /d1/605/AUTH_883fb82d4dc5440dbc9cc9be5ae60e9c/gnocchi.4189dc54-879d-45fa-aaab-ed409473fd80/none_v3" 201 - "PUT http://172.18.0.2:8080/d1/20/AUTH_883fb82d4dc5440dbc9cc9be5ae60e9c/gnocchi.4189dc54-879d-45fa-aaab-ed409473fd80/none_v3" "txad8259ebfbcf46b9b56c3-006a2a9542" "object-server 23" 0.0006 "-" 22 0
Jun 11 11:00:18 standalone object-server[128924]: 172.20.0.100 - - [11/Jun/2026:11:00:18 +0000] "PUT /d1/20/AUTH_883fb82d4dc5440dbc9cc9be5ae60e9c/gnocchi.4189dc54-879d-45fa-aaab-ed409473fd80/none_v3" 201 - "PUT http://172.18.0.2:8080/v1/AUTH_883fb82d4dc5440dbc9cc9be5ae60e9c/gnocchi.4189dc54-879d-45fa-aaab-ed409473fd80/none_v3" "txad8259ebfbcf46b9b56c3-006a2a9542" "proxy-server 20" 0.0092 "-" 23 0
Jun 11 11:00:18 standalone proxy-server[130571]: 172.18.0.2 172.18.0.100 11/Jun/2026/11/00/18 PUT /v1/AUTH_883fb82d4dc5440dbc9cc9be5ae60e9c/gnocchi.4189dc54-879d-45fa-aaab-ed409473fd80/none_v3 HTTP/1.0 201 - python-swiftclient-3.11.1 gAAAAABqKpTNpp1R... 31 - - txad8259ebfbcf46b9b56c3-006a2a9542 - 0.0167 - - 1781175618.677387476 1781175618.694073200 0
Jun 11 11:00:21 standalone container-server[128578]: 172.20.0.100 - - [11/Jun/2026:11:00:21 +0000] "HEAD /d1/762/AUTH_883fb82d4dc5440dbc9cc9be5ae60e9c/gnocchi.4600b953-3810-47cd-a962-c42138d4682d" 404 - "HEAD http://172.18.0.2:8080/v1/AUTH_883fb82d4dc5440dbc9cc9be5ae60e9c/gnocchi.4600b953-3810-47cd-a962-c42138d4682d?format=json&states=listing" "txafc56a6d616847d496360-006a2a9545" "proxy-server 20" 0.0005 "-" 20 0
Jun 11 11:00:21 standalone object-server[128916]: 172.20.0.100 - - [11/Jun/2026:11:00:21 +0000] "GET /d1/99/AUTH_883fb82d4dc5440dbc9cc9be5ae60e9c/gnocchi.4600b953-3810-47cd-a962-c42138d4682d/none_v3" 404 70 "GET http://172.18.0.2:8080/v1/AUTH_883fb82d4dc5440dbc9cc9be5ae60e9c/gnocchi.4600b953-3810-47cd-a962-c42138d4682d/none_v3" "txafc56a6d616847d496360-006a2a9545" "proxy-server 20" 0.0004 "-" 21 0
Jun 11 11:00:21 standalone proxy-server[130571]: 172.18.0.2 172.18.0.100 11/Jun/2026/11/00/21 GET /v1/AUTH_883fb82d4dc5440dbc9cc9be5ae60e9c/gnocchi.4600b953-3810-47cd-a962-c42138d4682d/none_v3 HTTP/1.0 404 - python-swiftclient-3.11.1 gAAAAABqKpTNpp1R... - 70 - txafc56a6d616847d496360-006a2a9545 - 0.0145 - - 1781175621.669104338 1781175621.683574677 0
Jun 11 11:00:21 standalone account-server[128502]: 172.20.0.100 - - [11/Jun/2026:11:00:21 +0000] "PUT /d1/118/AUTH_883fb82d4dc5440dbc9cc9be5ae60e9c/gnocchi.4600b953-3810-47cd-a962-c42138d4682d" 201 - "PUT http://172.20.0.100:6001/d1/762/AUTH_883fb82d4dc5440dbc9cc9be5ae60e9c/gnocchi.4600b953-3810-47cd-a962-c42138d4682d" "tx60654b69f60842589877d-006a2a9545" "container-server 23" 0.0065 "-" 17 0
Jun 11 11:00:21 standalone container-server[128586]: 172.20.0.100 - - [11/Jun/2026:11:00:21 +0000] "PUT /d1/762/AUTH_883fb82d4dc5440dbc9cc9be5ae60e9c/gnocchi.4600b953-3810-47cd-a962-c42138d4682d" 201 - "PUT http://172.18.0.2:8080/v1/AUTH_883fb82d4dc5440dbc9cc9be5ae60e9c/gnocchi.4600b953-3810-47cd-a962-c42138d4682d" "tx60654b69f60842589877d-006a2a9545" "proxy-server 20" 0.0217 "-" 23 0
Jun 11 11:00:21 standalone proxy-server[130571]: 172.18.0.2 172.18.0.100 11/Jun/2026/11/00/21 PUT /v1/AUTH_883fb82d4dc5440dbc9cc9be5ae60e9c/gnocchi.4600b953-3810-47cd-a962-c42138d4682d HTTP/1.0 201 - python-swiftclient-3.11.1 gAAAAABqKpTNpp1R... - - - tx60654b69f60842589877d-006a2a9545 - 0.0373 - - 1781175621.686876059 1781175621.724128723 0
Jun 11 11:00:21 standalone container-server[128580]: 172.20.0.100 - - [11/Jun/2026:11:00:21 +0000] "HEAD /d1/762/AUTH_883fb82d4dc5440dbc9cc9be5ae60e9c/gnocchi.4600b953-3810-47cd-a962-c42138d4682d" 204 - "HEAD http://172.18.0.2:8080/v1/AUTH_883fb82d4dc5440dbc9cc9be5ae60e9c/gnocchi.4600b953-3810-47cd-a962-c42138d4682d?format=json&states=listing" "tx0d557442aea64ffd8838e-006a2a9545" "proxy-server 20" 0.0018 "-" 21 0
Jun 11 11:00:21 standalone proxy-server[130571]: - - 11/Jun/2026/11/00/21 HEAD /v1/AUTH_883fb82d4dc5440dbc9cc9be5ae60e9c/gnocchi.4600b953-3810-47cd-a962-c42138d4682d%3Fformat%3Djson%26states%3Dlisting HTTP/1.0 204 - Swift - - - - tx0d557442aea64ffd8838e-006a2a9545 - 0.0081 RL - 1781175621.733196020 1781175621.741261244 0
Jun 11 11:00:21 standalone container-server[128578]: 172.20.0.100 - - [11/Jun/2026:11:00:21 +0000] "GET /d1/762/AUTH_883fb82d4dc5440dbc9cc9be5ae60e9c/gnocchi.4600b953-3810-47cd-a962-c42138d4682d" 200 2 "GET http://172.18.0.2:8080/v1/AUTH_883fb82d4dc5440dbc9cc9be5ae60e9c/gnocchi.4600b953-3810-47cd-a962-c42138d4682d?format=json&states=listing" "tx0d557442aea64ffd8838e-006a2a9545" "proxy-server 20" 0.0018 "-" 20 0
Jun 11 11:00:21 standalone proxy-server[130571]: 172.18.0.2 172.18.0.100 11/Jun/2026/11/00/21 GET /v1/AUTH_883fb82d4dc5440dbc9cc9be5ae60e9c/gnocchi.4600b953-3810-47cd-a962-c42138d4682d%3Fformat%3Djson%26states%3Dlisting HTTP/1.0 200 - python-swiftclient-3.11.1 gAAAAABqKpTNpp1R... - 2 - tx0d557442aea64ffd8838e-006a2a9545 - 0.0240 - - 1781175621.728628635 1781175621.752624750 0
Jun 11 11:00:21 standalone object-server[128931]: 172.20.0.100 - - [11/Jun/2026:11:00:21 +0000] "GET /d1/362/AUTH_883fb82d4dc5440dbc9cc9be5ae60e9c/gnocchi.4600b953-3810-47cd-a962-c42138d4682d/1780920000.0_mean_300.0_v3" 404 70 "GET http://172.18.0.2:8080/v1/AUTH_883fb82d4dc5440dbc9cc9be5ae60e9c/gnocchi.4600b953-3810-47cd-a962-c42138d4682d/1780920000.0_mean_300.0_v3" "tx9b17087d3d7c4605b9401-006a2a9545" "proxy-server 20" 0.0004 "-" 25 0
Jun 11 11:00:21 standalone proxy-server[130571]: 172.18.0.2 172.18.0.100 11/Jun/2026/11/00/21 GET /v1/AUTH_883fb82d4dc5440dbc9cc9be5ae60e9c/gnocchi.4600b953-3810-47cd-a962-c42138d4682d/1780920000.0_mean_300.0_v3 HTTP/1.0 404 - python-swiftclient-3.11.1 gAAAAABqKpTNpp1R... - 70 - tx9b17087d3d7c4605b9401-006a2a9545 - 0.0059 - - 1781175621.755733013 1781175621.761585951 0
Jun 11 11:00:21 standalone container-server[128580]: 172.20.0.100 - - [11/Jun/2026:11:00:21 +0000] "PUT /d1/762/AUTH_883fb82d4dc5440dbc9cc9be5ae60e9c/gnocchi.4600b953-3810-47cd-a962-c42138d4682d/1780920000.0_mean_300.0_v3" 201 - "PUT http://172.18.0.2:8080/d1/362/AUTH_883fb82d4dc5440dbc9cc9be5ae60e9c/gnocchi.4600b953-3810-47cd-a962-c42138d4682d/1780920000.0_mean_300.0_v3" "tx3bd835f8108d411eb2a20-006a2a9545" "object-server 21" 0.0008 "-" 21 0
Jun 11 11:00:21 standalone object-server[128916]: 172.20.0.100 - - [11/Jun/2026:11:00:21 +0000] "PUT /d1/362/AUTH_883fb82d4dc5440dbc9cc9be5ae60e9c/gnocchi.4600b953-3810-47cd-a962-c42138d4682d/1780920000.0_mean_300.0_v3" 201 - "PUT http://172.18.0.2:8080/v1/AUTH_883fb82d4dc5440dbc9cc9be5ae60e9c/gnocchi.4600b953-3810-47cd-a962-c42138d4682d/1780920000.0_mean_300.0_v3" "tx3bd835f8108d411eb2a20-006a2a9545" "proxy-server 20" 0.0121 "-" 21 0
Jun 11 11:00:21 standalone proxy-server[130571]: 172.18.0.2 172.18.0.100 11/Jun/2026/11/00/21 PUT /v1/AUTH_883fb82d4dc5440dbc9cc9be5ae60e9c/gnocchi.4600b953-3810-47cd-a962-c42138d4682d/1780920000.0_mean_300.0_v3 HTTP/1.0 201 - python-swiftclient-3.11.1 gAAAAABqKpTNpp1R... 16 - - tx3bd835f8108d411eb2a20-006a2a9545 - 0.0167 - - 1781175621.763724566 1781175621.780383348 0
Jun 11 11:00:21 standalone container-server[128580]: 172.20.0.100 - - [11/Jun/2026:11:00:21 +0000] "PUT /d1/762/AUTH_883fb82d4dc5440dbc9cc9be5ae60e9c/gnocchi.4600b953-3810-47cd-a962-c42138d4682d/none_v3" 201 - "PUT http://172.18.0.2:8080/d1/99/AUTH_883fb82d4dc5440dbc9cc9be5ae60e9c/gnocchi.4600b953-3810-47cd-a962-c42138d4682d/none_v3" "txca8e00c6d7f9415fae048-006a2a9545" "object-server 25" 0.0008 "-" 21 0
Jun 11 11:00:21 standalone object-server[128931]: 172.20.0.100 - - [11/Jun/2026:11:00:21 +0000] "PUT /d1/99/AUTH_883fb82d4dc5440dbc9cc9be5ae60e9c/gnocchi.4600b953-3810-47cd-a962-c42138d4682d/none_v3" 201 - "PUT http://172.18.0.2:8080/v1/AUTH_883fb82d4dc5440dbc9cc9be5ae60e9c/gnocchi.4600b953-3810-47cd-a962-c42138d4682d/none_v3" "txca8e00c6d7f9415fae048-006a2a9545" "proxy-server 20" 0.0093 "-" 25 0
Jun 11 11:00:21 standalone proxy-server[130571]: 172.18.0.2 172.18.0.100 11/Jun/2026/11/00/21 PUT /v1/AUTH_883fb82d4dc5440dbc9cc9be5ae60e9c/gnocchi.4600b953-3810-47cd-a962-c42138d4682d/none_v3 HTTP/1.0 201 - python-swiftclient-3.11.1 gAAAAABqKpTNpp1R... 22 - - txca8e00c6d7f9415fae048-006a2a9545 - 0.0204 - - 1781175621.782530546 1781175621.802932262 0
Jun 11 11:00:22 standalone object-server[128916]: 172.20.0.100 - - [11/Jun/2026:11:00:22 +0000] "GET /d1/414/AUTH_883fb82d4dc5440dbc9cc9be5ae60e9c/gnocchi.b758976e-7a43-4474-aaab-9dfc668ee98c/none_v3" 200 33 "GET http://172.18.0.2:8080/v1/AUTH_883fb82d4dc5440dbc9cc9be5ae60e9c/gnocchi.b758976e-7a43-4474-aaab-9dfc668ee98c/none_v3" "tx555b447eca7a490c96808-006a2a9546" "proxy-server 20" 0.0008 "-" 21 0
Jun 11 11:00:22 standalone proxy-server[130571]: 172.18.0.2 172.18.0.100 11/Jun/2026/11/00/22 GET /v1/AUTH_883fb82d4dc5440dbc9cc9be5ae60e9c/gnocchi.b758976e-7a43-4474-aaab-9dfc668ee98c/none_v3 HTTP/1.0 200 - python-swiftclient-3.11.1 gAAAAABqKpTNpp1R... - 33 - tx555b447eca7a490c96808-006a2a9546 - 0.0088 - - 1781175622.072039604 1781175622.080809355 0
Jun 11 11:00:22 standalone container-server[128586]: 172.20.0.100 - - [11/Jun/2026:11:00:22 +0000] "GET /d1/519/AUTH_883fb82d4dc5440dbc9cc9be5ae60e9c/gnocchi.b758976e-7a43-4474-aaab-9dfc668ee98c" 200 357 "GET http://172.18.0.2:8080/v1/AUTH_883fb82d4dc5440dbc9cc9be5ae60e9c/gnocchi.b758976e-7a43-4474-aaab-9dfc668ee98c?format=json&states=listing" "txe11a41c93b3548b894a63-006a2a9546" "proxy-server 20" 0.0105 "-" 23 0
Jun 11 11:00:22 standalone proxy-server[130571]: 172.18.0.2 172.18.0.100 11/Jun/2026/11/00/22 GET /v1/AUTH_883fb82d4dc5440dbc9cc9be5ae60e9c/gnocchi.b758976e-7a43-4474-aaab-9dfc668ee98c%3Fformat%3Djson%26states%3Dlisting HTTP/1.0 200 - python-swiftclient-3.11.1 gAAAAABqKpTNpp1R... - 357 - txe11a41c93b3548b894a63-006a2a9546 - 0.0212 - - 1781175622.083691120 1781175622.104921341 0
Jun 11 11:00:22 standalone container-server[128586]: 172.20.0.100 - - [11/Jun/2026:11:00:22 +0000] "GET /d1/519/AUTH_883fb82d4dc5440dbc9cc9be5ae60e9c/gnocchi.b758976e-7a43-4474-aaab-9dfc668ee98c" 200 2 "GET http://172.18.0.2:8080/v1/AUTH_883fb82d4dc5440dbc9cc9be5ae60e9c/gnocchi.b758976e-7a43-4474-aaab-9dfc668ee98c?format=json&marker=none_v3&states=listing" "tx5fb8e62e881346109624a-006a2a9546" "proxy-server 20" 0.0016 "-" 23 0
Jun 11 11:00:22 standalone proxy-server[130571]: 172.18.0.2 172.18.0.100 11/Jun/2026/11/00/22 GET /v1/AUTH_883fb82d4dc5440dbc9cc9be5ae60e9c/gnocchi.b758976e-7a43-4474-aaab-9dfc668ee98c%3Fformat%3Djson%26marker%3Dnone_v3%26states%3Dlisting HTTP/1.0 200 - python-swiftclient-3.11.1 gAAAAABqKpTNpp1R... - 2 - tx5fb8e62e881346109624a-006a2a9546 - 0.0097 - - 1781175622.107767582 1781175622.117490292 0
Jun 11 11:00:22 standalone object-server[128931]: 172.20.0.100 - - [11/Jun/2026:11:00:22 +0000] "GET /d1/482/AUTH_883fb82d4dc5440dbc9cc9be5ae60e9c/gnocchi.b758976e-7a43-4474-aaab-9dfc668ee98c/1780920000.0_mean_300.0_v3" 200 16 "GET http://172.18.0.2:8080/v1/AUTH_883fb82d4dc5440dbc9cc9be5ae60e9c/gnocchi.b758976e-7a43-4474-aaab-9dfc668ee98c/1780920000.0_mean_300.0_v3" "tx23b47b4168234b5581ef9-006a2a9546" "proxy-server 20" 0.0007 "-" 25 0
Jun 11 11:00:22 standalone proxy-server[130571]: 172.18.0.2 172.18.0.100 11/Jun/2026/11/00/22 GET /v1/AUTH_883fb82d4dc5440dbc9cc9be5ae60e9c/gnocchi.b758976e-7a43-4474-aaab-9dfc668ee98c/1780920000.0_mean_300.0_v3 HTTP/1.0 200 - python-swiftclient-3.11.1 gAAAAABqKpTNpp1R... - 16 - tx23b47b4168234b5581ef9-006a2a9546 - 0.0102 - - 1781175622.120401144 1781175622.130627871 0
Jun 11 11:00:22 standalone container-server[128580]: 172.20.0.100 - - [11/Jun/2026:11:00:22 +0000] "PUT /d1/519/AUTH_883fb82d4dc5440dbc9cc9be5ae60e9c/gnocchi.b758976e-7a43-4474-aaab-9dfc668ee98c/1780920000.0_mean_300.0_v3" 201 - "PUT http://172.18.0.2:8080/d1/482/AUTH_883fb82d4dc5440dbc9cc9be5ae60e9c/gnocchi.b758976e-7a43-4474-aaab-9dfc668ee98c/1780920000.0_mean_300.0_v3" "tx524e2ba37d234b289b4af-006a2a9546" "object-server 24" 0.0008 "-" 21 0
Jun 11 11:00:22 standalone object-server[128927]: 172.20.0.100 - - [11/Jun/2026:11:00:22 +0000] "PUT /d1/482/AUTH_883fb82d4dc5440dbc9cc9be5ae60e9c/gnocchi.b758976e-7a43-4474-aaab-9dfc668ee98c/1780920000.0_mean_300.0_v3" 201 - "PUT http://172.18.0.2:8080/v1/AUTH_883fb82d4dc5440dbc9cc9be5ae60e9c/gnocchi.b758976e-7a43-4474-aaab-9dfc668ee98c/1780920000.0_mean_300.0_v3" "tx524e2ba37d234b289b4af-006a2a9546" "proxy-server 20" 0.0132 "-" 24 0
Jun 11 11:00:22 standalone proxy-server[130571]: 172.18.0.2 172.18.0.100 11/Jun/2026/11/00/22 PUT /v1/AUTH_883fb82d4dc5440dbc9cc9be5ae60e9c/gnocchi.b758976e-7a43-4474-aaab-9dfc668ee98c/1780920000.0_mean_300.0_v3 HTTP/1.0 201 - python-swiftclient-3.11.1 gAAAAABqKpTNpp1R... 24 - - tx524e2ba37d234b289b4af-006a2a9546 - 0.0266 - - 1781175622.134610653 1781175622.161179304 0
Jun 11 11:00:22 standalone container-server[128578]: 172.20.0.100 - - [11/Jun/2026:11:00:22 +0000] "PUT /d1/519/AUTH_883fb82d4dc5440dbc9cc9be5ae60e9c/gnocchi.b758976e-7a43-4474-aaab-9dfc668ee98c/none_v3" 201 - "PUT http://172.18.0.2:8080/d1/414/AUTH_883fb82d4dc5440dbc9cc9be5ae60e9c/gnocchi.b758976e-7a43-4474-aaab-9dfc668ee98c/none_v3" "txc0b42d97a66d49a89b6b4-006a2a9546" "object-server 21" 0.0005 "-" 20 0
Jun 11 11:00:22 standalone object-server[128916]: 172.20.0.100 - - [11/Jun/2026:11:00:22 +0000] "PUT /d1/414/AUTH_883fb82d4dc5440dbc9cc9be5ae60e9c/gnocchi.b758976e-7a43-4474-aaab-9dfc668ee98c/none_v3" 201 - "PUT http://172.18.0.2:8080/v1/AUTH_883fb82d4dc5440dbc9cc9be5ae60e9c/gnocchi.b758976e-7a43-4474-aaab-9dfc668ee98c/none_v3" "txc0b42d97a66d49a89b6b4-006a2a9546" "proxy-server 20" 0.0114 "-" 21 0
Jun 11 11:00:22 standalone proxy-server[130571]: 172.18.0.2 172.18.0.100 11/Jun/2026/11/00/22 PUT /v1/AUTH_883fb82d4dc5440dbc9cc9be5ae60e9c/gnocchi.b758976e-7a43-4474-aaab-9dfc668ee98c/none_v3 HTTP/1.0 201 - python-swiftclient-3.11.1 gAAAAABqKpTNpp1R... 22 - - txc0b42d97a66d49a89b6b4-006a2a9546 - 0.0197 - - 1781175622.163638115 1781175622.183376551 0
Jun 11 11:00:22 standalone object-server[128927]: 172.20.0.100 - - [11/Jun/2026:11:00:22 +0000] "GET /d1/969/AUTH_883fb82d4dc5440dbc9cc9be5ae60e9c/gnocchi.19bfd6dd-4663-4004-8afc-5df695ba761c/none_v3" 200 33 "GET http://172.18.0.2:8080/v1/AUTH_883fb82d4dc5440dbc9cc9be5ae60e9c/gnocchi.19bfd6dd-4663-4004-8afc-5df695ba761c/none_v3" "tx640323d5542a4f6489a49-006a2a9546" "proxy-server 20" 0.0011 "-" 24 0
Jun 11 11:00:22 standalone proxy-server[130571]: 172.18.0.2 172.18.0.100 11/Jun/2026/11/00/22 GET /v1/AUTH_883fb82d4dc5440dbc9cc9be5ae60e9c/gnocchi.19bfd6dd-4663-4004-8afc-5df695ba761c/none_v3 HTTP/1.0 200 - python-swiftclient-3.11.1 gAAAAABqKpTNpp1R... - 33 - tx640323d5542a4f6489a49-006a2a9546 - 0.0074 - - 1781175622.193936825 1781175622.201343060 0
Jun 11 11:00:22 standalone container-server[128586]: 172.20.0.100 - - [11/Jun/2026:11:00:22 +0000] "GET /d1/948/AUTH_883fb82d4dc5440dbc9cc9be5ae60e9c/gnocchi.19bfd6dd-4663-4004-8afc-5df695ba761c" 200 357 "GET http://172.18.0.2:8080/v1/AUTH_883fb82d4dc5440dbc9cc9be5ae60e9c/gnocchi.19bfd6dd-4663-4004-8afc-5df695ba761c?format=json&states=listing" "txbd89adf881914bd1b5f58-006a2a9546" "proxy-server 20" 0.0081 "-" 23 0
Jun 11 11:00:22 standalone proxy-server[130571]: 172.18.0.2 172.18.0.100 11/Jun/2026/11/00/22 GET /v1/AUTH_883fb82d4dc5440dbc9cc9be5ae60e9c/gnocchi.19bfd6dd-4663-4004-8afc-5df695ba761c%3Fformat%3Djson%26states%3Dlisting HTTP/1.0 200 - python-swiftclient-3.11.1 gAAAAABqKpTNpp1R... - 357 - txbd89adf881914bd1b5f58-006a2a9546 - 0.0170 - - 1781175622.203705311 1781175622.220711946 0
Jun 11 11:00:22 standalone container-server[128582]: 172.20.0.100 - - [11/Jun/2026:11:00:22 +0000] "GET /d1/948/AUTH_883fb82d4dc5440dbc9cc9be5ae60e9c/gnocchi.19bfd6dd-4663-4004-8afc-5df695ba761c" 200 2 "GET http://172.18.0.2:8080/v1/AUTH_883fb82d4dc5440dbc9cc9be5ae60e9c/gnocchi.19bfd6dd-4663-4004-8afc-5df695ba761c?format=json&marker=none_v3&states=listing" "tx9b13baac328d4261a26b7-006a2a9546" "proxy-server 20" 0.0025 "-" 22 0
Jun 11 11:00:22 standalone proxy-server[130571]: 172.18.0.2 172.18.0.100 11/Jun/2026/11/00/22 GET /v1/AUTH_883fb82d4dc5440dbc9cc9be5ae60e9c/gnocchi.19bfd6dd-4663-4004-8afc-5df695ba761c%3Fformat%3Djson%26marker%3Dnone_v3%26states%3Dlisting HTTP/1.0 200 - python-swiftclient-3.11.1 gAAAAABqKpTNpp1R... - 2 - tx9b13baac328d4261a26b7-006a2a9546 - 0.0089 - - 1781175622.222807646 1781175622.231716156 0
Jun 11 11:00:22 standalone object-server[128927]: 172.20.0.100 - - [11/Jun/2026:11:00:22 +0000] "GET /d1/431/AUTH_883fb82d4dc5440dbc9cc9be5ae60e9c/gnocchi.19bfd6dd-4663-4004-8afc-5df695ba761c/1780920000.0_mean_300.0_v3" 200 16 "GET http://172.18.0.2:8080/v1/AUTH_883fb82d4dc5440dbc9cc9be5ae60e9c/gnocchi.19bfd6dd-4663-4004-8afc-5df695ba761c/1780920000.0_mean_300.0_v3" "txc3e1e0d1334f47af9212b-006a2a9546" "proxy-server 20" 0.0008 "-" 24 0
Jun 11 11:00:22 standalone proxy-server[130571]: 172.18.0.2 172.18.0.100 11/Jun/2026/11/00/22 GET /v1/AUTH_883fb82d4dc5440dbc9cc9be5ae60e9c/gnocchi.19bfd6dd-4663-4004-8afc-5df695ba761c/1780920000.0_mean_300.0_v3 HTTP/1.0 200 - python-swiftclient-3.11.1 gAAAAABqKpTNpp1R... - 16 - txc3e1e0d1334f47af9212b-006a2a9546 - 0.0059 - - 1781175622.234274626 1781175622.240217447 0
Jun 11 11:00:22 standalone container-server[128580]: 172.20.0.100 - - [11/Jun/2026:11:00:22 +0000] "PUT /d1/948/AUTH_883fb82d4dc5440dbc9cc9be5ae60e9c/gnocchi.19bfd6dd-4663-4004-8afc-5df695ba761c/1780920000.0_mean_300.0_v3" 201 - "PUT http://172.18.0.2:8080/d1/431/AUTH_883fb82d4dc5440dbc9cc9be5ae60e9c/gnocchi.19bfd6dd-4663-4004-8afc-5df695ba761c/1780920000.0_mean_300.0_v3" "txbf26496149fa4f6eaa819-006a2a9546" "object-server 24" 0.0008 "-" 21 0
Jun 11 11:00:22 standalone object-server[128927]: 172.20.0.100 - - [11/Jun/2026:11:00:22 +0000] "PUT /d1/431/AUTH_883fb82d4dc5440dbc9cc9be5ae60e9c/gnocchi.19bfd6dd-4663-4004-8afc-5df695ba761c/1780920000.0_mean_300.0_v3" 201 - "PUT http://172.18.0.2:8080/v1/AUTH_883fb82d4dc5440dbc9cc9be5ae60e9c/gnocchi.19bfd6dd-4663-4004-8afc-5df695ba761c/1780920000.0_mean_300.0_v3" "txbf26496149fa4f6eaa819-006a2a9546" "proxy-server 20" 0.0154 "-" 24 0
Jun 11 11:00:22 standalone proxy-server[130571]: 172.18.0.2 172.18.0.100 11/Jun/2026/11/00/22 PUT /v1/AUTH_883fb82d4dc5440dbc9cc9be5ae60e9c/gnocchi.19bfd6dd-4663-4004-8afc-5df695ba761c/1780920000.0_mean_300.0_v3 HTTP/1.0 201 - python-swiftclient-3.11.1 gAAAAABqKpTNpp1R... 24 - - txbf26496149fa4f6eaa819-006a2a9546 - 0.0206 - - 1781175622.242176056 1781175622.262728214 0
Jun 11 11:00:22 standalone container-server[128586]: 172.20.0.100 - - [11/Jun/2026:11:00:22 +0000] "PUT /d1/948/AUTH_883fb82d4dc5440dbc9cc9be5ae60e9c/gnocchi.19bfd6dd-4663-4004-8afc-5df695ba761c/none_v3" 201 - "PUT http://172.18.0.2:8080/d1/969/AUTH_883fb82d4dc5440dbc9cc9be5ae60e9c/gnocchi.19bfd6dd-4663-4004-8afc-5df695ba761c/none_v3" "tx57d2dacbfe3a40188835f-006a2a9546" "object-server 24" 0.0007 "-" 23 0
Jun 11 11:00:22 standalone object-server[128927]: 172.20.0.100 - - [11/Jun/2026:11:00:22 +0000] "PUT /d1/969/AUTH_883fb82d4dc5440dbc9cc9be5ae60e9c/gnocchi.19bfd6dd-4663-4004-8afc-5df695ba761c/none_v3" 201 - "PUT http://172.18.0.2:8080/v1/AUTH_883fb82d4dc5440dbc9cc9be5ae60e9c/gnocchi.19bfd6dd-4663-4004-8afc-5df695ba761c/none_v3" "tx57d2dacbfe3a40188835f-006a2a9546" "proxy-server 20" 0.0104 "-" 24 0
Jun 11 11:00:22 standalone proxy-server[130571]: 172.18.0.2 172.18.0.100 11/Jun/2026/11/00/22 PUT /v1/AUTH_883fb82d4dc5440dbc9cc9be5ae60e9c/gnocchi.19bfd6dd-4663-4004-8afc-5df695ba761c/none_v3 HTTP/1.0 201 - python-swiftclient-3.11.1 gAAAAABqKpTNpp1R... 22 - - tx57d2dacbfe3a40188835f-006a2a9546 - 0.0188 - - 1781175622.265184402 1781175622.283975363 0
Jun 11 11:00:23 standalone object-server[128924]: 172.20.0.100 - - [11/Jun/2026:11:00:23 +0000] "GET /d1/99/AUTH_883fb82d4dc5440dbc9cc9be5ae60e9c/gnocchi.4600b953-3810-47cd-a962-c42138d4682d/none_v3" 200 22 "GET http://172.18.0.2:8080/v1/AUTH_883fb82d4dc5440dbc9cc9be5ae60e9c/gnocchi.4600b953-3810-47cd-a962-c42138d4682d/none_v3" "tx1152c72db3bd467ba8f6d-006a2a9547" "proxy-server 20" 0.0013 "-" 23 0
Jun 11 11:00:23 standalone proxy-server[130571]: 172.18.0.2 172.18.0.100 11/Jun/2026/11/00/23 GET /v1/AUTH_883fb82d4dc5440dbc9cc9be5ae60e9c/gnocchi.4600b953-3810-47cd-a962-c42138d4682d/none_v3 HTTP/1.0 200 - python-swiftclient-3.11.1 gAAAAABqKpTNpp1R... - 22 - tx1152c72db3bd467ba8f6d-006a2a9547 - 0.0124 - - 1781175623.469083548 1781175623.481520891 0
Jun 11 11:00:23 standalone container-server[128582]: 172.20.0.100 - - [11/Jun/2026:11:00:23 +0000] "GET /d1/762/AUTH_883fb82d4dc5440dbc9cc9be5ae60e9c/gnocchi.4600b953-3810-47cd-a962-c42138d4682d" 200 357 "GET http://172.18.0.2:8080/v1/AUTH_883fb82d4dc5440dbc9cc9be5ae60e9c/gnocchi.4600b953-3810-47cd-a962-c42138d4682d?format=json&states=listing" "txe54f8f29451b4727ac751-006a2a9547" "proxy-server 20" 0.0107 "-" 22 0
Jun 11 11:00:23 standalone proxy-server[130571]: 172.18.0.2 172.18.0.100 11/Jun/2026/11/00/23 GET /v1/AUTH_883fb82d4dc5440dbc9cc9be5ae60e9c/gnocchi.4600b953-3810-47cd-a962-c42138d4682d%3Fformat%3Djson%26states%3Dlisting HTTP/1.0 200 - python-swiftclient-3.11.1 gAAAAABqKpTNpp1R... - 357 - txe54f8f29451b4727ac751-006a2a9547 - 0.0218 - - 1781175623.486784697 1781175623.508544445 0
Jun 11 11:00:23 standalone container-server[128586]: 172.20.0.100 - - [11/Jun/2026:11:00:23 +0000] "GET /d1/762/AUTH_883fb82d4dc5440dbc9cc9be5ae60e9c/gnocchi.4600b953-3810-47cd-a962-c42138d4682d" 200 2 "GET http://172.18.0.2:8080/v1/AUTH_883fb82d4dc5440dbc9cc9be5ae60e9c/gnocchi.4600b953-3810-47cd-a962-c42138d4682d?format=json&marker=none_v3&states=listing" "tx3e18fbf4d6454377ac6dd-006a2a9547" "proxy-server 20" 0.0038 "-" 23 0
Jun 11 11:00:23 standalone proxy-server[130571]: 172.18.0.2 172.18.0.100 11/Jun/2026/11/00/23 GET /v1/AUTH_883fb82d4dc5440dbc9cc9be5ae60e9c/gnocchi.4600b953-3810-47cd-a962-c42138d4682d%3Fformat%3Djson%26marker%3Dnone_v3%26states%3Dlisting HTTP/1.0 200 - python-swiftclient-3.11.1 gAAAAABqKpTNpp1R... - 2 - tx3e18fbf4d6454377ac6dd-006a2a9547 - 0.0139 - - 1781175623.511894464 1781175623.525842667 0
Jun 11 11:00:23 standalone object-server[128924]: 172.20.0.100 - - [11/Jun/2026:11:00:23 +0000] "GET /d1/362/AUTH_883fb82d4dc5440dbc9cc9be5ae60e9c/gnocchi.4600b953-3810-47cd-a962-c42138d4682d/1780920000.0_mean_300.0_v3" 200 16 "GET http://172.18.0.2:8080/v1/AUTH_883fb82d4dc5440dbc9cc9be5ae60e9c/gnocchi.4600b953-3810-47cd-a962-c42138d4682d/1780920000.0_mean_300.0_v3" "tx62c85c1d8fe247ac8c163-006a2a9547" "proxy-server 20" 0.0012 "-" 23 0
Jun 11 11:00:23 standalone proxy-server[130571]: 172.18.0.2 172.18.0.100 11/Jun/2026/11/00/23 GET /v1/AUTH_883fb82d4dc5440dbc9cc9be5ae60e9c/gnocchi.4600b953-3810-47cd-a962-c42138d4682d/1780920000.0_mean_300.0_v3 HTTP/1.0 200 - python-swiftclient-3.11.1 gAAAAABqKpTNpp1R... - 16 - tx62c85c1d8fe247ac8c163-006a2a9547 - 0.0107 - - 1781175623.529585123 1781175623.540320396 0
Jun 11 11:00:23 standalone container-server[128580]: 172.20.0.100 - - [11/Jun/2026:11:00:23 +0000] "PUT /d1/762/AUTH_883fb82d4dc5440dbc9cc9be5ae60e9c/gnocchi.4600b953-3810-47cd-a962-c42138d4682d/1780920000.0_mean_300.0_v3" 201 - "PUT http://172.18.0.2:8080/d1/362/AUTH_883fb82d4dc5440dbc9cc9be5ae60e9c/gnocchi.4600b953-3810-47cd-a962-c42138d4682d/1780920000.0_mean_300.0_v3" "tx7bcc8944c59141aab157b-006a2a9547" "object-server 21" 0.0011 "-" 21 0
Jun 11 11:00:23 standalone object-server[128916]: 172.20.0.100 - - [11/Jun/2026:11:00:23 +0000] "PUT /d1/362/AUTH_883fb82d4dc5440dbc9cc9be5ae60e9c/gnocchi.4600b953-3810-47cd-a962-c42138d4682d/1780920000.0_mean_300.0_v3" 201 - "PUT http://172.18.0.2:8080/v1/AUTH_883fb82d4dc5440dbc9cc9be5ae60e9c/gnocchi.4600b953-3810-47cd-a962-c42138d4682d/1780920000.0_mean_300.0_v3" "tx7bcc8944c59141aab157b-006a2a9547" "proxy-server 20" 0.0115 "-" 21 0
Jun 11 11:00:23 standalone proxy-server[130571]: 172.18.0.2 172.18.0.100 11/Jun/2026/11/00/23 PUT /v1/AUTH_883fb82d4dc5440dbc9cc9be5ae60e9c/gnocchi.4600b953-3810-47cd-a962-c42138d4682d/1780920000.0_mean_300.0_v3 HTTP/1.0 201 - python-swiftclient-3.11.1 gAAAAABqKpTNpp1R... 16 - - tx7bcc8944c59141aab157b-006a2a9547 - 0.0189 - - 1781175623.543076515 1781175623.561951160 0
Jun 11 11:00:23 standalone container-server[128578]: 172.20.0.100 - - [11/Jun/2026:11:00:23 +0000] "PUT /d1/762/AUTH_883fb82d4dc5440dbc9cc9be5ae60e9c/gnocchi.4600b953-3810-47cd-a962-c42138d4682d/none_v3" 201 - "PUT http://172.18.0.2:8080/d1/99/AUTH_883fb82d4dc5440dbc9cc9be5ae60e9c/gnocchi.4600b953-3810-47cd-a962-c42138d4682d/none_v3" "tx19472f74af804baf8e4e2-006a2a9547" "object-server 21" 0.0007 "-" 20 0
Jun 11 11:00:23 standalone object-server[128916]: 172.20.0.100 - - [11/Jun/2026:11:00:23 +0000] "PUT /d1/99/AUTH_883fb82d4dc5440dbc9cc9be5ae60e9c/gnocchi.4600b953-3810-47cd-a962-c42138d4682d/none_v3" 201 - "PUT http://172.18.0.2:8080/v1/AUTH_883fb82d4dc5440dbc9cc9be5ae60e9c/gnocchi.4600b953-3810-47cd-a962-c42138d4682d/none_v3" "tx19472f74af804baf8e4e2-006a2a9547" "proxy-server 20" 0.0096 "-" 21 0
Jun 11 11:00:23 standalone proxy-server[130571]: 172.18.0.2 172.18.0.100 11/Jun/2026/11/00/23 PUT /v1/AUTH_883fb82d4dc5440dbc9cc9be5ae60e9c/gnocchi.4600b953-3810-47cd-a962-c42138d4682d/none_v3 HTTP/1.0 201 - python-swiftclient-3.11.1 gAAAAABqKpTNpp1R... 31 - - tx19472f74af804baf8e4e2-006a2a9547 - 0.0156 - - 1781175623.564276695 1781175623.579912663 0
Jun 11 11:00:31 standalone account-server[128478]: 172.20.0.100 - - [11/Jun/2026:11:00:31 +0000] "HEAD /d1/118/AUTH_883fb82d4dc5440dbc9cc9be5ae60e9c" 204 - "HEAD http://172.18.0.2:8080/v1/AUTH_883fb82d4dc5440dbc9cc9be5ae60e9c?format=json" "txaef7f16047274d66a4e6e-006a2a954f" "proxy-server 20" 0.0056 "-" 15 -
Jun 11 11:00:31 standalone proxy-server[130571]: - - 11/Jun/2026/11/00/31 HEAD /v1/AUTH_883fb82d4dc5440dbc9cc9be5ae60e9c%3Fformat%3Djson HTTP/1.0 204 - Swift - - - - txaef7f16047274d66a4e6e-006a2a954f - 0.0084 RL - 1781175631.494343519 1781175631.502763748 -
Jun 11 11:00:31 standalone object-server[128916]: 172.20.0.100 - - [11/Jun/2026:11:00:31 +0000] "GET /d1/99/AUTH_883fb82d4dc5440dbc9cc9be5ae60e9c/gnocchi.4600b953-3810-47cd-a962-c42138d4682d/none_v3" 200 31 "GET http://172.18.0.2:8080/v1/AUTH_883fb82d4dc5440dbc9cc9be5ae60e9c/gnocchi.4600b953-3810-47cd-a962-c42138d4682d/none_v3" "txaef7f16047274d66a4e6e-006a2a954f" "proxy-server 20" 0.0008 "-" 21 0
Jun 11 11:00:31 standalone proxy-server[130571]: 172.18.0.2 172.18.0.100 11/Jun/2026/11/00/31 GET /v1/AUTH_883fb82d4dc5440dbc9cc9be5ae60e9c/gnocchi.4600b953-3810-47cd-a962-c42138d4682d/none_v3 HTTP/1.0 200 - python-swiftclient-3.11.1 gAAAAABqKpTNpp1R... - 31 - txaef7f16047274d66a4e6e-006a2a954f - 0.0156 - - 1781175631.493645906 1781175631.509231091 0
Jun 11 11:00:31 standalone container-server[128582]: 172.20.0.100 - - [11/Jun/2026:11:00:31 +0000] "GET /d1/762/AUTH_883fb82d4dc5440dbc9cc9be5ae60e9c/gnocchi.4600b953-3810-47cd-a962-c42138d4682d" 200 357 "GET http://172.18.0.2:8080/v1/AUTH_883fb82d4dc5440dbc9cc9be5ae60e9c/gnocchi.4600b953-3810-47cd-a962-c42138d4682d?format=json&states=listing" "txbee62b50ebef49acbf0ca-006a2a954f" "proxy-server 20" 0.0106 "-" 22 0
Jun 11 11:00:31 standalone proxy-server[130571]: 172.18.0.2 172.18.0.100 11/Jun/2026/11/00/31 GET /v1/AUTH_883fb82d4dc5440dbc9cc9be5ae60e9c/gnocchi.4600b953-3810-47cd-a962-c42138d4682d%3Fformat%3Djson%26states%3Dlisting HTTP/1.0 200 - python-swiftclient-3.11.1 gAAAAABqKpTNpp1R... - 357 - txbee62b50ebef49acbf0ca-006a2a954f - 0.0159 - - 1781175631.511541843 1781175631.527487993 0
Jun 11 11:00:31 standalone container-server[128586]: 172.20.0.100 - - [11/Jun/2026:11:00:31 +0000] "GET /d1/762/AUTH_883fb82d4dc5440dbc9cc9be5ae60e9c/gnocchi.4600b953-3810-47cd-a962-c42138d4682d" 200 2 "GET http://172.18.0.2:8080/v1/AUTH_883fb82d4dc5440dbc9cc9be5ae60e9c/gnocchi.4600b953-3810-47cd-a962-c42138d4682d?format=json&marker=none_v3&states=listing" "txb94a557cb8364c32942c8-006a2a954f" "proxy-server 20" 0.0019 "-" 23 0
Jun 11 11:00:31 standalone proxy-server[130571]: 172.18.0.2 172.18.0.100 11/Jun/2026/11/00/31 GET /v1/AUTH_883fb82d4dc5440dbc9cc9be5ae60e9c/gnocchi.4600b953-3810-47cd-a962-c42138d4682d%3Fformat%3Djson%26marker%3Dnone_v3%26states%3Dlisting HTTP/1.0 200 - python-swiftclient-3.11.1 gAAAAABqKpTNpp1R... - 2 - txb94a557cb8364c32942c8-006a2a954f - 0.0062 - - 1781175631.529199839 1781175631.535381556 0
Jun 11 11:00:31 standalone object-server[128927]: 172.20.0.100 - - [11/Jun/2026:11:00:31 +0000] "GET /d1/362/AUTH_883fb82d4dc5440dbc9cc9be5ae60e9c/gnocchi.4600b953-3810-47cd-a962-c42138d4682d/1780920000.0_mean_300.0_v3" 200 16 "GET http://172.18.0.2:8080/v1/AUTH_883fb82d4dc5440dbc9cc9be5ae60e9c/gnocchi.4600b953-3810-47cd-a962-c42138d4682d/1780920000.0_mean_300.0_v3" "txe992cf2cc78f46cc89cde-006a2a954f" "proxy-server 20" 0.0006 "-" 24 0
Jun 11 11:00:31 standalone proxy-server[130571]: 172.18.0.2 172.18.0.100 11/Jun/2026/11/00/31 GET /v1/AUTH_883fb82d4dc5440dbc9cc9be5ae60e9c/gnocchi.4600b953-3810-47cd-a962-c42138d4682d/1780920000.0_mean_300.0_v3 HTTP/1.0 200 - python-swiftclient-3.11.1 gAAAAABqKpTNpp1R... - 16 - txe992cf2cc78f46cc89cde-006a2a954f - 0.0044 - - 1781175631.537413120 1781175631.541781425 0
Jun 11 11:00:31 standalone container-server[128580]: 172.20.0.100 - - [11/Jun/2026:11:00:31 +0000] "PUT /d1/762/AUTH_883fb82d4dc5440dbc9cc9be5ae60e9c/gnocchi.4600b953-3810-47cd-a962-c42138d4682d/1780920000.0_mean_300.0_v3" 201 - "PUT http://172.18.0.2:8080/d1/362/AUTH_883fb82d4dc5440dbc9cc9be5ae60e9c/gnocchi.4600b953-3810-47cd-a962-c42138d4682d/1780920000.0_mean_300.0_v3" "txb50dad2c36d64b10b4ea6-006a2a954f" "object-server 23" 0.0009 "-" 21 0
Jun 11 11:00:31 standalone object-server[128924]: 172.20.0.100 - - [11/Jun/2026:11:00:31 +0000] "PUT /d1/362/AUTH_883fb82d4dc5440dbc9cc9be5ae60e9c/gnocchi.4600b953-3810-47cd-a962-c42138d4682d/1780920000.0_mean_300.0_v3" 201 - "PUT http://172.18.0.2:8080/v1/AUTH_883fb82d4dc5440dbc9cc9be5ae60e9c/gnocchi.4600b953-3810-47cd-a962-c42138d4682d/1780920000.0_mean_300.0_v3" "txb50dad2c36d64b10b4ea6-006a2a954f" "proxy-server 20" 0.0109 "-" 23 0
Jun 11 11:00:31 standalone proxy-server[130571]: 172.18.0.2 172.18.0.100 11/Jun/2026/11/00/31 PUT /v1/AUTH_883fb82d4dc5440dbc9cc9be5ae60e9c/gnocchi.4600b953-3810-47cd-a962-c42138d4682d/1780920000.0_mean_300.0_v3 HTTP/1.0 201 - python-swiftclient-3.11.1 gAAAAABqKpTNpp1R... 16 - - txb50dad2c36d64b10b4ea6-006a2a954f - 0.0148 - - 1781175631.543635368 1781175631.558411598 0
Jun 11 11:00:31 standalone container-server[128580]: 172.20.0.100 - - [11/Jun/2026:11:00:31 +0000] "PUT /d1/762/AUTH_883fb82d4dc5440dbc9cc9be5ae60e9c/gnocchi.4600b953-3810-47cd-a962-c42138d4682d/none_v3" 201 - "PUT http://172.18.0.2:8080/d1/99/AUTH_883fb82d4dc5440dbc9cc9be5ae60e9c/gnocchi.4600b953-3810-47cd-a962-c42138d4682d/none_v3" "txeb1566a3a91f45c5b588f-006a2a954f" "object-server 25" 0.0004 "-" 21 0
Jun 11 11:00:31 standalone object-server[128931]: 172.20.0.100 - - [11/Jun/2026:11:00:31 +0000] "PUT /d1/99/AUTH_883fb82d4dc5440dbc9cc9be5ae60e9c/gnocchi.4600b953-3810-47cd-a962-c42138d4682d/none_v3" 201 - "PUT http://172.18.0.2:8080/v1/AUTH_883fb82d4dc5440dbc9cc9be5ae60e9c/gnocchi.4600b953-3810-47cd-a962-c42138d4682d/none_v3" "txeb1566a3a91f45c5b588f-006a2a954f" "proxy-server 20" 0.0067 "-" 25 0
Jun 11 11:00:31 standalone proxy-server[130571]: 172.18.0.2 172.18.0.100 11/Jun/2026/11/00/31 PUT /v1/AUTH_883fb82d4dc5440dbc9cc9be5ae60e9c/gnocchi.4600b953-3810-47cd-a962-c42138d4682d/none_v3 HTTP/1.0 201 - python-swiftclient-3.11.1 gAAAAABqKpTNpp1R... 46 - - txeb1566a3a91f45c5b588f-006a2a954f - 0.0120 - - 1781175631.560222387 1781175631.572203159 0
Jun 11 11:00:32 standalone object-server[128927]: 172.20.0.100 - - [11/Jun/2026:11:00:32 +0000] "GET /d1/99/AUTH_883fb82d4dc5440dbc9cc9be5ae60e9c/gnocchi.4600b953-3810-47cd-a962-c42138d4682d/none_v3" 200 46 "GET http://172.18.0.2:8080/v1/AUTH_883fb82d4dc5440dbc9cc9be5ae60e9c/gnocchi.4600b953-3810-47cd-a962-c42138d4682d/none_v3" "tx99d6f609d95c4bcb92976-006a2a9550" "proxy-server 20" 0.0009 "-" 24 0
Jun 11 11:00:32 standalone proxy-server[130571]: 172.18.0.2 172.18.0.100 11/Jun/2026/11/00/32 GET /v1/AUTH_883fb82d4dc5440dbc9cc9be5ae60e9c/gnocchi.4600b953-3810-47cd-a962-c42138d4682d/none_v3 HTTP/1.0 200 - python-swiftclient-3.11.1 gAAAAABqKpTNpp1R... - 46 - tx99d6f609d95c4bcb92976-006a2a9550 - 0.0119 - - 1781175632.223337412 1781175632.235252142 0
Jun 11 11:00:32 standalone container-server[128578]: 172.20.0.100 - - [11/Jun/2026:11:00:32 +0000] "GET /d1/762/AUTH_883fb82d4dc5440dbc9cc9be5ae60e9c/gnocchi.4600b953-3810-47cd-a962-c42138d4682d" 200 357 "GET http://172.18.0.2:8080/v1/AUTH_883fb82d4dc5440dbc9cc9be5ae60e9c/gnocchi.4600b953-3810-47cd-a962-c42138d4682d?format=json&states=listing" "tx541ae2d9b4014097b72ae-006a2a9550" "proxy-server 20" 0.0082 "-" 20 0
Jun 11 11:00:32 standalone proxy-server[130571]: 172.18.0.2 172.18.0.100 11/Jun/2026/11/00/32 GET /v1/AUTH_883fb82d4dc5440dbc9cc9be5ae60e9c/gnocchi.4600b953-3810-47cd-a962-c42138d4682d%3Fformat%3Djson%26states%3Dlisting HTTP/1.0 200 - python-swiftclient-3.11.1 gAAAAABqKpTNpp1R... - 357 - tx541ae2d9b4014097b72ae-006a2a9550 - 0.0163 - - 1781175632.239223242 1781175632.255565166 0
Jun 11 11:00:32 standalone container-server[128578]: 172.20.0.100 - - [11/Jun/2026:11:00:32 +0000] "GET /d1/762/AUTH_883fb82d4dc5440dbc9cc9be5ae60e9c/gnocchi.4600b953-3810-47cd-a962-c42138d4682d" 200 2 "GET http://172.18.0.2:8080/v1/AUTH_883fb82d4dc5440dbc9cc9be5ae60e9c/gnocchi.4600b953-3810-47cd-a962-c42138d4682d?format=json&marker=none_v3&states=listing" "txe5d345ba6da242a38cfe0-006a2a9550" "proxy-server 20" 0.0015 "-" 20 0
Jun 11 11:00:32 standalone proxy-server[130571]: 172.18.0.2 172.18.0.100 11/Jun/2026/11/00/32 GET /v1/AUTH_883fb82d4dc5440dbc9cc9be5ae60e9c/gnocchi.4600b953-3810-47cd-a962-c42138d4682d%3Fformat%3Djson%26marker%3Dnone_v3%26states%3Dlisting HTTP/1.0 200 - python-swiftclient-3.11.1 gAAAAABqKpTNpp1R... - 2 - txe5d345ba6da242a38cfe0-006a2a9550 - 0.0070 - - 1781175632.257502794 1781175632.264527559 0
Jun 11 11:00:32 standalone object-server[128916]: 172.20.0.100 - - [11/Jun/2026:11:00:32 +0000] "GET /d1/362/AUTH_883fb82d4dc5440dbc9cc9be5ae60e9c/gnocchi.4600b953-3810-47cd-a962-c42138d4682d/1780920000.0_mean_300.0_v3" 200 16 "GET http://172.18.0.2:8080/v1/AUTH_883fb82d4dc5440dbc9cc9be5ae60e9c/gnocchi.4600b953-3810-47cd-a962-c42138d4682d/1780920000.0_mean_300.0_v3" "txfd314afb09b543009ced2-006a2a9550" "proxy-server 20" 0.0006 "-" 21 0
Jun 11 11:00:32 standalone proxy-server[130571]: 172.18.0.2 172.18.0.100 11/Jun/2026/11/00/32 GET /v1/AUTH_883fb82d4dc5440dbc9cc9be5ae60e9c/gnocchi.4600b953-3810-47cd-a962-c42138d4682d/1780920000.0_mean_300.0_v3 HTTP/1.0 200 - python-swiftclient-3.11.1 gAAAAABqKpTNpp1R... - 16 - txfd314afb09b543009ced2-006a2a9550 - 0.0063 - - 1781175632.266895771 1781175632.273190498 0
Jun 11 11:00:32 standalone container-server[128580]: 172.20.0.100 - - [11/Jun/2026:11:00:32 +0000] "PUT /d1/762/AUTH_883fb82d4dc5440dbc9cc9be5ae60e9c/gnocchi.4600b953-3810-47cd-a962-c42138d4682d/1780920000.0_mean_300.0_v3" 201 - "PUT http://172.18.0.2:8080/d1/362/AUTH_883fb82d4dc5440dbc9cc9be5ae60e9c/gnocchi.4600b953-3810-47cd-a962-c42138d4682d/1780920000.0_mean_300.0_v3" "txe33b02e36d324bfdb9cbc-006a2a9550" "object-server 25" 0.0009 "-" 21 0
Jun 11 11:00:32 standalone object-server[128931]: 172.20.0.100 - - [11/Jun/2026:11:00:32 +0000] "PUT /d1/362/AUTH_883fb82d4dc5440dbc9cc9be5ae60e9c/gnocchi.4600b953-3810-47cd-a962-c42138d4682d/1780920000.0_mean_300.0_v3" 201 - "PUT http://172.18.0.2:8080/v1/AUTH_883fb82d4dc5440dbc9cc9be5ae60e9c/gnocchi.4600b953-3810-47cd-a962-c42138d4682d/1780920000.0_mean_300.0_v3" "txe33b02e36d324bfdb9cbc-006a2a9550" "proxy-server 20" 0.0121 "-" 25 0
Jun 11 11:00:32 standalone proxy-server[130571]: 172.18.0.2 172.18.0.100 11/Jun/2026/11/00/32 PUT /v1/AUTH_883fb82d4dc5440dbc9cc9be5ae60e9c/gnocchi.4600b953-3810-47cd-a962-c42138d4682d/1780920000.0_mean_300.0_v3 HTTP/1.0 201 - python-swiftclient-3.11.1 gAAAAABqKpTNpp1R... 16 - - txe33b02e36d324bfdb9cbc-006a2a9550 - 0.0187 - - 1781175632.275397778 1781175632.294096231 0
Jun 11 11:00:32 standalone container-server[128578]: 172.20.0.100 - - [11/Jun/2026:11:00:32 +0000] "PUT /d1/762/AUTH_883fb82d4dc5440dbc9cc9be5ae60e9c/gnocchi.4600b953-3810-47cd-a962-c42138d4682d/none_v3" 201 - "PUT http://172.18.0.2:8080/d1/99/AUTH_883fb82d4dc5440dbc9cc9be5ae60e9c/gnocchi.4600b953-3810-47cd-a962-c42138d4682d/none_v3" "tx3ed8cc32d28a4857a6dee-006a2a9550" "object-server 24" 0.0005 "-" 20 0
Jun 11 11:00:32 standalone object-server[128927]: 172.20.0.100 - - [11/Jun/2026:11:00:32 +0000] "PUT /d1/99/AUTH_883fb82d4dc5440dbc9cc9be5ae60e9c/gnocchi.4600b953-3810-47cd-a962-c42138d4682d/none_v3" 201 - "PUT http://172.18.0.2:8080/v1/AUTH_883fb82d4dc5440dbc9cc9be5ae60e9c/gnocchi.4600b953-3810-47cd-a962-c42138d4682d/none_v3" "tx3ed8cc32d28a4857a6dee-006a2a9550" "proxy-server 20" 0.0079 "-" 24 0
Jun 11 11:00:32 standalone proxy-server[130571]: 172.18.0.2 172.18.0.100 11/Jun/2026/11/00/32 PUT /v1/AUTH_883fb82d4dc5440dbc9cc9be5ae60e9c/gnocchi.4600b953-3810-47cd-a962-c42138d4682d/none_v3 HTTP/1.0 201 - python-swiftclient-3.11.1 gAAAAABqKpTNpp1R... 51 - - tx3ed8cc32d28a4857a6dee-006a2a9550 - 0.0132 - - 1781175632.299061775 1781175632.312305212 0
Jun 11 11:00:34 standalone container-server[128582]: 172.20.0.100 - - [11/Jun/2026:11:00:34 +0000] "HEAD /d1/795/AUTH_883fb82d4dc5440dbc9cc9be5ae60e9c/gnocchi.64cd4b88-4fc5-431d-bf5e-8403601d5878" 404 - "HEAD http://172.18.0.2:8080/v1/AUTH_883fb82d4dc5440dbc9cc9be5ae60e9c/gnocchi.64cd4b88-4fc5-431d-bf5e-8403601d5878?format=json&states=listing" "tx5c01c41f71d6413b83c90-006a2a9552" "proxy-server 20" 0.0006 "-" 22 0
Jun 11 11:00:34 standalone object-server[128924]: 172.20.0.100 - - [11/Jun/2026:11:00:34 +0000] "GET /d1/204/AUTH_883fb82d4dc5440dbc9cc9be5ae60e9c/gnocchi.64cd4b88-4fc5-431d-bf5e-8403601d5878/none_v3" 404 70 "GET http://172.18.0.2:8080/v1/AUTH_883fb82d4dc5440dbc9cc9be5ae60e9c/gnocchi.64cd4b88-4fc5-431d-bf5e-8403601d5878/none_v3" "tx5c01c41f71d6413b83c90-006a2a9552" "proxy-server 20" 0.0004 "-" 23 0
Jun 11 11:00:34 standalone proxy-server[130571]: 172.18.0.2 172.18.0.100 11/Jun/2026/11/00/34 GET /v1/AUTH_883fb82d4dc5440dbc9cc9be5ae60e9c/gnocchi.64cd4b88-4fc5-431d-bf5e-8403601d5878/none_v3 HTTP/1.0 404 - python-swiftclient-3.11.1 gAAAAABqKpTNpp1R... - 70 - tx5c01c41f71d6413b83c90-006a2a9552 - 0.0097 - - 1781175634.962038755 1781175634.971714497 0
Jun 11 11:00:34 standalone account-server[128487]: 172.20.0.100 - - [11/Jun/2026:11:00:34 +0000] "PUT /d1/118/AUTH_883fb82d4dc5440dbc9cc9be5ae60e9c/gnocchi.64cd4b88-4fc5-431d-bf5e-8403601d5878" 201 - "PUT http://172.20.0.100:6001/d1/795/AUTH_883fb82d4dc5440dbc9cc9be5ae60e9c/gnocchi.64cd4b88-4fc5-431d-bf5e-8403601d5878" "txb747c23cab894927beda3-006a2a9552" "container-server 23" 0.0015 "-" 16 0
Jun 11 11:00:34 standalone container-server[128586]: 172.20.0.100 - - [11/Jun/2026:11:00:34 +0000] "PUT /d1/795/AUTH_883fb82d4dc5440dbc9cc9be5ae60e9c/gnocchi.64cd4b88-4fc5-431d-bf5e-8403601d5878" 201 - "PUT http://172.18.0.2:8080/v1/AUTH_883fb82d4dc5440dbc9cc9be5ae60e9c/gnocchi.64cd4b88-4fc5-431d-bf5e-8403601d5878" "txb747c23cab894927beda3-006a2a9552" "proxy-server 20" 0.0096 "-" 23 0
Jun 11 11:00:34 standalone proxy-server[130571]: 172.18.0.2 172.18.0.100 11/Jun/2026/11/00/34 PUT /v1/AUTH_883fb82d4dc5440dbc9cc9be5ae60e9c/gnocchi.64cd4b88-4fc5-431d-bf5e-8403601d5878 HTTP/1.0 201 - python-swiftclient-3.11.1 gAAAAABqKpTNpp1R... - - - txb747c23cab894927beda3-006a2a9552 - 0.0139 - - 1781175634.974634647 1781175634.988492727 0
Jun 11 11:00:34 standalone container-server[128586]: 172.20.0.100 - - [11/Jun/2026:11:00:34 +0000] "HEAD /d1/795/AUTH_883fb82d4dc5440dbc9cc9be5ae60e9c/gnocchi.64cd4b88-4fc5-431d-bf5e-8403601d5878" 204 - "HEAD http://172.18.0.2:8080/v1/AUTH_883fb82d4dc5440dbc9cc9be5ae60e9c/gnocchi.64cd4b88-4fc5-431d-bf5e-8403601d5878?format=json&states=listing" "tx63a0e2d2b8be4f9cbf29a-006a2a9552" "proxy-server 20" 0.0008 "-" 23 0
Jun 11 11:00:34 standalone proxy-server[130571]: - - 11/Jun/2026/11/00/34 HEAD /v1/AUTH_883fb82d4dc5440dbc9cc9be5ae60e9c/gnocchi.64cd4b88-4fc5-431d-bf5e-8403601d5878%3Fformat%3Djson%26states%3Dlisting HTTP/1.0 204 - Swift - - - - tx63a0e2d2b8be4f9cbf29a-006a2a9552 - 0.0035 RL - 1781175634.992324352 1781175634.995804071 0
Jun 11 11:00:35 standalone container-server[128582]: 172.20.0.100 - - [11/Jun/2026:11:00:35 +0000] "GET /d1/795/AUTH_883fb82d4dc5440dbc9cc9be5ae60e9c/gnocchi.64cd4b88-4fc5-431d-bf5e-8403601d5878" 200 2 "GET http://172.18.0.2:8080/v1/AUTH_883fb82d4dc5440dbc9cc9be5ae60e9c/gnocchi.64cd4b88-4fc5-431d-bf5e-8403601d5878?format=json&states=listing" "tx63a0e2d2b8be4f9cbf29a-006a2a9552" "proxy-server 20" 0.0023 "-" 22 0
Jun 11 11:00:35 standalone proxy-server[130571]: 172.18.0.2 172.18.0.100 11/Jun/2026/11/00/35 GET /v1/AUTH_883fb82d4dc5440dbc9cc9be5ae60e9c/gnocchi.64cd4b88-4fc5-431d-bf5e-8403601d5878%3Fformat%3Djson%26states%3Dlisting HTTP/1.0 200 - python-swiftclient-3.11.1 gAAAAABqKpTNpp1R... - 2 - tx63a0e2d2b8be4f9cbf29a-006a2a9552 - 0.0129 - - 1781175634.991153479 1781175635.004041672 0
Jun 11 11:00:35 standalone object-server[128924]: 172.20.0.100 - - [11/Jun/2026:11:00:35 +0000] "GET /d1/409/AUTH_883fb82d4dc5440dbc9cc9be5ae60e9c/gnocchi.64cd4b88-4fc5-431d-bf5e-8403601d5878/1780920000.0_mean_300.0_v3" 404 70 "GET http://172.18.0.2:8080/v1/AUTH_883fb82d4dc5440dbc9cc9be5ae60e9c/gnocchi.64cd4b88-4fc5-431d-bf5e-8403601d5878/1780920000.0_mean_300.0_v3" "txb9aff03260fd43a89932e-006a2a9553" "proxy-server 20" 0.0003 "-" 23 0
Jun 11 11:00:35 standalone proxy-server[130571]: 172.18.0.2 172.18.0.100 11/Jun/2026/11/00/35 GET /v1/AUTH_883fb82d4dc5440dbc9cc9be5ae60e9c/gnocchi.64cd4b88-4fc5-431d-bf5e-8403601d5878/1780920000.0_mean_300.0_v3 HTTP/1.0 404 - python-swiftclient-3.11.1 gAAAAABqKpTNpp1R... - 70 - txb9aff03260fd43a89932e-006a2a9553 - 0.0044 - - 1781175635.006901264 1781175635.011340618 0
Jun 11 11:00:35 standalone container-server[128578]: 172.20.0.100 - - [11/Jun/2026:11:00:35 +0000] "PUT /d1/795/AUTH_883fb82d4dc5440dbc9cc9be5ae60e9c/gnocchi.64cd4b88-4fc5-431d-bf5e-8403601d5878/1780920000.0_mean_300.0_v3" 201 - "PUT http://172.18.0.2:8080/d1/409/AUTH_883fb82d4dc5440dbc9cc9be5ae60e9c/gnocchi.64cd4b88-4fc5-431d-bf5e-8403601d5878/1780920000.0_mean_300.0_v3" "tx8257c574428a4d1c886f3-006a2a9553" "object-server 25" 0.0005 "-" 20 0
Jun 11 11:00:35 standalone object-server[128931]: 172.20.0.100 - - [11/Jun/2026:11:00:35 +0000] "PUT /d1/409/AUTH_883fb82d4dc5440dbc9cc9be5ae60e9c/gnocchi.64cd4b88-4fc5-431d-bf5e-8403601d5878/1780920000.0_mean_300.0_v3" 201 - "PUT http://172.18.0.2:8080/v1/AUTH_883fb82d4dc5440dbc9cc9be5ae60e9c/gnocchi.64cd4b88-4fc5-431d-bf5e-8403601d5878/1780920000.0_mean_300.0_v3" "tx8257c574428a4d1c886f3-006a2a9553" "proxy-server 20" 0.0105 "-" 25 0
Jun 11 11:00:35 standalone proxy-server[130571]: 172.18.0.2 172.18.0.100 11/Jun/2026/11/00/35 PUT /v1/AUTH_883fb82d4dc5440dbc9cc9be5ae60e9c/gnocchi.64cd4b88-4fc5-431d-bf5e-8403601d5878/1780920000.0_mean_300.0_v3 HTTP/1.0 201 - python-swiftclient-3.11.1 gAAAAABqKpTNpp1R... 16 - - tx8257c574428a4d1c886f3-006a2a9553 - 0.0152 - - 1781175635.014203072 1781175635.029363155 0
Jun 11 11:00:35 standalone container-server[128582]: 172.20.0.100 - - [11/Jun/2026:11:00:35 +0000] "PUT /d1/795/AUTH_883fb82d4dc5440dbc9cc9be5ae60e9c/gnocchi.64cd4b88-4fc5-431d-bf5e-8403601d5878/none_v3" 201 - "PUT http://172.18.0.2:8080/d1/204/AUTH_883fb82d4dc5440dbc9cc9be5ae60e9c/gnocchi.64cd4b88-4fc5-431d-bf5e-8403601d5878/none_v3" "txa5a4e7a8482543dbb7cc2-006a2a9553" "object-server 21" 0.0005 "-" 22 0
Jun 11 11:00:35 standalone object-server[128916]: 172.20.0.100 - - [11/Jun/2026:11:00:35 +0000] "PUT /d1/204/AUTH_883fb82d4dc5440dbc9cc9be5ae60e9c/gnocchi.64cd4b88-4fc5-431d-bf5e-8403601d5878/none_v3" 201 - "PUT http://172.18.0.2:8080/v1/AUTH_883fb82d4dc5440dbc9cc9be5ae60e9c/gnocchi.64cd4b88-4fc5-431d-bf5e-8403601d5878/none_v3" "txa5a4e7a8482543dbb7cc2-006a2a9553" "proxy-server 20" 0.0074 "-" 21 0
Jun 11 11:00:35 standalone proxy-server[130571]: 172.18.0.2 172.18.0.100 11/Jun/2026/11/00/35 PUT /v1/AUTH_883fb82d4dc5440dbc9cc9be5ae60e9c/gnocchi.64cd4b88-4fc5-431d-bf5e-8403601d5878/none_v3 HTTP/1.0 201 - python-swiftclient-3.11.1 gAAAAABqKpTNpp1R... 22 - - txa5a4e7a8482543dbb7cc2-006a2a9553 - 0.0112 - - 1781175635.031352282 1781175635.042592287 0
Jun 11 11:00:35 standalone container-server[128586]: 172.20.0.100 - - [11/Jun/2026:11:00:35 +0000] "HEAD /d1/975/AUTH_883fb82d4dc5440dbc9cc9be5ae60e9c/gnocchi.3b0b81fb-0b94-4a2f-ad98-7f6a08719a59" 404 - "HEAD http://172.18.0.2:8080/v1/AUTH_883fb82d4dc5440dbc9cc9be5ae60e9c/gnocchi.3b0b81fb-0b94-4a2f-ad98-7f6a08719a59?format=json&states=listing" "txc0e22664d6964e6ab1a4b-006a2a9553" "proxy-server 20" 0.0137 "-" 23 0
Jun 11 11:00:35 standalone object-server[128924]: 172.20.0.100 - - [11/Jun/2026:11:00:35 +0000] "GET /d1/744/AUTH_883fb82d4dc5440dbc9cc9be5ae60e9c/gnocchi.3b0b81fb-0b94-4a2f-ad98-7f6a08719a59/none_v3" 404 70 "GET http://172.18.0.2:8080/v1/AUTH_883fb82d4dc5440dbc9cc9be5ae60e9c/gnocchi.3b0b81fb-0b94-4a2f-ad98-7f6a08719a59/none_v3" "txc0e22664d6964e6ab1a4b-006a2a9553" "proxy-server 20" 0.0003 "-" 23 0
Jun 11 11:00:35 standalone proxy-server[130571]: 172.18.0.2 172.18.0.100 11/Jun/2026/11/00/35 GET /v1/AUTH_883fb82d4dc5440dbc9cc9be5ae60e9c/gnocchi.3b0b81fb-0b94-4a2f-ad98-7f6a08719a59/none_v3 HTTP/1.0 404 - python-swiftclient-3.11.1 gAAAAABqKpTNpp1R... - 70 - txc0e22664d6964e6ab1a4b-006a2a9553 - 0.0228 - - 1781175635.070545673 1781175635.093320370 0
Jun 11 11:00:35 standalone account-server[128487]: 172.20.0.100 - - [11/Jun/2026:11:00:35 +0000] "PUT /d1/118/AUTH_883fb82d4dc5440dbc9cc9be5ae60e9c/gnocchi.3b0b81fb-0b94-4a2f-ad98-7f6a08719a59" 201 - "PUT http://172.20.0.100:6001/d1/975/AUTH_883fb82d4dc5440dbc9cc9be5ae60e9c/gnocchi.3b0b81fb-0b94-4a2f-ad98-7f6a08719a59" "tx84b040e9634e42c99d126-006a2a9553" "container-server 22" 0.0048 "-" 16 0
Jun 11 11:00:35 standalone container-server[128582]: 172.20.0.100 - - [11/Jun/2026:11:00:35 +0000] "PUT /d1/975/AUTH_883fb82d4dc5440dbc9cc9be5ae60e9c/gnocchi.3b0b81fb-0b94-4a2f-ad98-7f6a08719a59" 201 - "PUT http://172.18.0.2:8080/v1/AUTH_883fb82d4dc5440dbc9cc9be5ae60e9c/gnocchi.3b0b81fb-0b94-4a2f-ad98-7f6a08719a59" "tx84b040e9634e42c99d126-006a2a9553" "proxy-server 20" 0.0163 "-" 22 0
Jun 11 11:00:35 standalone proxy-server[130571]: 172.18.0.2 172.18.0.100 11/Jun/2026/11/00/35 PUT /v1/AUTH_883fb82d4dc5440dbc9cc9be5ae60e9c/gnocchi.3b0b81fb-0b94-4a2f-ad98-7f6a08719a59 HTTP/1.0 201 - python-swiftclient-3.11.1 gAAAAABqKpTNpp1R... - - - tx84b040e9634e42c99d126-006a2a9553 - 0.0409 - - 1781175635.098944426 1781175635.139822006 0
Jun 11 11:00:35 standalone container-server[128580]: 172.20.0.100 - - [11/Jun/2026:11:00:35 +0000] "HEAD /d1/975/AUTH_883fb82d4dc5440dbc9cc9be5ae60e9c/gnocchi.3b0b81fb-0b94-4a2f-ad98-7f6a08719a59" 204 - "HEAD http://172.18.0.2:8080/v1/AUTH_883fb82d4dc5440dbc9cc9be5ae60e9c/gnocchi.3b0b81fb-0b94-4a2f-ad98-7f6a08719a59?format=json&states=listing" "txc042701268e34c8984971-006a2a9553" "proxy-server 20" 0.0016 "-" 21 0
Jun 11 11:00:35 standalone proxy-server[130571]: - - 11/Jun/2026/11/00/35 HEAD /v1/AUTH_883fb82d4dc5440dbc9cc9be5ae60e9c/gnocchi.3b0b81fb-0b94-4a2f-ad98-7f6a08719a59%3Fformat%3Djson%26states%3Dlisting HTTP/1.0 204 - Swift - - - - txc042701268e34c8984971-006a2a9553 - 0.0053 RL - 1781175635.145088434 1781175635.150345325 0
