Jun 11 10:44:33 standalone account-server[128193]: Starting 2
Jun 11 10:44:34 standalone account-server[128230]: Started child 14 from parent 2
Jun 11 10:44:34 standalone account-server[128230]: Started child 15 from parent 2
Jun 11 10:44:34 standalone account-server[128230]: Started child 16 from parent 2
Jun 11 10:44:34 standalone account-server[128230]: Started child 17 from parent 2
Jun 11 10:44:34 standalone container-server[128371]: Starting 2
Jun 11 10:44:34 standalone container-server[128299]: Option allow_versions is deprecated. Configure the versioned_writes middleware in the proxy-server instead. This option will be ignored in a future release.
Jun 11 10:44:34 standalone container-server[128578]: Option allow_versions is deprecated. Configure the versioned_writes middleware in the proxy-server instead. This option will be ignored in a future release.
Jun 11 10:44:34 standalone container-server[128299]: Started child 20 from parent 2
Jun 11 10:44:34 standalone container-server[128580]: Option allow_versions is deprecated. Configure the versioned_writes middleware in the proxy-server instead. This option will be ignored in a future release.
Jun 11 10:44:34 standalone container-server[128299]: Started child 21 from parent 2
Jun 11 10:44:34 standalone container-server[128582]: Option allow_versions is deprecated. Configure the versioned_writes middleware in the proxy-server instead. This option will be ignored in a future release.
Jun 11 10:44:34 standalone container-server[128299]: Started child 22 from parent 2
Jun 11 10:44:34 standalone container-server[128586]: Option allow_versions is deprecated. Configure the versioned_writes middleware in the proxy-server instead. This option will be ignored in a future release.
Jun 11 10:44:34 standalone container-server[128299]: Started child 23 from parent 2
Jun 11 10:44:34 standalone object-expirer[128590]: Starting 2
Jun 11 10:44:34 standalone object-expirer[128590]: Option auto_create_account_prefix is deprecated. Configure auto_create_account_prefix under the swift-constraints section of swift.conf. This option will be ignored in a future release.
Jun 11 10:44:35 standalone object-server[128632]: Started child 21 from parent 2
Jun 11 10:44:35 standalone object-server[128632]: Started child 23 from parent 2
Jun 11 10:44:35 standalone object-server[128632]: Started child 24 from parent 2
Jun 11 10:44:35 standalone object-server[128687]: Starting 2
Jun 11 10:44:35 standalone object-server[128632]: Started child 25 from parent 2
Jun 11 10:44:40 standalone proxy-server[130371]: Starting Keystone auth_token middleware
Jun 11 10:44:40 standalone proxy-server[130371]: AuthToken middleware is set with keystone_authtoken.service_token_roles_required set to False. This is backwards compatible but deprecated behaviour. Please set this to True.
Jun 11 10:44:40 standalone proxy-server[130571]: Starting Keystone auth_token middleware
Jun 11 10:44:40 standalone proxy-server[130571]: STDERR: The option "bind_port" is not known to keystonemiddleware
Jun 11 10:44:40 standalone proxy-server[130571]: STDERR: The option "workers" is not known to keystonemiddleware
Jun 11 10:44:40 standalone proxy-server[130571]: STDERR: The option "user" is not known to keystonemiddleware
Jun 11 10:44:40 standalone proxy-server[130571]: STDERR: The option "bind_ip" is not known to keystonemiddleware
Jun 11 10:44:40 standalone proxy-server[130571]: STDERR: The option "log_name" is not known to keystonemiddleware
Jun 11 10:44:40 standalone proxy-server[130571]: STDERR: The option "log_facility" is not known to keystonemiddleware
Jun 11 10:44:40 standalone proxy-server[130571]: STDERR: The option "log_level" is not known to keystonemiddleware
Jun 11 10:44:40 standalone proxy-server[130571]: STDERR: The option "log_headers" is not known to keystonemiddleware
Jun 11 10:44:40 standalone proxy-server[130571]: STDERR: The option "log_address" is not known to keystonemiddleware
Jun 11 10:44:40 standalone proxy-server[130571]: STDERR: The option "project_name" is not known to keystonemiddleware
Jun 11 10:44:40 standalone proxy-server[130571]: STDERR: The option "username" is not known to keystonemiddleware
Jun 11 10:44:40 standalone proxy-server[130571]: STDERR: The option "password" is not known to keystonemiddleware
Jun 11 10:44:40 standalone proxy-server[130571]: STDERR: The option "auth_url" is not known to keystonemiddleware
Jun 11 10:44:40 standalone proxy-server[130571]: STDERR: The option "signing_dir" is not known to keystonemiddleware
Jun 11 10:44:40 standalone proxy-server[130571]: STDERR: The option "project_domain_id" is not known to keystonemiddleware
Jun 11 10:44:40 standalone proxy-server[130571]: STDERR: The option "user_domain_id" is not known to keystonemiddleware
Jun 11 10:44:40 standalone proxy-server[130571]: STDERR: The option "__name__" is not known to keystonemiddleware
Jun 11 10:44:40 standalone proxy-server[130571]: AuthToken middleware is set with keystone_authtoken.service_token_roles_required set to False. This is backwards compatible but deprecated behaviour. Please set this to True.
Jun 11 10:44:40 standalone proxy-server[130371]: Started child 20 from parent 2
Jun 11 10:44:56 standalone object-server[128687]: Begin object update sweep
Jun 11 10:44:56 standalone object-server[132135]: Object update sweep starting on /srv/node/d1 (pid: 11)
Jun 11 10:44:56 standalone object-server[132135]: Object update sweep completed on /srv/node/d1 in 0.00s seconds:, 0 successes, 0 failures, 0 quarantines, 0 unlinks, 0 errors, 0 redirects (pid: 11)
Jun 11 10:44:56 standalone object-server[132135]: Object update sweep of d1 completed: 0.00s, 0 successes, 0 failures, 0 quarantines, 0 unlinks, 0 errors, 0 redirects
Jun 11 10:44:56 standalone object-server[128687]: Object update sweep completed: 0.10s
Jun 11 10:47:06 standalone container-server[128371]: Begin container update sweep
Jun 11 10:47:06 standalone container-server[128371]: Container update sweep completed: 0.00s
Jun 11 10:47:32 standalone account-server[128487]: 172.20.0.100 - - [11/Jun/2026:10:47:32 +0000] "HEAD /d1/238/.expiring_objects" 404 - "HEAD http://localhost/v1/.expiring_objects?format=json" "tx716c4290dcec413fba3cd-006a2a9244" "proxy-server 2" 0.0012 "-" 16 -
Jun 11 10:47:32 standalone object-expirer[128590]: Pass completed in 0s; 0 objects expired (txn: tx716c4290dcec413fba3cd-006a2a9244)
Jun 11 10:48:27 standalone account-server[128487]: 172.20.0.100 - - [11/Jun/2026:10:48:27 +0000] "HEAD /d1/238/.expiring_objects" 404 - "HEAD http://localhost/v1/.expiring_objects?format=json" "txa34b7c31eb6a4475b9811-006a2a927b" "proxy-server 2" 0.0008 "-" 16 -
Jun 11 10:48:27 standalone object-expirer[128590]: Pass completed in 0s; 0 objects expired (txn: txa34b7c31eb6a4475b9811-006a2a927b)
Jun 11 10:49:56 standalone object-server[128687]: Begin object update sweep
Jun 11 10:49:56 standalone object-server[168492]: Object update sweep starting on /srv/node/d1 (pid: 13)
Jun 11 10:49:56 standalone object-server[168492]: Object update sweep completed on /srv/node/d1 in 0.00s seconds:, 0 successes, 0 failures, 0 quarantines, 0 unlinks, 0 errors, 0 redirects (pid: 13)
Jun 11 10:49:56 standalone object-server[168492]: Object update sweep of d1 completed: 0.00s, 0 successes, 0 failures, 0 quarantines, 0 unlinks, 0 errors, 0 redirects
Jun 11 10:49:56 standalone object-server[128687]: Object update sweep completed: 0.07s
Jun 11 10:51:30 standalone account-server[128487]: 172.20.0.100 - - [11/Jun/2026:10:51:30 +0000] "HEAD /d1/238/.expiring_objects" 404 - "HEAD http://localhost/v1/.expiring_objects?format=json" "tx03a76c37e01c4baa9b3b0-006a2a9332" "proxy-server 2" 0.0005 "-" 16 -
Jun 11 10:51:30 standalone object-expirer[128590]: Pass completed in 0s; 0 objects expired (txn: tx03a76c37e01c4baa9b3b0-006a2a9332)
Jun 11 10:52:06 standalone container-server[128371]: Begin container update sweep
Jun 11 10:52:06 standalone container-server[128371]: Container update sweep completed: 0.00s
Jun 11 10:54:27 standalone account-server[128478]: 172.20.0.100 - - [11/Jun/2026:10:54:27 +0000] "HEAD /d1/238/.expiring_objects" 404 - "HEAD http://localhost/v1/.expiring_objects?format=json" "tx3717bcc60b9b42148a02c-006a2a93e3" "proxy-server 2" 0.0010 "-" 15 -
Jun 11 10:54:27 standalone object-expirer[128590]: Pass completed in 0s; 0 objects expired (txn: tx3717bcc60b9b42148a02c-006a2a93e3)
Jun 11 10:54:29 standalone account-server[128502]: 172.20.0.100 - - [11/Jun/2026:10:54:29 +0000] "HEAD /d1/238/.expiring_objects" 404 - "HEAD http://localhost/v1/.expiring_objects?format=json" "txca1351cdbd2d49918beda-006a2a93e5" "proxy-server 2" 0.0013 "-" 17 -
Jun 11 10:54:29 standalone object-expirer[128590]: Pass completed in 0s; 0 objects expired (txn: txca1351cdbd2d49918beda-006a2a93e5)
Jun 11 10:54:56 standalone object-server[128687]: Begin object update sweep
Jun 11 10:54:56 standalone object-server[212680]: Object update sweep starting on /srv/node/d1 (pid: 14)
Jun 11 10:54:56 standalone object-server[212680]: Object update sweep completed on /srv/node/d1 in 0.00s seconds:, 0 successes, 0 failures, 0 quarantines, 0 unlinks, 0 errors, 0 redirects (pid: 14)
Jun 11 10:54:56 standalone object-server[212680]: Object update sweep of d1 completed: 0.00s, 0 successes, 0 failures, 0 quarantines, 0 unlinks, 0 errors, 0 redirects
Jun 11 10:54:56 standalone object-server[128687]: Object update sweep completed: 0.07s
Jun 11 10:56:52 standalone account-server[128487]: 172.20.0.100 - - [11/Jun/2026:10:56:52 +0000] "HEAD /d1/238/.expiring_objects" 404 - "HEAD http://localhost/v1/.expiring_objects?format=json" "txc84ed342e9e04f5381191-006a2a9474" "proxy-server 2" 0.0006 "-" 16 -
Jun 11 10:56:52 standalone object-expirer[128590]: Pass completed in 0s; 0 objects expired (txn: txc84ed342e9e04f5381191-006a2a9474)
Jun 11 10:57:06 standalone container-server[128371]: Begin container update sweep
Jun 11 10:57:06 standalone container-server[128371]: Container update sweep completed: 0.00s
Jun 11 10:58:21 standalone account-server[128502]: 172.20.0.100 - - [11/Jun/2026:10:58:21 +0000] "HEAD /d1/118/AUTH_883fb82d4dc5440dbc9cc9be5ae60e9c" 404 - "HEAD http://172.18.0.2:8080/v1/AUTH_883fb82d4dc5440dbc9cc9be5ae60e9c?format=json" "tx976e4ffad3504b2b82cd7-006a2a94cd" "proxy-server 20" 0.0007 "-" 17 -
Jun 11 10:58:21 standalone proxy-server[130571]: - - 11/Jun/2026/10/58/21 HEAD /v1/AUTH_883fb82d4dc5440dbc9cc9be5ae60e9c%3Fformat%3Djson HTTP/1.0 200 - Swift - - - - tx976e4ffad3504b2b82cd7-006a2a94cd - 0.0074 RL - 1781175501.675553560 1781175501.682938337 -
Jun 11 10:58:22 standalone object-server[128931]: 172.20.0.100 - - [11/Jun/2026:10:58:22 +0000] "GET /d1/215/AUTH_883fb82d4dc5440dbc9cc9be5ae60e9c/gnocchi.1d4eb98a-a9fa-45de-b1a3-d77f642340f1/none_v3" 404 70 "GET http://172.18.0.2:8080/v1/AUTH_883fb82d4dc5440dbc9cc9be5ae60e9c/gnocchi.1d4eb98a-a9fa-45de-b1a3-d77f642340f1/none_v3" "tx976e4ffad3504b2b82cd7-006a2a94cd" "proxy-server 20" 0.0016 "-" 25 0
Jun 11 10:58:22 standalone proxy-server[130571]: 172.18.0.2 172.18.0.100 11/Jun/2026/10/58/22 GET /v1/AUTH_883fb82d4dc5440dbc9cc9be5ae60e9c/gnocchi.1d4eb98a-a9fa-45de-b1a3-d77f642340f1/none_v3 HTTP/1.0 404 - python-swiftclient-3.11.1 gAAAAABqKpTNpp1R... - 70 - tx976e4ffad3504b2b82cd7-006a2a94cd - 0.4255 - - 1781175501.672187090 1781175502.097669840 0
Jun 11 10:58:22 standalone account-server[128502]: 172.20.0.100 - - [11/Jun/2026:10:58:22 +0000] "PUT /d1/118/AUTH_883fb82d4dc5440dbc9cc9be5ae60e9c" 201 - "-" "tx2d45305d92d64e78aec05-006a2a94ce" "-" 0.0164 "-" 17 -
Jun 11 10:58:22 standalone proxy-server[130571]: autocreate account '/AUTH_883fb82d4dc5440dbc9cc9be5ae60e9c' (txn: tx2d45305d92d64e78aec05-006a2a94ce)
Jun 11 10:58:22 standalone account-server[128502]: 172.20.0.100 - - [11/Jun/2026:10:58:22 +0000] "HEAD /d1/118/AUTH_883fb82d4dc5440dbc9cc9be5ae60e9c" 204 - "HEAD http://172.18.0.2:8080/v1/AUTH_883fb82d4dc5440dbc9cc9be5ae60e9c?format=json" "tx2d45305d92d64e78aec05-006a2a94ce" "proxy-server 20" 0.0018 "-" 17 -
Jun 11 10:58:22 standalone account-server[128487]: 172.20.0.100 - - [11/Jun/2026:10:58:22 +0000] "PUT /d1/118/AUTH_883fb82d4dc5440dbc9cc9be5ae60e9c/gnocchi.1d4eb98a-a9fa-45de-b1a3-d77f642340f1" 201 - "PUT http://172.20.0.100:6001/d1/355/AUTH_883fb82d4dc5440dbc9cc9be5ae60e9c/gnocchi.1d4eb98a-a9fa-45de-b1a3-d77f642340f1" "tx2d45305d92d64e78aec05-006a2a94ce" "container-server 21" 0.0029 "-" 16 0
Jun 11 10:58:22 standalone container-server[128580]: 172.20.0.100 - - [11/Jun/2026:10:58:22 +0000] "PUT /d1/355/AUTH_883fb82d4dc5440dbc9cc9be5ae60e9c/gnocchi.1d4eb98a-a9fa-45de-b1a3-d77f642340f1" 201 - "PUT http://172.18.0.2:8080/v1/AUTH_883fb82d4dc5440dbc9cc9be5ae60e9c/gnocchi.1d4eb98a-a9fa-45de-b1a3-d77f642340f1" "tx2d45305d92d64e78aec05-006a2a94ce" "proxy-server 20" 0.0132 "-" 21 0
Jun 11 10:58:22 standalone proxy-server[130571]: 172.18.0.2 172.18.0.100 11/Jun/2026/10/58/22 PUT /v1/AUTH_883fb82d4dc5440dbc9cc9be5ae60e9c/gnocchi.1d4eb98a-a9fa-45de-b1a3-d77f642340f1 HTTP/1.0 201 - python-swiftclient-3.11.1 gAAAAABqKpTNpp1R... - - - tx2d45305d92d64e78aec05-006a2a94ce - 0.0455 - - 1781175502.100878477 1781175502.146383047 0
Jun 11 10:58:22 standalone container-server[128580]: 172.20.0.100 - - [11/Jun/2026:10:58:22 +0000] "HEAD /d1/355/AUTH_883fb82d4dc5440dbc9cc9be5ae60e9c/gnocchi.1d4eb98a-a9fa-45de-b1a3-d77f642340f1" 204 - "HEAD http://172.18.0.2:8080/v1/AUTH_883fb82d4dc5440dbc9cc9be5ae60e9c/gnocchi.1d4eb98a-a9fa-45de-b1a3-d77f642340f1?format=json&states=listing" "tx3fd18afdc58c44b480815-006a2a94ce" "proxy-server 20" 0.0011 "-" 21 0
Jun 11 10:58:22 standalone proxy-server[130571]: - - 11/Jun/2026/10/58/22 HEAD /v1/AUTH_883fb82d4dc5440dbc9cc9be5ae60e9c/gnocchi.1d4eb98a-a9fa-45de-b1a3-d77f642340f1%3Fformat%3Djson%26states%3Dlisting HTTP/1.0 204 - Swift - - - - tx3fd18afdc58c44b480815-006a2a94ce - 0.0045 RL - 1781175502.154539108 1781175502.158994198 0
Jun 11 10:58:22 standalone container-server[128578]: 172.20.0.100 - - [11/Jun/2026:10:58:22 +0000] "GET /d1/355/AUTH_883fb82d4dc5440dbc9cc9be5ae60e9c/gnocchi.1d4eb98a-a9fa-45de-b1a3-d77f642340f1" 200 2 "GET http://172.18.0.2:8080/v1/AUTH_883fb82d4dc5440dbc9cc9be5ae60e9c/gnocchi.1d4eb98a-a9fa-45de-b1a3-d77f642340f1?format=json&states=listing" "tx3fd18afdc58c44b480815-006a2a94ce" "proxy-server 20" 0.0057 "-" 20 0
Jun 11 10:58:22 standalone proxy-server[130571]: 172.18.0.2 172.18.0.100 11/Jun/2026/10/58/22 GET /v1/AUTH_883fb82d4dc5440dbc9cc9be5ae60e9c/gnocchi.1d4eb98a-a9fa-45de-b1a3-d77f642340f1%3Fformat%3Djson%26states%3Dlisting HTTP/1.0 200 - python-swiftclient-3.11.1 gAAAAABqKpTNpp1R... - 2 - tx3fd18afdc58c44b480815-006a2a94ce - 0.0200 - - 1781175502.153058767 1781175502.173034191 0
Jun 11 10:58:22 standalone object-server[128931]: 172.20.0.100 - - [11/Jun/2026:10:58:22 +0000] "GET /d1/732/AUTH_883fb82d4dc5440dbc9cc9be5ae60e9c/gnocchi.1d4eb98a-a9fa-45de-b1a3-d77f642340f1/1780920000.0_mean_300.0_v3" 404 70 "GET http://172.18.0.2:8080/v1/AUTH_883fb82d4dc5440dbc9cc9be5ae60e9c/gnocchi.1d4eb98a-a9fa-45de-b1a3-d77f642340f1/1780920000.0_mean_300.0_v3" "tx857bd41b09f741218acb0-006a2a94ce" "proxy-server 20" 0.0006 "-" 25 0
Jun 11 10:58:22 standalone proxy-server[130571]: 172.18.0.2 172.18.0.100 11/Jun/2026/10/58/22 GET /v1/AUTH_883fb82d4dc5440dbc9cc9be5ae60e9c/gnocchi.1d4eb98a-a9fa-45de-b1a3-d77f642340f1/1780920000.0_mean_300.0_v3 HTTP/1.0 404 - python-swiftclient-3.11.1 gAAAAABqKpTNpp1R... - 70 - tx857bd41b09f741218acb0-006a2a94ce - 0.0079 - - 1781175502.178795576 1781175502.186671972 0
Jun 11 10:58:22 standalone container-server[128580]: 172.20.0.100 - - [11/Jun/2026:10:58:22 +0000] "PUT /d1/355/AUTH_883fb82d4dc5440dbc9cc9be5ae60e9c/gnocchi.1d4eb98a-a9fa-45de-b1a3-d77f642340f1/1780920000.0_mean_300.0_v3" 201 - "PUT http://172.18.0.2:8080/d1/732/AUTH_883fb82d4dc5440dbc9cc9be5ae60e9c/gnocchi.1d4eb98a-a9fa-45de-b1a3-d77f642340f1/1780920000.0_mean_300.0_v3" "tx30a27e1f8a134a759bf07-006a2a94ce" "object-server 21" 0.0007 "-" 21 0
Jun 11 10:58:22 standalone object-server[128916]: 172.20.0.100 - - [11/Jun/2026:10:58:22 +0000] "PUT /d1/732/AUTH_883fb82d4dc5440dbc9cc9be5ae60e9c/gnocchi.1d4eb98a-a9fa-45de-b1a3-d77f642340f1/1780920000.0_mean_300.0_v3" 201 - "PUT http://172.18.0.2:8080/v1/AUTH_883fb82d4dc5440dbc9cc9be5ae60e9c/gnocchi.1d4eb98a-a9fa-45de-b1a3-d77f642340f1/1780920000.0_mean_300.0_v3" "tx30a27e1f8a134a759bf07-006a2a94ce" "proxy-server 20" 0.0330 "-" 21 0
Jun 11 10:58:22 standalone proxy-server[130571]: 172.18.0.2 172.18.0.100 11/Jun/2026/10/58/22 PUT /v1/AUTH_883fb82d4dc5440dbc9cc9be5ae60e9c/gnocchi.1d4eb98a-a9fa-45de-b1a3-d77f642340f1/1780920000.0_mean_300.0_v3 HTTP/1.0 201 - python-swiftclient-3.11.1 gAAAAABqKpTNpp1R... 16 - - tx30a27e1f8a134a759bf07-006a2a94ce - 0.0414 - - 1781175502.190647125 1781175502.232024431 0
Jun 11 10:58:22 standalone container-server[128580]: 172.20.0.100 - - [11/Jun/2026:10:58:22 +0000] "PUT /d1/355/AUTH_883fb82d4dc5440dbc9cc9be5ae60e9c/gnocchi.1d4eb98a-a9fa-45de-b1a3-d77f642340f1/none_v3" 201 - "PUT http://172.18.0.2:8080/d1/215/AUTH_883fb82d4dc5440dbc9cc9be5ae60e9c/gnocchi.1d4eb98a-a9fa-45de-b1a3-d77f642340f1/none_v3" "txbb393fa77ad1486d8d9b6-006a2a94ce" "object-server 24" 0.0006 "-" 21 0
Jun 11 10:58:22 standalone object-server[128927]: 172.20.0.100 - - [11/Jun/2026:10:58:22 +0000] "PUT /d1/215/AUTH_883fb82d4dc5440dbc9cc9be5ae60e9c/gnocchi.1d4eb98a-a9fa-45de-b1a3-d77f642340f1/none_v3" 201 - "PUT http://172.18.0.2:8080/v1/AUTH_883fb82d4dc5440dbc9cc9be5ae60e9c/gnocchi.1d4eb98a-a9fa-45de-b1a3-d77f642340f1/none_v3" "txbb393fa77ad1486d8d9b6-006a2a94ce" "proxy-server 20" 0.0348 "-" 24 0
Jun 11 10:58:22 standalone proxy-server[130571]: 172.18.0.2 172.18.0.100 11/Jun/2026/10/58/22 PUT /v1/AUTH_883fb82d4dc5440dbc9cc9be5ae60e9c/gnocchi.1d4eb98a-a9fa-45de-b1a3-d77f642340f1/none_v3 HTTP/1.0 201 - python-swiftclient-3.11.1 gAAAAABqKpTNpp1R... 32 - - txbb393fa77ad1486d8d9b6-006a2a94ce - 0.0439 - - 1781175502.236419439 1781175502.280331373 0
Jun 11 10:59:19 standalone container-server[128586]: 172.20.0.100 - - [11/Jun/2026:10:59:19 +0000] "HEAD /d1/519/AUTH_883fb82d4dc5440dbc9cc9be5ae60e9c/gnocchi.b758976e-7a43-4474-aaab-9dfc668ee98c" 404 - "HEAD http://172.18.0.2:8080/v1/AUTH_883fb82d4dc5440dbc9cc9be5ae60e9c/gnocchi.b758976e-7a43-4474-aaab-9dfc668ee98c?format=json&states=listing" "tx43fb5aad917147f39d011-006a2a9507" "proxy-server 20" 0.0010 "-" 23 0
Jun 11 10:59:19 standalone object-server[128931]: 172.20.0.100 - - [11/Jun/2026:10:59:19 +0000] "GET /d1/414/AUTH_883fb82d4dc5440dbc9cc9be5ae60e9c/gnocchi.b758976e-7a43-4474-aaab-9dfc668ee98c/none_v3" 404 70 "GET http://172.18.0.2:8080/v1/AUTH_883fb82d4dc5440dbc9cc9be5ae60e9c/gnocchi.b758976e-7a43-4474-aaab-9dfc668ee98c/none_v3" "tx43fb5aad917147f39d011-006a2a9507" "proxy-server 20" 0.0007 "-" 25 0
Jun 11 10:59:19 standalone proxy-server[130571]: 172.18.0.2 172.18.0.100 11/Jun/2026/10/59/19 GET /v1/AUTH_883fb82d4dc5440dbc9cc9be5ae60e9c/gnocchi.b758976e-7a43-4474-aaab-9dfc668ee98c/none_v3 HTTP/1.0 404 - python-swiftclient-3.11.1 gAAAAABqKpTNpp1R... - 70 - tx43fb5aad917147f39d011-006a2a9507 - 0.0131 - - 1781175559.574766636 1781175559.587913036 0
Jun 11 10:59:19 standalone account-server[128478]: 172.20.0.100 - - [11/Jun/2026:10:59:19 +0000] "PUT /d1/118/AUTH_883fb82d4dc5440dbc9cc9be5ae60e9c/gnocchi.b758976e-7a43-4474-aaab-9dfc668ee98c" 201 - "PUT http://172.20.0.100:6001/d1/519/AUTH_883fb82d4dc5440dbc9cc9be5ae60e9c/gnocchi.b758976e-7a43-4474-aaab-9dfc668ee98c" "tx3ed946912b2e4cac90aea-006a2a9507" "container-server 23" 0.0070 "-" 15 0
Jun 11 10:59:19 standalone container-server[128586]: 172.20.0.100 - - [11/Jun/2026:10:59:19 +0000] "PUT /d1/519/AUTH_883fb82d4dc5440dbc9cc9be5ae60e9c/gnocchi.b758976e-7a43-4474-aaab-9dfc668ee98c" 201 - "PUT http://172.18.0.2:8080/v1/AUTH_883fb82d4dc5440dbc9cc9be5ae60e9c/gnocchi.b758976e-7a43-4474-aaab-9dfc668ee98c" "tx3ed946912b2e4cac90aea-006a2a9507" "proxy-server 20" 0.0168 "-" 23 0
Jun 11 10:59:19 standalone proxy-server[130571]: 172.18.0.2 172.18.0.100 11/Jun/2026/10/59/19 PUT /v1/AUTH_883fb82d4dc5440dbc9cc9be5ae60e9c/gnocchi.b758976e-7a43-4474-aaab-9dfc668ee98c HTTP/1.0 201 - python-swiftclient-3.11.1 gAAAAABqKpTNpp1R... - - - tx3ed946912b2e4cac90aea-006a2a9507 - 0.0232 - - 1781175559.593216419 1781175559.616427660 0
Jun 11 10:59:19 standalone container-server[128580]: 172.20.0.100 - - [11/Jun/2026:10:59:19 +0000] "HEAD /d1/519/AUTH_883fb82d4dc5440dbc9cc9be5ae60e9c/gnocchi.b758976e-7a43-4474-aaab-9dfc668ee98c" 204 - "HEAD http://172.18.0.2:8080/v1/AUTH_883fb82d4dc5440dbc9cc9be5ae60e9c/gnocchi.b758976e-7a43-4474-aaab-9dfc668ee98c?format=json&states=listing" "tx20c7bc81855d4ae99c680-006a2a9507" "proxy-server 20" 0.0021 "-" 21 0
Jun 11 10:59:19 standalone proxy-server[130571]: - - 11/Jun/2026/10/59/19 HEAD /v1/AUTH_883fb82d4dc5440dbc9cc9be5ae60e9c/gnocchi.b758976e-7a43-4474-aaab-9dfc668ee98c%3Fformat%3Djson%26states%3Dlisting HTTP/1.0 204 - Swift - - - - tx20c7bc81855d4ae99c680-006a2a9507 - 0.0060 RL - 1781175559.628034592 1781175559.634014606 0
Jun 11 10:59:19 standalone container-server[128580]: 172.20.0.100 - - [11/Jun/2026:10:59:19 +0000] "GET /d1/519/AUTH_883fb82d4dc5440dbc9cc9be5ae60e9c/gnocchi.b758976e-7a43-4474-aaab-9dfc668ee98c" 200 2 "GET http://172.18.0.2:8080/v1/AUTH_883fb82d4dc5440dbc9cc9be5ae60e9c/gnocchi.b758976e-7a43-4474-aaab-9dfc668ee98c?format=json&states=listing" "tx20c7bc81855d4ae99c680-006a2a9507" "proxy-server 20" 0.0034 "-" 21 0
Jun 11 10:59:19 standalone proxy-server[130571]: 172.18.0.2 172.18.0.100 11/Jun/2026/10/59/19 GET /v1/AUTH_883fb82d4dc5440dbc9cc9be5ae60e9c/gnocchi.b758976e-7a43-4474-aaab-9dfc668ee98c%3Fformat%3Djson%26states%3Dlisting HTTP/1.0 200 - python-swiftclient-3.11.1 gAAAAABqKpTNpp1R... - 2 - tx20c7bc81855d4ae99c680-006a2a9507 - 0.0202 - - 1781175559.626935244 1781175559.647124052 0
Jun 11 10:59:19 standalone object-server[128916]: 172.20.0.100 - - [11/Jun/2026:10:59:19 +0000] "GET /d1/482/AUTH_883fb82d4dc5440dbc9cc9be5ae60e9c/gnocchi.b758976e-7a43-4474-aaab-9dfc668ee98c/1780920000.0_mean_300.0_v3" 404 70 "GET http://172.18.0.2:8080/v1/AUTH_883fb82d4dc5440dbc9cc9be5ae60e9c/gnocchi.b758976e-7a43-4474-aaab-9dfc668ee98c/1780920000.0_mean_300.0_v3" "tx8c7d47e9c6be4d88bc6f0-006a2a9507" "proxy-server 20" 0.0005 "-" 21 0
Jun 11 10:59:19 standalone proxy-server[130571]: 172.18.0.2 172.18.0.100 11/Jun/2026/10/59/19 GET /v1/AUTH_883fb82d4dc5440dbc9cc9be5ae60e9c/gnocchi.b758976e-7a43-4474-aaab-9dfc668ee98c/1780920000.0_mean_300.0_v3 HTTP/1.0 404 - python-swiftclient-3.11.1 gAAAAABqKpTNpp1R... - 70 - tx8c7d47e9c6be4d88bc6f0-006a2a9507 - 0.0061 - - 1781175559.650901318 1781175559.656992435 0
Jun 11 10:59:19 standalone container-server[128578]: 172.20.0.100 - - [11/Jun/2026:10:59:19 +0000] "PUT /d1/519/AUTH_883fb82d4dc5440dbc9cc9be5ae60e9c/gnocchi.b758976e-7a43-4474-aaab-9dfc668ee98c/1780920000.0_mean_300.0_v3" 201 - "PUT http://172.18.0.2:8080/d1/482/AUTH_883fb82d4dc5440dbc9cc9be5ae60e9c/gnocchi.b758976e-7a43-4474-aaab-9dfc668ee98c/1780920000.0_mean_300.0_v3" "tx0a18b9166dac489d8f9b5-006a2a9507" "object-server 25" 0.0008 "-" 20 0
Jun 11 10:59:19 standalone object-server[128931]: 172.20.0.100 - - [11/Jun/2026:10:59:19 +0000] "PUT /d1/482/AUTH_883fb82d4dc5440dbc9cc9be5ae60e9c/gnocchi.b758976e-7a43-4474-aaab-9dfc668ee98c/1780920000.0_mean_300.0_v3" 201 - "PUT http://172.18.0.2:8080/v1/AUTH_883fb82d4dc5440dbc9cc9be5ae60e9c/gnocchi.b758976e-7a43-4474-aaab-9dfc668ee98c/1780920000.0_mean_300.0_v3" "tx0a18b9166dac489d8f9b5-006a2a9507" "proxy-server 20" 0.0473 "-" 25 0
Jun 11 10:59:19 standalone proxy-server[130571]: 172.18.0.2 172.18.0.100 11/Jun/2026/10/59/19 PUT /v1/AUTH_883fb82d4dc5440dbc9cc9be5ae60e9c/gnocchi.b758976e-7a43-4474-aaab-9dfc668ee98c/1780920000.0_mean_300.0_v3 HTTP/1.0 201 - python-swiftclient-3.11.1 gAAAAABqKpTNpp1R... 16 - - tx0a18b9166dac489d8f9b5-006a2a9507 - 0.0533 - - 1781175559.660099030 1781175559.713375807 0
Jun 11 10:59:19 standalone container-server[128582]: 172.20.0.100 - - [11/Jun/2026:10:59:19 +0000] "PUT /d1/519/AUTH_883fb82d4dc5440dbc9cc9be5ae60e9c/gnocchi.b758976e-7a43-4474-aaab-9dfc668ee98c/none_v3" 201 - "PUT http://172.18.0.2:8080/d1/414/AUTH_883fb82d4dc5440dbc9cc9be5ae60e9c/gnocchi.b758976e-7a43-4474-aaab-9dfc668ee98c/none_v3" "tx4029cc66bea04dc0b5b44-006a2a9507" "object-server 25" 0.0010 "-" 22 0
Jun 11 10:59:19 standalone object-server[128931]: 172.20.0.100 - - [11/Jun/2026:10:59:19 +0000] "PUT /d1/414/AUTH_883fb82d4dc5440dbc9cc9be5ae60e9c/gnocchi.b758976e-7a43-4474-aaab-9dfc668ee98c/none_v3" 201 - "PUT http://172.18.0.2:8080/v1/AUTH_883fb82d4dc5440dbc9cc9be5ae60e9c/gnocchi.b758976e-7a43-4474-aaab-9dfc668ee98c/none_v3" "tx4029cc66bea04dc0b5b44-006a2a9507" "proxy-server 20" 0.0247 "-" 25 0
Jun 11 10:59:19 standalone proxy-server[130571]: 172.18.0.2 172.18.0.100 11/Jun/2026/10/59/19 PUT /v1/AUTH_883fb82d4dc5440dbc9cc9be5ae60e9c/gnocchi.b758976e-7a43-4474-aaab-9dfc668ee98c/none_v3 HTTP/1.0 201 - python-swiftclient-3.11.1 gAAAAABqKpTNpp1R... 22 - - tx4029cc66bea04dc0b5b44-006a2a9507 - 0.0316 - - 1781175559.717456341 1781175559.749032974 0
Jun 11 10:59:19 standalone container-server[128582]: 172.20.0.100 - - [11/Jun/2026:10:59:19 +0000] "HEAD /d1/948/AUTH_883fb82d4dc5440dbc9cc9be5ae60e9c/gnocchi.19bfd6dd-4663-4004-8afc-5df695ba761c" 404 - "HEAD http://172.18.0.2:8080/v1/AUTH_883fb82d4dc5440dbc9cc9be5ae60e9c/gnocchi.19bfd6dd-4663-4004-8afc-5df695ba761c?format=json&states=listing" "tx27d62f869a654230a4510-006a2a9507" "proxy-server 20" 0.0006 "-" 22 0
Jun 11 10:59:19 standalone object-server[128931]: 172.20.0.100 - - [11/Jun/2026:10:59:19 +0000] "GET /d1/969/AUTH_883fb82d4dc5440dbc9cc9be5ae60e9c/gnocchi.19bfd6dd-4663-4004-8afc-5df695ba761c/none_v3" 404 70 "GET http://172.18.0.2:8080/v1/AUTH_883fb82d4dc5440dbc9cc9be5ae60e9c/gnocchi.19bfd6dd-4663-4004-8afc-5df695ba761c/none_v3" "tx27d62f869a654230a4510-006a2a9507" "proxy-server 20" 0.0003 "-" 25 0
Jun 11 10:59:19 standalone proxy-server[130571]: 172.18.0.2 172.18.0.100 11/Jun/2026/10/59/19 GET /v1/AUTH_883fb82d4dc5440dbc9cc9be5ae60e9c/gnocchi.19bfd6dd-4663-4004-8afc-5df695ba761c/none_v3 HTTP/1.0 404 - python-swiftclient-3.11.1 gAAAAABqKpTNpp1R... - 70 - tx27d62f869a654230a4510-006a2a9507 - 0.0095 - - 1781175559.761213779 1781175559.770750046 0
Jun 11 10:59:19 standalone account-server[128478]: 172.20.0.100 - - [11/Jun/2026:10:59:19 +0000] "PUT /d1/118/AUTH_883fb82d4dc5440dbc9cc9be5ae60e9c/gnocchi.19bfd6dd-4663-4004-8afc-5df695ba761c" 201 - "PUT http://172.20.0.100:6001/d1/948/AUTH_883fb82d4dc5440dbc9cc9be5ae60e9c/gnocchi.19bfd6dd-4663-4004-8afc-5df695ba761c" "txfd8d7606ffba4affad692-006a2a9507" "container-server 23" 0.0061 "-" 15 0
Jun 11 10:59:19 standalone container-server[128586]: 172.20.0.100 - - [11/Jun/2026:10:59:19 +0000] "PUT /d1/948/AUTH_883fb82d4dc5440dbc9cc9be5ae60e9c/gnocchi.19bfd6dd-4663-4004-8afc-5df695ba761c" 201 - "PUT http://172.18.0.2:8080/v1/AUTH_883fb82d4dc5440dbc9cc9be5ae60e9c/gnocchi.19bfd6dd-4663-4004-8afc-5df695ba761c" "txfd8d7606ffba4affad692-006a2a9507" "proxy-server 20" 0.0247 "-" 23 0
Jun 11 10:59:19 standalone proxy-server[130571]: 172.18.0.2 172.18.0.100 11/Jun/2026/10/59/19 PUT /v1/AUTH_883fb82d4dc5440dbc9cc9be5ae60e9c/gnocchi.19bfd6dd-4663-4004-8afc-5df695ba761c HTTP/1.0 201 - python-swiftclient-3.11.1 gAAAAABqKpTNpp1R... - - - txfd8d7606ffba4affad692-006a2a9507 - 0.0300 - - 1781175559.774305344 1781175559.804334164 0
Jun 11 10:59:19 standalone container-server[128578]: 172.20.0.100 - - [11/Jun/2026:10:59:19 +0000] "HEAD /d1/948/AUTH_883fb82d4dc5440dbc9cc9be5ae60e9c/gnocchi.19bfd6dd-4663-4004-8afc-5df695ba761c" 204 - "HEAD http://172.18.0.2:8080/v1/AUTH_883fb82d4dc5440dbc9cc9be5ae60e9c/gnocchi.19bfd6dd-4663-4004-8afc-5df695ba761c?format=json&states=listing" "tx1bac15d5648a4a45a90c2-006a2a9507" "proxy-server 20" 0.0021 "-" 20 0
Jun 11 10:59:19 standalone proxy-server[130571]: - - 11/Jun/2026/10/59/19 HEAD /v1/AUTH_883fb82d4dc5440dbc9cc9be5ae60e9c/gnocchi.19bfd6dd-4663-4004-8afc-5df695ba761c%3Fformat%3Djson%26states%3Dlisting HTTP/1.0 204 - Swift - - - - tx1bac15d5648a4a45a90c2-006a2a9507 - 0.0068 RL - 1781175559.819366455 1781175559.826159000 0
Jun 11 10:59:19 standalone container-server[128582]: 172.20.0.100 - - [11/Jun/2026:10:59:19 +0000] "GET /d1/948/AUTH_883fb82d4dc5440dbc9cc9be5ae60e9c/gnocchi.19bfd6dd-4663-4004-8afc-5df695ba761c" 200 2 "GET http://172.18.0.2:8080/v1/AUTH_883fb82d4dc5440dbc9cc9be5ae60e9c/gnocchi.19bfd6dd-4663-4004-8afc-5df695ba761c?format=json&states=listing" "tx1bac15d5648a4a45a90c2-006a2a9507" "proxy-server 20" 0.0038 "-" 22 0
Jun 11 10:59:19 standalone proxy-server[130571]: 172.18.0.2 172.18.0.100 11/Jun/2026/10/59/19 GET /v1/AUTH_883fb82d4dc5440dbc9cc9be5ae60e9c/gnocchi.19bfd6dd-4663-4004-8afc-5df695ba761c%3Fformat%3Djson%26states%3Dlisting HTTP/1.0 200 - python-swiftclient-3.11.1 gAAAAABqKpTNpp1R... - 2 - tx1bac15d5648a4a45a90c2-006a2a9507 - 0.0179 - - 1781175559.818230867 1781175559.836159229 0
Jun 11 10:59:19 standalone object-server[128916]: 172.20.0.100 - - [11/Jun/2026:10:59:19 +0000] "GET /d1/431/AUTH_883fb82d4dc5440dbc9cc9be5ae60e9c/gnocchi.19bfd6dd-4663-4004-8afc-5df695ba761c/1780920000.0_mean_300.0_v3" 404 70 "GET http://172.18.0.2:8080/v1/AUTH_883fb82d4dc5440dbc9cc9be5ae60e9c/gnocchi.19bfd6dd-4663-4004-8afc-5df695ba761c/1780920000.0_mean_300.0_v3" "txd70cf6822dc94107a492e-006a2a9507" "proxy-server 20" 0.0005 "-" 21 0
Jun 11 10:59:19 standalone proxy-server[130571]: 172.18.0.2 172.18.0.100 11/Jun/2026/10/59/19 GET /v1/AUTH_883fb82d4dc5440dbc9cc9be5ae60e9c/gnocchi.19bfd6dd-4663-4004-8afc-5df695ba761c/1780920000.0_mean_300.0_v3 HTTP/1.0 404 - python-swiftclient-3.11.1 gAAAAABqKpTNpp1R... - 70 - txd70cf6822dc94107a492e-006a2a9507 - 0.0065 - - 1781175559.841565371 1781175559.848076582 0
Jun 11 10:59:19 standalone container-server[128586]: 172.20.0.100 - - [11/Jun/2026:10:59:19 +0000] "PUT /d1/948/AUTH_883fb82d4dc5440dbc9cc9be5ae60e9c/gnocchi.19bfd6dd-4663-4004-8afc-5df695ba761c/1780920000.0_mean_300.0_v3" 201 - "PUT http://172.18.0.2:8080/d1/431/AUTH_883fb82d4dc5440dbc9cc9be5ae60e9c/gnocchi.19bfd6dd-4663-4004-8afc-5df695ba761c/1780920000.0_mean_300.0_v3" "txfbda82f4fe1f431389566-006a2a9507" "object-server 23" 0.0006 "-" 23 0
Jun 11 10:59:19 standalone object-server[128924]: 172.20.0.100 - - [11/Jun/2026:10:59:19 +0000] "PUT /d1/431/AUTH_883fb82d4dc5440dbc9cc9be5ae60e9c/gnocchi.19bfd6dd-4663-4004-8afc-5df695ba761c/1780920000.0_mean_300.0_v3" 201 - "PUT http://172.18.0.2:8080/v1/AUTH_883fb82d4dc5440dbc9cc9be5ae60e9c/gnocchi.19bfd6dd-4663-4004-8afc-5df695ba761c/1780920000.0_mean_300.0_v3" "txfbda82f4fe1f431389566-006a2a9507" "proxy-server 20" 0.0850 "-" 23 0
Jun 11 10:59:19 standalone proxy-server[130571]: 172.18.0.2 172.18.0.100 11/Jun/2026/10/59/19 PUT /v1/AUTH_883fb82d4dc5440dbc9cc9be5ae60e9c/gnocchi.19bfd6dd-4663-4004-8afc-5df695ba761c/1780920000.0_mean_300.0_v3 HTTP/1.0 201 - python-swiftclient-3.11.1 gAAAAABqKpTNpp1R... 16 - - txfbda82f4fe1f431389566-006a2a9507 - 0.0926 - - 1781175559.855296612 1781175559.947926044 0
Jun 11 10:59:19 standalone container-server[128586]: 172.20.0.100 - - [11/Jun/2026:10:59:19 +0000] "PUT /d1/948/AUTH_883fb82d4dc5440dbc9cc9be5ae60e9c/gnocchi.19bfd6dd-4663-4004-8afc-5df695ba761c/none_v3" 201 - "PUT http://172.18.0.2:8080/d1/969/AUTH_883fb82d4dc5440dbc9cc9be5ae60e9c/gnocchi.19bfd6dd-4663-4004-8afc-5df695ba761c/none_v3" "tx11d4b8bbb61f4134a8423-006a2a9507" "object-server 25" 0.0005 "-" 23 0
Jun 11 10:59:19 standalone object-server[128931]: 172.20.0.100 - - [11/Jun/2026:10:59:19 +0000] "PUT /d1/969/AUTH_883fb82d4dc5440dbc9cc9be5ae60e9c/gnocchi.19bfd6dd-4663-4004-8afc-5df695ba761c/none_v3" 201 - "PUT http://172.18.0.2:8080/v1/AUTH_883fb82d4dc5440dbc9cc9be5ae60e9c/gnocchi.19bfd6dd-4663-4004-8afc-5df695ba761c/none_v3" "tx11d4b8bbb61f4134a8423-006a2a9507" "proxy-server 20" 0.0218 "-" 25 0
Jun 11 10:59:19 standalone proxy-server[130571]: 172.18.0.2 172.18.0.100 11/Jun/2026/10/59/19 PUT /v1/AUTH_883fb82d4dc5440dbc9cc9be5ae60e9c/gnocchi.19bfd6dd-4663-4004-8afc-5df695ba761c/none_v3 HTTP/1.0 201 - python-swiftclient-3.11.1 gAAAAABqKpTNpp1R... 22 - - tx11d4b8bbb61f4134a8423-006a2a9507 - 0.0275 - - 1781175559.952795744 1781175559.980252504 0
Jun 11 10:59:27 standalone account-server[128478]: 172.20.0.100 - - [11/Jun/2026:10:59:27 +0000] "HEAD /d1/118/AUTH_883fb82d4dc5440dbc9cc9be5ae60e9c" 204 - "HEAD http://172.18.0.2:8080/v1/AUTH_883fb82d4dc5440dbc9cc9be5ae60e9c?format=json" "txaf2987f04239431296440-006a2a950f" "proxy-server 20" 0.0065 "-" 15 -
Jun 11 10:59:27 standalone proxy-server[130571]: - - 11/Jun/2026/10/59/27 HEAD /v1/AUTH_883fb82d4dc5440dbc9cc9be5ae60e9c%3Fformat%3Djson HTTP/1.0 204 - Swift - - - - txaf2987f04239431296440-006a2a950f - 0.0129 RL - 1781175567.696302652 1781175567.709208727 -
Jun 11 10:59:27 standalone container-server[128580]: 172.20.0.100 - - [11/Jun/2026:10:59:27 +0000] "HEAD /d1/605/AUTH_883fb82d4dc5440dbc9cc9be5ae60e9c/gnocchi.4189dc54-879d-45fa-aaab-ed409473fd80" 404 - "HEAD http://172.18.0.2:8080/v1/AUTH_883fb82d4dc5440dbc9cc9be5ae60e9c/gnocchi.4189dc54-879d-45fa-aaab-ed409473fd80?format=json&states=listing" "txaf2987f04239431296440-006a2a950f" "proxy-server 20" 0.0014 "-" 21 0
Jun 11 10:59:27 standalone object-server[128924]: 172.20.0.100 - - [11/Jun/2026:10:59:27 +0000] "GET /d1/20/AUTH_883fb82d4dc5440dbc9cc9be5ae60e9c/gnocchi.4189dc54-879d-45fa-aaab-ed409473fd80/none_v3" 404 70 "GET http://172.18.0.2:8080/v1/AUTH_883fb82d4dc5440dbc9cc9be5ae60e9c/gnocchi.4189dc54-879d-45fa-aaab-ed409473fd80/none_v3" "txaf2987f04239431296440-006a2a950f" "proxy-server 20" 0.0006 "-" 23 0
Jun 11 10:59:27 standalone proxy-server[130571]: 172.18.0.2 172.18.0.100 11/Jun/2026/10/59/27 GET /v1/AUTH_883fb82d4dc5440dbc9cc9be5ae60e9c/gnocchi.4189dc54-879d-45fa-aaab-ed409473fd80/none_v3 HTTP/1.0 404 - python-swiftclient-3.11.1 gAAAAABqKpTNpp1R... - 70 - txaf2987f04239431296440-006a2a950f - 0.0328 - - 1781175567.695049047 1781175567.727802277 0
Jun 11 10:59:27 standalone account-server[128460]: 172.20.0.100 - - [11/Jun/2026:10:59:27 +0000] "PUT /d1/118/AUTH_883fb82d4dc5440dbc9cc9be5ae60e9c/gnocchi.4189dc54-879d-45fa-aaab-ed409473fd80" 201 - "PUT http://172.20.0.100:6001/d1/605/AUTH_883fb82d4dc5440dbc9cc9be5ae60e9c/gnocchi.4189dc54-879d-45fa-aaab-ed409473fd80" "txbe43e300fa7047f8ab644-006a2a950f" "container-server 21" 0.0064 "-" 14 0
Jun 11 10:59:27 standalone container-server[128580]: 172.20.0.100 - - [11/Jun/2026:10:59:27 +0000] "PUT /d1/605/AUTH_883fb82d4dc5440dbc9cc9be5ae60e9c/gnocchi.4189dc54-879d-45fa-aaab-ed409473fd80" 201 - "PUT http://172.18.0.2:8080/v1/AUTH_883fb82d4dc5440dbc9cc9be5ae60e9c/gnocchi.4189dc54-879d-45fa-aaab-ed409473fd80" "txbe43e300fa7047f8ab644-006a2a950f" "proxy-server 20" 0.0248 "-" 21 0
Jun 11 10:59:27 standalone proxy-server[130571]: 172.18.0.2 172.18.0.100 11/Jun/2026/10/59/27 PUT /v1/AUTH_883fb82d4dc5440dbc9cc9be5ae60e9c/gnocchi.4189dc54-879d-45fa-aaab-ed409473fd80 HTTP/1.0 201 - python-swiftclient-3.11.1 gAAAAABqKpTNpp1R... - - - txbe43e300fa7047f8ab644-006a2a950f - 0.0333 - - 1781175567.731233597 1781175567.764515877 0
Jun 11 10:59:27 standalone container-server[128578]: 172.20.0.100 - - [11/Jun/2026:10:59:27 +0000] "HEAD /d1/605/AUTH_883fb82d4dc5440dbc9cc9be5ae60e9c/gnocchi.4189dc54-879d-45fa-aaab-ed409473fd80" 204 - "HEAD http://172.18.0.2:8080/v1/AUTH_883fb82d4dc5440dbc9cc9be5ae60e9c/gnocchi.4189dc54-879d-45fa-aaab-ed409473fd80?format=json&states=listing" "tx84b2b18f44324b4baf5a3-006a2a950f" "proxy-server 20" 0.0019 "-" 20 0
Jun 11 10:59:27 standalone proxy-server[130571]: - - 11/Jun/2026/10/59/27 HEAD /v1/AUTH_883fb82d4dc5440dbc9cc9be5ae60e9c/gnocchi.4189dc54-879d-45fa-aaab-ed409473fd80%3Fformat%3Djson%26states%3Dlisting HTTP/1.0 204 - Swift - - - - tx84b2b18f44324b4baf5a3-006a2a950f - 0.0063 RL - 1781175567.770836592 1781175567.777141333 0
Jun 11 10:59:27 standalone container-server[128586]: 172.20.0.100 - - [11/Jun/2026:10:59:27 +0000] "GET /d1/605/AUTH_883fb82d4dc5440dbc9cc9be5ae60e9c/gnocchi.4189dc54-879d-45fa-aaab-ed409473fd80" 200 2 "GET http://172.18.0.2:8080/v1/AUTH_883fb82d4dc5440dbc9cc9be5ae60e9c/gnocchi.4189dc54-879d-45fa-aaab-ed409473fd80?format=json&states=listing" "tx84b2b18f44324b4baf5a3-006a2a950f" "proxy-server 20" 0.0038 "-" 23 0
Jun 11 10:59:27 standalone proxy-server[130571]: 172.18.0.2 172.18.0.100 11/Jun/2026/10/59/27 GET /v1/AUTH_883fb82d4dc5440dbc9cc9be5ae60e9c/gnocchi.4189dc54-879d-45fa-aaab-ed409473fd80%3Fformat%3Djson%26states%3Dlisting HTTP/1.0 200 - python-swiftclient-3.11.1 gAAAAABqKpTNpp1R... - 2 - tx84b2b18f44324b4baf5a3-006a2a950f - 0.0239 - - 1781175567.768941164 1781175567.792810917 0
Jun 11 10:59:27 standalone object-server[128916]: 172.20.0.100 - - [11/Jun/2026:10:59:27 +0000] "GET /d1/717/AUTH_883fb82d4dc5440dbc9cc9be5ae60e9c/gnocchi.4189dc54-879d-45fa-aaab-ed409473fd80/1780920000.0_mean_300.0_v3" 404 70 "GET http://172.18.0.2:8080/v1/AUTH_883fb82d4dc5440dbc9cc9be5ae60e9c/gnocchi.4189dc54-879d-45fa-aaab-ed409473fd80/1780920000.0_mean_300.0_v3" "txe6291b14c4c1441389c74-006a2a950f" "proxy-server 20" 0.0007 "-" 21 0
Jun 11 10:59:27 standalone proxy-server[130571]: 172.18.0.2 172.18.0.100 11/Jun/2026/10/59/27 GET /v1/AUTH_883fb82d4dc5440dbc9cc9be5ae60e9c/gnocchi.4189dc54-879d-45fa-aaab-ed409473fd80/1780920000.0_mean_300.0_v3 HTTP/1.0 404 - python-swiftclient-3.11.1 gAAAAABqKpTNpp1R... - 70 - txe6291b14c4c1441389c74-006a2a950f - 0.0109 - - 1781175567.796861649 1781175567.807722807 0
Jun 11 10:59:27 standalone container-server[128586]: 172.20.0.100 - - [11/Jun/2026:10:59:27 +0000] "PUT /d1/605/AUTH_883fb82d4dc5440dbc9cc9be5ae60e9c/gnocchi.4189dc54-879d-45fa-aaab-ed409473fd80/1780920000.0_mean_300.0_v3" 201 - "PUT http://172.18.0.2:8080/d1/717/AUTH_883fb82d4dc5440dbc9cc9be5ae60e9c/gnocchi.4189dc54-879d-45fa-aaab-ed409473fd80/1780920000.0_mean_300.0_v3" "tx84cbb74e246e4697a528e-006a2a950f" "object-server 23" 0.0020 "-" 23 0
Jun 11 10:59:27 standalone object-server[128924]: 172.20.0.100 - - [11/Jun/2026:10:59:27 +0000] "PUT /d1/717/AUTH_883fb82d4dc5440dbc9cc9be5ae60e9c/gnocchi.4189dc54-879d-45fa-aaab-ed409473fd80/1780920000.0_mean_300.0_v3" 201 - "PUT http://172.18.0.2:8080/v1/AUTH_883fb82d4dc5440dbc9cc9be5ae60e9c/gnocchi.4189dc54-879d-45fa-aaab-ed409473fd80/1780920000.0_mean_300.0_v3" "tx84cbb74e246e4697a528e-006a2a950f" "proxy-server 20" 0.0205 "-" 23 0
Jun 11 10:59:27 standalone proxy-server[130571]: 172.18.0.2 172.18.0.100 11/Jun/2026/10/59/27 PUT /v1/AUTH_883fb82d4dc5440dbc9cc9be5ae60e9c/gnocchi.4189dc54-879d-45fa-aaab-ed409473fd80/1780920000.0_mean_300.0_v3 HTTP/1.0 201 - python-swiftclient-3.11.1 gAAAAABqKpTNpp1R... 16 - - tx84cbb74e246e4697a528e-006a2a950f - 0.0301 - - 1781175567.811269999 1781175567.841371298 0
Jun 11 10:59:27 standalone container-server[128586]: 172.20.0.100 - - [11/Jun/2026:10:59:27 +0000] "PUT /d1/605/AUTH_883fb82d4dc5440dbc9cc9be5ae60e9c/gnocchi.4189dc54-879d-45fa-aaab-ed409473fd80/none_v3" 201 - "PUT http://172.18.0.2:8080/d1/20/AUTH_883fb82d4dc5440dbc9cc9be5ae60e9c/gnocchi.4189dc54-879d-45fa-aaab-ed409473fd80/none_v3" "txd92ad358853744aab9560-006a2a950f" "object-server 23" 0.0013 "-" 23 0
Jun 11 10:59:27 standalone object-server[128924]: 172.20.0.100 - - [11/Jun/2026:10:59:27 +0000] "PUT /d1/20/AUTH_883fb82d4dc5440dbc9cc9be5ae60e9c/gnocchi.4189dc54-879d-45fa-aaab-ed409473fd80/none_v3" 201 - "PUT http://172.18.0.2:8080/v1/AUTH_883fb82d4dc5440dbc9cc9be5ae60e9c/gnocchi.4189dc54-879d-45fa-aaab-ed409473fd80/none_v3" "txd92ad358853744aab9560-006a2a950f" "proxy-server 20" 0.0156 "-" 23 0
Jun 11 10:59:27 standalone proxy-server[130571]: 172.18.0.2 172.18.0.100 11/Jun/2026/10/59/27 PUT /v1/AUTH_883fb82d4dc5440dbc9cc9be5ae60e9c/gnocchi.4189dc54-879d-45fa-aaab-ed409473fd80/none_v3 HTTP/1.0 201 - python-swiftclient-3.11.1 gAAAAABqKpTNpp1R... 22 - - txd92ad358853744aab9560-006a2a950f - 0.0240 - - 1781175567.844998598 1781175567.868975163 0
Jun 11 10:59:27 standalone container-server[128582]: 172.20.0.100 - - [11/Jun/2026:10:59:27 +0000] "HEAD /d1/275/AUTH_883fb82d4dc5440dbc9cc9be5ae60e9c/gnocchi.f2b8236a-a94d-46ee-86e8-e990dfff830b" 404 - "HEAD http://172.18.0.2:8080/v1/AUTH_883fb82d4dc5440dbc9cc9be5ae60e9c/gnocchi.f2b8236a-a94d-46ee-86e8-e990dfff830b?format=json&states=listing" "tx37ffcc2ee8ef40639cbee-006a2a950f" "proxy-server 20" 0.0008 "-" 22 0
Jun 11 10:59:27 standalone object-server[128916]: 172.20.0.100 - - [11/Jun/2026:10:59:27 +0000] "GET /d1/911/AUTH_883fb82d4dc5440dbc9cc9be5ae60e9c/gnocchi.f2b8236a-a94d-46ee-86e8-e990dfff830b/none_v3" 404 70 "GET http://172.18.0.2:8080/v1/AUTH_883fb82d4dc5440dbc9cc9be5ae60e9c/gnocchi.f2b8236a-a94d-46ee-86e8-e990dfff830b/none_v3" "tx37ffcc2ee8ef40639cbee-006a2a950f" "proxy-server 20" 0.0007 "-" 21 0
Jun 11 10:59:27 standalone proxy-server[130571]: 172.18.0.2 172.18.0.100 11/Jun/2026/10/59/27 GET /v1/AUTH_883fb82d4dc5440dbc9cc9be5ae60e9c/gnocchi.f2b8236a-a94d-46ee-86e8-e990dfff830b/none_v3 HTTP/1.0 404 - python-swiftclient-3.11.1 gAAAAABqKpTNpp1R... - 70 - tx37ffcc2ee8ef40639cbee-006a2a950f - 0.0346 - - 1781175567.903950930 1781175567.938568354 0
Jun 11 10:59:27 standalone account-server[128460]: 172.20.0.100 - - [11/Jun/2026:10:59:27 +0000] "PUT /d1/118/AUTH_883fb82d4dc5440dbc9cc9be5ae60e9c/gnocchi.f2b8236a-a94d-46ee-86e8-e990dfff830b" 201 - "PUT http://172.20.0.100:6001/d1/275/AUTH_883fb82d4dc5440dbc9cc9be5ae60e9c/gnocchi.f2b8236a-a94d-46ee-86e8-e990dfff830b" "txd621565b04754c73ac8be-006a2a950f" "container-server 21" 0.0092 "-" 14 0
Jun 11 10:59:27 standalone container-server[128580]: 172.20.0.100 - - [11/Jun/2026:10:59:27 +0000] "PUT /d1/275/AUTH_883fb82d4dc5440dbc9cc9be5ae60e9c/gnocchi.f2b8236a-a94d-46ee-86e8-e990dfff830b" 201 - "PUT http://172.18.0.2:8080/v1/AUTH_883fb82d4dc5440dbc9cc9be5ae60e9c/gnocchi.f2b8236a-a94d-46ee-86e8-e990dfff830b" "txd621565b04754c73ac8be-006a2a950f" "proxy-server 20" 0.0305 "-" 21 0
Jun 11 10:59:27 standalone proxy-server[130571]: 172.18.0.2 172.18.0.100 11/Jun/2026/10/59/27 PUT /v1/AUTH_883fb82d4dc5440dbc9cc9be5ae60e9c/gnocchi.f2b8236a-a94d-46ee-86e8-e990dfff830b HTTP/1.0 201 - python-swiftclient-3.11.1 gAAAAABqKpTNpp1R... - - - txd621565b04754c73ac8be-006a2a950f - 0.0412 - - 1781175567.944433689 1781175567.985586643 0
Jun 11 10:59:28 standalone container-server[128582]: 172.20.0.100 - - [11/Jun/2026:10:59:28 +0000] "HEAD /d1/275/AUTH_883fb82d4dc5440dbc9cc9be5ae60e9c/gnocchi.f2b8236a-a94d-46ee-86e8-e990dfff830b" 204 - "HEAD http://172.18.0.2:8080/v1/AUTH_883fb82d4dc5440dbc9cc9be5ae60e9c/gnocchi.f2b8236a-a94d-46ee-86e8-e990dfff830b?format=json&states=listing" "txb3556e9b06a941938cc33-006a2a950f" "proxy-server 20" 0.0034 "-" 22 0
Jun 11 10:59:28 standalone proxy-server[130571]: - - 11/Jun/2026/10/59/28 HEAD /v1/AUTH_883fb82d4dc5440dbc9cc9be5ae60e9c/gnocchi.f2b8236a-a94d-46ee-86e8-e990dfff830b%3Fformat%3Djson%26states%3Dlisting HTTP/1.0 204 - Swift - - - - txb3556e9b06a941938cc33-006a2a950f - 0.0165 RL - 1781175568.003550053 1781175568.020048857 0
Jun 11 10:59:28 standalone container-server[128586]: 172.20.0.100 - - [11/Jun/2026:10:59:28 +0000] "GET /d1/275/AUTH_883fb82d4dc5440dbc9cc9be5ae60e9c/gnocchi.f2b8236a-a94d-46ee-86e8-e990dfff830b" 200 2 "GET http://172.18.0.2:8080/v1/AUTH_883fb82d4dc5440dbc9cc9be5ae60e9c/gnocchi.f2b8236a-a94d-46ee-86e8-e990dfff830b?format=json&states=listing" "txb3556e9b06a941938cc33-006a2a950f" "proxy-server 20" 0.0085 "-" 23 0
Jun 11 10:59:28 standalone proxy-server[130571]: 172.18.0.2 172.18.0.100 11/Jun/2026/10/59/28 GET /v1/AUTH_883fb82d4dc5440dbc9cc9be5ae60e9c/gnocchi.f2b8236a-a94d-46ee-86e8-e990dfff830b%3Fformat%3Djson%26states%3Dlisting HTTP/1.0 200 - python-swiftclient-3.11.1 gAAAAABqKpTNpp1R... - 2 - txb3556e9b06a941938cc33-006a2a950f - 0.0504 - - 1781175567.992216587 1781175568.042611599 0
Jun 11 10:59:28 standalone object-server[128916]: 172.20.0.100 - - [11/Jun/2026:10:59:28 +0000] "GET /d1/747/AUTH_883fb82d4dc5440dbc9cc9be5ae60e9c/gnocchi.f2b8236a-a94d-46ee-86e8-e990dfff830b/1780920000.0_mean_300.0_v3" 404 70 "GET http://172.18.0.2:8080/v1/AUTH_883fb82d4dc5440dbc9cc9be5ae60e9c/gnocchi.f2b8236a-a94d-46ee-86e8-e990dfff830b/1780920000.0_mean_300.0_v3" "txbb639df6f6784812a4c4e-006a2a9510" "proxy-server 20" 0.0007 "-" 21 0
Jun 11 10:59:28 standalone proxy-server[130571]: 172.18.0.2 172.18.0.100 11/Jun/2026/10/59/28 GET /v1/AUTH_883fb82d4dc5440dbc9cc9be5ae60e9c/gnocchi.f2b8236a-a94d-46ee-86e8-e990dfff830b/1780920000.0_mean_300.0_v3 HTTP/1.0 404 - python-swiftclient-3.11.1 gAAAAABqKpTNpp1R... - 70 - txbb639df6f6784812a4c4e-006a2a9510 - 0.0110 - - 1781175568.048937798 1781175568.059949875 0
Jun 11 10:59:28 standalone container-server[128580]: 172.20.0.100 - - [11/Jun/2026:10:59:28 +0000] "PUT /d1/275/AUTH_883fb82d4dc5440dbc9cc9be5ae60e9c/gnocchi.f2b8236a-a94d-46ee-86e8-e990dfff830b/1780920000.0_mean_300.0_v3" 201 - "PUT http://172.18.0.2:8080/d1/747/AUTH_883fb82d4dc5440dbc9cc9be5ae60e9c/gnocchi.f2b8236a-a94d-46ee-86e8-e990dfff830b/1780920000.0_mean_300.0_v3" "txc3772a49aed94194bb80a-006a2a9510" "object-server 24" 0.0069 "-" 21 0
Jun 11 10:59:28 standalone object-server[128927]: 172.20.0.100 - - [11/Jun/2026:10:59:28 +0000] "PUT /d1/747/AUTH_883fb82d4dc5440dbc9cc9be5ae60e9c/gnocchi.f2b8236a-a94d-46ee-86e8-e990dfff830b/1780920000.0_mean_300.0_v3" 201 - "PUT http://172.18.0.2:8080/v1/AUTH_883fb82d4dc5440dbc9cc9be5ae60e9c/gnocchi.f2b8236a-a94d-46ee-86e8-e990dfff830b/1780920000.0_mean_300.0_v3" "txc3772a49aed94194bb80a-006a2a9510" "proxy-server 20" 0.0331 "-" 24 0
Jun 11 10:59:28 standalone proxy-server[130571]: 172.18.0.2 172.18.0.100 11/Jun/2026/10/59/28 PUT /v1/AUTH_883fb82d4dc5440dbc9cc9be5ae60e9c/gnocchi.f2b8236a-a94d-46ee-86e8-e990dfff830b/1780920000.0_mean_300.0_v3 HTTP/1.0 201 - python-swiftclient-3.11.1 gAAAAABqKpTNpp1R... 16 - - txc3772a49aed94194bb80a-006a2a9510 - 0.0456 - - 1781175568.066859007 1781175568.112439632 0
Jun 11 10:59:28 standalone container-server[128578]: 172.20.0.100 - - [11/Jun/2026:10:59:28 +0000] "PUT /d1/275/AUTH_883fb82d4dc5440dbc9cc9be5ae60e9c/gnocchi.f2b8236a-a94d-46ee-86e8-e990dfff830b/none_v3" 201 - "PUT http://172.18.0.2:8080/d1/911/AUTH_883fb82d4dc5440dbc9cc9be5ae60e9c/gnocchi.f2b8236a-a94d-46ee-86e8-e990dfff830b/none_v3" "tx01344b4201ca4f4e913c8-006a2a9510" "object-server 24" 0.0007 "-" 20 0
Jun 11 10:59:28 standalone object-server[128927]: 172.20.0.100 - - [11/Jun/2026:10:59:28 +0000] "PUT /d1/911/AUTH_883fb82d4dc5440dbc9cc9be5ae60e9c/gnocchi.f2b8236a-a94d-46ee-86e8-e990dfff830b/none_v3" 201 - "PUT http://172.18.0.2:8080/v1/AUTH_883fb82d4dc5440dbc9cc9be5ae60e9c/gnocchi.f2b8236a-a94d-46ee-86e8-e990dfff830b/none_v3" "tx01344b4201ca4f4e913c8-006a2a9510" "proxy-server 20" 0.0167 "-" 24 0
Jun 11 10:59:28 standalone proxy-server[130571]: 172.18.0.2 172.18.0.100 11/Jun/2026/10/59/28 PUT /v1/AUTH_883fb82d4dc5440dbc9cc9be5ae60e9c/gnocchi.f2b8236a-a94d-46ee-86e8-e990dfff830b/none_v3 HTTP/1.0 201 - python-swiftclient-3.11.1 gAAAAABqKpTNpp1R... 22 - - tx01344b4201ca4f4e913c8-006a2a9510 - 0.0269 - - 1781175568.119006395 1781175568.145917416 0
Jun 11 10:59:28 standalone container-server[128582]: 172.20.0.100 - - [11/Jun/2026:10:59:28 +0000] "HEAD /d1/346/AUTH_883fb82d4dc5440dbc9cc9be5ae60e9c/gnocchi.d22d2553-9291-417e-98b9-39e2a0874e4c" 404 - "HEAD http://172.18.0.2:8080/v1/AUTH_883fb82d4dc5440dbc9cc9be5ae60e9c/gnocchi.d22d2553-9291-417e-98b9-39e2a0874e4c?format=json&states=listing" "txf43197e04d564ae39c41c-006a2a9510" "proxy-server 20" 0.0006 "-" 22 0
Jun 11 10:59:28 standalone object-server[128927]: 172.20.0.100 - - [11/Jun/2026:10:59:28 +0000] "GET /d1/372/AUTH_883fb82d4dc5440dbc9cc9be5ae60e9c/gnocchi.d22d2553-9291-417e-98b9-39e2a0874e4c/none_v3" 404 70 "GET http://172.18.0.2:8080/v1/AUTH_883fb82d4dc5440dbc9cc9be5ae60e9c/gnocchi.d22d2553-9291-417e-98b9-39e2a0874e4c/none_v3" "txf43197e04d564ae39c41c-006a2a9510" "proxy-server 20" 0.0009 "-" 24 0
Jun 11 10:59:28 standalone proxy-server[130571]: 172.18.0.2 172.18.0.100 11/Jun/2026/10/59/28 GET /v1/AUTH_883fb82d4dc5440dbc9cc9be5ae60e9c/gnocchi.d22d2553-9291-417e-98b9-39e2a0874e4c/none_v3 HTTP/1.0 404 - python-swiftclient-3.11.1 gAAAAABqKpTNpp1R... - 70 - txf43197e04d564ae39c41c-006a2a9510 - 0.0273 - - 1781175568.293882370 1781175568.321184158 0
Jun 11 10:59:28 standalone account-server[128460]: 172.20.0.100 - - [11/Jun/2026:10:59:28 +0000] "PUT /d1/118/AUTH_883fb82d4dc5440dbc9cc9be5ae60e9c/gnocchi.d22d2553-9291-417e-98b9-39e2a0874e4c" 201 - "PUT http://172.20.0.100:6001/d1/346/AUTH_883fb82d4dc5440dbc9cc9be5ae60e9c/gnocchi.d22d2553-9291-417e-98b9-39e2a0874e4c" "tx9c67b1c357a44f668b6e6-006a2a9510" "container-server 20" 0.0080 "-" 14 0
Jun 11 10:59:28 standalone container-server[128578]: 172.20.0.100 - - [11/Jun/2026:10:59:28 +0000] "PUT /d1/346/AUTH_883fb82d4dc5440dbc9cc9be5ae60e9c/gnocchi.d22d2553-9291-417e-98b9-39e2a0874e4c" 201 - "PUT http://172.18.0.2:8080/v1/AUTH_883fb82d4dc5440dbc9cc9be5ae60e9c/gnocchi.d22d2553-9291-417e-98b9-39e2a0874e4c" "tx9c67b1c357a44f668b6e6-006a2a9510" "proxy-server 20" 0.0205 "-" 20 0
Jun 11 10:59:28 standalone proxy-server[130571]: 172.18.0.2 172.18.0.100 11/Jun/2026/10/59/28 PUT /v1/AUTH_883fb82d4dc5440dbc9cc9be5ae60e9c/gnocchi.d22d2553-9291-417e-98b9-39e2a0874e4c HTTP/1.0 201 - python-swiftclient-3.11.1 gAAAAABqKpTNpp1R... - - - tx9c67b1c357a44f668b6e6-006a2a9510 - 0.0380 - - 1781175568.325997114 1781175568.364034653 0
Jun 11 10:59:28 standalone container-server[128582]: 172.20.0.100 - - [11/Jun/2026:10:59:28 +0000] "HEAD /d1/346/AUTH_883fb82d4dc5440dbc9cc9be5ae60e9c/gnocchi.d22d2553-9291-417e-98b9-39e2a0874e4c" 204 - "HEAD http://172.18.0.2:8080/v1/AUTH_883fb82d4dc5440dbc9cc9be5ae60e9c/gnocchi.d22d2553-9291-417e-98b9-39e2a0874e4c?format=json&states=listing" "tx6dea35d6e9914e5896816-006a2a9510" "proxy-server 20" 0.0015 "-" 22 0
Jun 11 10:59:28 standalone proxy-server[130571]: - - 11/Jun/2026/10/59/28 HEAD /v1/AUTH_883fb82d4dc5440dbc9cc9be5ae60e9c/gnocchi.d22d2553-9291-417e-98b9-39e2a0874e4c%3Fformat%3Djson%26states%3Dlisting HTTP/1.0 204 - Swift - - - - tx6dea35d6e9914e5896816-006a2a9510 - 0.0063 RL - 1781175568.369984627 1781175568.376264334 0
