Jun 11 11:00:35 standalone container-server[128578]: 172.20.0.100 - - [11/Jun/2026:11:00:35 +0000] "GET /d1/975/AUTH_883fb82d4dc5440dbc9cc9be5ae60e9c/gnocchi.3b0b81fb-0b94-4a2f-ad98-7f6a08719a59" 200 2 "GET http://172.18.0.2:8080/v1/AUTH_883fb82d4dc5440dbc9cc9be5ae60e9c/gnocchi.3b0b81fb-0b94-4a2f-ad98-7f6a08719a59?format=json&states=listing" "txc042701268e34c8984971-006a2a9553" "proxy-server 20" 0.0020 "-" 20 0
Jun 11 11:00:35 standalone proxy-server[130571]: 172.18.0.2 172.18.0.100 11/Jun/2026/11/00/35 GET /v1/AUTH_883fb82d4dc5440dbc9cc9be5ae60e9c/gnocchi.3b0b81fb-0b94-4a2f-ad98-7f6a08719a59%3Fformat%3Djson%26states%3Dlisting HTTP/1.0 200 - python-swiftclient-3.11.1 gAAAAABqKpTNpp1R... - 2 - txc042701268e34c8984971-006a2a9553 - 0.0128 - - 1781175635.144065619 1781175635.156874657 0
Jun 11 11:00:35 standalone object-server[128927]: 172.20.0.100 - - [11/Jun/2026:11:00:35 +0000] "GET /d1/388/AUTH_883fb82d4dc5440dbc9cc9be5ae60e9c/gnocchi.3b0b81fb-0b94-4a2f-ad98-7f6a08719a59/1780920000.0_mean_300.0_v3" 404 70 "GET http://172.18.0.2:8080/v1/AUTH_883fb82d4dc5440dbc9cc9be5ae60e9c/gnocchi.3b0b81fb-0b94-4a2f-ad98-7f6a08719a59/1780920000.0_mean_300.0_v3" "tx3a9a2e393a4445de87e4f-006a2a9553" "proxy-server 20" 0.0005 "-" 24 0
Jun 11 11:00:35 standalone proxy-server[130571]: 172.18.0.2 172.18.0.100 11/Jun/2026/11/00/35 GET /v1/AUTH_883fb82d4dc5440dbc9cc9be5ae60e9c/gnocchi.3b0b81fb-0b94-4a2f-ad98-7f6a08719a59/1780920000.0_mean_300.0_v3 HTTP/1.0 404 - python-swiftclient-3.11.1 gAAAAABqKpTNpp1R... - 70 - tx3a9a2e393a4445de87e4f-006a2a9553 - 0.0086 - - 1781175635.190101147 1781175635.198653698 0
Jun 11 11:00:35 standalone container-server[128578]: 172.20.0.100 - - [11/Jun/2026:11:00:35 +0000] "PUT /d1/975/AUTH_883fb82d4dc5440dbc9cc9be5ae60e9c/gnocchi.3b0b81fb-0b94-4a2f-ad98-7f6a08719a59/1780920000.0_mean_300.0_v3" 201 - "PUT http://172.18.0.2:8080/d1/388/AUTH_883fb82d4dc5440dbc9cc9be5ae60e9c/gnocchi.3b0b81fb-0b94-4a2f-ad98-7f6a08719a59/1780920000.0_mean_300.0_v3" "tx67825e1e22b94be5a44dd-006a2a9553" "object-server 23" 0.0013 "-" 20 0
Jun 11 11:00:35 standalone object-server[128924]: 172.20.0.100 - - [11/Jun/2026:11:00:35 +0000] "PUT /d1/388/AUTH_883fb82d4dc5440dbc9cc9be5ae60e9c/gnocchi.3b0b81fb-0b94-4a2f-ad98-7f6a08719a59/1780920000.0_mean_300.0_v3" 201 - "PUT http://172.18.0.2:8080/v1/AUTH_883fb82d4dc5440dbc9cc9be5ae60e9c/gnocchi.3b0b81fb-0b94-4a2f-ad98-7f6a08719a59/1780920000.0_mean_300.0_v3" "tx67825e1e22b94be5a44dd-006a2a9553" "proxy-server 20" 0.0102 "-" 23 0
Jun 11 11:00:35 standalone proxy-server[130571]: 172.18.0.2 172.18.0.100 11/Jun/2026/11/00/35 PUT /v1/AUTH_883fb82d4dc5440dbc9cc9be5ae60e9c/gnocchi.3b0b81fb-0b94-4a2f-ad98-7f6a08719a59/1780920000.0_mean_300.0_v3 HTTP/1.0 201 - python-swiftclient-3.11.1 gAAAAABqKpTNpp1R... 16 - - tx67825e1e22b94be5a44dd-006a2a9553 - 0.0153 - - 1781175635.201307058 1781175635.216632843 0
Jun 11 11:00:35 standalone container-server[128578]: 172.20.0.100 - - [11/Jun/2026:11:00:35 +0000] "PUT /d1/975/AUTH_883fb82d4dc5440dbc9cc9be5ae60e9c/gnocchi.3b0b81fb-0b94-4a2f-ad98-7f6a08719a59/none_v3" 201 - "PUT http://172.18.0.2:8080/d1/744/AUTH_883fb82d4dc5440dbc9cc9be5ae60e9c/gnocchi.3b0b81fb-0b94-4a2f-ad98-7f6a08719a59/none_v3" "tx4b55de1d46794588bfc06-006a2a9553" "object-server 25" 0.0004 "-" 20 0
Jun 11 11:00:35 standalone object-server[128931]: 172.20.0.100 - - [11/Jun/2026:11:00:35 +0000] "PUT /d1/744/AUTH_883fb82d4dc5440dbc9cc9be5ae60e9c/gnocchi.3b0b81fb-0b94-4a2f-ad98-7f6a08719a59/none_v3" 201 - "PUT http://172.18.0.2:8080/v1/AUTH_883fb82d4dc5440dbc9cc9be5ae60e9c/gnocchi.3b0b81fb-0b94-4a2f-ad98-7f6a08719a59/none_v3" "tx4b55de1d46794588bfc06-006a2a9553" "proxy-server 20" 0.0131 "-" 25 0
Jun 11 11:00:35 standalone proxy-server[130571]: 172.18.0.2 172.18.0.100 11/Jun/2026/11/00/35 PUT /v1/AUTH_883fb82d4dc5440dbc9cc9be5ae60e9c/gnocchi.3b0b81fb-0b94-4a2f-ad98-7f6a08719a59/none_v3 HTTP/1.0 201 - python-swiftclient-3.11.1 gAAAAABqKpTNpp1R... 22 - - tx4b55de1d46794588bfc06-006a2a9553 - 0.0197 - - 1781175635.219296932 1781175635.239045620 0
Jun 11 11:00:35 standalone container-server[128582]: 172.20.0.100 - - [11/Jun/2026:11:00:35 +0000] "HEAD /d1/594/AUTH_883fb82d4dc5440dbc9cc9be5ae60e9c/gnocchi.5ea0c91b-4515-4c12-bb32-777a254d04ff" 404 - "HEAD http://172.18.0.2:8080/v1/AUTH_883fb82d4dc5440dbc9cc9be5ae60e9c/gnocchi.5ea0c91b-4515-4c12-bb32-777a254d04ff?format=json&states=listing" "txf0d7d291331e4a0193998-006a2a9553" "proxy-server 20" 0.0006 "-" 22 0
Jun 11 11:00:35 standalone object-server[128924]: 172.20.0.100 - - [11/Jun/2026:11:00:35 +0000] "GET /d1/70/AUTH_883fb82d4dc5440dbc9cc9be5ae60e9c/gnocchi.5ea0c91b-4515-4c12-bb32-777a254d04ff/none_v3" 404 70 "GET http://172.18.0.2:8080/v1/AUTH_883fb82d4dc5440dbc9cc9be5ae60e9c/gnocchi.5ea0c91b-4515-4c12-bb32-777a254d04ff/none_v3" "txf0d7d291331e4a0193998-006a2a9553" "proxy-server 20" 0.0004 "-" 23 0
Jun 11 11:00:35 standalone proxy-server[130571]: 172.18.0.2 172.18.0.100 11/Jun/2026/11/00/35 GET /v1/AUTH_883fb82d4dc5440dbc9cc9be5ae60e9c/gnocchi.5ea0c91b-4515-4c12-bb32-777a254d04ff/none_v3 HTTP/1.0 404 - python-swiftclient-3.11.1 gAAAAABqKpTNpp1R... - 70 - txf0d7d291331e4a0193998-006a2a9553 - 0.0102 - - 1781175635.248644352 1781175635.258795500 0
Jun 11 11:00:35 standalone account-server[128502]: 172.20.0.100 - - [11/Jun/2026:11:00:35 +0000] "PUT /d1/118/AUTH_883fb82d4dc5440dbc9cc9be5ae60e9c/gnocchi.5ea0c91b-4515-4c12-bb32-777a254d04ff" 201 - "PUT http://172.20.0.100:6001/d1/594/AUTH_883fb82d4dc5440dbc9cc9be5ae60e9c/gnocchi.5ea0c91b-4515-4c12-bb32-777a254d04ff" "txf0b122d54c5d415782fc8-006a2a9553" "container-server 22" 0.0047 "-" 17 0
Jun 11 11:00:35 standalone container-server[128582]: 172.20.0.100 - - [11/Jun/2026:11:00:35 +0000] "PUT /d1/594/AUTH_883fb82d4dc5440dbc9cc9be5ae60e9c/gnocchi.5ea0c91b-4515-4c12-bb32-777a254d04ff" 201 - "PUT http://172.18.0.2:8080/v1/AUTH_883fb82d4dc5440dbc9cc9be5ae60e9c/gnocchi.5ea0c91b-4515-4c12-bb32-777a254d04ff" "txf0b122d54c5d415782fc8-006a2a9553" "proxy-server 20" 0.0205 "-" 22 0
Jun 11 11:00:35 standalone proxy-server[130571]: 172.18.0.2 172.18.0.100 11/Jun/2026/11/00/35 PUT /v1/AUTH_883fb82d4dc5440dbc9cc9be5ae60e9c/gnocchi.5ea0c91b-4515-4c12-bb32-777a254d04ff HTTP/1.0 201 - python-swiftclient-3.11.1 gAAAAABqKpTNpp1R... - - - txf0b122d54c5d415782fc8-006a2a9553 - 0.0254 - - 1781175635.262009382 1781175635.287425756 0
Jun 11 11:00:35 standalone container-server[128578]: 172.20.0.100 - - [11/Jun/2026:11:00:35 +0000] "HEAD /d1/594/AUTH_883fb82d4dc5440dbc9cc9be5ae60e9c/gnocchi.5ea0c91b-4515-4c12-bb32-777a254d04ff" 204 - "HEAD http://172.18.0.2:8080/v1/AUTH_883fb82d4dc5440dbc9cc9be5ae60e9c/gnocchi.5ea0c91b-4515-4c12-bb32-777a254d04ff?format=json&states=listing" "txc7ca21222e734805bfc56-006a2a9553" "proxy-server 20" 0.0012 "-" 20 0
Jun 11 11:00:35 standalone proxy-server[130571]: - - 11/Jun/2026/11/00/35 HEAD /v1/AUTH_883fb82d4dc5440dbc9cc9be5ae60e9c/gnocchi.5ea0c91b-4515-4c12-bb32-777a254d04ff%3Fformat%3Djson%26states%3Dlisting HTTP/1.0 204 - Swift - - - - txc7ca21222e734805bfc56-006a2a9553 - 0.0038 RL - 1781175635.291262388 1781175635.295105219 0
Jun 11 11:00:35 standalone container-server[128580]: 172.20.0.100 - - [11/Jun/2026:11:00:35 +0000] "GET /d1/594/AUTH_883fb82d4dc5440dbc9cc9be5ae60e9c/gnocchi.5ea0c91b-4515-4c12-bb32-777a254d04ff" 200 2 "GET http://172.18.0.2:8080/v1/AUTH_883fb82d4dc5440dbc9cc9be5ae60e9c/gnocchi.5ea0c91b-4515-4c12-bb32-777a254d04ff?format=json&states=listing" "txc7ca21222e734805bfc56-006a2a9553" "proxy-server 20" 0.0021 "-" 21 0
Jun 11 11:00:35 standalone proxy-server[130571]: 172.18.0.2 172.18.0.100 11/Jun/2026/11/00/35 GET /v1/AUTH_883fb82d4dc5440dbc9cc9be5ae60e9c/gnocchi.5ea0c91b-4515-4c12-bb32-777a254d04ff%3Fformat%3Djson%26states%3Dlisting HTTP/1.0 200 - python-swiftclient-3.11.1 gAAAAABqKpTNpp1R... - 2 - txc7ca21222e734805bfc56-006a2a9553 - 0.0111 - - 1781175635.290505171 1781175635.301628351 0
Jun 11 11:00:35 standalone object-server[128931]: 172.20.0.100 - - [11/Jun/2026:11:00:35 +0000] "GET /d1/411/AUTH_883fb82d4dc5440dbc9cc9be5ae60e9c/gnocchi.5ea0c91b-4515-4c12-bb32-777a254d04ff/1780920000.0_mean_300.0_v3" 404 70 "GET http://172.18.0.2:8080/v1/AUTH_883fb82d4dc5440dbc9cc9be5ae60e9c/gnocchi.5ea0c91b-4515-4c12-bb32-777a254d04ff/1780920000.0_mean_300.0_v3" "tx863e848ee25843f882d7c-006a2a9553" "proxy-server 20" 0.0005 "-" 25 0
Jun 11 11:00:35 standalone proxy-server[130571]: 172.18.0.2 172.18.0.100 11/Jun/2026/11/00/35 GET /v1/AUTH_883fb82d4dc5440dbc9cc9be5ae60e9c/gnocchi.5ea0c91b-4515-4c12-bb32-777a254d04ff/1780920000.0_mean_300.0_v3 HTTP/1.0 404 - python-swiftclient-3.11.1 gAAAAABqKpTNpp1R... - 70 - tx863e848ee25843f882d7c-006a2a9553 - 0.0062 - - 1781175635.304312468 1781175635.310521841 0
Jun 11 11:00:35 standalone container-server[128582]: 172.20.0.100 - - [11/Jun/2026:11:00:35 +0000] "PUT /d1/594/AUTH_883fb82d4dc5440dbc9cc9be5ae60e9c/gnocchi.5ea0c91b-4515-4c12-bb32-777a254d04ff/1780920000.0_mean_300.0_v3" 201 - "PUT http://172.18.0.2:8080/d1/411/AUTH_883fb82d4dc5440dbc9cc9be5ae60e9c/gnocchi.5ea0c91b-4515-4c12-bb32-777a254d04ff/1780920000.0_mean_300.0_v3" "tx988b77b2b8e844afbf072-006a2a9553" "object-server 24" 0.0008 "-" 22 0
Jun 11 11:00:35 standalone object-server[128927]: 172.20.0.100 - - [11/Jun/2026:11:00:35 +0000] "PUT /d1/411/AUTH_883fb82d4dc5440dbc9cc9be5ae60e9c/gnocchi.5ea0c91b-4515-4c12-bb32-777a254d04ff/1780920000.0_mean_300.0_v3" 201 - "PUT http://172.18.0.2:8080/v1/AUTH_883fb82d4dc5440dbc9cc9be5ae60e9c/gnocchi.5ea0c91b-4515-4c12-bb32-777a254d04ff/1780920000.0_mean_300.0_v3" "tx988b77b2b8e844afbf072-006a2a9553" "proxy-server 20" 0.0139 "-" 24 0
Jun 11 11:00:35 standalone proxy-server[130571]: 172.18.0.2 172.18.0.100 11/Jun/2026/11/00/35 PUT /v1/AUTH_883fb82d4dc5440dbc9cc9be5ae60e9c/gnocchi.5ea0c91b-4515-4c12-bb32-777a254d04ff/1780920000.0_mean_300.0_v3 HTTP/1.0 201 - python-swiftclient-3.11.1 gAAAAABqKpTNpp1R... 16 - - tx988b77b2b8e844afbf072-006a2a9553 - 0.0217 - - 1781175635.317988157 1781175635.339734554 0
Jun 11 11:00:35 standalone container-server[128580]: 172.20.0.100 - - [11/Jun/2026:11:00:35 +0000] "PUT /d1/594/AUTH_883fb82d4dc5440dbc9cc9be5ae60e9c/gnocchi.5ea0c91b-4515-4c12-bb32-777a254d04ff/none_v3" 201 - "PUT http://172.18.0.2:8080/d1/70/AUTH_883fb82d4dc5440dbc9cc9be5ae60e9c/gnocchi.5ea0c91b-4515-4c12-bb32-777a254d04ff/none_v3" "txad300f8dac344f389a9cb-006a2a9553" "object-server 25" 0.0009 "-" 21 0
Jun 11 11:00:35 standalone object-server[128931]: 172.20.0.100 - - [11/Jun/2026:11:00:35 +0000] "PUT /d1/70/AUTH_883fb82d4dc5440dbc9cc9be5ae60e9c/gnocchi.5ea0c91b-4515-4c12-bb32-777a254d04ff/none_v3" 201 - "PUT http://172.18.0.2:8080/v1/AUTH_883fb82d4dc5440dbc9cc9be5ae60e9c/gnocchi.5ea0c91b-4515-4c12-bb32-777a254d04ff/none_v3" "txad300f8dac344f389a9cb-006a2a9553" "proxy-server 20" 0.0112 "-" 25 0
Jun 11 11:00:35 standalone proxy-server[130571]: 172.18.0.2 172.18.0.100 11/Jun/2026/11/00/35 PUT /v1/AUTH_883fb82d4dc5440dbc9cc9be5ae60e9c/gnocchi.5ea0c91b-4515-4c12-bb32-777a254d04ff/none_v3 HTTP/1.0 201 - python-swiftclient-3.11.1 gAAAAABqKpTNpp1R... 22 - - txad300f8dac344f389a9cb-006a2a9553 - 0.0203 - - 1781175635.342322350 1781175635.362576723 0
Jun 11 11:00:35 standalone container-server[128586]: 172.20.0.100 - - [11/Jun/2026:11:00:35 +0000] "HEAD /d1/351/AUTH_883fb82d4dc5440dbc9cc9be5ae60e9c/gnocchi.174ac3e5-81e1-4cd5-8e11-d0af7387eeee" 404 - "HEAD http://172.18.0.2:8080/v1/AUTH_883fb82d4dc5440dbc9cc9be5ae60e9c/gnocchi.174ac3e5-81e1-4cd5-8e11-d0af7387eeee?format=json&states=listing" "txa03ecf6a0ee44f5980f07-006a2a9553" "proxy-server 20" 0.0005 "-" 23 0
Jun 11 11:00:35 standalone object-server[128924]: 172.20.0.100 - - [11/Jun/2026:11:00:35 +0000] "GET /d1/283/AUTH_883fb82d4dc5440dbc9cc9be5ae60e9c/gnocchi.174ac3e5-81e1-4cd5-8e11-d0af7387eeee/none_v3" 404 70 "GET http://172.18.0.2:8080/v1/AUTH_883fb82d4dc5440dbc9cc9be5ae60e9c/gnocchi.174ac3e5-81e1-4cd5-8e11-d0af7387eeee/none_v3" "txa03ecf6a0ee44f5980f07-006a2a9553" "proxy-server 20" 0.0005 "-" 23 0
Jun 11 11:00:35 standalone proxy-server[130571]: 172.18.0.2 172.18.0.100 11/Jun/2026/11/00/35 GET /v1/AUTH_883fb82d4dc5440dbc9cc9be5ae60e9c/gnocchi.174ac3e5-81e1-4cd5-8e11-d0af7387eeee/none_v3 HTTP/1.0 404 - python-swiftclient-3.11.1 gAAAAABqKpTNpp1R... - 70 - txa03ecf6a0ee44f5980f07-006a2a9553 - 0.0122 - - 1781175635.374570608 1781175635.386752367 0
Jun 11 11:00:35 standalone account-server[128478]: 172.20.0.100 - - [11/Jun/2026:11:00:35 +0000] "PUT /d1/118/AUTH_883fb82d4dc5440dbc9cc9be5ae60e9c/gnocchi.174ac3e5-81e1-4cd5-8e11-d0af7387eeee" 201 - "PUT http://172.20.0.100:6001/d1/351/AUTH_883fb82d4dc5440dbc9cc9be5ae60e9c/gnocchi.174ac3e5-81e1-4cd5-8e11-d0af7387eeee" "txbb4f78ef01424fb6ba50a-006a2a9553" "container-server 20" 0.0099 "-" 15 0
Jun 11 11:00:35 standalone container-server[128578]: 172.20.0.100 - - [11/Jun/2026:11:00:35 +0000] "PUT /d1/351/AUTH_883fb82d4dc5440dbc9cc9be5ae60e9c/gnocchi.174ac3e5-81e1-4cd5-8e11-d0af7387eeee" 201 - "PUT http://172.18.0.2:8080/v1/AUTH_883fb82d4dc5440dbc9cc9be5ae60e9c/gnocchi.174ac3e5-81e1-4cd5-8e11-d0af7387eeee" "txbb4f78ef01424fb6ba50a-006a2a9553" "proxy-server 20" 0.0225 "-" 20 0
Jun 11 11:00:35 standalone proxy-server[130571]: 172.18.0.2 172.18.0.100 11/Jun/2026/11/00/35 PUT /v1/AUTH_883fb82d4dc5440dbc9cc9be5ae60e9c/gnocchi.174ac3e5-81e1-4cd5-8e11-d0af7387eeee HTTP/1.0 201 - python-swiftclient-3.11.1 gAAAAABqKpTNpp1R... - - - txbb4f78ef01424fb6ba50a-006a2a9553 - 0.0297 - - 1781175635.389503956 1781175635.419192553 0
Jun 11 11:00:35 standalone container-server[128586]: 172.20.0.100 - - [11/Jun/2026:11:00:35 +0000] "HEAD /d1/351/AUTH_883fb82d4dc5440dbc9cc9be5ae60e9c/gnocchi.174ac3e5-81e1-4cd5-8e11-d0af7387eeee" 204 - "HEAD http://172.18.0.2:8080/v1/AUTH_883fb82d4dc5440dbc9cc9be5ae60e9c/gnocchi.174ac3e5-81e1-4cd5-8e11-d0af7387eeee?format=json&states=listing" "tx204c2e0dd71e447e9650d-006a2a9553" "proxy-server 20" 0.0017 "-" 23 0
Jun 11 11:00:35 standalone proxy-server[130571]: - - 11/Jun/2026/11/00/35 HEAD /v1/AUTH_883fb82d4dc5440dbc9cc9be5ae60e9c/gnocchi.174ac3e5-81e1-4cd5-8e11-d0af7387eeee%3Fformat%3Djson%26states%3Dlisting HTTP/1.0 204 - Swift - - - - tx204c2e0dd71e447e9650d-006a2a9553 - 0.0056 RL - 1781175635.427456141 1781175635.433009863 0
Jun 11 11:00:35 standalone container-server[128580]: 172.20.0.100 - - [11/Jun/2026:11:00:35 +0000] "GET /d1/351/AUTH_883fb82d4dc5440dbc9cc9be5ae60e9c/gnocchi.174ac3e5-81e1-4cd5-8e11-d0af7387eeee" 200 2 "GET http://172.18.0.2:8080/v1/AUTH_883fb82d4dc5440dbc9cc9be5ae60e9c/gnocchi.174ac3e5-81e1-4cd5-8e11-d0af7387eeee?format=json&states=listing" "tx204c2e0dd71e447e9650d-006a2a9553" "proxy-server 20" 0.0018 "-" 21 0
Jun 11 11:00:35 standalone proxy-server[130571]: 172.18.0.2 172.18.0.100 11/Jun/2026/11/00/35 GET /v1/AUTH_883fb82d4dc5440dbc9cc9be5ae60e9c/gnocchi.174ac3e5-81e1-4cd5-8e11-d0af7387eeee%3Fformat%3Djson%26states%3Dlisting HTTP/1.0 200 - python-swiftclient-3.11.1 gAAAAABqKpTNpp1R... - 2 - tx204c2e0dd71e447e9650d-006a2a9553 - 0.0153 - - 1781175635.426165104 1781175635.441505194 0
Jun 11 11:00:35 standalone object-server[128931]: 172.20.0.100 - - [11/Jun/2026:11:00:35 +0000] "GET /d1/413/AUTH_883fb82d4dc5440dbc9cc9be5ae60e9c/gnocchi.174ac3e5-81e1-4cd5-8e11-d0af7387eeee/1780920000.0_mean_300.0_v3" 404 70 "GET http://172.18.0.2:8080/v1/AUTH_883fb82d4dc5440dbc9cc9be5ae60e9c/gnocchi.174ac3e5-81e1-4cd5-8e11-d0af7387eeee/1780920000.0_mean_300.0_v3" "txa7f73c0c35cb4c9196d7c-006a2a9553" "proxy-server 20" 0.0004 "-" 25 0
Jun 11 11:00:35 standalone proxy-server[130571]: 172.18.0.2 172.18.0.100 11/Jun/2026/11/00/35 GET /v1/AUTH_883fb82d4dc5440dbc9cc9be5ae60e9c/gnocchi.174ac3e5-81e1-4cd5-8e11-d0af7387eeee/1780920000.0_mean_300.0_v3 HTTP/1.0 404 - python-swiftclient-3.11.1 gAAAAABqKpTNpp1R... - 70 - txa7f73c0c35cb4c9196d7c-006a2a9553 - 0.0055 - - 1781175635.447932959 1781175635.453436375 0
Jun 11 11:00:35 standalone container-server[128578]: 172.20.0.100 - - [11/Jun/2026:11:00:35 +0000] "PUT /d1/351/AUTH_883fb82d4dc5440dbc9cc9be5ae60e9c/gnocchi.174ac3e5-81e1-4cd5-8e11-d0af7387eeee/1780920000.0_mean_300.0_v3" 201 - "PUT http://172.18.0.2:8080/d1/413/AUTH_883fb82d4dc5440dbc9cc9be5ae60e9c/gnocchi.174ac3e5-81e1-4cd5-8e11-d0af7387eeee/1780920000.0_mean_300.0_v3" "txb58c0fb23ed94ac6bb07a-006a2a9553" "object-server 25" 0.0012 "-" 20 0
Jun 11 11:00:35 standalone object-server[128931]: 172.20.0.100 - - [11/Jun/2026:11:00:35 +0000] "PUT /d1/413/AUTH_883fb82d4dc5440dbc9cc9be5ae60e9c/gnocchi.174ac3e5-81e1-4cd5-8e11-d0af7387eeee/1780920000.0_mean_300.0_v3" 201 - "PUT http://172.18.0.2:8080/v1/AUTH_883fb82d4dc5440dbc9cc9be5ae60e9c/gnocchi.174ac3e5-81e1-4cd5-8e11-d0af7387eeee/1780920000.0_mean_300.0_v3" "txb58c0fb23ed94ac6bb07a-006a2a9553" "proxy-server 20" 0.0114 "-" 25 0
Jun 11 11:00:35 standalone proxy-server[130571]: 172.18.0.2 172.18.0.100 11/Jun/2026/11/00/35 PUT /v1/AUTH_883fb82d4dc5440dbc9cc9be5ae60e9c/gnocchi.174ac3e5-81e1-4cd5-8e11-d0af7387eeee/1780920000.0_mean_300.0_v3 HTTP/1.0 201 - python-swiftclient-3.11.1 gAAAAABqKpTNpp1R... 16 - - txb58c0fb23ed94ac6bb07a-006a2a9553 - 0.0176 - - 1781175635.459854126 1781175635.477459192 0
Jun 11 11:00:35 standalone container-server[128586]: 172.20.0.100 - - [11/Jun/2026:11:00:35 +0000] "PUT /d1/351/AUTH_883fb82d4dc5440dbc9cc9be5ae60e9c/gnocchi.174ac3e5-81e1-4cd5-8e11-d0af7387eeee/none_v3" 201 - "PUT http://172.18.0.2:8080/d1/283/AUTH_883fb82d4dc5440dbc9cc9be5ae60e9c/gnocchi.174ac3e5-81e1-4cd5-8e11-d0af7387eeee/none_v3" "tx164cef38753e4df59ae6e-006a2a9553" "object-server 24" 0.0005 "-" 23 0
Jun 11 11:00:35 standalone object-server[128927]: 172.20.0.100 - - [11/Jun/2026:11:00:35 +0000] "PUT /d1/283/AUTH_883fb82d4dc5440dbc9cc9be5ae60e9c/gnocchi.174ac3e5-81e1-4cd5-8e11-d0af7387eeee/none_v3" 201 - "PUT http://172.18.0.2:8080/v1/AUTH_883fb82d4dc5440dbc9cc9be5ae60e9c/gnocchi.174ac3e5-81e1-4cd5-8e11-d0af7387eeee/none_v3" "tx164cef38753e4df59ae6e-006a2a9553" "proxy-server 20" 0.0103 "-" 24 0
Jun 11 11:00:35 standalone proxy-server[130571]: 172.18.0.2 172.18.0.100 11/Jun/2026/11/00/35 PUT /v1/AUTH_883fb82d4dc5440dbc9cc9be5ae60e9c/gnocchi.174ac3e5-81e1-4cd5-8e11-d0af7387eeee/none_v3 HTTP/1.0 201 - python-swiftclient-3.11.1 gAAAAABqKpTNpp1R... 22 - - tx164cef38753e4df59ae6e-006a2a9553 - 0.0171 - - 1781175635.482865095 1781175635.499960661 0
Jun 11 11:00:35 standalone container-server[128586]: 172.20.0.100 - - [11/Jun/2026:11:00:35 +0000] "HEAD /d1/489/AUTH_883fb82d4dc5440dbc9cc9be5ae60e9c/gnocchi.1be28230-8430-4c7d-a0e7-18c0ee0b6068" 404 - "HEAD http://172.18.0.2:8080/v1/AUTH_883fb82d4dc5440dbc9cc9be5ae60e9c/gnocchi.1be28230-8430-4c7d-a0e7-18c0ee0b6068?format=json&states=listing" "txe6199fa047c74940a97cf-006a2a9553" "proxy-server 20" 0.0004 "-" 23 0
Jun 11 11:00:35 standalone object-server[128931]: 172.20.0.100 - - [11/Jun/2026:11:00:35 +0000] "GET /d1/888/AUTH_883fb82d4dc5440dbc9cc9be5ae60e9c/gnocchi.1be28230-8430-4c7d-a0e7-18c0ee0b6068/none_v3" 404 70 "GET http://172.18.0.2:8080/v1/AUTH_883fb82d4dc5440dbc9cc9be5ae60e9c/gnocchi.1be28230-8430-4c7d-a0e7-18c0ee0b6068/none_v3" "txe6199fa047c74940a97cf-006a2a9553" "proxy-server 20" 0.0006 "-" 25 0
Jun 11 11:00:35 standalone proxy-server[130571]: 172.18.0.2 172.18.0.100 11/Jun/2026/11/00/35 GET /v1/AUTH_883fb82d4dc5440dbc9cc9be5ae60e9c/gnocchi.1be28230-8430-4c7d-a0e7-18c0ee0b6068/none_v3 HTTP/1.0 404 - python-swiftclient-3.11.1 gAAAAABqKpTNpp1R... - 70 - txe6199fa047c74940a97cf-006a2a9553 - 0.0188 - - 1781175635.520507336 1781175635.539267302 0
Jun 11 11:00:35 standalone account-server[128460]: 172.20.0.100 - - [11/Jun/2026:11:00:35 +0000] "PUT /d1/118/AUTH_883fb82d4dc5440dbc9cc9be5ae60e9c/gnocchi.1be28230-8430-4c7d-a0e7-18c0ee0b6068" 201 - "PUT http://172.20.0.100:6001/d1/489/AUTH_883fb82d4dc5440dbc9cc9be5ae60e9c/gnocchi.1be28230-8430-4c7d-a0e7-18c0ee0b6068" "tx222822c5ccd941f68e897-006a2a9553" "container-server 20" 0.0051 "-" 14 0
Jun 11 11:00:35 standalone container-server[128578]: 172.20.0.100 - - [11/Jun/2026:11:00:35 +0000] "PUT /d1/489/AUTH_883fb82d4dc5440dbc9cc9be5ae60e9c/gnocchi.1be28230-8430-4c7d-a0e7-18c0ee0b6068" 201 - "PUT http://172.18.0.2:8080/v1/AUTH_883fb82d4dc5440dbc9cc9be5ae60e9c/gnocchi.1be28230-8430-4c7d-a0e7-18c0ee0b6068" "tx222822c5ccd941f68e897-006a2a9553" "proxy-server 20" 0.0204 "-" 20 0
Jun 11 11:00:35 standalone proxy-server[130571]: 172.18.0.2 172.18.0.100 11/Jun/2026/11/00/35 PUT /v1/AUTH_883fb82d4dc5440dbc9cc9be5ae60e9c/gnocchi.1be28230-8430-4c7d-a0e7-18c0ee0b6068 HTTP/1.0 201 - python-swiftclient-3.11.1 gAAAAABqKpTNpp1R... - - - tx222822c5ccd941f68e897-006a2a9553 - 0.0298 - - 1781175635.543233871 1781175635.573036194 0
Jun 11 11:00:35 standalone container-server[128578]: 172.20.0.100 - - [11/Jun/2026:11:00:35 +0000] "HEAD /d1/489/AUTH_883fb82d4dc5440dbc9cc9be5ae60e9c/gnocchi.1be28230-8430-4c7d-a0e7-18c0ee0b6068" 204 - "HEAD http://172.18.0.2:8080/v1/AUTH_883fb82d4dc5440dbc9cc9be5ae60e9c/gnocchi.1be28230-8430-4c7d-a0e7-18c0ee0b6068?format=json&states=listing" "tx5d80421a33b7404faa333-006a2a9553" "proxy-server 20" 0.0020 "-" 20 0
Jun 11 11:00:35 standalone proxy-server[130571]: - - 11/Jun/2026/11/00/35 HEAD /v1/AUTH_883fb82d4dc5440dbc9cc9be5ae60e9c/gnocchi.1be28230-8430-4c7d-a0e7-18c0ee0b6068%3Fformat%3Djson%26states%3Dlisting HTTP/1.0 204 - Swift - - - - tx5d80421a33b7404faa333-006a2a9553 - 0.0061 RL - 1781175635.578070879 1781175635.584170341 0
Jun 11 11:00:35 standalone container-server[128582]: 172.20.0.100 - - [11/Jun/2026:11:00:35 +0000] "GET /d1/489/AUTH_883fb82d4dc5440dbc9cc9be5ae60e9c/gnocchi.1be28230-8430-4c7d-a0e7-18c0ee0b6068" 200 2 "GET http://172.18.0.2:8080/v1/AUTH_883fb82d4dc5440dbc9cc9be5ae60e9c/gnocchi.1be28230-8430-4c7d-a0e7-18c0ee0b6068?format=json&states=listing" "tx5d80421a33b7404faa333-006a2a9553" "proxy-server 20" 0.0084 "-" 22 0
Jun 11 11:00:35 standalone proxy-server[130571]: 172.18.0.2 172.18.0.100 11/Jun/2026/11/00/35 GET /v1/AUTH_883fb82d4dc5440dbc9cc9be5ae60e9c/gnocchi.1be28230-8430-4c7d-a0e7-18c0ee0b6068%3Fformat%3Djson%26states%3Dlisting HTTP/1.0 200 - python-swiftclient-3.11.1 gAAAAABqKpTNpp1R... - 2 - tx5d80421a33b7404faa333-006a2a9553 - 0.0256 - - 1781175635.576760054 1781175635.602310181 0
Jun 11 11:00:35 standalone object-server[128924]: 172.20.0.100 - - [11/Jun/2026:11:00:35 +0000] "GET /d1/562/AUTH_883fb82d4dc5440dbc9cc9be5ae60e9c/gnocchi.1be28230-8430-4c7d-a0e7-18c0ee0b6068/1780920000.0_mean_300.0_v3" 404 70 "GET http://172.18.0.2:8080/v1/AUTH_883fb82d4dc5440dbc9cc9be5ae60e9c/gnocchi.1be28230-8430-4c7d-a0e7-18c0ee0b6068/1780920000.0_mean_300.0_v3" "tx25faa7a7d63440a6a9aa0-006a2a9553" "proxy-server 20" 0.0004 "-" 23 0
Jun 11 11:00:35 standalone proxy-server[130571]: 172.18.0.2 172.18.0.100 11/Jun/2026/11/00/35 GET /v1/AUTH_883fb82d4dc5440dbc9cc9be5ae60e9c/gnocchi.1be28230-8430-4c7d-a0e7-18c0ee0b6068/1780920000.0_mean_300.0_v3 HTTP/1.0 404 - python-swiftclient-3.11.1 gAAAAABqKpTNpp1R... - 70 - tx25faa7a7d63440a6a9aa0-006a2a9553 - 0.0104 - - 1781175635.605867624 1781175635.616275311 0
Jun 11 11:00:35 standalone container-server[128582]: 172.20.0.100 - - [11/Jun/2026:11:00:35 +0000] "PUT /d1/489/AUTH_883fb82d4dc5440dbc9cc9be5ae60e9c/gnocchi.1be28230-8430-4c7d-a0e7-18c0ee0b6068/1780920000.0_mean_300.0_v3" 201 - "PUT http://172.18.0.2:8080/d1/562/AUTH_883fb82d4dc5440dbc9cc9be5ae60e9c/gnocchi.1be28230-8430-4c7d-a0e7-18c0ee0b6068/1780920000.0_mean_300.0_v3" "tx7019c27a3972447b927c4-006a2a9553" "object-server 24" 0.0011 "-" 22 0
Jun 11 11:00:35 standalone object-server[128927]: 172.20.0.100 - - [11/Jun/2026:11:00:35 +0000] "PUT /d1/562/AUTH_883fb82d4dc5440dbc9cc9be5ae60e9c/gnocchi.1be28230-8430-4c7d-a0e7-18c0ee0b6068/1780920000.0_mean_300.0_v3" 201 - "PUT http://172.18.0.2:8080/v1/AUTH_883fb82d4dc5440dbc9cc9be5ae60e9c/gnocchi.1be28230-8430-4c7d-a0e7-18c0ee0b6068/1780920000.0_mean_300.0_v3" "tx7019c27a3972447b927c4-006a2a9553" "proxy-server 20" 0.0104 "-" 24 0
Jun 11 11:00:35 standalone proxy-server[130571]: 172.18.0.2 172.18.0.100 11/Jun/2026/11/00/35 PUT /v1/AUTH_883fb82d4dc5440dbc9cc9be5ae60e9c/gnocchi.1be28230-8430-4c7d-a0e7-18c0ee0b6068/1780920000.0_mean_300.0_v3 HTTP/1.0 201 - python-swiftclient-3.11.1 gAAAAABqKpTNpp1R... 16 - - tx7019c27a3972447b927c4-006a2a9553 - 0.0185 - - 1781175635.619948387 1781175635.638479471 0
Jun 11 11:00:35 standalone container-server[128582]: 172.20.0.100 - - [11/Jun/2026:11:00:35 +0000] "PUT /d1/489/AUTH_883fb82d4dc5440dbc9cc9be5ae60e9c/gnocchi.1be28230-8430-4c7d-a0e7-18c0ee0b6068/none_v3" 201 - "PUT http://172.18.0.2:8080/d1/888/AUTH_883fb82d4dc5440dbc9cc9be5ae60e9c/gnocchi.1be28230-8430-4c7d-a0e7-18c0ee0b6068/none_v3" "txed4d8d3740294aa09b80e-006a2a9553" "object-server 25" 0.0009 "-" 22 0
Jun 11 11:00:35 standalone object-server[128931]: 172.20.0.100 - - [11/Jun/2026:11:00:35 +0000] "PUT /d1/888/AUTH_883fb82d4dc5440dbc9cc9be5ae60e9c/gnocchi.1be28230-8430-4c7d-a0e7-18c0ee0b6068/none_v3" 201 - "PUT http://172.18.0.2:8080/v1/AUTH_883fb82d4dc5440dbc9cc9be5ae60e9c/gnocchi.1be28230-8430-4c7d-a0e7-18c0ee0b6068/none_v3" "txed4d8d3740294aa09b80e-006a2a9553" "proxy-server 20" 0.0155 "-" 25 0
Jun 11 11:00:35 standalone proxy-server[130571]: 172.18.0.2 172.18.0.100 11/Jun/2026/11/00/35 PUT /v1/AUTH_883fb82d4dc5440dbc9cc9be5ae60e9c/gnocchi.1be28230-8430-4c7d-a0e7-18c0ee0b6068/none_v3 HTTP/1.0 201 - python-swiftclient-3.11.1 gAAAAABqKpTNpp1R... 22 - - txed4d8d3740294aa09b80e-006a2a9553 - 0.0238 - - 1781175635.641544104 1781175635.665369034 0
Jun 11 11:00:40 standalone account-server[128460]: 172.20.0.100 - - [11/Jun/2026:11:00:40 +0000] "HEAD /d1/238/.expiring_objects" 404 - "HEAD http://localhost/v1/.expiring_objects?format=json" "tx1cf86cad858c4a27b5d08-006a2a9558" "proxy-server 2" 0.0012 "-" 14 -
Jun 11 11:00:40 standalone object-expirer[128590]: Pass completed in 0s; 0 objects expired (txn: tx1cf86cad858c4a27b5d08-006a2a9558)
Jun 11 11:00:41 standalone container-server[128582]: 172.20.0.100 - - [11/Jun/2026:11:00:41 +0000] "HEAD /d1/1023/AUTH_883fb82d4dc5440dbc9cc9be5ae60e9c/gnocchi.04c7dc7a-357b-43b4-8e34-fa380d697557" 404 - "HEAD http://172.18.0.2:8080/v1/AUTH_883fb82d4dc5440dbc9cc9be5ae60e9c/gnocchi.04c7dc7a-357b-43b4-8e34-fa380d697557?format=json&states=listing" "tx59a60560d0d44b5c84d92-006a2a9559" "proxy-server 20" 0.0006 "-" 22 0
Jun 11 11:00:41 standalone object-server[128927]: 172.20.0.100 - - [11/Jun/2026:11:00:41 +0000] "GET /d1/859/AUTH_883fb82d4dc5440dbc9cc9be5ae60e9c/gnocchi.04c7dc7a-357b-43b4-8e34-fa380d697557/none_v3" 404 70 "GET http://172.18.0.2:8080/v1/AUTH_883fb82d4dc5440dbc9cc9be5ae60e9c/gnocchi.04c7dc7a-357b-43b4-8e34-fa380d697557/none_v3" "tx59a60560d0d44b5c84d92-006a2a9559" "proxy-server 20" 0.0007 "-" 24 0
Jun 11 11:00:41 standalone proxy-server[130571]: 172.18.0.2 172.18.0.100 11/Jun/2026/11/00/41 GET /v1/AUTH_883fb82d4dc5440dbc9cc9be5ae60e9c/gnocchi.04c7dc7a-357b-43b4-8e34-fa380d697557/none_v3 HTTP/1.0 404 - python-swiftclient-3.11.1 gAAAAABqKpTNpp1R... - 70 - tx59a60560d0d44b5c84d92-006a2a9559 - 0.0113 - - 1781175641.426207304 1781175641.437514067 0
Jun 11 11:00:41 standalone account-server[128478]: 172.20.0.100 - - [11/Jun/2026:11:00:41 +0000] "PUT /d1/118/AUTH_883fb82d4dc5440dbc9cc9be5ae60e9c/gnocchi.04c7dc7a-357b-43b4-8e34-fa380d697557" 201 - "PUT http://172.20.0.100:6001/d1/1023/AUTH_883fb82d4dc5440dbc9cc9be5ae60e9c/gnocchi.04c7dc7a-357b-43b4-8e34-fa380d697557" "tx1a50e56f06764020a8e37-006a2a9559" "container-server 22" 0.0060 "-" 15 0
Jun 11 11:00:41 standalone container-server[128582]: 172.20.0.100 - - [11/Jun/2026:11:00:41 +0000] "PUT /d1/1023/AUTH_883fb82d4dc5440dbc9cc9be5ae60e9c/gnocchi.04c7dc7a-357b-43b4-8e34-fa380d697557" 201 - "PUT http://172.18.0.2:8080/v1/AUTH_883fb82d4dc5440dbc9cc9be5ae60e9c/gnocchi.04c7dc7a-357b-43b4-8e34-fa380d697557" "tx1a50e56f06764020a8e37-006a2a9559" "proxy-server 20" 0.0180 "-" 22 0
Jun 11 11:00:41 standalone proxy-server[130571]: 172.18.0.2 172.18.0.100 11/Jun/2026/11/00/41 PUT /v1/AUTH_883fb82d4dc5440dbc9cc9be5ae60e9c/gnocchi.04c7dc7a-357b-43b4-8e34-fa380d697557 HTTP/1.0 201 - python-swiftclient-3.11.1 gAAAAABqKpTNpp1R... - - - tx1a50e56f06764020a8e37-006a2a9559 - 0.0222 - - 1781175641.439704418 1781175641.461864471 0
Jun 11 11:00:41 standalone container-server[128582]: 172.20.0.100 - - [11/Jun/2026:11:00:41 +0000] "HEAD /d1/1023/AUTH_883fb82d4dc5440dbc9cc9be5ae60e9c/gnocchi.04c7dc7a-357b-43b4-8e34-fa380d697557" 204 - "HEAD http://172.18.0.2:8080/v1/AUTH_883fb82d4dc5440dbc9cc9be5ae60e9c/gnocchi.04c7dc7a-357b-43b4-8e34-fa380d697557?format=json&states=listing" "tx5055b0747ad2441dbba1d-006a2a9559" "proxy-server 20" 0.0011 "-" 22 0
Jun 11 11:00:41 standalone proxy-server[130571]: - - 11/Jun/2026/11/00/41 HEAD /v1/AUTH_883fb82d4dc5440dbc9cc9be5ae60e9c/gnocchi.04c7dc7a-357b-43b4-8e34-fa380d697557%3Fformat%3Djson%26states%3Dlisting HTTP/1.0 204 - Swift - - - - tx5055b0747ad2441dbba1d-006a2a9559 - 0.0043 RL - 1781175641.465506554 1781175641.469758272 0
Jun 11 11:00:41 standalone container-server[128578]: 172.20.0.100 - - [11/Jun/2026:11:00:41 +0000] "GET /d1/1023/AUTH_883fb82d4dc5440dbc9cc9be5ae60e9c/gnocchi.04c7dc7a-357b-43b4-8e34-fa380d697557" 200 2 "GET http://172.18.0.2:8080/v1/AUTH_883fb82d4dc5440dbc9cc9be5ae60e9c/gnocchi.04c7dc7a-357b-43b4-8e34-fa380d697557?format=json&states=listing" "tx5055b0747ad2441dbba1d-006a2a9559" "proxy-server 20" 0.0036 "-" 20 0
Jun 11 11:00:41 standalone proxy-server[130571]: 172.18.0.2 172.18.0.100 11/Jun/2026/11/00/41 GET /v1/AUTH_883fb82d4dc5440dbc9cc9be5ae60e9c/gnocchi.04c7dc7a-357b-43b4-8e34-fa380d697557%3Fformat%3Djson%26states%3Dlisting HTTP/1.0 200 - python-swiftclient-3.11.1 gAAAAABqKpTNpp1R... - 2 - tx5055b0747ad2441dbba1d-006a2a9559 - 0.0169 - - 1781175641.464639902 1781175641.481589556 0
Jun 11 11:00:41 standalone object-server[128931]: 172.20.0.100 - - [11/Jun/2026:11:00:41 +0000] "GET /d1/1011/AUTH_883fb82d4dc5440dbc9cc9be5ae60e9c/gnocchi.04c7dc7a-357b-43b4-8e34-fa380d697557/1780920000.0_mean_300.0_v3" 404 70 "GET http://172.18.0.2:8080/v1/AUTH_883fb82d4dc5440dbc9cc9be5ae60e9c/gnocchi.04c7dc7a-357b-43b4-8e34-fa380d697557/1780920000.0_mean_300.0_v3" "tx16c10933955c4c04a36d0-006a2a9559" "proxy-server 20" 0.0005 "-" 25 0
Jun 11 11:00:41 standalone proxy-server[130571]: 172.18.0.2 172.18.0.100 11/Jun/2026/11/00/41 GET /v1/AUTH_883fb82d4dc5440dbc9cc9be5ae60e9c/gnocchi.04c7dc7a-357b-43b4-8e34-fa380d697557/1780920000.0_mean_300.0_v3 HTTP/1.0 404 - python-swiftclient-3.11.1 gAAAAABqKpTNpp1R... - 70 - tx16c10933955c4c04a36d0-006a2a9559 - 0.0051 - - 1781175641.483885288 1781175641.488991499 0
Jun 11 11:00:41 standalone container-server[128578]: 172.20.0.100 - - [11/Jun/2026:11:00:41 +0000] "PUT /d1/1023/AUTH_883fb82d4dc5440dbc9cc9be5ae60e9c/gnocchi.04c7dc7a-357b-43b4-8e34-fa380d697557/1780920000.0_mean_300.0_v3" 201 - "PUT http://172.18.0.2:8080/d1/1011/AUTH_883fb82d4dc5440dbc9cc9be5ae60e9c/gnocchi.04c7dc7a-357b-43b4-8e34-fa380d697557/1780920000.0_mean_300.0_v3" "tx494eb69ed23749f39e8ab-006a2a9559" "object-server 24" 0.0009 "-" 20 0
Jun 11 11:00:41 standalone object-server[128927]: 172.20.0.100 - - [11/Jun/2026:11:00:41 +0000] "PUT /d1/1011/AUTH_883fb82d4dc5440dbc9cc9be5ae60e9c/gnocchi.04c7dc7a-357b-43b4-8e34-fa380d697557/1780920000.0_mean_300.0_v3" 201 - "PUT http://172.18.0.2:8080/v1/AUTH_883fb82d4dc5440dbc9cc9be5ae60e9c/gnocchi.04c7dc7a-357b-43b4-8e34-fa380d697557/1780920000.0_mean_300.0_v3" "tx494eb69ed23749f39e8ab-006a2a9559" "proxy-server 20" 0.0168 "-" 24 0
Jun 11 11:00:41 standalone proxy-server[130571]: 172.18.0.2 172.18.0.100 11/Jun/2026/11/00/41 PUT /v1/AUTH_883fb82d4dc5440dbc9cc9be5ae60e9c/gnocchi.04c7dc7a-357b-43b4-8e34-fa380d697557/1780920000.0_mean_300.0_v3 HTTP/1.0 201 - python-swiftclient-3.11.1 gAAAAABqKpTNpp1R... 16 - - tx494eb69ed23749f39e8ab-006a2a9559 - 0.0234 - - 1781175641.490787506 1781175641.514210701 0
Jun 11 11:00:41 standalone container-server[128582]: 172.20.0.100 - - [11/Jun/2026:11:00:41 +0000] "PUT /d1/1023/AUTH_883fb82d4dc5440dbc9cc9be5ae60e9c/gnocchi.04c7dc7a-357b-43b4-8e34-fa380d697557/none_v3" 201 - "PUT http://172.18.0.2:8080/d1/859/AUTH_883fb82d4dc5440dbc9cc9be5ae60e9c/gnocchi.04c7dc7a-357b-43b4-8e34-fa380d697557/none_v3" "tx675872d7e8884df2bdc36-006a2a9559" "object-server 21" 0.0005 "-" 22 0
Jun 11 11:00:41 standalone object-server[128916]: 172.20.0.100 - - [11/Jun/2026:11:00:41 +0000] "PUT /d1/859/AUTH_883fb82d4dc5440dbc9cc9be5ae60e9c/gnocchi.04c7dc7a-357b-43b4-8e34-fa380d697557/none_v3" 201 - "PUT http://172.18.0.2:8080/v1/AUTH_883fb82d4dc5440dbc9cc9be5ae60e9c/gnocchi.04c7dc7a-357b-43b4-8e34-fa380d697557/none_v3" "tx675872d7e8884df2bdc36-006a2a9559" "proxy-server 20" 0.0113 "-" 21 0
Jun 11 11:00:41 standalone proxy-server[130571]: 172.18.0.2 172.18.0.100 11/Jun/2026/11/00/41 PUT /v1/AUTH_883fb82d4dc5440dbc9cc9be5ae60e9c/gnocchi.04c7dc7a-357b-43b4-8e34-fa380d697557/none_v3 HTTP/1.0 201 - python-swiftclient-3.11.1 gAAAAABqKpTNpp1R... 22 - - tx675872d7e8884df2bdc36-006a2a9559 - 0.0164 - - 1781175641.515837669 1781175641.532224655 0
Jun 11 11:00:46 standalone object-server[128931]: 172.20.0.100 - - [11/Jun/2026:11:00:46 +0000] "GET /d1/859/AUTH_883fb82d4dc5440dbc9cc9be5ae60e9c/gnocchi.04c7dc7a-357b-43b4-8e34-fa380d697557/none_v3" 200 22 "GET http://172.18.0.2:8080/v1/AUTH_883fb82d4dc5440dbc9cc9be5ae60e9c/gnocchi.04c7dc7a-357b-43b4-8e34-fa380d697557/none_v3" "tx56756f260ad7410892a5d-006a2a955e" "proxy-server 20" 0.0013 "-" 25 0
Jun 11 11:00:46 standalone proxy-server[130571]: 172.18.0.2 172.18.0.100 11/Jun/2026/11/00/46 GET /v1/AUTH_883fb82d4dc5440dbc9cc9be5ae60e9c/gnocchi.04c7dc7a-357b-43b4-8e34-fa380d697557/none_v3 HTTP/1.0 200 - python-swiftclient-3.11.1 gAAAAABqKpTNpp1R... - 22 - tx56756f260ad7410892a5d-006a2a955e - 0.0110 - - 1781175646.659266710 1781175646.670294762 0
Jun 11 11:00:46 standalone container-server[128586]: 172.20.0.100 - - [11/Jun/2026:11:00:46 +0000] "GET /d1/1023/AUTH_883fb82d4dc5440dbc9cc9be5ae60e9c/gnocchi.04c7dc7a-357b-43b4-8e34-fa380d697557" 200 357 "GET http://172.18.0.2:8080/v1/AUTH_883fb82d4dc5440dbc9cc9be5ae60e9c/gnocchi.04c7dc7a-357b-43b4-8e34-fa380d697557?format=json&states=listing" "txcc0829bbbced4e3c809e3-006a2a955e" "proxy-server 20" 0.0117 "-" 23 0
Jun 11 11:00:46 standalone proxy-server[130571]: 172.18.0.2 172.18.0.100 11/Jun/2026/11/00/46 GET /v1/AUTH_883fb82d4dc5440dbc9cc9be5ae60e9c/gnocchi.04c7dc7a-357b-43b4-8e34-fa380d697557%3Fformat%3Djson%26states%3Dlisting HTTP/1.0 200 - python-swiftclient-3.11.1 gAAAAABqKpTNpp1R... - 357 - txcc0829bbbced4e3c809e3-006a2a955e - 0.0198 - - 1781175646.675068140 1781175646.694884300 0
Jun 11 11:00:46 standalone container-server[128586]: 172.20.0.100 - - [11/Jun/2026:11:00:46 +0000] "GET /d1/1023/AUTH_883fb82d4dc5440dbc9cc9be5ae60e9c/gnocchi.04c7dc7a-357b-43b4-8e34-fa380d697557" 200 2 "GET http://172.18.0.2:8080/v1/AUTH_883fb82d4dc5440dbc9cc9be5ae60e9c/gnocchi.04c7dc7a-357b-43b4-8e34-fa380d697557?format=json&marker=none_v3&states=listing" "tx6538d4aba29b494e86c54-006a2a955e" "proxy-server 20" 0.0036 "-" 23 0
Jun 11 11:00:46 standalone proxy-server[130571]: 172.18.0.2 172.18.0.100 11/Jun/2026/11/00/46 GET /v1/AUTH_883fb82d4dc5440dbc9cc9be5ae60e9c/gnocchi.04c7dc7a-357b-43b4-8e34-fa380d697557%3Fformat%3Djson%26marker%3Dnone_v3%26states%3Dlisting HTTP/1.0 200 - python-swiftclient-3.11.1 gAAAAABqKpTNpp1R... - 2 - tx6538d4aba29b494e86c54-006a2a955e - 0.0091 - - 1781175646.697952032 1781175646.707043886 0
Jun 11 11:00:46 standalone object-server[128916]: 172.20.0.100 - - [11/Jun/2026:11:00:46 +0000] "GET /d1/1011/AUTH_883fb82d4dc5440dbc9cc9be5ae60e9c/gnocchi.04c7dc7a-357b-43b4-8e34-fa380d697557/1780920000.0_mean_300.0_v3" 200 16 "GET http://172.18.0.2:8080/v1/AUTH_883fb82d4dc5440dbc9cc9be5ae60e9c/gnocchi.04c7dc7a-357b-43b4-8e34-fa380d697557/1780920000.0_mean_300.0_v3" "tx0bee2479117944268bd58-006a2a955e" "proxy-server 20" 0.0011 "-" 21 0
Jun 11 11:00:46 standalone proxy-server[130571]: 172.18.0.2 172.18.0.100 11/Jun/2026/11/00/46 GET /v1/AUTH_883fb82d4dc5440dbc9cc9be5ae60e9c/gnocchi.04c7dc7a-357b-43b4-8e34-fa380d697557/1780920000.0_mean_300.0_v3 HTTP/1.0 200 - python-swiftclient-3.11.1 gAAAAABqKpTNpp1R... - 16 - tx0bee2479117944268bd58-006a2a955e - 0.0070 - - 1781175646.711032391 1781175646.717991590 0
Jun 11 11:00:46 standalone container-server[128586]: 172.20.0.100 - - [11/Jun/2026:11:00:46 +0000] "PUT /d1/1023/AUTH_883fb82d4dc5440dbc9cc9be5ae60e9c/gnocchi.04c7dc7a-357b-43b4-8e34-fa380d697557/1780920000.0_mean_300.0_v3" 201 - "PUT http://172.18.0.2:8080/d1/1011/AUTH_883fb82d4dc5440dbc9cc9be5ae60e9c/gnocchi.04c7dc7a-357b-43b4-8e34-fa380d697557/1780920000.0_mean_300.0_v3" "txe38afb14fe574999ac716-006a2a955e" "object-server 23" 0.0008 "-" 23 0
Jun 11 11:00:46 standalone object-server[128924]: 172.20.0.100 - - [11/Jun/2026:11:00:46 +0000] "PUT /d1/1011/AUTH_883fb82d4dc5440dbc9cc9be5ae60e9c/gnocchi.04c7dc7a-357b-43b4-8e34-fa380d697557/1780920000.0_mean_300.0_v3" 201 - "PUT http://172.18.0.2:8080/v1/AUTH_883fb82d4dc5440dbc9cc9be5ae60e9c/gnocchi.04c7dc7a-357b-43b4-8e34-fa380d697557/1780920000.0_mean_300.0_v3" "txe38afb14fe574999ac716-006a2a955e" "proxy-server 20" 0.0119 "-" 23 0
Jun 11 11:00:46 standalone proxy-server[130571]: 172.18.0.2 172.18.0.100 11/Jun/2026/11/00/46 PUT /v1/AUTH_883fb82d4dc5440dbc9cc9be5ae60e9c/gnocchi.04c7dc7a-357b-43b4-8e34-fa380d697557/1780920000.0_mean_300.0_v3 HTTP/1.0 201 - python-swiftclient-3.11.1 gAAAAABqKpTNpp1R... 16 - - txe38afb14fe574999ac716-006a2a955e - 0.0176 - - 1781175646.721377373 1781175646.738942146 0
Jun 11 11:00:46 standalone container-server[128582]: 172.20.0.100 - - [11/Jun/2026:11:00:46 +0000] "PUT /d1/1023/AUTH_883fb82d4dc5440dbc9cc9be5ae60e9c/gnocchi.04c7dc7a-357b-43b4-8e34-fa380d697557/none_v3" 201 - "PUT http://172.18.0.2:8080/d1/859/AUTH_883fb82d4dc5440dbc9cc9be5ae60e9c/gnocchi.04c7dc7a-357b-43b4-8e34-fa380d697557/none_v3" "txae147a9d6eca40b59a050-006a2a955e" "object-server 25" 0.0005 "-" 22 0
Jun 11 11:00:46 standalone object-server[128931]: 172.20.0.100 - - [11/Jun/2026:11:00:46 +0000] "PUT /d1/859/AUTH_883fb82d4dc5440dbc9cc9be5ae60e9c/gnocchi.04c7dc7a-357b-43b4-8e34-fa380d697557/none_v3" 201 - "PUT http://172.18.0.2:8080/v1/AUTH_883fb82d4dc5440dbc9cc9be5ae60e9c/gnocchi.04c7dc7a-357b-43b4-8e34-fa380d697557/none_v3" "txae147a9d6eca40b59a050-006a2a955e" "proxy-server 20" 0.0114 "-" 25 0
Jun 11 11:00:46 standalone proxy-server[130571]: 172.18.0.2 172.18.0.100 11/Jun/2026/11/00/46 PUT /v1/AUTH_883fb82d4dc5440dbc9cc9be5ae60e9c/gnocchi.04c7dc7a-357b-43b4-8e34-fa380d697557/none_v3 HTTP/1.0 201 - python-swiftclient-3.11.1 gAAAAABqKpTNpp1R... 32 - - txae147a9d6eca40b59a050-006a2a955e - 0.0187 - - 1781175646.742418528 1781175646.761079073 0
Jun 11 11:02:06 standalone container-server[128371]: Begin container update sweep
Jun 11 11:02:06 standalone account-server[128487]: 172.20.0.100 - - [11/Jun/2026:11:02:06 +0000] "PUT /d1/118/AUTH_883fb82d4dc5440dbc9cc9be5ae60e9c/gnocchi.174ac3e5-81e1-4cd5-8e11-d0af7387eeee" 201 - "-" "-" "container-updater 2" 0.0011 "-" 16 0
Jun 11 11:02:07 standalone account-server[128487]: 172.20.0.100 - - [11/Jun/2026:11:02:07 +0000] "PUT /d1/118/AUTH_883fb82d4dc5440dbc9cc9be5ae60e9c/gnocchi.759fb515-c035-466b-8dc2-09d87cdc5445" 201 - "-" "-" "container-updater 2" 0.0008 "-" 16 0
Jun 11 11:02:07 standalone account-server[128460]: 172.20.0.100 - - [11/Jun/2026:11:02:07 +0000] "PUT /d1/118/AUTH_883fb82d4dc5440dbc9cc9be5ae60e9c/gnocchi.b773e47a-912a-43a8-86ee-7c7b7a4bf1e6" 201 - "-" "-" "container-updater 2" 0.0004 "-" 14 0
Jun 11 11:02:07 standalone account-server[128478]: 172.20.0.100 - - [11/Jun/2026:11:02:07 +0000] "PUT /d1/118/AUTH_883fb82d4dc5440dbc9cc9be5ae60e9c/gnocchi.c190902f-d279-443e-ad4b-b1df93d9f01f" 201 - "-" "-" "container-updater 2" 0.0010 "-" 15 0
Jun 11 11:02:07 standalone account-server[128502]: 172.20.0.100 - - [11/Jun/2026:11:02:07 +0000] "PUT /d1/118/AUTH_883fb82d4dc5440dbc9cc9be5ae60e9c/gnocchi.5691e024-93de-4c5e-893c-a53583652f2d" 201 - "-" "-" "container-updater 2" 0.0007 "-" 17 0
Jun 11 11:02:07 standalone account-server[128478]: 172.20.0.100 - - [11/Jun/2026:11:02:07 +0000] "PUT /d1/118/AUTH_883fb82d4dc5440dbc9cc9be5ae60e9c/gnocchi.3b0b81fb-0b94-4a2f-ad98-7f6a08719a59" 201 - "-" "-" "container-updater 2" 0.0010 "-" 15 0
Jun 11 11:02:07 standalone account-server[128502]: 172.20.0.100 - - [11/Jun/2026:11:02:07 +0000] "PUT /d1/118/AUTH_883fb82d4dc5440dbc9cc9be5ae60e9c/gnocchi.f2b8236a-a94d-46ee-86e8-e990dfff830b" 201 - "-" "-" "container-updater 2" 0.0008 "-" 17 0
Jun 11 11:02:07 standalone account-server[128478]: 172.20.0.100 - - [11/Jun/2026:11:02:07 +0000] "PUT /d1/118/AUTH_883fb82d4dc5440dbc9cc9be5ae60e9c/gnocchi.3adaaaa9-4469-445e-a0cd-33c458b8c577" 201 - "-" "-" "container-updater 2" 0.0007 "-" 15 0
Jun 11 11:02:07 standalone account-server[128487]: 172.20.0.100 - - [11/Jun/2026:11:02:07 +0000] "PUT /d1/118/AUTH_883fb82d4dc5440dbc9cc9be5ae60e9c/gnocchi.acf4051a-a920-40f1-93f1-df180f3635a5" 201 - "-" "-" "container-updater 2" 0.0008 "-" 16 0
Jun 11 11:02:07 standalone account-server[128502]: 172.20.0.100 - - [11/Jun/2026:11:02:07 +0000] "PUT /d1/118/AUTH_883fb82d4dc5440dbc9cc9be5ae60e9c/gnocchi.23877801-c1e7-4809-b684-39c53ed08c67" 201 - "-" "-" "container-updater 2" 0.0008 "-" 17 0
Jun 11 11:02:08 standalone account-server[128478]: 172.20.0.100 - - [11/Jun/2026:11:02:08 +0000] "PUT /d1/118/AUTH_883fb82d4dc5440dbc9cc9be5ae60e9c/gnocchi.8d6fbf3d-f046-455a-8df6-3caf6e2d5e87" 201 - "-" "-" "container-updater 2" 0.0008 "-" 15 0
Jun 11 11:02:08 standalone account-server[128478]: 172.20.0.100 - - [11/Jun/2026:11:02:08 +0000] "PUT /d1/118/AUTH_883fb82d4dc5440dbc9cc9be5ae60e9c/gnocchi.64cd4b88-4fc5-431d-bf5e-8403601d5878" 201 - "-" "-" "container-updater 2" 0.0010 "-" 15 0
Jun 11 11:02:08 standalone account-server[128502]: 172.20.0.100 - - [11/Jun/2026:11:02:08 +0000] "PUT /d1/118/AUTH_883fb82d4dc5440dbc9cc9be5ae60e9c/gnocchi.1d4eb98a-a9fa-45de-b1a3-d77f642340f1" 201 - "-" "-" "container-updater 2" 0.0008 "-" 17 0
Jun 11 11:02:08 standalone account-server[128502]: 172.20.0.100 - - [11/Jun/2026:11:02:08 +0000] "PUT /d1/118/AUTH_883fb82d4dc5440dbc9cc9be5ae60e9c/gnocchi.04c7dc7a-357b-43b4-8e34-fa380d697557" 201 - "-" "-" "container-updater 2" 0.0007 "-" 17 0
Jun 11 11:02:08 standalone account-server[128460]: 172.20.0.100 - - [11/Jun/2026:11:02:08 +0000] "PUT /d1/118/AUTH_883fb82d4dc5440dbc9cc9be5ae60e9c/gnocchi.19bfd6dd-4663-4004-8afc-5df695ba761c" 201 - "-" "-" "container-updater 2" 0.0007 "-" 14 0
Jun 11 11:02:08 standalone account-server[128478]: 172.20.0.100 - - [11/Jun/2026:11:02:08 +0000] "PUT /d1/118/AUTH_883fb82d4dc5440dbc9cc9be5ae60e9c/gnocchi.5c2df49c-851b-49a2-915b-6de8deebf549" 201 - "-" "-" "container-updater 2" 0.0009 "-" 15 0
Jun 11 11:02:08 standalone account-server[128478]: 172.20.0.100 - - [11/Jun/2026:11:02:08 +0000] "PUT /d1/118/AUTH_883fb82d4dc5440dbc9cc9be5ae60e9c/gnocchi.e858b523-3cd7-4a45-bd96-cced63663c86" 201 - "-" "-" "container-updater 2" 0.0005 "-" 15 0
Jun 11 11:02:08 standalone account-server[128460]: 172.20.0.100 - - [11/Jun/2026:11:02:08 +0000] "PUT /d1/118/AUTH_883fb82d4dc5440dbc9cc9be5ae60e9c/gnocchi.e1eee826-61fe-4b5e-b142-caecb76e6f97" 201 - "-" "-" "container-updater 2" 0.0007 "-" 14 0
Jun 11 11:02:09 standalone account-server[128502]: 172.20.0.100 - - [11/Jun/2026:11:02:09 +0000] "PUT /d1/118/AUTH_883fb82d4dc5440dbc9cc9be5ae60e9c/gnocchi.5ea0c91b-4515-4c12-bb32-777a254d04ff" 201 - "-" "-" "container-updater 2" 0.0004 "-" 17 0
Jun 11 11:02:09 standalone account-server[128487]: 172.20.0.100 - - [11/Jun/2026:11:02:09 +0000] "PUT /d1/118/AUTH_883fb82d4dc5440dbc9cc9be5ae60e9c/gnocchi.b758976e-7a43-4474-aaab-9dfc668ee98c" 201 - "-" "-" "container-updater 2" 0.0007 "-" 16 0
Jun 11 11:02:09 standalone account-server[128460]: 172.20.0.100 - - [11/Jun/2026:11:02:09 +0000] "PUT /d1/118/AUTH_883fb82d4dc5440dbc9cc9be5ae60e9c/gnocchi.4600b953-3810-47cd-a962-c42138d4682d" 201 - "-" "-" "container-updater 2" 0.0007 "-" 14 0
Jun 11 11:02:09 standalone account-server[128487]: 172.20.0.100 - - [11/Jun/2026:11:02:09 +0000] "PUT /d1/118/AUTH_883fb82d4dc5440dbc9cc9be5ae60e9c/gnocchi.cabe163d-b3e8-4e2d-97dd-3ea23be6b6ca" 201 - "-" "-" "container-updater 2" 0.0007 "-" 16 0
Jun 11 11:02:09 standalone account-server[128502]: 172.20.0.100 - - [11/Jun/2026:11:02:09 +0000] "PUT /d1/118/AUTH_883fb82d4dc5440dbc9cc9be5ae60e9c/gnocchi.1e1f9ac3-28ab-4ec7-b429-3d7ff3d0317b" 201 - "-" "-" "container-updater 2" 0.0007 "-" 17 0
Jun 11 11:02:09 standalone account-server[128460]: 172.20.0.100 - - [11/Jun/2026:11:02:09 +0000] "PUT /d1/118/AUTH_883fb82d4dc5440dbc9cc9be5ae60e9c/gnocchi.10ab08ff-437d-4f18-bc62-2c24526d78a8" 201 - "-" "-" "container-updater 2" 0.0007 "-" 14 0
Jun 11 11:02:09 standalone account-server[128460]: 172.20.0.100 - - [11/Jun/2026:11:02:09 +0000] "PUT /d1/118/AUTH_883fb82d4dc5440dbc9cc9be5ae60e9c/gnocchi.8a7bc318-686b-4d4d-90e9-881acbe8a837" 201 - "-" "-" "container-updater 2" 0.0007 "-" 14 0
Jun 11 11:02:09 standalone account-server[128478]: 172.20.0.100 - - [11/Jun/2026:11:02:09 +0000] "HEAD /d1/238/.expiring_objects" 404 - "HEAD http://localhost/v1/.expiring_objects?format=json" "txbc48ab1266df4f129f383-006a2a95b1" "proxy-server 2" 0.0005 "-" 15 -
Jun 11 11:02:09 standalone object-expirer[128590]: Pass completed in 0s; 0 objects expired (txn: txbc48ab1266df4f129f383-006a2a95b1)
Jun 11 11:02:09 standalone account-server[128460]: 172.20.0.100 - - [11/Jun/2026:11:02:09 +0000] "PUT /d1/118/AUTH_883fb82d4dc5440dbc9cc9be5ae60e9c/gnocchi.9eaacd75-bc53-4322-8f8b-ee5cde3255c1" 201 - "-" "-" "container-updater 2" 0.0007 "-" 14 0
Jun 11 11:02:10 standalone account-server[128502]: 172.20.0.100 - - [11/Jun/2026:11:02:10 +0000] "PUT /d1/118/AUTH_883fb82d4dc5440dbc9cc9be5ae60e9c/gnocchi.aab33645-0a2c-46a9-ad28-a56ed74b21f9" 201 - "-" "-" "container-updater 2" 0.0007 "-" 17 0
Jun 11 11:02:10 standalone account-server[128460]: 172.20.0.100 - - [11/Jun/2026:11:02:10 +0000] "PUT /d1/118/AUTH_883fb82d4dc5440dbc9cc9be5ae60e9c/gnocchi.d22d2553-9291-417e-98b9-39e2a0874e4c" 201 - "-" "-" "container-updater 2" 0.0007 "-" 14 0
Jun 11 11:02:10 standalone account-server[128478]: 172.20.0.100 - - [11/Jun/2026:11:02:10 +0000] "PUT /d1/118/AUTH_883fb82d4dc5440dbc9cc9be5ae60e9c/gnocchi.1be28230-8430-4c7d-a0e7-18c0ee0b6068" 201 - "-" "-" "container-updater 2" 0.0007 "-" 15 0
Jun 11 11:02:10 standalone account-server[128502]: 172.20.0.100 - - [11/Jun/2026:11:02:10 +0000] "PUT /d1/118/AUTH_883fb82d4dc5440dbc9cc9be5ae60e9c/gnocchi.4189dc54-879d-45fa-aaab-ed409473fd80" 201 - "-" "-" "container-updater 2" 0.0008 "-" 17 0
Jun 11 11:02:10 standalone container-server[128371]: Container update sweep completed: 3.79s
Jun 11 11:04:29 standalone account-server[128487]: 172.20.0.100 - - [11/Jun/2026:11:04:29 +0000] "HEAD /d1/238/.expiring_objects" 404 - "HEAD http://localhost/v1/.expiring_objects?format=json" "txec5d42ec631a4d92816bf-006a2a963d" "proxy-server 2" 0.0007 "-" 16 -
Jun 11 11:04:29 standalone object-expirer[128590]: Pass completed in 0s; 0 objects expired (txn: txec5d42ec631a4d92816bf-006a2a963d)
Jun 11 11:04:56 standalone object-server[128687]: Begin object update sweep
Jun 11 11:04:56 standalone object-server[283421]: Object update sweep starting on /srv/node/d1 (pid: 16)
Jun 11 11:04:56 standalone object-server[283421]: Object update sweep completed on /srv/node/d1 in 0.00s seconds:, 0 successes, 0 failures, 0 quarantines, 0 unlinks, 0 errors, 0 redirects (pid: 16)
Jun 11 11:04:56 standalone object-server[283421]: Object update sweep of d1 completed: 0.00s, 0 successes, 0 failures, 0 quarantines, 0 unlinks, 0 errors, 0 redirects
Jun 11 11:04:56 standalone object-server[128687]: Object update sweep completed: 0.08s
Jun 11 11:07:03 standalone account-server[128460]: 172.20.0.100 - - [11/Jun/2026:11:07:03 +0000] "HEAD /d1/238/.expiring_objects" 404 - "HEAD http://localhost/v1/.expiring_objects?format=json" "tx7e4e88c609b5463a8f6ee-006a2a96d7" "proxy-server 2" 0.0010 "-" 14 -
Jun 11 11:07:03 standalone object-expirer[128590]: Pass completed in 0s; 0 objects expired (txn: tx7e4e88c609b5463a8f6ee-006a2a96d7)
Jun 11 11:07:06 standalone container-server[128371]: Begin container update sweep
Jun 11 11:07:09 standalone container-server[128371]: Container update sweep completed: 2.27s
Jun 11 11:07:27 standalone account-server[128502]: 172.20.0.100 - - [11/Jun/2026:11:07:27 +0000] "HEAD /d1/238/.expiring_objects" 404 - "HEAD http://localhost/v1/.expiring_objects?format=json" "tx02d0c9a90b7544a995121-006a2a96ef" "proxy-server 2" 0.0014 "-" 17 -
Jun 11 11:07:27 standalone object-expirer[128590]: Pass completed in 0s; 0 objects expired (txn: tx02d0c9a90b7544a995121-006a2a96ef)
Jun 11 11:08:50 standalone account-server[128478]: 172.20.0.100 - - [11/Jun/2026:11:08:50 +0000] "HEAD /d1/238/.expiring_objects" 404 - "HEAD http://localhost/v1/.expiring_objects?format=json" "txe0de46fa05314125bdb20-006a2a9742" "proxy-server 2" 0.0008 "-" 15 -
Jun 11 11:08:50 standalone object-expirer[128590]: Pass completed in 0s; 0 objects expired (txn: txe0de46fa05314125bdb20-006a2a9742)
Jun 11 11:09:56 standalone object-server[128687]: Begin object update sweep
Jun 11 11:09:57 standalone object-server[310215]: Object update sweep starting on /srv/node/d1 (pid: 17)
Jun 11 11:09:57 standalone object-server[310215]: Object update sweep completed on /srv/node/d1 in 0.00s seconds:, 0 successes, 0 failures, 0 quarantines, 0 unlinks, 0 errors, 0 redirects (pid: 17)
Jun 11 11:09:57 standalone object-server[310215]: Object update sweep of d1 completed: 0.00s, 0 successes, 0 failures, 0 quarantines, 0 unlinks, 0 errors, 0 redirects
Jun 11 11:09:57 standalone object-server[128687]: Object update sweep completed: 0.08s
Jun 11 11:10:19 standalone account-server[128460]: 172.20.0.100 - - [11/Jun/2026:11:10:19 +0000] "HEAD /d1/238/.expiring_objects" 404 - "HEAD http://localhost/v1/.expiring_objects?format=json" "tx2f95496d044e48f1b6d78-006a2a979b" "proxy-server 2" 0.0008 "-" 14 -
Jun 11 11:10:19 standalone object-expirer[128590]: Pass completed in 0s; 0 objects expired (txn: tx2f95496d044e48f1b6d78-006a2a979b)
Jun 11 11:11:06 standalone account-server[128502]: 172.20.0.100 - - [11/Jun/2026:11:11:06 +0000] "HEAD /d1/238/.expiring_objects" 404 - "HEAD http://localhost/v1/.expiring_objects?format=json" "tx03709444f42e453bb933b-006a2a97ca" "proxy-server 2" 0.0005 "-" 17 -
