Jun 11 10:59:33 standalone object-server[128931]: 172.20.0.100 - - [11/Jun/2026:10:59:33 +0000] "GET /d1/55/AUTH_883fb82d4dc5440dbc9cc9be5ae60e9c/gnocchi.759fb515-c035-466b-8dc2-09d87cdc5445/1780920000.0_mean_300.0_v3" 404 70 "GET http://172.18.0.2:8080/v1/AUTH_883fb82d4dc5440dbc9cc9be5ae60e9c/gnocchi.759fb515-c035-466b-8dc2-09d87cdc5445/1780920000.0_mean_300.0_v3" "tx365bcdc1d53446d19cdd4-006a2a9515" "proxy-server 20" 0.0005 "-" 25 0
Jun 11 10:59:33 standalone proxy-server[130571]: 172.18.0.2 172.18.0.100 11/Jun/2026/10/59/33 GET /v1/AUTH_883fb82d4dc5440dbc9cc9be5ae60e9c/gnocchi.759fb515-c035-466b-8dc2-09d87cdc5445/1780920000.0_mean_300.0_v3 HTTP/1.0 404 - python-swiftclient-3.11.1 gAAAAABqKpTNpp1R... - 70 - tx365bcdc1d53446d19cdd4-006a2a9515 - 0.0115 - - 1781175573.066216230 1781175573.077708244 0
Jun 11 10:59:33 standalone container-server[128580]: 172.20.0.100 - - [11/Jun/2026:10:59:33 +0000] "PUT /d1/587/AUTH_883fb82d4dc5440dbc9cc9be5ae60e9c/gnocchi.759fb515-c035-466b-8dc2-09d87cdc5445/1780920000.0_mean_300.0_v3" 201 - "PUT http://172.18.0.2:8080/d1/55/AUTH_883fb82d4dc5440dbc9cc9be5ae60e9c/gnocchi.759fb515-c035-466b-8dc2-09d87cdc5445/1780920000.0_mean_300.0_v3" "tx2eb735bd943448e19afe4-006a2a9515" "object-server 23" 0.0007 "-" 21 0
Jun 11 10:59:33 standalone object-server[128924]: 172.20.0.100 - - [11/Jun/2026:10:59:33 +0000] "PUT /d1/55/AUTH_883fb82d4dc5440dbc9cc9be5ae60e9c/gnocchi.759fb515-c035-466b-8dc2-09d87cdc5445/1780920000.0_mean_300.0_v3" 201 - "PUT http://172.18.0.2:8080/v1/AUTH_883fb82d4dc5440dbc9cc9be5ae60e9c/gnocchi.759fb515-c035-466b-8dc2-09d87cdc5445/1780920000.0_mean_300.0_v3" "tx2eb735bd943448e19afe4-006a2a9515" "proxy-server 20" 0.0135 "-" 23 0
Jun 11 10:59:33 standalone proxy-server[130571]: 172.18.0.2 172.18.0.100 11/Jun/2026/10/59/33 PUT /v1/AUTH_883fb82d4dc5440dbc9cc9be5ae60e9c/gnocchi.759fb515-c035-466b-8dc2-09d87cdc5445/1780920000.0_mean_300.0_v3 HTTP/1.0 201 - python-swiftclient-3.11.1 gAAAAABqKpTNpp1R... 16 - - tx2eb735bd943448e19afe4-006a2a9515 - 0.0218 - - 1781175573.083455801 1781175573.105211020 0
Jun 11 10:59:33 standalone container-server[128580]: 172.20.0.100 - - [11/Jun/2026:10:59:33 +0000] "PUT /d1/587/AUTH_883fb82d4dc5440dbc9cc9be5ae60e9c/gnocchi.759fb515-c035-466b-8dc2-09d87cdc5445/none_v3" 201 - "PUT http://172.18.0.2:8080/d1/632/AUTH_883fb82d4dc5440dbc9cc9be5ae60e9c/gnocchi.759fb515-c035-466b-8dc2-09d87cdc5445/none_v3" "txa312e74c784b407cba7c7-006a2a9515" "object-server 21" 0.0005 "-" 21 0
Jun 11 10:59:33 standalone object-server[128916]: 172.20.0.100 - - [11/Jun/2026:10:59:33 +0000] "PUT /d1/632/AUTH_883fb82d4dc5440dbc9cc9be5ae60e9c/gnocchi.759fb515-c035-466b-8dc2-09d87cdc5445/none_v3" 201 - "PUT http://172.18.0.2:8080/v1/AUTH_883fb82d4dc5440dbc9cc9be5ae60e9c/gnocchi.759fb515-c035-466b-8dc2-09d87cdc5445/none_v3" "txa312e74c784b407cba7c7-006a2a9515" "proxy-server 20" 0.0211 "-" 21 0
Jun 11 10:59:33 standalone proxy-server[130571]: 172.18.0.2 172.18.0.100 11/Jun/2026/10/59/33 PUT /v1/AUTH_883fb82d4dc5440dbc9cc9be5ae60e9c/gnocchi.759fb515-c035-466b-8dc2-09d87cdc5445/none_v3 HTTP/1.0 201 - python-swiftclient-3.11.1 gAAAAABqKpTNpp1R... 22 - - txa312e74c784b407cba7c7-006a2a9515 - 0.0674 - - 1781175573.110229969 1781175573.177593708 0
Jun 11 10:59:33 standalone container-server[128582]: 172.20.0.100 - - [11/Jun/2026:10:59:33 +0000] "HEAD /d1/114/AUTH_883fb82d4dc5440dbc9cc9be5ae60e9c/gnocchi.cabe163d-b3e8-4e2d-97dd-3ea23be6b6ca" 404 - "HEAD http://172.18.0.2:8080/v1/AUTH_883fb82d4dc5440dbc9cc9be5ae60e9c/gnocchi.cabe163d-b3e8-4e2d-97dd-3ea23be6b6ca?format=json&states=listing" "tx05072c6baafb4d4f87950-006a2a9515" "proxy-server 20" 0.0004 "-" 22 0
Jun 11 10:59:33 standalone object-server[128927]: 172.20.0.100 - - [11/Jun/2026:10:59:33 +0000] "GET /d1/447/AUTH_883fb82d4dc5440dbc9cc9be5ae60e9c/gnocchi.cabe163d-b3e8-4e2d-97dd-3ea23be6b6ca/none_v3" 404 70 "GET http://172.18.0.2:8080/v1/AUTH_883fb82d4dc5440dbc9cc9be5ae60e9c/gnocchi.cabe163d-b3e8-4e2d-97dd-3ea23be6b6ca/none_v3" "tx05072c6baafb4d4f87950-006a2a9515" "proxy-server 20" 0.0003 "-" 24 0
Jun 11 10:59:33 standalone proxy-server[130571]: 172.18.0.2 172.18.0.100 11/Jun/2026/10/59/33 GET /v1/AUTH_883fb82d4dc5440dbc9cc9be5ae60e9c/gnocchi.cabe163d-b3e8-4e2d-97dd-3ea23be6b6ca/none_v3 HTTP/1.0 404 - python-swiftclient-3.11.1 gAAAAABqKpTNpp1R... - 70 - tx05072c6baafb4d4f87950-006a2a9515 - 0.0094 - - 1781175573.192246437 1781175573.201683283 0
Jun 11 10:59:33 standalone account-server[128478]: 172.20.0.100 - - [11/Jun/2026:10:59:33 +0000] "PUT /d1/118/AUTH_883fb82d4dc5440dbc9cc9be5ae60e9c/gnocchi.cabe163d-b3e8-4e2d-97dd-3ea23be6b6ca" 201 - "PUT http://172.20.0.100:6001/d1/114/AUTH_883fb82d4dc5440dbc9cc9be5ae60e9c/gnocchi.cabe163d-b3e8-4e2d-97dd-3ea23be6b6ca" "tx31ff8e33c9394757a92e1-006a2a9515" "container-server 23" 0.0056 "-" 15 0
Jun 11 10:59:33 standalone container-server[128586]: 172.20.0.100 - - [11/Jun/2026:10:59:33 +0000] "PUT /d1/114/AUTH_883fb82d4dc5440dbc9cc9be5ae60e9c/gnocchi.cabe163d-b3e8-4e2d-97dd-3ea23be6b6ca" 201 - "PUT http://172.18.0.2:8080/v1/AUTH_883fb82d4dc5440dbc9cc9be5ae60e9c/gnocchi.cabe163d-b3e8-4e2d-97dd-3ea23be6b6ca" "tx31ff8e33c9394757a92e1-006a2a9515" "proxy-server 20" 0.0215 "-" 23 0
Jun 11 10:59:33 standalone proxy-server[130571]: 172.18.0.2 172.18.0.100 11/Jun/2026/10/59/33 PUT /v1/AUTH_883fb82d4dc5440dbc9cc9be5ae60e9c/gnocchi.cabe163d-b3e8-4e2d-97dd-3ea23be6b6ca HTTP/1.0 201 - python-swiftclient-3.11.1 gAAAAABqKpTNpp1R... - - - tx31ff8e33c9394757a92e1-006a2a9515 - 0.0312 - - 1781175573.204073191 1781175573.235272646 0
Jun 11 10:59:33 standalone container-server[128582]: 172.20.0.100 - - [11/Jun/2026:10:59:33 +0000] "HEAD /d1/114/AUTH_883fb82d4dc5440dbc9cc9be5ae60e9c/gnocchi.cabe163d-b3e8-4e2d-97dd-3ea23be6b6ca" 204 - "HEAD http://172.18.0.2:8080/v1/AUTH_883fb82d4dc5440dbc9cc9be5ae60e9c/gnocchi.cabe163d-b3e8-4e2d-97dd-3ea23be6b6ca?format=json&states=listing" "txd27b523d1e2c4987bf746-006a2a9515" "proxy-server 20" 0.0012 "-" 22 0
Jun 11 10:59:33 standalone proxy-server[130571]: - - 11/Jun/2026/10/59/33 HEAD /v1/AUTH_883fb82d4dc5440dbc9cc9be5ae60e9c/gnocchi.cabe163d-b3e8-4e2d-97dd-3ea23be6b6ca%3Fformat%3Djson%26states%3Dlisting HTTP/1.0 204 - Swift - - - - txd27b523d1e2c4987bf746-006a2a9515 - 0.0045 RL - 1781175573.245515108 1781175573.249993563 0
Jun 11 10:59:33 standalone container-server[128586]: 172.20.0.100 - - [11/Jun/2026:10:59:33 +0000] "GET /d1/114/AUTH_883fb82d4dc5440dbc9cc9be5ae60e9c/gnocchi.cabe163d-b3e8-4e2d-97dd-3ea23be6b6ca" 200 2 "GET http://172.18.0.2:8080/v1/AUTH_883fb82d4dc5440dbc9cc9be5ae60e9c/gnocchi.cabe163d-b3e8-4e2d-97dd-3ea23be6b6ca?format=json&states=listing" "txd27b523d1e2c4987bf746-006a2a9515" "proxy-server 20" 0.0039 "-" 23 0
Jun 11 10:59:33 standalone proxy-server[130571]: 172.18.0.2 172.18.0.100 11/Jun/2026/10/59/33 GET /v1/AUTH_883fb82d4dc5440dbc9cc9be5ae60e9c/gnocchi.cabe163d-b3e8-4e2d-97dd-3ea23be6b6ca%3Fformat%3Djson%26states%3Dlisting HTTP/1.0 200 - python-swiftclient-3.11.1 gAAAAABqKpTNpp1R... - 2 - txd27b523d1e2c4987bf746-006a2a9515 - 0.0232 - - 1781175573.244361162 1781175573.267604828 0
Jun 11 10:59:33 standalone object-server[128916]: 172.20.0.100 - - [11/Jun/2026:10:59:33 +0000] "GET /d1/539/AUTH_883fb82d4dc5440dbc9cc9be5ae60e9c/gnocchi.cabe163d-b3e8-4e2d-97dd-3ea23be6b6ca/1780920000.0_mean_300.0_v3" 404 70 "GET http://172.18.0.2:8080/v1/AUTH_883fb82d4dc5440dbc9cc9be5ae60e9c/gnocchi.cabe163d-b3e8-4e2d-97dd-3ea23be6b6ca/1780920000.0_mean_300.0_v3" "tx005c9f9df8344e6b87e5c-006a2a9515" "proxy-server 20" 0.0004 "-" 21 0
Jun 11 10:59:33 standalone proxy-server[130571]: 172.18.0.2 172.18.0.100 11/Jun/2026/10/59/33 GET /v1/AUTH_883fb82d4dc5440dbc9cc9be5ae60e9c/gnocchi.cabe163d-b3e8-4e2d-97dd-3ea23be6b6ca/1780920000.0_mean_300.0_v3 HTTP/1.0 404 - python-swiftclient-3.11.1 gAAAAABqKpTNpp1R... - 70 - tx005c9f9df8344e6b87e5c-006a2a9515 - 0.0061 - - 1781175573.271299601 1781175573.277352095 0
Jun 11 10:59:33 standalone container-server[128578]: 172.20.0.100 - - [11/Jun/2026:10:59:33 +0000] "PUT /d1/114/AUTH_883fb82d4dc5440dbc9cc9be5ae60e9c/gnocchi.cabe163d-b3e8-4e2d-97dd-3ea23be6b6ca/1780920000.0_mean_300.0_v3" 201 - "PUT http://172.18.0.2:8080/d1/539/AUTH_883fb82d4dc5440dbc9cc9be5ae60e9c/gnocchi.cabe163d-b3e8-4e2d-97dd-3ea23be6b6ca/1780920000.0_mean_300.0_v3" "txa2bb6b844e584be588d50-006a2a9515" "object-server 25" 0.0007 "-" 20 0
Jun 11 10:59:33 standalone object-server[128931]: 172.20.0.100 - - [11/Jun/2026:10:59:33 +0000] "PUT /d1/539/AUTH_883fb82d4dc5440dbc9cc9be5ae60e9c/gnocchi.cabe163d-b3e8-4e2d-97dd-3ea23be6b6ca/1780920000.0_mean_300.0_v3" 201 - "PUT http://172.18.0.2:8080/v1/AUTH_883fb82d4dc5440dbc9cc9be5ae60e9c/gnocchi.cabe163d-b3e8-4e2d-97dd-3ea23be6b6ca/1780920000.0_mean_300.0_v3" "txa2bb6b844e584be588d50-006a2a9515" "proxy-server 20" 0.0118 "-" 25 0
Jun 11 10:59:33 standalone proxy-server[130571]: 172.18.0.2 172.18.0.100 11/Jun/2026/10/59/33 PUT /v1/AUTH_883fb82d4dc5440dbc9cc9be5ae60e9c/gnocchi.cabe163d-b3e8-4e2d-97dd-3ea23be6b6ca/1780920000.0_mean_300.0_v3 HTTP/1.0 201 - python-swiftclient-3.11.1 gAAAAABqKpTNpp1R... 16 - - txa2bb6b844e584be588d50-006a2a9515 - 0.0161 - - 1781175573.279858351 1781175573.295937300 0
Jun 11 10:59:33 standalone container-server[128578]: 172.20.0.100 - - [11/Jun/2026:10:59:33 +0000] "PUT /d1/114/AUTH_883fb82d4dc5440dbc9cc9be5ae60e9c/gnocchi.cabe163d-b3e8-4e2d-97dd-3ea23be6b6ca/none_v3" 201 - "PUT http://172.18.0.2:8080/d1/447/AUTH_883fb82d4dc5440dbc9cc9be5ae60e9c/gnocchi.cabe163d-b3e8-4e2d-97dd-3ea23be6b6ca/none_v3" "txd39fed47d67a4ac49c79c-006a2a9515" "object-server 23" 0.0004 "-" 20 0
Jun 11 10:59:33 standalone object-server[128924]: 172.20.0.100 - - [11/Jun/2026:10:59:33 +0000] "PUT /d1/447/AUTH_883fb82d4dc5440dbc9cc9be5ae60e9c/gnocchi.cabe163d-b3e8-4e2d-97dd-3ea23be6b6ca/none_v3" 201 - "PUT http://172.18.0.2:8080/v1/AUTH_883fb82d4dc5440dbc9cc9be5ae60e9c/gnocchi.cabe163d-b3e8-4e2d-97dd-3ea23be6b6ca/none_v3" "txd39fed47d67a4ac49c79c-006a2a9515" "proxy-server 20" 0.0114 "-" 23 0
Jun 11 10:59:33 standalone proxy-server[130571]: 172.18.0.2 172.18.0.100 11/Jun/2026/10/59/33 PUT /v1/AUTH_883fb82d4dc5440dbc9cc9be5ae60e9c/gnocchi.cabe163d-b3e8-4e2d-97dd-3ea23be6b6ca/none_v3 HTTP/1.0 201 - python-swiftclient-3.11.1 gAAAAABqKpTNpp1R... 22 - - txd39fed47d67a4ac49c79c-006a2a9515 - 0.0186 - - 1781175573.299337149 1781175573.317916393 0
Jun 11 10:59:53 standalone container-server[128586]: 172.20.0.100 - - [11/Jun/2026:10:59:53 +0000] "HEAD /d1/799/AUTH_883fb82d4dc5440dbc9cc9be5ae60e9c/gnocchi.8a7bc318-686b-4d4d-90e9-881acbe8a837" 404 - "HEAD http://172.18.0.2:8080/v1/AUTH_883fb82d4dc5440dbc9cc9be5ae60e9c/gnocchi.8a7bc318-686b-4d4d-90e9-881acbe8a837?format=json&states=listing" "txaa1afc32f8984316ab00a-006a2a9529" "proxy-server 20" 0.0008 "-" 23 0
Jun 11 10:59:53 standalone object-server[128927]: 172.20.0.100 - - [11/Jun/2026:10:59:53 +0000] "GET /d1/651/AUTH_883fb82d4dc5440dbc9cc9be5ae60e9c/gnocchi.8a7bc318-686b-4d4d-90e9-881acbe8a837/none_v3" 404 70 "GET http://172.18.0.2:8080/v1/AUTH_883fb82d4dc5440dbc9cc9be5ae60e9c/gnocchi.8a7bc318-686b-4d4d-90e9-881acbe8a837/none_v3" "txaa1afc32f8984316ab00a-006a2a9529" "proxy-server 20" 0.0008 "-" 24 0
Jun 11 10:59:53 standalone proxy-server[130571]: 172.18.0.2 172.18.0.100 11/Jun/2026/10/59/53 GET /v1/AUTH_883fb82d4dc5440dbc9cc9be5ae60e9c/gnocchi.8a7bc318-686b-4d4d-90e9-881acbe8a837/none_v3 HTTP/1.0 404 - python-swiftclient-3.11.1 gAAAAABqKpTNpp1R... - 70 - txaa1afc32f8984316ab00a-006a2a9529 - 0.0113 - - 1781175593.368071795 1781175593.379329205 0
Jun 11 10:59:53 standalone account-server[128502]: 172.20.0.100 - - [11/Jun/2026:10:59:53 +0000] "PUT /d1/118/AUTH_883fb82d4dc5440dbc9cc9be5ae60e9c/gnocchi.8a7bc318-686b-4d4d-90e9-881acbe8a837" 201 - "PUT http://172.20.0.100:6001/d1/799/AUTH_883fb82d4dc5440dbc9cc9be5ae60e9c/gnocchi.8a7bc318-686b-4d4d-90e9-881acbe8a837" "txd5b6cb6699494237a849e-006a2a9529" "container-server 20" 0.0069 "-" 17 0
Jun 11 10:59:53 standalone container-server[128578]: 172.20.0.100 - - [11/Jun/2026:10:59:53 +0000] "PUT /d1/799/AUTH_883fb82d4dc5440dbc9cc9be5ae60e9c/gnocchi.8a7bc318-686b-4d4d-90e9-881acbe8a837" 201 - "PUT http://172.18.0.2:8080/v1/AUTH_883fb82d4dc5440dbc9cc9be5ae60e9c/gnocchi.8a7bc318-686b-4d4d-90e9-881acbe8a837" "txd5b6cb6699494237a849e-006a2a9529" "proxy-server 20" 0.0189 "-" 20 0
Jun 11 10:59:53 standalone proxy-server[130571]: 172.18.0.2 172.18.0.100 11/Jun/2026/10/59/53 PUT /v1/AUTH_883fb82d4dc5440dbc9cc9be5ae60e9c/gnocchi.8a7bc318-686b-4d4d-90e9-881acbe8a837 HTTP/1.0 201 - python-swiftclient-3.11.1 gAAAAABqKpTNpp1R... - - - txd5b6cb6699494237a849e-006a2a9529 - 0.0519 - - 1781175593.381501436 1781175593.433381557 0
Jun 11 10:59:53 standalone container-server[128580]: 172.20.0.100 - - [11/Jun/2026:10:59:53 +0000] "HEAD /d1/799/AUTH_883fb82d4dc5440dbc9cc9be5ae60e9c/gnocchi.8a7bc318-686b-4d4d-90e9-881acbe8a837" 204 - "HEAD http://172.18.0.2:8080/v1/AUTH_883fb82d4dc5440dbc9cc9be5ae60e9c/gnocchi.8a7bc318-686b-4d4d-90e9-881acbe8a837?format=json&states=listing" "tx74aa51cfbe8e4fdb827be-006a2a9529" "proxy-server 20" 0.0012 "-" 21 0
Jun 11 10:59:53 standalone proxy-server[130571]: - - 11/Jun/2026/10/59/53 HEAD /v1/AUTH_883fb82d4dc5440dbc9cc9be5ae60e9c/gnocchi.8a7bc318-686b-4d4d-90e9-881acbe8a837%3Fformat%3Djson%26states%3Dlisting HTTP/1.0 204 - Swift - - - - tx74aa51cfbe8e4fdb827be-006a2a9529 - 0.0040 RL - 1781175593.436889410 1781175593.440935612 0
Jun 11 10:59:53 standalone container-server[128578]: 172.20.0.100 - - [11/Jun/2026:10:59:53 +0000] "GET /d1/799/AUTH_883fb82d4dc5440dbc9cc9be5ae60e9c/gnocchi.8a7bc318-686b-4d4d-90e9-881acbe8a837" 200 2 "GET http://172.18.0.2:8080/v1/AUTH_883fb82d4dc5440dbc9cc9be5ae60e9c/gnocchi.8a7bc318-686b-4d4d-90e9-881acbe8a837?format=json&states=listing" "tx74aa51cfbe8e4fdb827be-006a2a9529" "proxy-server 20" 0.0019 "-" 20 0
Jun 11 10:59:53 standalone proxy-server[130571]: 172.18.0.2 172.18.0.100 11/Jun/2026/10/59/53 GET /v1/AUTH_883fb82d4dc5440dbc9cc9be5ae60e9c/gnocchi.8a7bc318-686b-4d4d-90e9-881acbe8a837%3Fformat%3Djson%26states%3Dlisting HTTP/1.0 200 - python-swiftclient-3.11.1 gAAAAABqKpTNpp1R... - 2 - tx74aa51cfbe8e4fdb827be-006a2a9529 - 0.0113 - - 1781175593.435965776 1781175593.447270870 0
Jun 11 10:59:53 standalone object-server[128927]: 172.20.0.100 - - [11/Jun/2026:10:59:53 +0000] "GET /d1/926/AUTH_883fb82d4dc5440dbc9cc9be5ae60e9c/gnocchi.8a7bc318-686b-4d4d-90e9-881acbe8a837/1780920000.0_mean_300.0_v3" 404 70 "GET http://172.18.0.2:8080/v1/AUTH_883fb82d4dc5440dbc9cc9be5ae60e9c/gnocchi.8a7bc318-686b-4d4d-90e9-881acbe8a837/1780920000.0_mean_300.0_v3" "txa561475ba2ef4a35999ea-006a2a9529" "proxy-server 20" 0.0005 "-" 24 0
Jun 11 10:59:53 standalone proxy-server[130571]: 172.18.0.2 172.18.0.100 11/Jun/2026/10/59/53 GET /v1/AUTH_883fb82d4dc5440dbc9cc9be5ae60e9c/gnocchi.8a7bc318-686b-4d4d-90e9-881acbe8a837/1780920000.0_mean_300.0_v3 HTTP/1.0 404 - python-swiftclient-3.11.1 gAAAAABqKpTNpp1R... - 70 - txa561475ba2ef4a35999ea-006a2a9529 - 0.0051 - - 1781175593.449697971 1781175593.454755545 0
Jun 11 10:59:53 standalone container-server[128578]: 172.20.0.100 - - [11/Jun/2026:10:59:53 +0000] "PUT /d1/799/AUTH_883fb82d4dc5440dbc9cc9be5ae60e9c/gnocchi.8a7bc318-686b-4d4d-90e9-881acbe8a837/1780920000.0_mean_300.0_v3" 201 - "PUT http://172.18.0.2:8080/d1/926/AUTH_883fb82d4dc5440dbc9cc9be5ae60e9c/gnocchi.8a7bc318-686b-4d4d-90e9-881acbe8a837/1780920000.0_mean_300.0_v3" "tx2915ec6684fa48b1b23f1-006a2a9529" "object-server 25" 0.0005 "-" 20 0
Jun 11 10:59:53 standalone object-server[128931]: 172.20.0.100 - - [11/Jun/2026:10:59:53 +0000] "PUT /d1/926/AUTH_883fb82d4dc5440dbc9cc9be5ae60e9c/gnocchi.8a7bc318-686b-4d4d-90e9-881acbe8a837/1780920000.0_mean_300.0_v3" 201 - "PUT http://172.18.0.2:8080/v1/AUTH_883fb82d4dc5440dbc9cc9be5ae60e9c/gnocchi.8a7bc318-686b-4d4d-90e9-881acbe8a837/1780920000.0_mean_300.0_v3" "tx2915ec6684fa48b1b23f1-006a2a9529" "proxy-server 20" 0.0091 "-" 25 0
Jun 11 10:59:53 standalone proxy-server[130571]: 172.18.0.2 172.18.0.100 11/Jun/2026/10/59/53 PUT /v1/AUTH_883fb82d4dc5440dbc9cc9be5ae60e9c/gnocchi.8a7bc318-686b-4d4d-90e9-881acbe8a837/1780920000.0_mean_300.0_v3 HTTP/1.0 201 - python-swiftclient-3.11.1 gAAAAABqKpTNpp1R... 16 - - tx2915ec6684fa48b1b23f1-006a2a9529 - 0.0134 - - 1781175593.456866026 1781175593.470230341 0
Jun 11 10:59:53 standalone container-server[128586]: 172.20.0.100 - - [11/Jun/2026:10:59:53 +0000] "PUT /d1/799/AUTH_883fb82d4dc5440dbc9cc9be5ae60e9c/gnocchi.8a7bc318-686b-4d4d-90e9-881acbe8a837/none_v3" 201 - "PUT http://172.18.0.2:8080/d1/651/AUTH_883fb82d4dc5440dbc9cc9be5ae60e9c/gnocchi.8a7bc318-686b-4d4d-90e9-881acbe8a837/none_v3" "tx07a5dc6950bf4e1da2b31-006a2a9529" "object-server 24" 0.0008 "-" 23 0
Jun 11 10:59:53 standalone object-server[128927]: 172.20.0.100 - - [11/Jun/2026:10:59:53 +0000] "PUT /d1/651/AUTH_883fb82d4dc5440dbc9cc9be5ae60e9c/gnocchi.8a7bc318-686b-4d4d-90e9-881acbe8a837/none_v3" 201 - "PUT http://172.18.0.2:8080/v1/AUTH_883fb82d4dc5440dbc9cc9be5ae60e9c/gnocchi.8a7bc318-686b-4d4d-90e9-881acbe8a837/none_v3" "tx07a5dc6950bf4e1da2b31-006a2a9529" "proxy-server 20" 0.0100 "-" 24 0
Jun 11 10:59:53 standalone proxy-server[130571]: 172.18.0.2 172.18.0.100 11/Jun/2026/10/59/53 PUT /v1/AUTH_883fb82d4dc5440dbc9cc9be5ae60e9c/gnocchi.8a7bc318-686b-4d4d-90e9-881acbe8a837/none_v3 HTTP/1.0 201 - python-swiftclient-3.11.1 gAAAAABqKpTNpp1R... 22 - - tx07a5dc6950bf4e1da2b31-006a2a9529 - 0.0146 - - 1781175593.472443819 1781175593.487006664 0
Jun 11 10:59:53 standalone object-server[128916]: 172.20.0.100 - - [11/Jun/2026:10:59:53 +0000] "GET /d1/414/AUTH_883fb82d4dc5440dbc9cc9be5ae60e9c/gnocchi.b758976e-7a43-4474-aaab-9dfc668ee98c/none_v3" 200 22 "GET http://172.18.0.2:8080/v1/AUTH_883fb82d4dc5440dbc9cc9be5ae60e9c/gnocchi.b758976e-7a43-4474-aaab-9dfc668ee98c/none_v3" "tx222b21f5ea2c40ba81068-006a2a9529" "proxy-server 20" 0.0022 "-" 21 0
Jun 11 10:59:53 standalone proxy-server[130571]: 172.18.0.2 172.18.0.100 11/Jun/2026/10/59/53 GET /v1/AUTH_883fb82d4dc5440dbc9cc9be5ae60e9c/gnocchi.b758976e-7a43-4474-aaab-9dfc668ee98c/none_v3 HTTP/1.0 200 - python-swiftclient-3.11.1 gAAAAABqKpTNpp1R... - 22 - tx222b21f5ea2c40ba81068-006a2a9529 - 0.0121 - - 1781175593.668332577 1781175593.680471897 0
Jun 11 10:59:53 standalone container-server[128582]: 172.20.0.100 - - [11/Jun/2026:10:59:53 +0000] "GET /d1/519/AUTH_883fb82d4dc5440dbc9cc9be5ae60e9c/gnocchi.b758976e-7a43-4474-aaab-9dfc668ee98c" 200 357 "GET http://172.18.0.2:8080/v1/AUTH_883fb82d4dc5440dbc9cc9be5ae60e9c/gnocchi.b758976e-7a43-4474-aaab-9dfc668ee98c?format=json&states=listing" "txbd219b2ce988458486979-006a2a9529" "proxy-server 20" 0.0171 "-" 22 0
Jun 11 10:59:53 standalone proxy-server[130571]: 172.18.0.2 172.18.0.100 11/Jun/2026/10/59/53 GET /v1/AUTH_883fb82d4dc5440dbc9cc9be5ae60e9c/gnocchi.b758976e-7a43-4474-aaab-9dfc668ee98c%3Fformat%3Djson%26states%3Dlisting HTTP/1.0 200 - python-swiftclient-3.11.1 gAAAAABqKpTNpp1R... - 357 - txbd219b2ce988458486979-006a2a9529 - 0.0275 - - 1781175593.685530663 1781175593.713007927 0
Jun 11 10:59:53 standalone container-server[128578]: 172.20.0.100 - - [11/Jun/2026:10:59:53 +0000] "GET /d1/519/AUTH_883fb82d4dc5440dbc9cc9be5ae60e9c/gnocchi.b758976e-7a43-4474-aaab-9dfc668ee98c" 200 2 "GET http://172.18.0.2:8080/v1/AUTH_883fb82d4dc5440dbc9cc9be5ae60e9c/gnocchi.b758976e-7a43-4474-aaab-9dfc668ee98c?format=json&marker=none_v3&states=listing" "tx7a3bf6334b144583b6d1e-006a2a9529" "proxy-server 20" 0.0018 "-" 20 0
Jun 11 10:59:53 standalone proxy-server[130571]: 172.18.0.2 172.18.0.100 11/Jun/2026/10/59/53 GET /v1/AUTH_883fb82d4dc5440dbc9cc9be5ae60e9c/gnocchi.b758976e-7a43-4474-aaab-9dfc668ee98c%3Fformat%3Djson%26marker%3Dnone_v3%26states%3Dlisting HTTP/1.0 200 - python-swiftclient-3.11.1 gAAAAABqKpTNpp1R... - 2 - tx7a3bf6334b144583b6d1e-006a2a9529 - 0.0111 - - 1781175593.717335701 1781175593.728427172 0
Jun 11 10:59:53 standalone object-server[128927]: 172.20.0.100 - - [11/Jun/2026:10:59:53 +0000] "GET /d1/482/AUTH_883fb82d4dc5440dbc9cc9be5ae60e9c/gnocchi.b758976e-7a43-4474-aaab-9dfc668ee98c/1780920000.0_mean_300.0_v3" 200 16 "GET http://172.18.0.2:8080/v1/AUTH_883fb82d4dc5440dbc9cc9be5ae60e9c/gnocchi.b758976e-7a43-4474-aaab-9dfc668ee98c/1780920000.0_mean_300.0_v3" "txd6cc0b9ce9214c2d9825a-006a2a9529" "proxy-server 20" 0.0008 "-" 24 0
Jun 11 10:59:53 standalone proxy-server[130571]: 172.18.0.2 172.18.0.100 11/Jun/2026/10/59/53 GET /v1/AUTH_883fb82d4dc5440dbc9cc9be5ae60e9c/gnocchi.b758976e-7a43-4474-aaab-9dfc668ee98c/1780920000.0_mean_300.0_v3 HTTP/1.0 200 - python-swiftclient-3.11.1 gAAAAABqKpTNpp1R... - 16 - txd6cc0b9ce9214c2d9825a-006a2a9529 - 0.0084 - - 1781175593.735846996 1781175593.744295835 0
Jun 11 10:59:53 standalone container-server[128586]: 172.20.0.100 - - [11/Jun/2026:10:59:53 +0000] "PUT /d1/519/AUTH_883fb82d4dc5440dbc9cc9be5ae60e9c/gnocchi.b758976e-7a43-4474-aaab-9dfc668ee98c/1780920000.0_mean_300.0_v3" 201 - "PUT http://172.18.0.2:8080/d1/482/AUTH_883fb82d4dc5440dbc9cc9be5ae60e9c/gnocchi.b758976e-7a43-4474-aaab-9dfc668ee98c/1780920000.0_mean_300.0_v3" "txd98512ef9fc14ced8361c-006a2a9529" "object-server 23" 0.0007 "-" 23 0
Jun 11 10:59:53 standalone object-server[128924]: 172.20.0.100 - - [11/Jun/2026:10:59:53 +0000] "PUT /d1/482/AUTH_883fb82d4dc5440dbc9cc9be5ae60e9c/gnocchi.b758976e-7a43-4474-aaab-9dfc668ee98c/1780920000.0_mean_300.0_v3" 201 - "PUT http://172.18.0.2:8080/v1/AUTH_883fb82d4dc5440dbc9cc9be5ae60e9c/gnocchi.b758976e-7a43-4474-aaab-9dfc668ee98c/1780920000.0_mean_300.0_v3" "txd98512ef9fc14ced8361c-006a2a9529" "proxy-server 20" 0.0125 "-" 23 0
Jun 11 10:59:53 standalone proxy-server[130571]: 172.18.0.2 172.18.0.100 11/Jun/2026/10/59/53 PUT /v1/AUTH_883fb82d4dc5440dbc9cc9be5ae60e9c/gnocchi.b758976e-7a43-4474-aaab-9dfc668ee98c/1780920000.0_mean_300.0_v3 HTTP/1.0 201 - python-swiftclient-3.11.1 gAAAAABqKpTNpp1R... 16 - - txd98512ef9fc14ced8361c-006a2a9529 - 0.0214 - - 1781175593.748814821 1781175593.770232916 0
Jun 11 10:59:53 standalone container-server[128578]: 172.20.0.100 - - [11/Jun/2026:10:59:53 +0000] "PUT /d1/519/AUTH_883fb82d4dc5440dbc9cc9be5ae60e9c/gnocchi.b758976e-7a43-4474-aaab-9dfc668ee98c/none_v3" 201 - "PUT http://172.18.0.2:8080/d1/414/AUTH_883fb82d4dc5440dbc9cc9be5ae60e9c/gnocchi.b758976e-7a43-4474-aaab-9dfc668ee98c/none_v3" "tx43704f810de84527910ff-006a2a9529" "object-server 23" 0.0004 "-" 20 0
Jun 11 10:59:53 standalone object-server[128924]: 172.20.0.100 - - [11/Jun/2026:10:59:53 +0000] "PUT /d1/414/AUTH_883fb82d4dc5440dbc9cc9be5ae60e9c/gnocchi.b758976e-7a43-4474-aaab-9dfc668ee98c/none_v3" 201 - "PUT http://172.18.0.2:8080/v1/AUTH_883fb82d4dc5440dbc9cc9be5ae60e9c/gnocchi.b758976e-7a43-4474-aaab-9dfc668ee98c/none_v3" "tx43704f810de84527910ff-006a2a9529" "proxy-server 20" 0.0093 "-" 23 0
Jun 11 10:59:53 standalone proxy-server[130571]: 172.18.0.2 172.18.0.100 11/Jun/2026/10/59/53 PUT /v1/AUTH_883fb82d4dc5440dbc9cc9be5ae60e9c/gnocchi.b758976e-7a43-4474-aaab-9dfc668ee98c/none_v3 HTTP/1.0 201 - python-swiftclient-3.11.1 gAAAAABqKpTNpp1R... 33 - - tx43704f810de84527910ff-006a2a9529 - 0.0163 - - 1781175593.777073383 1781175593.793386698 0
Jun 11 10:59:53 standalone object-server[128916]: 172.20.0.100 - - [11/Jun/2026:10:59:53 +0000] "GET /d1/969/AUTH_883fb82d4dc5440dbc9cc9be5ae60e9c/gnocchi.19bfd6dd-4663-4004-8afc-5df695ba761c/none_v3" 200 22 "GET http://172.18.0.2:8080/v1/AUTH_883fb82d4dc5440dbc9cc9be5ae60e9c/gnocchi.19bfd6dd-4663-4004-8afc-5df695ba761c/none_v3" "txa3285748d2c7403d80a07-006a2a9529" "proxy-server 20" 0.0012 "-" 21 0
Jun 11 10:59:53 standalone proxy-server[130571]: 172.18.0.2 172.18.0.100 11/Jun/2026/10/59/53 GET /v1/AUTH_883fb82d4dc5440dbc9cc9be5ae60e9c/gnocchi.19bfd6dd-4663-4004-8afc-5df695ba761c/none_v3 HTTP/1.0 200 - python-swiftclient-3.11.1 gAAAAABqKpTNpp1R... - 22 - txa3285748d2c7403d80a07-006a2a9529 - 0.0098 - - 1781175593.806061983 1781175593.815889597 0
Jun 11 10:59:53 standalone container-server[128580]: 172.20.0.100 - - [11/Jun/2026:10:59:53 +0000] "GET /d1/948/AUTH_883fb82d4dc5440dbc9cc9be5ae60e9c/gnocchi.19bfd6dd-4663-4004-8afc-5df695ba761c" 200 357 "GET http://172.18.0.2:8080/v1/AUTH_883fb82d4dc5440dbc9cc9be5ae60e9c/gnocchi.19bfd6dd-4663-4004-8afc-5df695ba761c?format=json&states=listing" "txdb36ee91afc844eb989e2-006a2a9529" "proxy-server 20" 0.0145 "-" 21 0
Jun 11 10:59:53 standalone proxy-server[130571]: 172.18.0.2 172.18.0.100 11/Jun/2026/10/59/53 GET /v1/AUTH_883fb82d4dc5440dbc9cc9be5ae60e9c/gnocchi.19bfd6dd-4663-4004-8afc-5df695ba761c%3Fformat%3Djson%26states%3Dlisting HTTP/1.0 200 - python-swiftclient-3.11.1 gAAAAABqKpTNpp1R... - 357 - txdb36ee91afc844eb989e2-006a2a9529 - 0.0226 - - 1781175593.820525646 1781175593.843105793 0
Jun 11 10:59:53 standalone container-server[128582]: 172.20.0.100 - - [11/Jun/2026:10:59:53 +0000] "GET /d1/948/AUTH_883fb82d4dc5440dbc9cc9be5ae60e9c/gnocchi.19bfd6dd-4663-4004-8afc-5df695ba761c" 200 2 "GET http://172.18.0.2:8080/v1/AUTH_883fb82d4dc5440dbc9cc9be5ae60e9c/gnocchi.19bfd6dd-4663-4004-8afc-5df695ba761c?format=json&marker=none_v3&states=listing" "txe672875de23143b7a43d2-006a2a9529" "proxy-server 20" 0.0040 "-" 22 0
Jun 11 10:59:53 standalone proxy-server[130571]: 172.18.0.2 172.18.0.100 11/Jun/2026/10/59/53 GET /v1/AUTH_883fb82d4dc5440dbc9cc9be5ae60e9c/gnocchi.19bfd6dd-4663-4004-8afc-5df695ba761c%3Fformat%3Djson%26marker%3Dnone_v3%26states%3Dlisting HTTP/1.0 200 - python-swiftclient-3.11.1 gAAAAABqKpTNpp1R... - 2 - txe672875de23143b7a43d2-006a2a9529 - 0.0125 - - 1781175593.846834660 1781175593.859290838 0
Jun 11 10:59:53 standalone object-server[128927]: 172.20.0.100 - - [11/Jun/2026:10:59:53 +0000] "GET /d1/431/AUTH_883fb82d4dc5440dbc9cc9be5ae60e9c/gnocchi.19bfd6dd-4663-4004-8afc-5df695ba761c/1780920000.0_mean_300.0_v3" 200 16 "GET http://172.18.0.2:8080/v1/AUTH_883fb82d4dc5440dbc9cc9be5ae60e9c/gnocchi.19bfd6dd-4663-4004-8afc-5df695ba761c/1780920000.0_mean_300.0_v3" "txb39928001e804656b3b0e-006a2a9529" "proxy-server 20" 0.0012 "-" 24 0
Jun 11 10:59:53 standalone proxy-server[130571]: 172.18.0.2 172.18.0.100 11/Jun/2026/10/59/53 GET /v1/AUTH_883fb82d4dc5440dbc9cc9be5ae60e9c/gnocchi.19bfd6dd-4663-4004-8afc-5df695ba761c/1780920000.0_mean_300.0_v3 HTTP/1.0 200 - python-swiftclient-3.11.1 gAAAAABqKpTNpp1R... - 16 - txb39928001e804656b3b0e-006a2a9529 - 0.0095 - - 1781175593.864247799 1781175593.873720169 0
Jun 11 10:59:53 standalone container-server[128586]: 172.20.0.100 - - [11/Jun/2026:10:59:53 +0000] "PUT /d1/948/AUTH_883fb82d4dc5440dbc9cc9be5ae60e9c/gnocchi.19bfd6dd-4663-4004-8afc-5df695ba761c/1780920000.0_mean_300.0_v3" 201 - "PUT http://172.18.0.2:8080/d1/431/AUTH_883fb82d4dc5440dbc9cc9be5ae60e9c/gnocchi.19bfd6dd-4663-4004-8afc-5df695ba761c/1780920000.0_mean_300.0_v3" "txdd975a18c35a456097c2b-006a2a9529" "object-server 21" 0.0008 "-" 23 0
Jun 11 10:59:53 standalone object-server[128916]: 172.20.0.100 - - [11/Jun/2026:10:59:53 +0000] "PUT /d1/431/AUTH_883fb82d4dc5440dbc9cc9be5ae60e9c/gnocchi.19bfd6dd-4663-4004-8afc-5df695ba761c/1780920000.0_mean_300.0_v3" 201 - "PUT http://172.18.0.2:8080/v1/AUTH_883fb82d4dc5440dbc9cc9be5ae60e9c/gnocchi.19bfd6dd-4663-4004-8afc-5df695ba761c/1780920000.0_mean_300.0_v3" "txdd975a18c35a456097c2b-006a2a9529" "proxy-server 20" 0.0120 "-" 21 0
Jun 11 10:59:53 standalone proxy-server[130571]: 172.18.0.2 172.18.0.100 11/Jun/2026/10/59/53 PUT /v1/AUTH_883fb82d4dc5440dbc9cc9be5ae60e9c/gnocchi.19bfd6dd-4663-4004-8afc-5df695ba761c/1780920000.0_mean_300.0_v3 HTTP/1.0 201 - python-swiftclient-3.11.1 gAAAAABqKpTNpp1R... 16 - - txdd975a18c35a456097c2b-006a2a9529 - 0.0196 - - 1781175593.877598763 1781175593.897244692 0
Jun 11 10:59:53 standalone container-server[128582]: 172.20.0.100 - - [11/Jun/2026:10:59:53 +0000] "PUT /d1/948/AUTH_883fb82d4dc5440dbc9cc9be5ae60e9c/gnocchi.19bfd6dd-4663-4004-8afc-5df695ba761c/none_v3" 201 - "PUT http://172.18.0.2:8080/d1/969/AUTH_883fb82d4dc5440dbc9cc9be5ae60e9c/gnocchi.19bfd6dd-4663-4004-8afc-5df695ba761c/none_v3" "tx53a17e3713c84970b4798-006a2a9529" "object-server 21" 0.0009 "-" 22 0
Jun 11 10:59:53 standalone object-server[128916]: 172.20.0.100 - - [11/Jun/2026:10:59:53 +0000] "PUT /d1/969/AUTH_883fb82d4dc5440dbc9cc9be5ae60e9c/gnocchi.19bfd6dd-4663-4004-8afc-5df695ba761c/none_v3" 201 - "PUT http://172.18.0.2:8080/v1/AUTH_883fb82d4dc5440dbc9cc9be5ae60e9c/gnocchi.19bfd6dd-4663-4004-8afc-5df695ba761c/none_v3" "tx53a17e3713c84970b4798-006a2a9529" "proxy-server 20" 0.0101 "-" 21 0
Jun 11 10:59:53 standalone proxy-server[130571]: 172.18.0.2 172.18.0.100 11/Jun/2026/10/59/53 PUT /v1/AUTH_883fb82d4dc5440dbc9cc9be5ae60e9c/gnocchi.19bfd6dd-4663-4004-8afc-5df695ba761c/none_v3 HTTP/1.0 201 - python-swiftclient-3.11.1 gAAAAABqKpTNpp1R... 33 - - tx53a17e3713c84970b4798-006a2a9529 - 0.0172 - - 1781175593.901050091 1781175593.918229103 0
Jun 11 10:59:56 standalone object-server[128687]: Begin object update sweep
Jun 11 10:59:56 standalone object-server[249963]: Object update sweep starting on /srv/node/d1 (pid: 15)
Jun 11 10:59:56 standalone object-server[249963]: Object update sweep completed on /srv/node/d1 in 0.00s seconds:, 0 successes, 0 failures, 0 quarantines, 0 unlinks, 0 errors, 0 redirects (pid: 15)
Jun 11 10:59:56 standalone object-server[249963]: Object update sweep of d1 completed: 0.00s, 0 successes, 0 failures, 0 quarantines, 0 unlinks, 0 errors, 0 redirects
Jun 11 10:59:56 standalone object-server[128687]: Object update sweep completed: 0.10s
Jun 11 10:59:57 standalone object-server[128927]: 172.20.0.100 - - [11/Jun/2026:10:59:57 +0000] "GET /d1/651/AUTH_883fb82d4dc5440dbc9cc9be5ae60e9c/gnocchi.8a7bc318-686b-4d4d-90e9-881acbe8a837/none_v3" 200 22 "GET http://172.18.0.2:8080/v1/AUTH_883fb82d4dc5440dbc9cc9be5ae60e9c/gnocchi.8a7bc318-686b-4d4d-90e9-881acbe8a837/none_v3" "txcab1fe68c3654dde8a98d-006a2a952d" "proxy-server 20" 0.0014 "-" 24 0
Jun 11 10:59:57 standalone proxy-server[130571]: 172.18.0.2 172.18.0.100 11/Jun/2026/10/59/57 GET /v1/AUTH_883fb82d4dc5440dbc9cc9be5ae60e9c/gnocchi.8a7bc318-686b-4d4d-90e9-881acbe8a837/none_v3 HTTP/1.0 200 - python-swiftclient-3.11.1 gAAAAABqKpTNpp1R... - 22 - txcab1fe68c3654dde8a98d-006a2a952d - 0.0119 - - 1781175597.566366911 1781175597.578233719 0
Jun 11 10:59:57 standalone container-server[128586]: 172.20.0.100 - - [11/Jun/2026:10:59:57 +0000] "GET /d1/799/AUTH_883fb82d4dc5440dbc9cc9be5ae60e9c/gnocchi.8a7bc318-686b-4d4d-90e9-881acbe8a837" 200 357 "GET http://172.18.0.2:8080/v1/AUTH_883fb82d4dc5440dbc9cc9be5ae60e9c/gnocchi.8a7bc318-686b-4d4d-90e9-881acbe8a837?format=json&states=listing" "tx8924e6b8462a486f9d523-006a2a952d" "proxy-server 20" 0.0182 "-" 23 0
Jun 11 10:59:57 standalone proxy-server[130571]: 172.18.0.2 172.18.0.100 11/Jun/2026/10/59/57 GET /v1/AUTH_883fb82d4dc5440dbc9cc9be5ae60e9c/gnocchi.8a7bc318-686b-4d4d-90e9-881acbe8a837%3Fformat%3Djson%26states%3Dlisting HTTP/1.0 200 - python-swiftclient-3.11.1 gAAAAABqKpTNpp1R... - 357 - tx8924e6b8462a486f9d523-006a2a952d - 0.0295 - - 1781175597.584011555 1781175597.613544464 0
Jun 11 10:59:57 standalone container-server[128578]: 172.20.0.100 - - [11/Jun/2026:10:59:57 +0000] "GET /d1/799/AUTH_883fb82d4dc5440dbc9cc9be5ae60e9c/gnocchi.8a7bc318-686b-4d4d-90e9-881acbe8a837" 200 2 "GET http://172.18.0.2:8080/v1/AUTH_883fb82d4dc5440dbc9cc9be5ae60e9c/gnocchi.8a7bc318-686b-4d4d-90e9-881acbe8a837?format=json&marker=none_v3&states=listing" "tx1be7e32dd9be49639aacf-006a2a952d" "proxy-server 20" 0.0037 "-" 20 0
Jun 11 10:59:57 standalone proxy-server[130571]: 172.18.0.2 172.18.0.100 11/Jun/2026/10/59/57 GET /v1/AUTH_883fb82d4dc5440dbc9cc9be5ae60e9c/gnocchi.8a7bc318-686b-4d4d-90e9-881acbe8a837%3Fformat%3Djson%26marker%3Dnone_v3%26states%3Dlisting HTTP/1.0 200 - python-swiftclient-3.11.1 gAAAAABqKpTNpp1R... - 2 - tx1be7e32dd9be49639aacf-006a2a952d - 0.0141 - - 1781175597.618182898 1781175597.632305622 0
Jun 11 10:59:57 standalone object-server[128927]: 172.20.0.100 - - [11/Jun/2026:10:59:57 +0000] "GET /d1/926/AUTH_883fb82d4dc5440dbc9cc9be5ae60e9c/gnocchi.8a7bc318-686b-4d4d-90e9-881acbe8a837/1780920000.0_mean_300.0_v3" 200 16 "GET http://172.18.0.2:8080/v1/AUTH_883fb82d4dc5440dbc9cc9be5ae60e9c/gnocchi.8a7bc318-686b-4d4d-90e9-881acbe8a837/1780920000.0_mean_300.0_v3" "tx43ba57822b334622baf74-006a2a952d" "proxy-server 20" 0.0008 "-" 24 0
Jun 11 10:59:57 standalone proxy-server[130571]: 172.18.0.2 172.18.0.100 11/Jun/2026/10/59/57 GET /v1/AUTH_883fb82d4dc5440dbc9cc9be5ae60e9c/gnocchi.8a7bc318-686b-4d4d-90e9-881acbe8a837/1780920000.0_mean_300.0_v3 HTTP/1.0 200 - python-swiftclient-3.11.1 gAAAAABqKpTNpp1R... - 16 - tx43ba57822b334622baf74-006a2a952d - 0.0098 - - 1781175597.637426376 1781175597.647231817 0
Jun 11 10:59:57 standalone container-server[128580]: 172.20.0.100 - - [11/Jun/2026:10:59:57 +0000] "PUT /d1/799/AUTH_883fb82d4dc5440dbc9cc9be5ae60e9c/gnocchi.8a7bc318-686b-4d4d-90e9-881acbe8a837/1780920000.0_mean_300.0_v3" 201 - "PUT http://172.18.0.2:8080/d1/926/AUTH_883fb82d4dc5440dbc9cc9be5ae60e9c/gnocchi.8a7bc318-686b-4d4d-90e9-881acbe8a837/1780920000.0_mean_300.0_v3" "txefa336d5a74a4062971a7-006a2a952d" "object-server 25" 0.0008 "-" 21 0
Jun 11 10:59:57 standalone object-server[128931]: 172.20.0.100 - - [11/Jun/2026:10:59:57 +0000] "PUT /d1/926/AUTH_883fb82d4dc5440dbc9cc9be5ae60e9c/gnocchi.8a7bc318-686b-4d4d-90e9-881acbe8a837/1780920000.0_mean_300.0_v3" 201 - "PUT http://172.18.0.2:8080/v1/AUTH_883fb82d4dc5440dbc9cc9be5ae60e9c/gnocchi.8a7bc318-686b-4d4d-90e9-881acbe8a837/1780920000.0_mean_300.0_v3" "txefa336d5a74a4062971a7-006a2a952d" "proxy-server 20" 0.0129 "-" 25 0
Jun 11 10:59:57 standalone proxy-server[130571]: 172.18.0.2 172.18.0.100 11/Jun/2026/10/59/57 PUT /v1/AUTH_883fb82d4dc5440dbc9cc9be5ae60e9c/gnocchi.8a7bc318-686b-4d4d-90e9-881acbe8a837/1780920000.0_mean_300.0_v3 HTTP/1.0 201 - python-swiftclient-3.11.1 gAAAAABqKpTNpp1R... 16 - - txefa336d5a74a4062971a7-006a2a952d - 0.0218 - - 1781175597.651373863 1781175597.673158884 0
Jun 11 10:59:57 standalone container-server[128586]: 172.20.0.100 - - [11/Jun/2026:10:59:57 +0000] "PUT /d1/799/AUTH_883fb82d4dc5440dbc9cc9be5ae60e9c/gnocchi.8a7bc318-686b-4d4d-90e9-881acbe8a837/none_v3" 201 - "PUT http://172.18.0.2:8080/d1/651/AUTH_883fb82d4dc5440dbc9cc9be5ae60e9c/gnocchi.8a7bc318-686b-4d4d-90e9-881acbe8a837/none_v3" "tx66c91c078502493588702-006a2a952d" "object-server 23" 0.0007 "-" 23 0
Jun 11 10:59:57 standalone object-server[128924]: 172.20.0.100 - - [11/Jun/2026:10:59:57 +0000] "PUT /d1/651/AUTH_883fb82d4dc5440dbc9cc9be5ae60e9c/gnocchi.8a7bc318-686b-4d4d-90e9-881acbe8a837/none_v3" 201 - "PUT http://172.18.0.2:8080/v1/AUTH_883fb82d4dc5440dbc9cc9be5ae60e9c/gnocchi.8a7bc318-686b-4d4d-90e9-881acbe8a837/none_v3" "tx66c91c078502493588702-006a2a952d" "proxy-server 20" 0.0112 "-" 23 0
Jun 11 10:59:57 standalone proxy-server[130571]: 172.18.0.2 172.18.0.100 11/Jun/2026/10/59/57 PUT /v1/AUTH_883fb82d4dc5440dbc9cc9be5ae60e9c/gnocchi.8a7bc318-686b-4d4d-90e9-881acbe8a837/none_v3 HTTP/1.0 201 - python-swiftclient-3.11.1 gAAAAABqKpTNpp1R... 31 - - tx66c91c078502493588702-006a2a952d - 0.0186 - - 1781175597.677654505 1781175597.696240187 0
Jun 11 11:00:07 standalone container-server[128580]: 172.20.0.100 - - [11/Jun/2026:11:00:07 +0000] "HEAD /d1/594/AUTH_883fb82d4dc5440dbc9cc9be5ae60e9c/gnocchi.e1eee826-61fe-4b5e-b142-caecb76e6f97" 404 - "HEAD http://172.18.0.2:8080/v1/AUTH_883fb82d4dc5440dbc9cc9be5ae60e9c/gnocchi.e1eee826-61fe-4b5e-b142-caecb76e6f97?format=json&states=listing" "txf274c7717cf047df8e727-006a2a9537" "proxy-server 20" 0.0008 "-" 21 0
Jun 11 11:00:07 standalone object-server[128931]: 172.20.0.100 - - [11/Jun/2026:11:00:07 +0000] "GET /d1/427/AUTH_883fb82d4dc5440dbc9cc9be5ae60e9c/gnocchi.e1eee826-61fe-4b5e-b142-caecb76e6f97/none_v3" 404 70 "GET http://172.18.0.2:8080/v1/AUTH_883fb82d4dc5440dbc9cc9be5ae60e9c/gnocchi.e1eee826-61fe-4b5e-b142-caecb76e6f97/none_v3" "txf274c7717cf047df8e727-006a2a9537" "proxy-server 20" 0.0005 "-" 25 0
Jun 11 11:00:07 standalone proxy-server[130571]: 172.18.0.2 172.18.0.100 11/Jun/2026/11/00/07 GET /v1/AUTH_883fb82d4dc5440dbc9cc9be5ae60e9c/gnocchi.e1eee826-61fe-4b5e-b142-caecb76e6f97/none_v3 HTTP/1.0 404 - python-swiftclient-3.11.1 gAAAAABqKpTNpp1R... - 70 - txf274c7717cf047df8e727-006a2a9537 - 0.0096 - - 1781175607.982655525 1781175607.992213964 0
Jun 11 11:00:08 standalone account-server[128478]: 172.20.0.100 - - [11/Jun/2026:11:00:08 +0000] "PUT /d1/118/AUTH_883fb82d4dc5440dbc9cc9be5ae60e9c/gnocchi.e1eee826-61fe-4b5e-b142-caecb76e6f97" 201 - "PUT http://172.20.0.100:6001/d1/594/AUTH_883fb82d4dc5440dbc9cc9be5ae60e9c/gnocchi.e1eee826-61fe-4b5e-b142-caecb76e6f97" "txa17acc17a13e469c94581-006a2a9537" "container-server 22" 0.0076 "-" 15 0
Jun 11 11:00:08 standalone container-server[128582]: 172.20.0.100 - - [11/Jun/2026:11:00:08 +0000] "PUT /d1/594/AUTH_883fb82d4dc5440dbc9cc9be5ae60e9c/gnocchi.e1eee826-61fe-4b5e-b142-caecb76e6f97" 201 - "PUT http://172.18.0.2:8080/v1/AUTH_883fb82d4dc5440dbc9cc9be5ae60e9c/gnocchi.e1eee826-61fe-4b5e-b142-caecb76e6f97" "txa17acc17a13e469c94581-006a2a9537" "proxy-server 20" 0.0212 "-" 22 0
Jun 11 11:00:08 standalone proxy-server[130571]: 172.18.0.2 172.18.0.100 11/Jun/2026/11/00/08 PUT /v1/AUTH_883fb82d4dc5440dbc9cc9be5ae60e9c/gnocchi.e1eee826-61fe-4b5e-b142-caecb76e6f97 HTTP/1.0 201 - python-swiftclient-3.11.1 gAAAAABqKpTNpp1R... - - - txa17acc17a13e469c94581-006a2a9537 - 0.0251 - - 1781175607.995103598 1781175608.020177841 0
Jun 11 11:00:08 standalone container-server[128580]: 172.20.0.100 - - [11/Jun/2026:11:00:08 +0000] "HEAD /d1/594/AUTH_883fb82d4dc5440dbc9cc9be5ae60e9c/gnocchi.e1eee826-61fe-4b5e-b142-caecb76e6f97" 204 - "HEAD http://172.18.0.2:8080/v1/AUTH_883fb82d4dc5440dbc9cc9be5ae60e9c/gnocchi.e1eee826-61fe-4b5e-b142-caecb76e6f97?format=json&states=listing" "txfd7ccf2ef2d14a249c55c-006a2a9538" "proxy-server 20" 0.0015 "-" 21 0
Jun 11 11:00:08 standalone proxy-server[130571]: - - 11/Jun/2026/11/00/08 HEAD /v1/AUTH_883fb82d4dc5440dbc9cc9be5ae60e9c/gnocchi.e1eee826-61fe-4b5e-b142-caecb76e6f97%3Fformat%3Djson%26states%3Dlisting HTTP/1.0 204 - Swift - - - - txfd7ccf2ef2d14a249c55c-006a2a9538 - 0.0041 RL - 1781175608.024839401 1781175608.028908491 0
Jun 11 11:00:08 standalone container-server[128582]: 172.20.0.100 - - [11/Jun/2026:11:00:08 +0000] "GET /d1/594/AUTH_883fb82d4dc5440dbc9cc9be5ae60e9c/gnocchi.e1eee826-61fe-4b5e-b142-caecb76e6f97" 200 2 "GET http://172.18.0.2:8080/v1/AUTH_883fb82d4dc5440dbc9cc9be5ae60e9c/gnocchi.e1eee826-61fe-4b5e-b142-caecb76e6f97?format=json&states=listing" "txfd7ccf2ef2d14a249c55c-006a2a9538" "proxy-server 20" 0.0015 "-" 22 0
Jun 11 11:00:08 standalone proxy-server[130571]: 172.18.0.2 172.18.0.100 11/Jun/2026/11/00/08 GET /v1/AUTH_883fb82d4dc5440dbc9cc9be5ae60e9c/gnocchi.e1eee826-61fe-4b5e-b142-caecb76e6f97%3Fformat%3Djson%26states%3Dlisting HTTP/1.0 200 - python-swiftclient-3.11.1 gAAAAABqKpTNpp1R... - 2 - txfd7ccf2ef2d14a249c55c-006a2a9538 - 0.0106 - - 1781175608.023946524 1781175608.034566879 0
Jun 11 11:00:08 standalone object-server[128916]: 172.20.0.100 - - [11/Jun/2026:11:00:08 +0000] "GET /d1/282/AUTH_883fb82d4dc5440dbc9cc9be5ae60e9c/gnocchi.e1eee826-61fe-4b5e-b142-caecb76e6f97/1780920000.0_mean_300.0_v3" 404 70 "GET http://172.18.0.2:8080/v1/AUTH_883fb82d4dc5440dbc9cc9be5ae60e9c/gnocchi.e1eee826-61fe-4b5e-b142-caecb76e6f97/1780920000.0_mean_300.0_v3" "tx21e1d69bfff4433e8c2e7-006a2a9538" "proxy-server 20" 0.0005 "-" 21 0
Jun 11 11:00:08 standalone proxy-server[130571]: 172.18.0.2 172.18.0.100 11/Jun/2026/11/00/08 GET /v1/AUTH_883fb82d4dc5440dbc9cc9be5ae60e9c/gnocchi.e1eee826-61fe-4b5e-b142-caecb76e6f97/1780920000.0_mean_300.0_v3 HTTP/1.0 404 - python-swiftclient-3.11.1 gAAAAABqKpTNpp1R... - 70 - tx21e1d69bfff4433e8c2e7-006a2a9538 - 0.0052 - - 1781175608.038334131 1781175608.043545485 0
Jun 11 11:00:08 standalone container-server[128580]: 172.20.0.100 - - [11/Jun/2026:11:00:08 +0000] "PUT /d1/594/AUTH_883fb82d4dc5440dbc9cc9be5ae60e9c/gnocchi.e1eee826-61fe-4b5e-b142-caecb76e6f97/1780920000.0_mean_300.0_v3" 201 - "PUT http://172.18.0.2:8080/d1/282/AUTH_883fb82d4dc5440dbc9cc9be5ae60e9c/gnocchi.e1eee826-61fe-4b5e-b142-caecb76e6f97/1780920000.0_mean_300.0_v3" "tx8288d76ccf8a42e99c858-006a2a9538" "object-server 23" 0.0006 "-" 21 0
Jun 11 11:00:08 standalone object-server[128924]: 172.20.0.100 - - [11/Jun/2026:11:00:08 +0000] "PUT /d1/282/AUTH_883fb82d4dc5440dbc9cc9be5ae60e9c/gnocchi.e1eee826-61fe-4b5e-b142-caecb76e6f97/1780920000.0_mean_300.0_v3" 201 - "PUT http://172.18.0.2:8080/v1/AUTH_883fb82d4dc5440dbc9cc9be5ae60e9c/gnocchi.e1eee826-61fe-4b5e-b142-caecb76e6f97/1780920000.0_mean_300.0_v3" "tx8288d76ccf8a42e99c858-006a2a9538" "proxy-server 20" 0.0129 "-" 23 0
Jun 11 11:00:08 standalone proxy-server[130571]: 172.18.0.2 172.18.0.100 11/Jun/2026/11/00/08 PUT /v1/AUTH_883fb82d4dc5440dbc9cc9be5ae60e9c/gnocchi.e1eee826-61fe-4b5e-b142-caecb76e6f97/1780920000.0_mean_300.0_v3 HTTP/1.0 201 - python-swiftclient-3.11.1 gAAAAABqKpTNpp1R... 16 - - tx8288d76ccf8a42e99c858-006a2a9538 - 0.0177 - - 1781175608.046566725 1781175608.064260244 0
Jun 11 11:00:08 standalone container-server[128578]: 172.20.0.100 - - [11/Jun/2026:11:00:08 +0000] "PUT /d1/594/AUTH_883fb82d4dc5440dbc9cc9be5ae60e9c/gnocchi.e1eee826-61fe-4b5e-b142-caecb76e6f97/none_v3" 201 - "PUT http://172.18.0.2:8080/d1/427/AUTH_883fb82d4dc5440dbc9cc9be5ae60e9c/gnocchi.e1eee826-61fe-4b5e-b142-caecb76e6f97/none_v3" "tx7cffc4967b3e4e598b66c-006a2a9538" "object-server 23" 0.0016 "-" 20 0
Jun 11 11:00:08 standalone object-server[128924]: 172.20.0.100 - - [11/Jun/2026:11:00:08 +0000] "PUT /d1/427/AUTH_883fb82d4dc5440dbc9cc9be5ae60e9c/gnocchi.e1eee826-61fe-4b5e-b142-caecb76e6f97/none_v3" 201 - "PUT http://172.18.0.2:8080/v1/AUTH_883fb82d4dc5440dbc9cc9be5ae60e9c/gnocchi.e1eee826-61fe-4b5e-b142-caecb76e6f97/none_v3" "tx7cffc4967b3e4e598b66c-006a2a9538" "proxy-server 20" 0.0189 "-" 23 0
Jun 11 11:00:08 standalone proxy-server[130571]: 172.18.0.2 172.18.0.100 11/Jun/2026/11/00/08 PUT /v1/AUTH_883fb82d4dc5440dbc9cc9be5ae60e9c/gnocchi.e1eee826-61fe-4b5e-b142-caecb76e6f97/none_v3 HTTP/1.0 201 - python-swiftclient-3.11.1 gAAAAABqKpTNpp1R... 22 - - tx7cffc4967b3e4e598b66c-006a2a9538 - 0.0237 - - 1781175608.067094803 1781175608.090782404 0
Jun 11 11:00:08 standalone object-server[128927]: 172.20.0.100 - - [11/Jun/2026:11:00:08 +0000] "GET /d1/427/AUTH_883fb82d4dc5440dbc9cc9be5ae60e9c/gnocchi.e1eee826-61fe-4b5e-b142-caecb76e6f97/none_v3" 200 22 "GET http://172.18.0.2:8080/v1/AUTH_883fb82d4dc5440dbc9cc9be5ae60e9c/gnocchi.e1eee826-61fe-4b5e-b142-caecb76e6f97/none_v3" "tx00f46bccf2c24660ba5f2-006a2a9538" "proxy-server 20" 0.0007 "-" 24 0
Jun 11 11:00:08 standalone proxy-server[130571]: 172.18.0.2 172.18.0.100 11/Jun/2026/11/00/08 GET /v1/AUTH_883fb82d4dc5440dbc9cc9be5ae60e9c/gnocchi.e1eee826-61fe-4b5e-b142-caecb76e6f97/none_v3 HTTP/1.0 200 - python-swiftclient-3.11.1 gAAAAABqKpTNpp1R... - 22 - tx00f46bccf2c24660ba5f2-006a2a9538 - 0.0084 - - 1781175608.398921967 1781175608.407298803 0
Jun 11 11:00:08 standalone container-server[128586]: 172.20.0.100 - - [11/Jun/2026:11:00:08 +0000] "GET /d1/594/AUTH_883fb82d4dc5440dbc9cc9be5ae60e9c/gnocchi.e1eee826-61fe-4b5e-b142-caecb76e6f97" 200 357 "GET http://172.18.0.2:8080/v1/AUTH_883fb82d4dc5440dbc9cc9be5ae60e9c/gnocchi.e1eee826-61fe-4b5e-b142-caecb76e6f97?format=json&states=listing" "txd69e433004ef45a0904f6-006a2a9538" "proxy-server 20" 0.0129 "-" 23 0
Jun 11 11:00:08 standalone proxy-server[130571]: 172.18.0.2 172.18.0.100 11/Jun/2026/11/00/08 GET /v1/AUTH_883fb82d4dc5440dbc9cc9be5ae60e9c/gnocchi.e1eee826-61fe-4b5e-b142-caecb76e6f97%3Fformat%3Djson%26states%3Dlisting HTTP/1.0 200 - python-swiftclient-3.11.1 gAAAAABqKpTNpp1R... - 357 - txd69e433004ef45a0904f6-006a2a9538 - 0.0189 - - 1781175608.410354853 1781175608.429215193 0
Jun 11 11:00:08 standalone container-server[128578]: 172.20.0.100 - - [11/Jun/2026:11:00:08 +0000] "GET /d1/594/AUTH_883fb82d4dc5440dbc9cc9be5ae60e9c/gnocchi.e1eee826-61fe-4b5e-b142-caecb76e6f97" 200 2 "GET http://172.18.0.2:8080/v1/AUTH_883fb82d4dc5440dbc9cc9be5ae60e9c/gnocchi.e1eee826-61fe-4b5e-b142-caecb76e6f97?format=json&marker=none_v3&states=listing" "tx4d41cf513fc2468aa4960-006a2a9538" "proxy-server 20" 0.0037 "-" 20 0
Jun 11 11:00:08 standalone proxy-server[130571]: 172.18.0.2 172.18.0.100 11/Jun/2026/11/00/08 GET /v1/AUTH_883fb82d4dc5440dbc9cc9be5ae60e9c/gnocchi.e1eee826-61fe-4b5e-b142-caecb76e6f97%3Fformat%3Djson%26marker%3Dnone_v3%26states%3Dlisting HTTP/1.0 200 - python-swiftclient-3.11.1 gAAAAABqKpTNpp1R... - 2 - tx4d41cf513fc2468aa4960-006a2a9538 - 0.0087 - - 1781175608.431064606 1781175608.439772367 0
Jun 11 11:00:08 standalone object-server[128927]: 172.20.0.100 - - [11/Jun/2026:11:00:08 +0000] "GET /d1/282/AUTH_883fb82d4dc5440dbc9cc9be5ae60e9c/gnocchi.e1eee826-61fe-4b5e-b142-caecb76e6f97/1780920000.0_mean_300.0_v3" 200 16 "GET http://172.18.0.2:8080/v1/AUTH_883fb82d4dc5440dbc9cc9be5ae60e9c/gnocchi.e1eee826-61fe-4b5e-b142-caecb76e6f97/1780920000.0_mean_300.0_v3" "txa87a00ed599d49d89f737-006a2a9538" "proxy-server 20" 0.0005 "-" 24 0
Jun 11 11:00:08 standalone proxy-server[130571]: 172.18.0.2 172.18.0.100 11/Jun/2026/11/00/08 GET /v1/AUTH_883fb82d4dc5440dbc9cc9be5ae60e9c/gnocchi.e1eee826-61fe-4b5e-b142-caecb76e6f97/1780920000.0_mean_300.0_v3 HTTP/1.0 200 - python-swiftclient-3.11.1 gAAAAABqKpTNpp1R... - 16 - txa87a00ed599d49d89f737-006a2a9538 - 0.0046 - - 1781175608.442044020 1781175608.446619987 0
Jun 11 11:00:08 standalone container-server[128580]: 172.20.0.100 - - [11/Jun/2026:11:00:08 +0000] "PUT /d1/594/AUTH_883fb82d4dc5440dbc9cc9be5ae60e9c/gnocchi.e1eee826-61fe-4b5e-b142-caecb76e6f97/1780920000.0_mean_300.0_v3" 201 - "PUT http://172.18.0.2:8080/d1/282/AUTH_883fb82d4dc5440dbc9cc9be5ae60e9c/gnocchi.e1eee826-61fe-4b5e-b142-caecb76e6f97/1780920000.0_mean_300.0_v3" "tx38d9dcbfc3284878a2378-006a2a9538" "object-server 23" 0.0005 "-" 21 0
Jun 11 11:00:08 standalone object-server[128924]: 172.20.0.100 - - [11/Jun/2026:11:00:08 +0000] "PUT /d1/282/AUTH_883fb82d4dc5440dbc9cc9be5ae60e9c/gnocchi.e1eee826-61fe-4b5e-b142-caecb76e6f97/1780920000.0_mean_300.0_v3" 201 - "PUT http://172.18.0.2:8080/v1/AUTH_883fb82d4dc5440dbc9cc9be5ae60e9c/gnocchi.e1eee826-61fe-4b5e-b142-caecb76e6f97/1780920000.0_mean_300.0_v3" "tx38d9dcbfc3284878a2378-006a2a9538" "proxy-server 20" 0.0116 "-" 23 0
Jun 11 11:00:08 standalone proxy-server[130571]: 172.18.0.2 172.18.0.100 11/Jun/2026/11/00/08 PUT /v1/AUTH_883fb82d4dc5440dbc9cc9be5ae60e9c/gnocchi.e1eee826-61fe-4b5e-b142-caecb76e6f97/1780920000.0_mean_300.0_v3 HTTP/1.0 201 - python-swiftclient-3.11.1 gAAAAABqKpTNpp1R... 16 - - tx38d9dcbfc3284878a2378-006a2a9538 - 0.0166 - - 1781175608.448649406 1781175608.465264082 0
Jun 11 11:00:08 standalone container-server[128582]: 172.20.0.100 - - [11/Jun/2026:11:00:08 +0000] "PUT /d1/594/AUTH_883fb82d4dc5440dbc9cc9be5ae60e9c/gnocchi.e1eee826-61fe-4b5e-b142-caecb76e6f97/none_v3" 201 - "PUT http://172.18.0.2:8080/d1/427/AUTH_883fb82d4dc5440dbc9cc9be5ae60e9c/gnocchi.e1eee826-61fe-4b5e-b142-caecb76e6f97/none_v3" "txd076491d73dc46a2b15c1-006a2a9538" "object-server 23" 0.0004 "-" 22 0
Jun 11 11:00:08 standalone object-server[128924]: 172.20.0.100 - - [11/Jun/2026:11:00:08 +0000] "PUT /d1/427/AUTH_883fb82d4dc5440dbc9cc9be5ae60e9c/gnocchi.e1eee826-61fe-4b5e-b142-caecb76e6f97/none_v3" 201 - "PUT http://172.18.0.2:8080/v1/AUTH_883fb82d4dc5440dbc9cc9be5ae60e9c/gnocchi.e1eee826-61fe-4b5e-b142-caecb76e6f97/none_v3" "txd076491d73dc46a2b15c1-006a2a9538" "proxy-server 20" 0.0100 "-" 23 0
Jun 11 11:00:08 standalone proxy-server[130571]: 172.18.0.2 172.18.0.100 11/Jun/2026/11/00/08 PUT /v1/AUTH_883fb82d4dc5440dbc9cc9be5ae60e9c/gnocchi.e1eee826-61fe-4b5e-b142-caecb76e6f97/none_v3 HTTP/1.0 201 - python-swiftclient-3.11.1 gAAAAABqKpTNpp1R... 31 - - txd076491d73dc46a2b15c1-006a2a9538 - 0.0143 - - 1781175608.466918945 1781175608.481237650 0
Jun 11 11:00:17 standalone object-server[128931]: 172.20.0.100 - - [11/Jun/2026:11:00:17 +0000] "GET /d1/651/AUTH_883fb82d4dc5440dbc9cc9be5ae60e9c/gnocchi.8a7bc318-686b-4d4d-90e9-881acbe8a837/none_v3" 200 31 "GET http://172.18.0.2:8080/v1/AUTH_883fb82d4dc5440dbc9cc9be5ae60e9c/gnocchi.8a7bc318-686b-4d4d-90e9-881acbe8a837/none_v3" "tx0c344a33ed9f469da3348-006a2a9541" "proxy-server 20" 0.0016 "-" 25 0
Jun 11 11:00:17 standalone proxy-server[130571]: 172.18.0.2 172.18.0.100 11/Jun/2026/11/00/17 GET /v1/AUTH_883fb82d4dc5440dbc9cc9be5ae60e9c/gnocchi.8a7bc318-686b-4d4d-90e9-881acbe8a837/none_v3 HTTP/1.0 200 - python-swiftclient-3.11.1 gAAAAABqKpTNpp1R... - 31 - tx0c344a33ed9f469da3348-006a2a9541 - 0.0068 - - 1781175617.163737774 1781175617.170565128 0
Jun 11 11:00:17 standalone container-server[128582]: 172.20.0.100 - - [11/Jun/2026:11:00:17 +0000] "GET /d1/799/AUTH_883fb82d4dc5440dbc9cc9be5ae60e9c/gnocchi.8a7bc318-686b-4d4d-90e9-881acbe8a837" 200 357 "GET http://172.18.0.2:8080/v1/AUTH_883fb82d4dc5440dbc9cc9be5ae60e9c/gnocchi.8a7bc318-686b-4d4d-90e9-881acbe8a837?format=json&states=listing" "txc584340acb934e5da8473-006a2a9541" "proxy-server 20" 0.0077 "-" 22 0
Jun 11 11:00:17 standalone proxy-server[130571]: 172.18.0.2 172.18.0.100 11/Jun/2026/11/00/17 GET /v1/AUTH_883fb82d4dc5440dbc9cc9be5ae60e9c/gnocchi.8a7bc318-686b-4d4d-90e9-881acbe8a837%3Fformat%3Djson%26states%3Dlisting HTTP/1.0 200 - python-swiftclient-3.11.1 gAAAAABqKpTNpp1R... - 357 - txc584340acb934e5da8473-006a2a9541 - 0.0125 - - 1781175617.173598766 1781175617.186061144 0
Jun 11 11:00:17 standalone container-server[128582]: 172.20.0.100 - - [11/Jun/2026:11:00:17 +0000] "GET /d1/799/AUTH_883fb82d4dc5440dbc9cc9be5ae60e9c/gnocchi.8a7bc318-686b-4d4d-90e9-881acbe8a837" 200 2 "GET http://172.18.0.2:8080/v1/AUTH_883fb82d4dc5440dbc9cc9be5ae60e9c/gnocchi.8a7bc318-686b-4d4d-90e9-881acbe8a837?format=json&marker=none_v3&states=listing" "tx78e2d118f37348f0af653-006a2a9541" "proxy-server 20" 0.0015 "-" 22 0
Jun 11 11:00:17 standalone proxy-server[130571]: 172.18.0.2 172.18.0.100 11/Jun/2026/11/00/17 GET /v1/AUTH_883fb82d4dc5440dbc9cc9be5ae60e9c/gnocchi.8a7bc318-686b-4d4d-90e9-881acbe8a837%3Fformat%3Djson%26marker%3Dnone_v3%26states%3Dlisting HTTP/1.0 200 - python-swiftclient-3.11.1 gAAAAABqKpTNpp1R... - 2 - tx78e2d118f37348f0af653-006a2a9541 - 0.0084 - - 1781175617.191034079 1781175617.199437857 0
