Jun 9 13:58:50 standalone container-server[127206]: 172.20.0.100 - - [09/Jun/2026:13:58:50 +0000] "HEAD /d1/330/AUTH_0c8e2a92cd2b4a1b8fe78a5b1b80eeff/gnocchi.8ccd22fc-0adb-48f6-9a24-693ddb95eb2d" 204 - "HEAD http://172.18.0.2:8080/v1/AUTH_0c8e2a92cd2b4a1b8fe78a5b1b80eeff/gnocchi.8ccd22fc-0adb-48f6-9a24-693ddb95eb2d?format=json&states=listing" "tx3252e50c09864783bbf0a-006a281c1a" "proxy-server 20" 0.0029 "-" 20 0
Jun 9 13:58:50 standalone proxy-server[129310]: - - 09/Jun/2026/13/58/50 HEAD /v1/AUTH_0c8e2a92cd2b4a1b8fe78a5b1b80eeff/gnocchi.8ccd22fc-0adb-48f6-9a24-693ddb95eb2d%3Fformat%3Djson%26states%3Dlisting HTTP/1.0 204 - Swift - - - - tx3252e50c09864783bbf0a-006a281c1a - 0.0097 RL - 1781013530.922811985 1781013530.932482243 0
Jun 9 13:58:50 standalone container-server[127206]: 172.20.0.100 - - [09/Jun/2026:13:58:50 +0000] "GET /d1/330/AUTH_0c8e2a92cd2b4a1b8fe78a5b1b80eeff/gnocchi.8ccd22fc-0adb-48f6-9a24-693ddb95eb2d" 200 2 "GET http://172.18.0.2:8080/v1/AUTH_0c8e2a92cd2b4a1b8fe78a5b1b80eeff/gnocchi.8ccd22fc-0adb-48f6-9a24-693ddb95eb2d?format=json&states=listing" "tx3252e50c09864783bbf0a-006a281c1a" "proxy-server 20" 0.0033 "-" 20 0
Jun 9 13:58:50 standalone proxy-server[129310]: 172.18.0.2 172.18.0.100 09/Jun/2026/13/58/50 GET /v1/AUTH_0c8e2a92cd2b4a1b8fe78a5b1b80eeff/gnocchi.8ccd22fc-0adb-48f6-9a24-693ddb95eb2d%3Fformat%3Djson%26states%3Dlisting HTTP/1.0 200 - python-swiftclient-3.11.1 gAAAAABqKBuotX25... - 2 - tx3252e50c09864783bbf0a-006a281c1a - 0.0213 - - 1781013530.921062231 1781013530.942410231 0
Jun 9 13:58:50 standalone object-server[127440]: 172.20.0.100 - - [09/Jun/2026:13:58:50 +0000] "GET /d1/227/AUTH_0c8e2a92cd2b4a1b8fe78a5b1b80eeff/gnocchi.8ccd22fc-0adb-48f6-9a24-693ddb95eb2d/1780920000.0_mean_300.0_v3" 404 70 "GET http://172.18.0.2:8080/v1/AUTH_0c8e2a92cd2b4a1b8fe78a5b1b80eeff/gnocchi.8ccd22fc-0adb-48f6-9a24-693ddb95eb2d/1780920000.0_mean_300.0_v3" "txeaef38e67b5f4c9ba5604-006a281c1a" "proxy-server 20" 0.0003 "-" 23 0
Jun 9 13:58:50 standalone proxy-server[129310]: 172.18.0.2 172.18.0.100 09/Jun/2026/13/58/50 GET /v1/AUTH_0c8e2a92cd2b4a1b8fe78a5b1b80eeff/gnocchi.8ccd22fc-0adb-48f6-9a24-693ddb95eb2d/1780920000.0_mean_300.0_v3 HTTP/1.0 404 - python-swiftclient-3.11.1 gAAAAABqKBuotX25... - 70 - txeaef38e67b5f4c9ba5604-006a281c1a - 0.0044 - - 1781013530.946688175 1781013530.951072931 0
Jun 9 13:58:50 standalone container-server[127247]: 172.20.0.100 - - [09/Jun/2026:13:58:50 +0000] "PUT /d1/330/AUTH_0c8e2a92cd2b4a1b8fe78a5b1b80eeff/gnocchi.8ccd22fc-0adb-48f6-9a24-693ddb95eb2d/1780920000.0_mean_300.0_v3" 201 - "PUT http://172.18.0.2:8080/d1/227/AUTH_0c8e2a92cd2b4a1b8fe78a5b1b80eeff/gnocchi.8ccd22fc-0adb-48f6-9a24-693ddb95eb2d/1780920000.0_mean_300.0_v3" "txe2baa0965d6b4de7952c9-006a281c1a" "object-server 25" 0.0009 "-" 23 0
Jun 9 13:58:50 standalone object-server[127455]: 172.20.0.100 - - [09/Jun/2026:13:58:50 +0000] "PUT /d1/227/AUTH_0c8e2a92cd2b4a1b8fe78a5b1b80eeff/gnocchi.8ccd22fc-0adb-48f6-9a24-693ddb95eb2d/1780920000.0_mean_300.0_v3" 201 - "PUT http://172.18.0.2:8080/v1/AUTH_0c8e2a92cd2b4a1b8fe78a5b1b80eeff/gnocchi.8ccd22fc-0adb-48f6-9a24-693ddb95eb2d/1780920000.0_mean_300.0_v3" "txe2baa0965d6b4de7952c9-006a281c1a" "proxy-server 20" 0.0107 "-" 25 0
Jun 9 13:58:50 standalone proxy-server[129310]: 172.18.0.2 172.18.0.100 09/Jun/2026/13/58/50 PUT /v1/AUTH_0c8e2a92cd2b4a1b8fe78a5b1b80eeff/gnocchi.8ccd22fc-0adb-48f6-9a24-693ddb95eb2d/1780920000.0_mean_300.0_v3 HTTP/1.0 201 - python-swiftclient-3.11.1 gAAAAABqKBuotX25... 16 - - txe2baa0965d6b4de7952c9-006a281c1a - 0.0154 - - 1781013530.954149723 1781013530.969571352 0
Jun 9 13:58:50 standalone container-server[127231]: 172.20.0.100 - - [09/Jun/2026:13:58:50 +0000] "PUT /d1/330/AUTH_0c8e2a92cd2b4a1b8fe78a5b1b80eeff/gnocchi.8ccd22fc-0adb-48f6-9a24-693ddb95eb2d/none_v3" 201 - "PUT http://172.18.0.2:8080/d1/51/AUTH_0c8e2a92cd2b4a1b8fe78a5b1b80eeff/gnocchi.8ccd22fc-0adb-48f6-9a24-693ddb95eb2d/none_v3" "tx67fd52e785204048854f2-006a281c1a" "object-server 24" 0.0009 "-" 21 0
Jun 9 13:58:50 standalone object-server[127450]: 172.20.0.100 - - [09/Jun/2026:13:58:50 +0000] "PUT /d1/51/AUTH_0c8e2a92cd2b4a1b8fe78a5b1b80eeff/gnocchi.8ccd22fc-0adb-48f6-9a24-693ddb95eb2d/none_v3" 201 - "PUT http://172.18.0.2:8080/v1/AUTH_0c8e2a92cd2b4a1b8fe78a5b1b80eeff/gnocchi.8ccd22fc-0adb-48f6-9a24-693ddb95eb2d/none_v3" "tx67fd52e785204048854f2-006a281c1a" "proxy-server 20" 0.0110 "-" 24 0
Jun 9 13:58:50 standalone proxy-server[129310]: 172.18.0.2 172.18.0.100 09/Jun/2026/13/58/50 PUT /v1/AUTH_0c8e2a92cd2b4a1b8fe78a5b1b80eeff/gnocchi.8ccd22fc-0adb-48f6-9a24-693ddb95eb2d/none_v3 HTTP/1.0 201 - python-swiftclient-3.11.1 gAAAAABqKBuotX25... 22 - - tx67fd52e785204048854f2-006a281c1a - 0.0157 - - 1781013530.972313881 1781013530.987997293 0
Jun 9 13:58:51 standalone object-server[127450]: 172.20.0.100 - - [09/Jun/2026:13:58:51 +0000] "GET /d1/51/AUTH_0c8e2a92cd2b4a1b8fe78a5b1b80eeff/gnocchi.8ccd22fc-0adb-48f6-9a24-693ddb95eb2d/none_v3" 200 22 "GET http://172.18.0.2:8080/v1/AUTH_0c8e2a92cd2b4a1b8fe78a5b1b80eeff/gnocchi.8ccd22fc-0adb-48f6-9a24-693ddb95eb2d/none_v3" "txd47ae1005d3042a9a57fc-006a281c1b" "proxy-server 20" 0.0018 "-" 24 0
Jun 9 13:58:51 standalone proxy-server[129310]: 172.18.0.2 172.18.0.100 09/Jun/2026/13/58/51 GET /v1/AUTH_0c8e2a92cd2b4a1b8fe78a5b1b80eeff/gnocchi.8ccd22fc-0adb-48f6-9a24-693ddb95eb2d/none_v3 HTTP/1.0 200 - python-swiftclient-3.11.1 gAAAAABqKBuotX25... - 22 - txd47ae1005d3042a9a57fc-006a281c1b - 0.0095 - - 1781013531.379960060 1781013531.389498472 0
Jun 9 13:58:51 standalone container-server[127247]: 172.20.0.100 - - [09/Jun/2026:13:58:51 +0000] "GET /d1/330/AUTH_0c8e2a92cd2b4a1b8fe78a5b1b80eeff/gnocchi.8ccd22fc-0adb-48f6-9a24-693ddb95eb2d" 200 357 "GET http://172.18.0.2:8080/v1/AUTH_0c8e2a92cd2b4a1b8fe78a5b1b80eeff/gnocchi.8ccd22fc-0adb-48f6-9a24-693ddb95eb2d?format=json&states=listing" "tx6fbcb5a86809409dad66b-006a281c1b" "proxy-server 20" 0.0138 "-" 23 0
Jun 9 13:58:51 standalone proxy-server[129310]: 172.18.0.2 172.18.0.100 09/Jun/2026/13/58/51 GET /v1/AUTH_0c8e2a92cd2b4a1b8fe78a5b1b80eeff/gnocchi.8ccd22fc-0adb-48f6-9a24-693ddb95eb2d%3Fformat%3Djson%26states%3Dlisting HTTP/1.0 200 - python-swiftclient-3.11.1 gAAAAABqKBuotX25... - 357 - tx6fbcb5a86809409dad66b-006a281c1b - 0.0211 - - 1781013531.394797087 1781013531.415913820 0
Jun 9 13:58:51 standalone container-server[127247]: 172.20.0.100 - - [09/Jun/2026:13:58:51 +0000] "GET /d1/330/AUTH_0c8e2a92cd2b4a1b8fe78a5b1b80eeff/gnocchi.8ccd22fc-0adb-48f6-9a24-693ddb95eb2d" 200 2 "GET http://172.18.0.2:8080/v1/AUTH_0c8e2a92cd2b4a1b8fe78a5b1b80eeff/gnocchi.8ccd22fc-0adb-48f6-9a24-693ddb95eb2d?format=json&marker=none_v3&states=listing" "txbacd36145de440069a5ff-006a281c1b" "proxy-server 20" 0.0019 "-" 23 0
Jun 9 13:58:51 standalone proxy-server[129310]: 172.18.0.2 172.18.0.100 09/Jun/2026/13/58/51 GET /v1/AUTH_0c8e2a92cd2b4a1b8fe78a5b1b80eeff/gnocchi.8ccd22fc-0adb-48f6-9a24-693ddb95eb2d%3Fformat%3Djson%26marker%3Dnone_v3%26states%3Dlisting HTTP/1.0 200 - python-swiftclient-3.11.1 gAAAAABqKBuotX25... - 2 - txbacd36145de440069a5ff-006a281c1b - 0.0070 - - 1781013531.419329166 1781013531.426316261 0
Jun 9 13:58:51 standalone object-server[127438]: 172.20.0.100 - - [09/Jun/2026:13:58:51 +0000] "GET /d1/227/AUTH_0c8e2a92cd2b4a1b8fe78a5b1b80eeff/gnocchi.8ccd22fc-0adb-48f6-9a24-693ddb95eb2d/1780920000.0_mean_300.0_v3" 200 16 "GET http://172.18.0.2:8080/v1/AUTH_0c8e2a92cd2b4a1b8fe78a5b1b80eeff/gnocchi.8ccd22fc-0adb-48f6-9a24-693ddb95eb2d/1780920000.0_mean_300.0_v3" "txde58332b6db54d94a321d-006a281c1b" "proxy-server 20" 0.0011 "-" 22 0
Jun 9 13:58:51 standalone proxy-server[129310]: 172.18.0.2 172.18.0.100 09/Jun/2026/13/58/51 GET /v1/AUTH_0c8e2a92cd2b4a1b8fe78a5b1b80eeff/gnocchi.8ccd22fc-0adb-48f6-9a24-693ddb95eb2d/1780920000.0_mean_300.0_v3 HTTP/1.0 200 - python-swiftclient-3.11.1 gAAAAABqKBuotX25... - 16 - txde58332b6db54d94a321d-006a281c1b - 0.0066 - - 1781013531.430110693 1781013531.436742306 0
Jun 9 13:58:51 standalone container-server[127231]: 172.20.0.100 - - [09/Jun/2026:13:58:51 +0000] "PUT /d1/330/AUTH_0c8e2a92cd2b4a1b8fe78a5b1b80eeff/gnocchi.8ccd22fc-0adb-48f6-9a24-693ddb95eb2d/1780920000.0_mean_300.0_v3" 201 - "PUT http://172.18.0.2:8080/d1/227/AUTH_0c8e2a92cd2b4a1b8fe78a5b1b80eeff/gnocchi.8ccd22fc-0adb-48f6-9a24-693ddb95eb2d/1780920000.0_mean_300.0_v3" "txa175cb790f404356ae8a9-006a281c1b" "object-server 24" 0.0005 "-" 21 0
Jun 9 13:58:51 standalone object-server[127450]: 172.20.0.100 - - [09/Jun/2026:13:58:51 +0000] "PUT /d1/227/AUTH_0c8e2a92cd2b4a1b8fe78a5b1b80eeff/gnocchi.8ccd22fc-0adb-48f6-9a24-693ddb95eb2d/1780920000.0_mean_300.0_v3" 201 - "PUT http://172.18.0.2:8080/v1/AUTH_0c8e2a92cd2b4a1b8fe78a5b1b80eeff/gnocchi.8ccd22fc-0adb-48f6-9a24-693ddb95eb2d/1780920000.0_mean_300.0_v3" "txa175cb790f404356ae8a9-006a281c1b" "proxy-server 20" 0.0079 "-" 24 0
Jun 9 13:58:51 standalone proxy-server[129310]: 172.18.0.2 172.18.0.100 09/Jun/2026/13/58/51 PUT /v1/AUTH_0c8e2a92cd2b4a1b8fe78a5b1b80eeff/gnocchi.8ccd22fc-0adb-48f6-9a24-693ddb95eb2d/1780920000.0_mean_300.0_v3 HTTP/1.0 201 - python-swiftclient-3.11.1 gAAAAABqKBuotX25... 16 - - txa175cb790f404356ae8a9-006a281c1b - 0.0118 - - 1781013531.438802958 1781013531.450569868 0
Jun 9 13:58:51 standalone container-server[127206]: 172.20.0.100 - - [09/Jun/2026:13:58:51 +0000] "PUT /d1/330/AUTH_0c8e2a92cd2b4a1b8fe78a5b1b80eeff/gnocchi.8ccd22fc-0adb-48f6-9a24-693ddb95eb2d/none_v3" 201 - "PUT http://172.18.0.2:8080/d1/51/AUTH_0c8e2a92cd2b4a1b8fe78a5b1b80eeff/gnocchi.8ccd22fc-0adb-48f6-9a24-693ddb95eb2d/none_v3" "tx958f54b7d17949a094c75-006a281c1b" "object-server 24" 0.0009 "-" 20 0
Jun 9 13:58:51 standalone object-server[127450]: 172.20.0.100 - - [09/Jun/2026:13:58:51 +0000] "PUT /d1/51/AUTH_0c8e2a92cd2b4a1b8fe78a5b1b80eeff/gnocchi.8ccd22fc-0adb-48f6-9a24-693ddb95eb2d/none_v3" 201 - "PUT http://172.18.0.2:8080/v1/AUTH_0c8e2a92cd2b4a1b8fe78a5b1b80eeff/gnocchi.8ccd22fc-0adb-48f6-9a24-693ddb95eb2d/none_v3" "tx958f54b7d17949a094c75-006a281c1b" "proxy-server 20" 0.0083 "-" 24 0
Jun 9 13:58:51 standalone proxy-server[129310]: 172.18.0.2 172.18.0.100 09/Jun/2026/13/58/51 PUT /v1/AUTH_0c8e2a92cd2b4a1b8fe78a5b1b80eeff/gnocchi.8ccd22fc-0adb-48f6-9a24-693ddb95eb2d/none_v3 HTTP/1.0 201 - python-swiftclient-3.11.1 gAAAAABqKBuotX25... 31 - - tx958f54b7d17949a094c75-006a281c1b - 0.0121 - - 1781013531.452743530 1781013531.464874268 0
Jun 9 13:59:00 standalone account-server[127195]: 172.20.0.100 - - [09/Jun/2026:13:59:00 +0000] "HEAD /d1/506/AUTH_0c8e2a92cd2b4a1b8fe78a5b1b80eeff" 204 - "HEAD http://172.18.0.2:8080/v1/AUTH_0c8e2a92cd2b4a1b8fe78a5b1b80eeff?format=json" "txe2386330a1034481a00f4-006a281c24" "proxy-server 20" 0.0080 "-" 21 -
Jun 9 13:59:00 standalone proxy-server[129310]: - - 09/Jun/2026/13/59/00 HEAD /v1/AUTH_0c8e2a92cd2b4a1b8fe78a5b1b80eeff%3Fformat%3Djson HTTP/1.0 204 - Swift - - - - txe2386330a1034481a00f4-006a281c24 - 0.0144 RL - 1781013540.838386774 1781013540.852809906 -
Jun 9 13:59:00 standalone object-server[127455]: 172.20.0.100 - - [09/Jun/2026:13:59:00 +0000] "GET /d1/173/AUTH_0c8e2a92cd2b4a1b8fe78a5b1b80eeff/gnocchi.1effc10a-7bb7-48b0-a829-1c93bb66c785/none_v3" 200 32 "GET http://172.18.0.2:8080/v1/AUTH_0c8e2a92cd2b4a1b8fe78a5b1b80eeff/gnocchi.1effc10a-7bb7-48b0-a829-1c93bb66c785/none_v3" "txe2386330a1034481a00f4-006a281c24" "proxy-server 20" 0.0017 "-" 25 0
Jun 9 13:59:00 standalone proxy-server[129310]: 172.18.0.2 172.18.0.100 09/Jun/2026/13/59/00 GET /v1/AUTH_0c8e2a92cd2b4a1b8fe78a5b1b80eeff/gnocchi.1effc10a-7bb7-48b0-a829-1c93bb66c785/none_v3 HTTP/1.0 200 - python-swiftclient-3.11.1 gAAAAABqKBuotX25... - 32 - txe2386330a1034481a00f4-006a281c24 - 0.0253 - - 1781013540.837273598 1781013540.862583399 0
Jun 9 13:59:00 standalone container-server[127231]: 172.20.0.100 - - [09/Jun/2026:13:59:00 +0000] "GET /d1/110/AUTH_0c8e2a92cd2b4a1b8fe78a5b1b80eeff/gnocchi.1effc10a-7bb7-48b0-a829-1c93bb66c785" 200 357 "GET http://172.18.0.2:8080/v1/AUTH_0c8e2a92cd2b4a1b8fe78a5b1b80eeff/gnocchi.1effc10a-7bb7-48b0-a829-1c93bb66c785?format=json&states=listing" "tx265385e2a93c47e4bea5a-006a281c24" "proxy-server 20" 0.0217 "-" 21 0
Jun 9 13:59:00 standalone proxy-server[129310]: 172.18.0.2 172.18.0.100 09/Jun/2026/13/59/00 GET /v1/AUTH_0c8e2a92cd2b4a1b8fe78a5b1b80eeff/gnocchi.1effc10a-7bb7-48b0-a829-1c93bb66c785%3Fformat%3Djson%26states%3Dlisting HTTP/1.0 200 - python-swiftclient-3.11.1 gAAAAABqKBuotX25... - 357 - tx265385e2a93c47e4bea5a-006a281c24 - 0.0283 - - 1781013540.867296934 1781013540.895601749 0
Jun 9 13:59:00 standalone container-server[127231]: 172.20.0.100 - - [09/Jun/2026:13:59:00 +0000] "GET /d1/110/AUTH_0c8e2a92cd2b4a1b8fe78a5b1b80eeff/gnocchi.1effc10a-7bb7-48b0-a829-1c93bb66c785" 200 2 "GET http://172.18.0.2:8080/v1/AUTH_0c8e2a92cd2b4a1b8fe78a5b1b80eeff/gnocchi.1effc10a-7bb7-48b0-a829-1c93bb66c785?format=json&marker=none_v3&states=listing" "tx765ebf1bef66474fa919b-006a281c24" "proxy-server 20" 0.0034 "-" 21 0
Jun 9 13:59:00 standalone proxy-server[129310]: 172.18.0.2 172.18.0.100 09/Jun/2026/13/59/00 GET /v1/AUTH_0c8e2a92cd2b4a1b8fe78a5b1b80eeff/gnocchi.1effc10a-7bb7-48b0-a829-1c93bb66c785%3Fformat%3Djson%26marker%3Dnone_v3%26states%3Dlisting HTTP/1.0 200 - python-swiftclient-3.11.1 gAAAAABqKBuotX25... - 2 - tx765ebf1bef66474fa919b-006a281c24 - 0.0088 - - 1781013540.921555281 1781013540.930386543 0
Jun 9 13:59:00 standalone object-server[127438]: 172.20.0.100 - - [09/Jun/2026:13:59:00 +0000] "GET /d1/862/AUTH_0c8e2a92cd2b4a1b8fe78a5b1b80eeff/gnocchi.1effc10a-7bb7-48b0-a829-1c93bb66c785/1780920000.0_mean_300.0_v3" 200 16 "GET http://172.18.0.2:8080/v1/AUTH_0c8e2a92cd2b4a1b8fe78a5b1b80eeff/gnocchi.1effc10a-7bb7-48b0-a829-1c93bb66c785/1780920000.0_mean_300.0_v3" "txab4495bbe78c432784117-006a281c24" "proxy-server 20" 0.0014 "-" 22 0
Jun 9 13:59:00 standalone proxy-server[129310]: 172.18.0.2 172.18.0.100 09/Jun/2026/13/59/00 GET /v1/AUTH_0c8e2a92cd2b4a1b8fe78a5b1b80eeff/gnocchi.1effc10a-7bb7-48b0-a829-1c93bb66c785/1780920000.0_mean_300.0_v3 HTTP/1.0 200 - python-swiftclient-3.11.1 gAAAAABqKBuotX25... - 16 - txab4495bbe78c432784117-006a281c24 - 0.0092 - - 1781013540.937455893 1781013540.946682453 0
Jun 9 13:59:00 standalone container-server[127247]: 172.20.0.100 - - [09/Jun/2026:13:59:00 +0000] "PUT /d1/110/AUTH_0c8e2a92cd2b4a1b8fe78a5b1b80eeff/gnocchi.1effc10a-7bb7-48b0-a829-1c93bb66c785/1780920000.0_mean_300.0_v3" 201 - "PUT http://172.18.0.2:8080/d1/862/AUTH_0c8e2a92cd2b4a1b8fe78a5b1b80eeff/gnocchi.1effc10a-7bb7-48b0-a829-1c93bb66c785/1780920000.0_mean_300.0_v3" "tx2d59caa23c18448997056-006a281c24" "object-server 23" 0.0008 "-" 23 0
Jun 9 13:59:00 standalone object-server[127440]: 172.20.0.100 - - [09/Jun/2026:13:59:00 +0000] "PUT /d1/862/AUTH_0c8e2a92cd2b4a1b8fe78a5b1b80eeff/gnocchi.1effc10a-7bb7-48b0-a829-1c93bb66c785/1780920000.0_mean_300.0_v3" 201 - "PUT http://172.18.0.2:8080/v1/AUTH_0c8e2a92cd2b4a1b8fe78a5b1b80eeff/gnocchi.1effc10a-7bb7-48b0-a829-1c93bb66c785/1780920000.0_mean_300.0_v3" "tx2d59caa23c18448997056-006a281c24" "proxy-server 20" 0.0118 "-" 23 0
Jun 9 13:59:00 standalone proxy-server[129310]: 172.18.0.2 172.18.0.100 09/Jun/2026/13/59/00 PUT /v1/AUTH_0c8e2a92cd2b4a1b8fe78a5b1b80eeff/gnocchi.1effc10a-7bb7-48b0-a829-1c93bb66c785/1780920000.0_mean_300.0_v3 HTTP/1.0 201 - python-swiftclient-3.11.1 gAAAAABqKBuotX25... 16 - - tx2d59caa23c18448997056-006a281c24 - 0.0209 - - 1781013540.951394081 1781013540.972265720 0
Jun 9 13:59:00 standalone container-server[127247]: 172.20.0.100 - - [09/Jun/2026:13:59:00 +0000] "PUT /d1/110/AUTH_0c8e2a92cd2b4a1b8fe78a5b1b80eeff/gnocchi.1effc10a-7bb7-48b0-a829-1c93bb66c785/none_v3" 201 - "PUT http://172.18.0.2:8080/d1/173/AUTH_0c8e2a92cd2b4a1b8fe78a5b1b80eeff/gnocchi.1effc10a-7bb7-48b0-a829-1c93bb66c785/none_v3" "txfec1038fedeb4dd497d22-006a281c24" "object-server 22" 0.0003 "-" 23 0
Jun 9 13:59:01 standalone object-server[127438]: 172.20.0.100 - - [09/Jun/2026:13:59:01 +0000] "PUT /d1/173/AUTH_0c8e2a92cd2b4a1b8fe78a5b1b80eeff/gnocchi.1effc10a-7bb7-48b0-a829-1c93bb66c785/none_v3" 201 - "PUT http://172.18.0.2:8080/v1/AUTH_0c8e2a92cd2b4a1b8fe78a5b1b80eeff/gnocchi.1effc10a-7bb7-48b0-a829-1c93bb66c785/none_v3" "txfec1038fedeb4dd497d22-006a281c24" "proxy-server 20" 0.0179 "-" 22 0
Jun 9 13:59:01 standalone proxy-server[129310]: 172.18.0.2 172.18.0.100 09/Jun/2026/13/59/01 PUT /v1/AUTH_0c8e2a92cd2b4a1b8fe78a5b1b80eeff/gnocchi.1effc10a-7bb7-48b0-a829-1c93bb66c785/none_v3 HTTP/1.0 201 - python-swiftclient-3.11.1 gAAAAABqKBuotX25... 46 - - txfec1038fedeb4dd497d22-006a281c24 - 0.0262 - - 1781013540.976826906 1781013541.003074884 0
Jun 9 13:59:02 standalone object-server[127450]: 172.20.0.100 - - [09/Jun/2026:13:59:02 +0000] "GET /d1/173/AUTH_0c8e2a92cd2b4a1b8fe78a5b1b80eeff/gnocchi.1effc10a-7bb7-48b0-a829-1c93bb66c785/none_v3" 200 46 "GET http://172.18.0.2:8080/v1/AUTH_0c8e2a92cd2b4a1b8fe78a5b1b80eeff/gnocchi.1effc10a-7bb7-48b0-a829-1c93bb66c785/none_v3" "tx3968172c6b8949f6b5907-006a281c26" "proxy-server 20" 0.0009 "-" 24 0
Jun 9 13:59:02 standalone proxy-server[129310]: 172.18.0.2 172.18.0.100 09/Jun/2026/13/59/02 GET /v1/AUTH_0c8e2a92cd2b4a1b8fe78a5b1b80eeff/gnocchi.1effc10a-7bb7-48b0-a829-1c93bb66c785/none_v3 HTTP/1.0 200 - python-swiftclient-3.11.1 gAAAAABqKBuotX25... - 46 - tx3968172c6b8949f6b5907-006a281c26 - 0.0118 - - 1781013542.054964781 1781013542.066810846 0
Jun 9 13:59:02 standalone container-server[127242]: 172.20.0.100 - - [09/Jun/2026:13:59:02 +0000] "GET /d1/110/AUTH_0c8e2a92cd2b4a1b8fe78a5b1b80eeff/gnocchi.1effc10a-7bb7-48b0-a829-1c93bb66c785" 200 357 "GET http://172.18.0.2:8080/v1/AUTH_0c8e2a92cd2b4a1b8fe78a5b1b80eeff/gnocchi.1effc10a-7bb7-48b0-a829-1c93bb66c785?format=json&states=listing" "txfd21b7722d8241b3ae5df-006a281c26" "proxy-server 20" 0.0131 "-" 22 0
Jun 9 13:59:02 standalone proxy-server[129310]: 172.18.0.2 172.18.0.100 09/Jun/2026/13/59/02 GET /v1/AUTH_0c8e2a92cd2b4a1b8fe78a5b1b80eeff/gnocchi.1effc10a-7bb7-48b0-a829-1c93bb66c785%3Fformat%3Djson%26states%3Dlisting HTTP/1.0 200 - python-swiftclient-3.11.1 gAAAAABqKBuotX25... - 357 - txfd21b7722d8241b3ae5df-006a281c26 - 0.0242 - - 1781013542.077259541 1781013542.101503849 0
Jun 9 13:59:02 standalone container-server[127206]: 172.20.0.100 - - [09/Jun/2026:13:59:02 +0000] "GET /d1/110/AUTH_0c8e2a92cd2b4a1b8fe78a5b1b80eeff/gnocchi.1effc10a-7bb7-48b0-a829-1c93bb66c785" 200 2 "GET http://172.18.0.2:8080/v1/AUTH_0c8e2a92cd2b4a1b8fe78a5b1b80eeff/gnocchi.1effc10a-7bb7-48b0-a829-1c93bb66c785?format=json&marker=none_v3&states=listing" "tx76ddaf26beac421192a1f-006a281c26" "proxy-server 20" 0.0019 "-" 20 0
Jun 9 13:59:02 standalone proxy-server[129310]: 172.18.0.2 172.18.0.100 09/Jun/2026/13/59/02 GET /v1/AUTH_0c8e2a92cd2b4a1b8fe78a5b1b80eeff/gnocchi.1effc10a-7bb7-48b0-a829-1c93bb66c785%3Fformat%3Djson%26marker%3Dnone_v3%26states%3Dlisting HTTP/1.0 200 - python-swiftclient-3.11.1 gAAAAABqKBuotX25... - 2 - tx76ddaf26beac421192a1f-006a281c26 - 0.0090 - - 1781013542.114995003 1781013542.124009609 0
Jun 9 13:59:02 standalone object-server[127450]: 172.20.0.100 - - [09/Jun/2026:13:59:02 +0000] "GET /d1/862/AUTH_0c8e2a92cd2b4a1b8fe78a5b1b80eeff/gnocchi.1effc10a-7bb7-48b0-a829-1c93bb66c785/1780920000.0_mean_300.0_v3" 200 16 "GET http://172.18.0.2:8080/v1/AUTH_0c8e2a92cd2b4a1b8fe78a5b1b80eeff/gnocchi.1effc10a-7bb7-48b0-a829-1c93bb66c785/1780920000.0_mean_300.0_v3" "tx1032a42a99ec480fa04a0-006a281c26" "proxy-server 20" 0.0008 "-" 24 0
Jun 9 13:59:02 standalone proxy-server[129310]: 172.18.0.2 172.18.0.100 09/Jun/2026/13/59/02 GET /v1/AUTH_0c8e2a92cd2b4a1b8fe78a5b1b80eeff/gnocchi.1effc10a-7bb7-48b0-a829-1c93bb66c785/1780920000.0_mean_300.0_v3 HTTP/1.0 200 - python-swiftclient-3.11.1 gAAAAABqKBuotX25... - 16 - tx1032a42a99ec480fa04a0-006a281c26 - 0.0075 - - 1781013542.131203890 1781013542.138728380 0
Jun 9 13:59:02 standalone container-server[127247]: 172.20.0.100 - - [09/Jun/2026:13:59:02 +0000] "PUT /d1/110/AUTH_0c8e2a92cd2b4a1b8fe78a5b1b80eeff/gnocchi.1effc10a-7bb7-48b0-a829-1c93bb66c785/1780920000.0_mean_300.0_v3" 201 - "PUT http://172.18.0.2:8080/d1/862/AUTH_0c8e2a92cd2b4a1b8fe78a5b1b80eeff/gnocchi.1effc10a-7bb7-48b0-a829-1c93bb66c785/1780920000.0_mean_300.0_v3" "txf1c81ffd019044819f767-006a281c26" "object-server 23" 0.0008 "-" 23 0
Jun 9 13:59:02 standalone object-server[127440]: 172.20.0.100 - - [09/Jun/2026:13:59:02 +0000] "PUT /d1/862/AUTH_0c8e2a92cd2b4a1b8fe78a5b1b80eeff/gnocchi.1effc10a-7bb7-48b0-a829-1c93bb66c785/1780920000.0_mean_300.0_v3" 201 - "PUT http://172.18.0.2:8080/v1/AUTH_0c8e2a92cd2b4a1b8fe78a5b1b80eeff/gnocchi.1effc10a-7bb7-48b0-a829-1c93bb66c785/1780920000.0_mean_300.0_v3" "txf1c81ffd019044819f767-006a281c26" "proxy-server 20" 0.0092 "-" 23 0
Jun 9 13:59:02 standalone proxy-server[129310]: 172.18.0.2 172.18.0.100 09/Jun/2026/13/59/02 PUT /v1/AUTH_0c8e2a92cd2b4a1b8fe78a5b1b80eeff/gnocchi.1effc10a-7bb7-48b0-a829-1c93bb66c785/1780920000.0_mean_300.0_v3 HTTP/1.0 201 - python-swiftclient-3.11.1 gAAAAABqKBuotX25... 16 - - txf1c81ffd019044819f767-006a281c26 - 0.0164 - - 1781013542.141281605 1781013542.157668352 0
Jun 9 13:59:02 standalone container-server[127231]: 172.20.0.100 - - [09/Jun/2026:13:59:02 +0000] "PUT /d1/110/AUTH_0c8e2a92cd2b4a1b8fe78a5b1b80eeff/gnocchi.1effc10a-7bb7-48b0-a829-1c93bb66c785/none_v3" 201 - "PUT http://172.18.0.2:8080/d1/173/AUTH_0c8e2a92cd2b4a1b8fe78a5b1b80eeff/gnocchi.1effc10a-7bb7-48b0-a829-1c93bb66c785/none_v3" "txbf7d0864e0274a5ea948b-006a281c26" "object-server 25" 0.0006 "-" 21 0
Jun 9 13:59:02 standalone object-server[127455]: 172.20.0.100 - - [09/Jun/2026:13:59:02 +0000] "PUT /d1/173/AUTH_0c8e2a92cd2b4a1b8fe78a5b1b80eeff/gnocchi.1effc10a-7bb7-48b0-a829-1c93bb66c785/none_v3" 201 - "PUT http://172.18.0.2:8080/v1/AUTH_0c8e2a92cd2b4a1b8fe78a5b1b80eeff/gnocchi.1effc10a-7bb7-48b0-a829-1c93bb66c785/none_v3" "txbf7d0864e0274a5ea948b-006a281c26" "proxy-server 20" 0.0127 "-" 25 0
Jun 9 13:59:02 standalone proxy-server[129310]: 172.18.0.2 172.18.0.100 09/Jun/2026/13/59/02 PUT /v1/AUTH_0c8e2a92cd2b4a1b8fe78a5b1b80eeff/gnocchi.1effc10a-7bb7-48b0-a829-1c93bb66c785/none_v3 HTTP/1.0 201 - python-swiftclient-3.11.1 gAAAAABqKBuotX25... 51 - - txbf7d0864e0274a5ea948b-006a281c26 - 0.0228 - - 1781013542.160280943 1781013542.183055401 0
Jun 9 13:59:02 standalone object-server[127440]: 172.20.0.100 - - [09/Jun/2026:13:59:02 +0000] "GET /d1/675/AUTH_0c8e2a92cd2b4a1b8fe78a5b1b80eeff/gnocchi.f4dd05d6-7023-490e-88a9-ce8db003dd9f/none_v3" 200 22 "GET http://172.18.0.2:8080/v1/AUTH_0c8e2a92cd2b4a1b8fe78a5b1b80eeff/gnocchi.f4dd05d6-7023-490e-88a9-ce8db003dd9f/none_v3" "tx2e68ee39e6f448f892191-006a281c26" "proxy-server 20" 0.0009 "-" 23 0
Jun 9 13:59:02 standalone proxy-server[129310]: 172.18.0.2 172.18.0.100 09/Jun/2026/13/59/02 GET /v1/AUTH_0c8e2a92cd2b4a1b8fe78a5b1b80eeff/gnocchi.f4dd05d6-7023-490e-88a9-ce8db003dd9f/none_v3 HTTP/1.0 200 - python-swiftclient-3.11.1 gAAAAABqKBuotX25... - 22 - tx2e68ee39e6f448f892191-006a281c26 - 0.0077 - - 1781013542.195744753 1781013542.203473568 0
Jun 9 13:59:02 standalone container-server[127247]: 172.20.0.100 - - [09/Jun/2026:13:59:02 +0000] "GET /d1/89/AUTH_0c8e2a92cd2b4a1b8fe78a5b1b80eeff/gnocchi.f4dd05d6-7023-490e-88a9-ce8db003dd9f" 200 357 "GET http://172.18.0.2:8080/v1/AUTH_0c8e2a92cd2b4a1b8fe78a5b1b80eeff/gnocchi.f4dd05d6-7023-490e-88a9-ce8db003dd9f?format=json&states=listing" "txe5b4c2383acf4cf3aa9d9-006a281c26" "proxy-server 20" 0.0137 "-" 23 0
Jun 9 13:59:02 standalone proxy-server[129310]: 172.18.0.2 172.18.0.100 09/Jun/2026/13/59/02 GET /v1/AUTH_0c8e2a92cd2b4a1b8fe78a5b1b80eeff/gnocchi.f4dd05d6-7023-490e-88a9-ce8db003dd9f%3Fformat%3Djson%26states%3Dlisting HTTP/1.0 200 - python-swiftclient-3.11.1 gAAAAABqKBuotX25... - 357 - txe5b4c2383acf4cf3aa9d9-006a281c26 - 0.0199 - - 1781013542.206319332 1781013542.226240396 0
Jun 9 13:59:02 standalone container-server[127242]: 172.20.0.100 - - [09/Jun/2026:13:59:02 +0000] "GET /d1/89/AUTH_0c8e2a92cd2b4a1b8fe78a5b1b80eeff/gnocchi.f4dd05d6-7023-490e-88a9-ce8db003dd9f" 200 2 "GET http://172.18.0.2:8080/v1/AUTH_0c8e2a92cd2b4a1b8fe78a5b1b80eeff/gnocchi.f4dd05d6-7023-490e-88a9-ce8db003dd9f?format=json&marker=none_v3&states=listing" "txec8e74f8d7d24776b2d49-006a281c26" "proxy-server 20" 0.0020 "-" 22 0
Jun 9 13:59:02 standalone proxy-server[129310]: 172.18.0.2 172.18.0.100 09/Jun/2026/13/59/02 GET /v1/AUTH_0c8e2a92cd2b4a1b8fe78a5b1b80eeff/gnocchi.f4dd05d6-7023-490e-88a9-ce8db003dd9f%3Fformat%3Djson%26marker%3Dnone_v3%26states%3Dlisting HTTP/1.0 200 - python-swiftclient-3.11.1 gAAAAABqKBuotX25... - 2 - txec8e74f8d7d24776b2d49-006a281c26 - 0.0090 - - 1781013542.229624271 1781013542.238658667 0
Jun 9 13:59:02 standalone object-server[127438]: 172.20.0.100 - - [09/Jun/2026:13:59:02 +0000] "GET /d1/554/AUTH_0c8e2a92cd2b4a1b8fe78a5b1b80eeff/gnocchi.f4dd05d6-7023-490e-88a9-ce8db003dd9f/1780920000.0_mean_300.0_v3" 200 16 "GET http://172.18.0.2:8080/v1/AUTH_0c8e2a92cd2b4a1b8fe78a5b1b80eeff/gnocchi.f4dd05d6-7023-490e-88a9-ce8db003dd9f/1780920000.0_mean_300.0_v3" "tx1c3281af7cda40c6b1d57-006a281c26" "proxy-server 20" 0.0007 "-" 22 0
Jun 9 13:59:02 standalone proxy-server[129310]: 172.18.0.2 172.18.0.100 09/Jun/2026/13/59/02 GET /v1/AUTH_0c8e2a92cd2b4a1b8fe78a5b1b80eeff/gnocchi.f4dd05d6-7023-490e-88a9-ce8db003dd9f/1780920000.0_mean_300.0_v3 HTTP/1.0 200 - python-swiftclient-3.11.1 gAAAAABqKBuotX25... - 16 - tx1c3281af7cda40c6b1d57-006a281c26 - 0.0056 - - 1781013542.241177797 1781013542.246769190 0
Jun 9 13:59:02 standalone container-server[127247]: 172.20.0.100 - - [09/Jun/2026:13:59:02 +0000] "PUT /d1/89/AUTH_0c8e2a92cd2b4a1b8fe78a5b1b80eeff/gnocchi.f4dd05d6-7023-490e-88a9-ce8db003dd9f/1780920000.0_mean_300.0_v3" 201 - "PUT http://172.18.0.2:8080/d1/554/AUTH_0c8e2a92cd2b4a1b8fe78a5b1b80eeff/gnocchi.f4dd05d6-7023-490e-88a9-ce8db003dd9f/1780920000.0_mean_300.0_v3" "txbe07814f783f4b59b4288-006a281c26" "object-server 22" 0.0009 "-" 23 0
Jun 9 13:59:02 standalone object-server[127438]: 172.20.0.100 - - [09/Jun/2026:13:59:02 +0000] "PUT /d1/554/AUTH_0c8e2a92cd2b4a1b8fe78a5b1b80eeff/gnocchi.f4dd05d6-7023-490e-88a9-ce8db003dd9f/1780920000.0_mean_300.0_v3" 201 - "PUT http://172.18.0.2:8080/v1/AUTH_0c8e2a92cd2b4a1b8fe78a5b1b80eeff/gnocchi.f4dd05d6-7023-490e-88a9-ce8db003dd9f/1780920000.0_mean_300.0_v3" "txbe07814f783f4b59b4288-006a281c26" "proxy-server 20" 0.0254 "-" 22 0
Jun 9 13:59:02 standalone proxy-server[129310]: 172.18.0.2 172.18.0.100 09/Jun/2026/13/59/02 PUT /v1/AUTH_0c8e2a92cd2b4a1b8fe78a5b1b80eeff/gnocchi.f4dd05d6-7023-490e-88a9-ce8db003dd9f/1780920000.0_mean_300.0_v3 HTTP/1.0 201 - python-swiftclient-3.11.1 gAAAAABqKBuotX25... 16 - - txbe07814f783f4b59b4288-006a281c26 - 0.0292 - - 1781013542.248654366 1781013542.277839661 0
Jun 9 13:59:02 standalone container-server[127231]: 172.20.0.100 - - [09/Jun/2026:13:59:02 +0000] "PUT /d1/89/AUTH_0c8e2a92cd2b4a1b8fe78a5b1b80eeff/gnocchi.f4dd05d6-7023-490e-88a9-ce8db003dd9f/none_v3" 201 - "PUT http://172.18.0.2:8080/d1/675/AUTH_0c8e2a92cd2b4a1b8fe78a5b1b80eeff/gnocchi.f4dd05d6-7023-490e-88a9-ce8db003dd9f/none_v3" "tx1c9e282bbb714147a2654-006a281c26" "object-server 24" 0.0005 "-" 21 0
Jun 9 13:59:02 standalone object-server[127450]: 172.20.0.100 - - [09/Jun/2026:13:59:02 +0000] "PUT /d1/675/AUTH_0c8e2a92cd2b4a1b8fe78a5b1b80eeff/gnocchi.f4dd05d6-7023-490e-88a9-ce8db003dd9f/none_v3" 201 - "PUT http://172.18.0.2:8080/v1/AUTH_0c8e2a92cd2b4a1b8fe78a5b1b80eeff/gnocchi.f4dd05d6-7023-490e-88a9-ce8db003dd9f/none_v3" "tx1c9e282bbb714147a2654-006a281c26" "proxy-server 20" 0.0085 "-" 24 0
Jun 9 13:59:02 standalone proxy-server[129310]: 172.18.0.2 172.18.0.100 09/Jun/2026/13/59/02 PUT /v1/AUTH_0c8e2a92cd2b4a1b8fe78a5b1b80eeff/gnocchi.f4dd05d6-7023-490e-88a9-ce8db003dd9f/none_v3 HTTP/1.0 201 - python-swiftclient-3.11.1 gAAAAABqKBuotX25... 32 - - tx1c9e282bbb714147a2654-006a281c26 - 0.0122 - - 1781013542.280341864 1781013542.292501211 0
Jun 9 13:59:02 standalone object-server[127450]: 172.20.0.100 - - [09/Jun/2026:13:59:02 +0000] "GET /d1/919/AUTH_0c8e2a92cd2b4a1b8fe78a5b1b80eeff/gnocchi.2da37f32-9712-4eaf-a8ec-94b99ee595f3/none_v3" 200 22 "GET http://172.18.0.2:8080/v1/AUTH_0c8e2a92cd2b4a1b8fe78a5b1b80eeff/gnocchi.2da37f32-9712-4eaf-a8ec-94b99ee595f3/none_v3" "tx2fef3940447e42b797ab6-006a281c26" "proxy-server 20" 0.0008 "-" 24 0
Jun 9 13:59:02 standalone proxy-server[129310]: 172.18.0.2 172.18.0.100 09/Jun/2026/13/59/02 GET /v1/AUTH_0c8e2a92cd2b4a1b8fe78a5b1b80eeff/gnocchi.2da37f32-9712-4eaf-a8ec-94b99ee595f3/none_v3 HTTP/1.0 200 - python-swiftclient-3.11.1 gAAAAABqKBuotX25... - 22 - tx2fef3940447e42b797ab6-006a281c26 - 0.0097 - - 1781013542.352166176 1781013542.361904621 0
Jun 9 13:59:02 standalone container-server[127242]: 172.20.0.100 - - [09/Jun/2026:13:59:02 +0000] "GET /d1/243/AUTH_0c8e2a92cd2b4a1b8fe78a5b1b80eeff/gnocchi.2da37f32-9712-4eaf-a8ec-94b99ee595f3" 200 357 "GET http://172.18.0.2:8080/v1/AUTH_0c8e2a92cd2b4a1b8fe78a5b1b80eeff/gnocchi.2da37f32-9712-4eaf-a8ec-94b99ee595f3?format=json&states=listing" "txf829cc5bef1e4a34bed98-006a281c26" "proxy-server 20" 0.0056 "-" 22 0
Jun 9 13:59:02 standalone proxy-server[129310]: 172.18.0.2 172.18.0.100 09/Jun/2026/13/59/02 GET /v1/AUTH_0c8e2a92cd2b4a1b8fe78a5b1b80eeff/gnocchi.2da37f32-9712-4eaf-a8ec-94b99ee595f3%3Fformat%3Djson%26states%3Dlisting HTTP/1.0 200 - python-swiftclient-3.11.1 gAAAAABqKBuotX25... - 357 - txf829cc5bef1e4a34bed98-006a281c26 - 0.0164 - - 1781013542.364984035 1781013542.381345272 0
Jun 9 13:59:02 standalone container-server[127247]: 172.20.0.100 - - [09/Jun/2026:13:59:02 +0000] "GET /d1/243/AUTH_0c8e2a92cd2b4a1b8fe78a5b1b80eeff/gnocchi.2da37f32-9712-4eaf-a8ec-94b99ee595f3" 200 2 "GET http://172.18.0.2:8080/v1/AUTH_0c8e2a92cd2b4a1b8fe78a5b1b80eeff/gnocchi.2da37f32-9712-4eaf-a8ec-94b99ee595f3?format=json&marker=none_v3&states=listing" "tx4e81aaed0122463b8e9b4-006a281c26" "proxy-server 20" 0.0021 "-" 23 0
Jun 9 13:59:02 standalone proxy-server[129310]: 172.18.0.2 172.18.0.100 09/Jun/2026/13/59/02 GET /v1/AUTH_0c8e2a92cd2b4a1b8fe78a5b1b80eeff/gnocchi.2da37f32-9712-4eaf-a8ec-94b99ee595f3%3Fformat%3Djson%26marker%3Dnone_v3%26states%3Dlisting HTTP/1.0 200 - python-swiftclient-3.11.1 gAAAAABqKBuotX25... - 2 - tx4e81aaed0122463b8e9b4-006a281c26 - 0.0097 - - 1781013542.383826971 1781013542.393529892 0
Jun 9 13:59:02 standalone object-server[127438]: 172.20.0.100 - - [09/Jun/2026:13:59:02 +0000] "GET /d1/768/AUTH_0c8e2a92cd2b4a1b8fe78a5b1b80eeff/gnocchi.2da37f32-9712-4eaf-a8ec-94b99ee595f3/1780920000.0_mean_300.0_v3" 200 16 "GET http://172.18.0.2:8080/v1/AUTH_0c8e2a92cd2b4a1b8fe78a5b1b80eeff/gnocchi.2da37f32-9712-4eaf-a8ec-94b99ee595f3/1780920000.0_mean_300.0_v3" "tx0c87c3320b844fca9f2b7-006a281c26" "proxy-server 20" 0.0009 "-" 22 0
Jun 9 13:59:02 standalone proxy-server[129310]: 172.18.0.2 172.18.0.100 09/Jun/2026/13/59/02 GET /v1/AUTH_0c8e2a92cd2b4a1b8fe78a5b1b80eeff/gnocchi.2da37f32-9712-4eaf-a8ec-94b99ee595f3/1780920000.0_mean_300.0_v3 HTTP/1.0 200 - python-swiftclient-3.11.1 gAAAAABqKBuotX25... - 16 - tx0c87c3320b844fca9f2b7-006a281c26 - 0.0065 - - 1781013542.397351980 1781013542.403885603 0
Jun 9 13:59:02 standalone container-server[127242]: 172.20.0.100 - - [09/Jun/2026:13:59:02 +0000] "PUT /d1/243/AUTH_0c8e2a92cd2b4a1b8fe78a5b1b80eeff/gnocchi.2da37f32-9712-4eaf-a8ec-94b99ee595f3/1780920000.0_mean_300.0_v3" 201 - "PUT http://172.18.0.2:8080/d1/768/AUTH_0c8e2a92cd2b4a1b8fe78a5b1b80eeff/gnocchi.2da37f32-9712-4eaf-a8ec-94b99ee595f3/1780920000.0_mean_300.0_v3" "tx30d16bcda39c4e0d8cb5c-006a281c26" "object-server 25" 0.0007 "-" 22 0
Jun 9 13:59:02 standalone object-server[127455]: 172.20.0.100 - - [09/Jun/2026:13:59:02 +0000] "PUT /d1/768/AUTH_0c8e2a92cd2b4a1b8fe78a5b1b80eeff/gnocchi.2da37f32-9712-4eaf-a8ec-94b99ee595f3/1780920000.0_mean_300.0_v3" 201 - "PUT http://172.18.0.2:8080/v1/AUTH_0c8e2a92cd2b4a1b8fe78a5b1b80eeff/gnocchi.2da37f32-9712-4eaf-a8ec-94b99ee595f3/1780920000.0_mean_300.0_v3" "tx30d16bcda39c4e0d8cb5c-006a281c26" "proxy-server 20" 0.0159 "-" 25 0
Jun 9 13:59:02 standalone proxy-server[129310]: 172.18.0.2 172.18.0.100 09/Jun/2026/13/59/02 PUT /v1/AUTH_0c8e2a92cd2b4a1b8fe78a5b1b80eeff/gnocchi.2da37f32-9712-4eaf-a8ec-94b99ee595f3/1780920000.0_mean_300.0_v3 HTTP/1.0 201 - python-swiftclient-3.11.1 gAAAAABqKBuotX25... 16 - - tx30d16bcda39c4e0d8cb5c-006a281c26 - 0.0208 - - 1781013542.406495333 1781013542.427304983 0
Jun 9 13:59:02 standalone container-server[127206]: 172.20.0.100 - - [09/Jun/2026:13:59:02 +0000] "PUT /d1/243/AUTH_0c8e2a92cd2b4a1b8fe78a5b1b80eeff/gnocchi.2da37f32-9712-4eaf-a8ec-94b99ee595f3/none_v3" 201 - "PUT http://172.18.0.2:8080/d1/919/AUTH_0c8e2a92cd2b4a1b8fe78a5b1b80eeff/gnocchi.2da37f32-9712-4eaf-a8ec-94b99ee595f3/none_v3" "tx1c21cb52175a486c877ee-006a281c26" "object-server 24" 0.0007 "-" 20 0
Jun 9 13:59:02 standalone object-server[127450]: 172.20.0.100 - - [09/Jun/2026:13:59:02 +0000] "PUT /d1/919/AUTH_0c8e2a92cd2b4a1b8fe78a5b1b80eeff/gnocchi.2da37f32-9712-4eaf-a8ec-94b99ee595f3/none_v3" 201 - "PUT http://172.18.0.2:8080/v1/AUTH_0c8e2a92cd2b4a1b8fe78a5b1b80eeff/gnocchi.2da37f32-9712-4eaf-a8ec-94b99ee595f3/none_v3" "tx1c21cb52175a486c877ee-006a281c26" "proxy-server 20" 0.0137 "-" 24 0
Jun 9 13:59:02 standalone proxy-server[129310]: 172.18.0.2 172.18.0.100 09/Jun/2026/13/59/02 PUT /v1/AUTH_0c8e2a92cd2b4a1b8fe78a5b1b80eeff/gnocchi.2da37f32-9712-4eaf-a8ec-94b99ee595f3/none_v3 HTTP/1.0 201 - python-swiftclient-3.11.1 gAAAAABqKBuotX25... 32 - - tx1c21cb52175a486c877ee-006a281c26 - 0.0204 - - 1781013542.431982994 1781013542.452345848 0
Jun 9 13:59:02 standalone object-server[127455]: 172.20.0.100 - - [09/Jun/2026:13:59:02 +0000] "GET /d1/802/AUTH_0c8e2a92cd2b4a1b8fe78a5b1b80eeff/gnocchi.8e47622a-9cbd-46dd-a0e7-22bafea0d4bb/none_v3" 200 22 "GET http://172.18.0.2:8080/v1/AUTH_0c8e2a92cd2b4a1b8fe78a5b1b80eeff/gnocchi.8e47622a-9cbd-46dd-a0e7-22bafea0d4bb/none_v3" "tx8daf158c961a4eeab89a5-006a281c26" "proxy-server 20" 0.0008 "-" 25 0
Jun 9 13:59:02 standalone proxy-server[129310]: 172.18.0.2 172.18.0.100 09/Jun/2026/13/59/02 GET /v1/AUTH_0c8e2a92cd2b4a1b8fe78a5b1b80eeff/gnocchi.8e47622a-9cbd-46dd-a0e7-22bafea0d4bb/none_v3 HTTP/1.0 200 - python-swiftclient-3.11.1 gAAAAABqKBuotX25... - 22 - tx8daf158c961a4eeab89a5-006a281c26 - 0.0056 - - 1781013542.459910870 1781013542.465547085 0
Jun 9 13:59:02 standalone container-server[127247]: 172.20.0.100 - - [09/Jun/2026:13:59:02 +0000] "GET /d1/429/AUTH_0c8e2a92cd2b4a1b8fe78a5b1b80eeff/gnocchi.8e47622a-9cbd-46dd-a0e7-22bafea0d4bb" 200 357 "GET http://172.18.0.2:8080/v1/AUTH_0c8e2a92cd2b4a1b8fe78a5b1b80eeff/gnocchi.8e47622a-9cbd-46dd-a0e7-22bafea0d4bb?format=json&states=listing" "tx18e2cf6411894b26bcf18-006a281c26" "proxy-server 20" 0.0079 "-" 23 0
Jun 9 13:59:02 standalone proxy-server[129310]: 172.18.0.2 172.18.0.100 09/Jun/2026/13/59/02 GET /v1/AUTH_0c8e2a92cd2b4a1b8fe78a5b1b80eeff/gnocchi.8e47622a-9cbd-46dd-a0e7-22bafea0d4bb%3Fformat%3Djson%26states%3Dlisting HTTP/1.0 200 - python-swiftclient-3.11.1 gAAAAABqKBuotX25... - 357 - tx18e2cf6411894b26bcf18-006a281c26 - 0.0126 - - 1781013542.467941284 1781013542.480542660 0
Jun 9 13:59:02 standalone container-server[127242]: 172.20.0.100 - - [09/Jun/2026:13:59:02 +0000] "GET /d1/429/AUTH_0c8e2a92cd2b4a1b8fe78a5b1b80eeff/gnocchi.8e47622a-9cbd-46dd-a0e7-22bafea0d4bb" 200 2 "GET http://172.18.0.2:8080/v1/AUTH_0c8e2a92cd2b4a1b8fe78a5b1b80eeff/gnocchi.8e47622a-9cbd-46dd-a0e7-22bafea0d4bb?format=json&marker=none_v3&states=listing" "tx879e915d6e7e4dd9a4cda-006a281c26" "proxy-server 20" 0.0034 "-" 22 0
Jun 9 13:59:02 standalone proxy-server[129310]: 172.18.0.2 172.18.0.100 09/Jun/2026/13/59/02 GET /v1/AUTH_0c8e2a92cd2b4a1b8fe78a5b1b80eeff/gnocchi.8e47622a-9cbd-46dd-a0e7-22bafea0d4bb%3Fformat%3Djson%26marker%3Dnone_v3%26states%3Dlisting HTTP/1.0 200 - python-swiftclient-3.11.1 gAAAAABqKBuotX25... - 2 - tx879e915d6e7e4dd9a4cda-006a281c26 - 0.0082 - - 1781013542.482339859 1781013542.490565300 0
Jun 9 13:59:02 standalone object-server[127440]: 172.20.0.100 - - [09/Jun/2026:13:59:02 +0000] "GET /d1/809/AUTH_0c8e2a92cd2b4a1b8fe78a5b1b80eeff/gnocchi.8e47622a-9cbd-46dd-a0e7-22bafea0d4bb/1780920000.0_mean_300.0_v3" 200 16 "GET http://172.18.0.2:8080/v1/AUTH_0c8e2a92cd2b4a1b8fe78a5b1b80eeff/gnocchi.8e47622a-9cbd-46dd-a0e7-22bafea0d4bb/1780920000.0_mean_300.0_v3" "tx77915e84493b4a319b21a-006a281c26" "proxy-server 20" 0.0007 "-" 23 0
Jun 9 13:59:02 standalone proxy-server[129310]: 172.18.0.2 172.18.0.100 09/Jun/2026/13/59/02 GET /v1/AUTH_0c8e2a92cd2b4a1b8fe78a5b1b80eeff/gnocchi.8e47622a-9cbd-46dd-a0e7-22bafea0d4bb/1780920000.0_mean_300.0_v3 HTTP/1.0 200 - python-swiftclient-3.11.1 gAAAAABqKBuotX25... - 16 - tx77915e84493b4a319b21a-006a281c26 - 0.0060 - - 1781013542.493150949 1781013542.499108553 0
Jun 9 13:59:02 standalone container-server[127242]: 172.20.0.100 - - [09/Jun/2026:13:59:02 +0000] "PUT /d1/429/AUTH_0c8e2a92cd2b4a1b8fe78a5b1b80eeff/gnocchi.8e47622a-9cbd-46dd-a0e7-22bafea0d4bb/1780920000.0_mean_300.0_v3" 201 - "PUT http://172.18.0.2:8080/d1/809/AUTH_0c8e2a92cd2b4a1b8fe78a5b1b80eeff/gnocchi.8e47622a-9cbd-46dd-a0e7-22bafea0d4bb/1780920000.0_mean_300.0_v3" "txce0ed825351447188d541-006a281c26" "object-server 23" 0.0006 "-" 22 0
Jun 9 13:59:02 standalone object-server[127440]: 172.20.0.100 - - [09/Jun/2026:13:59:02 +0000] "PUT /d1/809/AUTH_0c8e2a92cd2b4a1b8fe78a5b1b80eeff/gnocchi.8e47622a-9cbd-46dd-a0e7-22bafea0d4bb/1780920000.0_mean_300.0_v3" 201 - "PUT http://172.18.0.2:8080/v1/AUTH_0c8e2a92cd2b4a1b8fe78a5b1b80eeff/gnocchi.8e47622a-9cbd-46dd-a0e7-22bafea0d4bb/1780920000.0_mean_300.0_v3" "txce0ed825351447188d541-006a281c26" "proxy-server 20" 0.0114 "-" 23 0
Jun 9 13:59:02 standalone proxy-server[129310]: 172.18.0.2 172.18.0.100 09/Jun/2026/13/59/02 PUT /v1/AUTH_0c8e2a92cd2b4a1b8fe78a5b1b80eeff/gnocchi.8e47622a-9cbd-46dd-a0e7-22bafea0d4bb/1780920000.0_mean_300.0_v3 HTTP/1.0 201 - python-swiftclient-3.11.1 gAAAAABqKBuotX25... 16 - - txce0ed825351447188d541-006a281c26 - 0.0161 - - 1781013542.501176119 1781013542.517322540 0
Jun 9 13:59:02 standalone container-server[127247]: 172.20.0.100 - - [09/Jun/2026:13:59:02 +0000] "PUT /d1/429/AUTH_0c8e2a92cd2b4a1b8fe78a5b1b80eeff/gnocchi.8e47622a-9cbd-46dd-a0e7-22bafea0d4bb/none_v3" 201 - "PUT http://172.18.0.2:8080/d1/802/AUTH_0c8e2a92cd2b4a1b8fe78a5b1b80eeff/gnocchi.8e47622a-9cbd-46dd-a0e7-22bafea0d4bb/none_v3" "txd85a5e61a1f44fec92ef3-006a281c26" "object-server 23" 0.0007 "-" 23 0
Jun 9 13:59:02 standalone object-server[127440]: 172.20.0.100 - - [09/Jun/2026:13:59:02 +0000] "PUT /d1/802/AUTH_0c8e2a92cd2b4a1b8fe78a5b1b80eeff/gnocchi.8e47622a-9cbd-46dd-a0e7-22bafea0d4bb/none_v3" 201 - "PUT http://172.18.0.2:8080/v1/AUTH_0c8e2a92cd2b4a1b8fe78a5b1b80eeff/gnocchi.8e47622a-9cbd-46dd-a0e7-22bafea0d4bb/none_v3" "txd85a5e61a1f44fec92ef3-006a281c26" "proxy-server 20" 0.0096 "-" 23 0
Jun 9 13:59:02 standalone proxy-server[129310]: 172.18.0.2 172.18.0.100 09/Jun/2026/13/59/02 PUT /v1/AUTH_0c8e2a92cd2b4a1b8fe78a5b1b80eeff/gnocchi.8e47622a-9cbd-46dd-a0e7-22bafea0d4bb/none_v3 HTTP/1.0 201 - python-swiftclient-3.11.1 gAAAAABqKBuotX25... 32 - - txd85a5e61a1f44fec92ef3-006a281c26 - 0.0148 - - 1781013542.519008875 1781013542.533809900 0
Jun 9 13:59:02 standalone object-server[127455]: 172.20.0.100 - - [09/Jun/2026:13:59:02 +0000] "GET /d1/706/AUTH_0c8e2a92cd2b4a1b8fe78a5b1b80eeff/gnocchi.09bf1c09-de14-49ee-b49b-3b6d1e6d9d11/none_v3" 200 22 "GET http://172.18.0.2:8080/v1/AUTH_0c8e2a92cd2b4a1b8fe78a5b1b80eeff/gnocchi.09bf1c09-de14-49ee-b49b-3b6d1e6d9d11/none_v3" "tx0def76cf8e234722b1365-006a281c26" "proxy-server 20" 0.0014 "-" 25 0
Jun 9 13:59:02 standalone proxy-server[129310]: 172.18.0.2 172.18.0.100 09/Jun/2026/13/59/02 GET /v1/AUTH_0c8e2a92cd2b4a1b8fe78a5b1b80eeff/gnocchi.09bf1c09-de14-49ee-b49b-3b6d1e6d9d11/none_v3 HTTP/1.0 200 - python-swiftclient-3.11.1 gAAAAABqKBuotX25... - 22 - tx0def76cf8e234722b1365-006a281c26 - 0.0100 - - 1781013542.543418646 1781013542.553397179 0
Jun 9 13:59:02 standalone container-server[127242]: 172.20.0.100 - - [09/Jun/2026:13:59:02 +0000] "GET /d1/708/AUTH_0c8e2a92cd2b4a1b8fe78a5b1b80eeff/gnocchi.09bf1c09-de14-49ee-b49b-3b6d1e6d9d11" 200 357 "GET http://172.18.0.2:8080/v1/AUTH_0c8e2a92cd2b4a1b8fe78a5b1b80eeff/gnocchi.09bf1c09-de14-49ee-b49b-3b6d1e6d9d11?format=json&states=listing" "tx6e50169ac438409384820-006a281c26" "proxy-server 20" 0.0103 "-" 22 0
Jun 9 13:59:02 standalone proxy-server[129310]: 172.18.0.2 172.18.0.100 09/Jun/2026/13/59/02 GET /v1/AUTH_0c8e2a92cd2b4a1b8fe78a5b1b80eeff/gnocchi.09bf1c09-de14-49ee-b49b-3b6d1e6d9d11%3Fformat%3Djson%26states%3Dlisting HTTP/1.0 200 - python-swiftclient-3.11.1 gAAAAABqKBuotX25... - 357 - tx6e50169ac438409384820-006a281c26 - 0.0160 - - 1781013542.557867527 1781013542.573826551 0
Jun 9 13:59:02 standalone container-server[127231]: 172.20.0.100 - - [09/Jun/2026:13:59:02 +0000] "GET /d1/708/AUTH_0c8e2a92cd2b4a1b8fe78a5b1b80eeff/gnocchi.09bf1c09-de14-49ee-b49b-3b6d1e6d9d11" 200 2 "GET http://172.18.0.2:8080/v1/AUTH_0c8e2a92cd2b4a1b8fe78a5b1b80eeff/gnocchi.09bf1c09-de14-49ee-b49b-3b6d1e6d9d11?format=json&marker=none_v3&states=listing" "tx28f4a1141a86450aa5e3b-006a281c26" "proxy-server 20" 0.0019 "-" 21 0
Jun 9 13:59:02 standalone proxy-server[129310]: 172.18.0.2 172.18.0.100 09/Jun/2026/13/59/02 GET /v1/AUTH_0c8e2a92cd2b4a1b8fe78a5b1b80eeff/gnocchi.09bf1c09-de14-49ee-b49b-3b6d1e6d9d11%3Fformat%3Djson%26marker%3Dnone_v3%26states%3Dlisting HTTP/1.0 200 - python-swiftclient-3.11.1 gAAAAABqKBuotX25... - 2 - tx28f4a1141a86450aa5e3b-006a281c26 - 0.0062 - - 1781013542.575625896 1781013542.581792593 0
Jun 9 13:59:02 standalone object-server[127455]: 172.20.0.100 - - [09/Jun/2026:13:59:02 +0000] "GET /d1/224/AUTH_0c8e2a92cd2b4a1b8fe78a5b1b80eeff/gnocchi.09bf1c09-de14-49ee-b49b-3b6d1e6d9d11/1780920000.0_mean_300.0_v3" 200 16 "GET http://172.18.0.2:8080/v1/AUTH_0c8e2a92cd2b4a1b8fe78a5b1b80eeff/gnocchi.09bf1c09-de14-49ee-b49b-3b6d1e6d9d11/1780920000.0_mean_300.0_v3" "tx39c3f140881c4ad086be1-006a281c26" "proxy-server 20" 0.0009 "-" 25 0
Jun 9 13:59:02 standalone proxy-server[129310]: 172.18.0.2 172.18.0.100 09/Jun/2026/13/59/02 GET /v1/AUTH_0c8e2a92cd2b4a1b8fe78a5b1b80eeff/gnocchi.09bf1c09-de14-49ee-b49b-3b6d1e6d9d11/1780920000.0_mean_300.0_v3 HTTP/1.0 200 - python-swiftclient-3.11.1 gAAAAABqKBuotX25... - 16 - tx39c3f140881c4ad086be1-006a281c26 - 0.0056 - - 1781013542.584266186 1781013542.589878321 0
Jun 9 13:59:02 standalone container-server[127247]: 172.20.0.100 - - [09/Jun/2026:13:59:02 +0000] "PUT /d1/708/AUTH_0c8e2a92cd2b4a1b8fe78a5b1b80eeff/gnocchi.09bf1c09-de14-49ee-b49b-3b6d1e6d9d11/1780920000.0_mean_300.0_v3" 201 - "PUT http://172.18.0.2:8080/d1/224/AUTH_0c8e2a92cd2b4a1b8fe78a5b1b80eeff/gnocchi.09bf1c09-de14-49ee-b49b-3b6d1e6d9d11/1780920000.0_mean_300.0_v3" "tx626c7f3232a64fc0908af-006a281c26" "object-server 25" 0.0007 "-" 23 0
Jun 9 13:59:02 standalone object-server[127455]: 172.20.0.100 - - [09/Jun/2026:13:59:02 +0000] "PUT /d1/224/AUTH_0c8e2a92cd2b4a1b8fe78a5b1b80eeff/gnocchi.09bf1c09-de14-49ee-b49b-3b6d1e6d9d11/1780920000.0_mean_300.0_v3" 201 - "PUT http://172.18.0.2:8080/v1/AUTH_0c8e2a92cd2b4a1b8fe78a5b1b80eeff/gnocchi.09bf1c09-de14-49ee-b49b-3b6d1e6d9d11/1780920000.0_mean_300.0_v3" "tx626c7f3232a64fc0908af-006a281c26" "proxy-server 20" 0.0086 "-" 25 0
Jun 9 13:59:02 standalone proxy-server[129310]: 172.18.0.2 172.18.0.100 09/Jun/2026/13/59/02 PUT /v1/AUTH_0c8e2a92cd2b4a1b8fe78a5b1b80eeff/gnocchi.09bf1c09-de14-49ee-b49b-3b6d1e6d9d11/1780920000.0_mean_300.0_v3 HTTP/1.0 201 - python-swiftclient-3.11.1 gAAAAABqKBuotX25... 16 - - tx626c7f3232a64fc0908af-006a281c26 - 0.0144 - - 1781013542.591871738 1781013542.606241465 0
Jun 9 13:59:02 standalone container-server[127242]: 172.20.0.100 - - [09/Jun/2026:13:59:02 +0000] "PUT /d1/708/AUTH_0c8e2a92cd2b4a1b8fe78a5b1b80eeff/gnocchi.09bf1c09-de14-49ee-b49b-3b6d1e6d9d11/none_v3" 201 - "PUT http://172.18.0.2:8080/d1/706/AUTH_0c8e2a92cd2b4a1b8fe78a5b1b80eeff/gnocchi.09bf1c09-de14-49ee-b49b-3b6d1e6d9d11/none_v3" "tx15052a6572fb4b819de1a-006a281c26" "object-server 25" 0.0007 "-" 22 0
Jun 9 13:59:02 standalone object-server[127455]: 172.20.0.100 - - [09/Jun/2026:13:59:02 +0000] "PUT /d1/706/AUTH_0c8e2a92cd2b4a1b8fe78a5b1b80eeff/gnocchi.09bf1c09-de14-49ee-b49b-3b6d1e6d9d11/none_v3" 201 - "PUT http://172.18.0.2:8080/v1/AUTH_0c8e2a92cd2b4a1b8fe78a5b1b80eeff/gnocchi.09bf1c09-de14-49ee-b49b-3b6d1e6d9d11/none_v3" "tx15052a6572fb4b819de1a-006a281c26" "proxy-server 20" 0.0123 "-" 25 0
Jun 9 13:59:02 standalone proxy-server[129310]: 172.18.0.2 172.18.0.100 09/Jun/2026/13/59/02 PUT /v1/AUTH_0c8e2a92cd2b4a1b8fe78a5b1b80eeff/gnocchi.09bf1c09-de14-49ee-b49b-3b6d1e6d9d11/none_v3 HTTP/1.0 201 - python-swiftclient-3.11.1 gAAAAABqKBuotX25... 32 - - tx15052a6572fb4b819de1a-006a281c26 - 0.0177 - - 1781013542.609235525 1781013542.626981258 0
Jun 9 13:59:05 standalone container-server[127247]: 172.20.0.100 - - [09/Jun/2026:13:59:05 +0000] "HEAD /d1/662/AUTH_0c8e2a92cd2b4a1b8fe78a5b1b80eeff/gnocchi.00c8bd49-ccfa-431d-875d-8b918284c34b" 404 - "HEAD http://172.18.0.2:8080/v1/AUTH_0c8e2a92cd2b4a1b8fe78a5b1b80eeff/gnocchi.00c8bd49-ccfa-431d-875d-8b918284c34b?format=json&states=listing" "txda8392f0955f44828feac-006a281c29" "proxy-server 20" 0.0012 "-" 23 0
Jun 9 13:59:05 standalone object-server[127455]: 172.20.0.100 - - [09/Jun/2026:13:59:05 +0000] "GET /d1/168/AUTH_0c8e2a92cd2b4a1b8fe78a5b1b80eeff/gnocchi.00c8bd49-ccfa-431d-875d-8b918284c34b/none_v3" 404 70 "GET http://172.18.0.2:8080/v1/AUTH_0c8e2a92cd2b4a1b8fe78a5b1b80eeff/gnocchi.00c8bd49-ccfa-431d-875d-8b918284c34b/none_v3" "txda8392f0955f44828feac-006a281c29" "proxy-server 20" 0.0009 "-" 25 0
Jun 9 13:59:05 standalone proxy-server[129310]: 172.18.0.2 172.18.0.100 09/Jun/2026/13/59/05 GET /v1/AUTH_0c8e2a92cd2b4a1b8fe78a5b1b80eeff/gnocchi.00c8bd49-ccfa-431d-875d-8b918284c34b/none_v3 HTTP/1.0 404 - python-swiftclient-3.11.1 gAAAAABqKBuotX25... - 70 - txda8392f0955f44828feac-006a281c29 - 0.0170 - - 1781013545.543092728 1781013545.560076714 0
Jun 9 13:59:05 standalone account-server[127205]: 172.20.0.100 - - [09/Jun/2026:13:59:05 +0000] "PUT /d1/506/AUTH_0c8e2a92cd2b4a1b8fe78a5b1b80eeff/gnocchi.00c8bd49-ccfa-431d-875d-8b918284c34b" 201 - "PUT http://172.20.0.100:6001/d1/662/AUTH_0c8e2a92cd2b4a1b8fe78a5b1b80eeff/gnocchi.00c8bd49-ccfa-431d-875d-8b918284c34b" "tx75208c793b9d4ba1a9d70-006a281c29" "container-server 23" 0.0025 "-" 22 0
Jun 9 13:59:05 standalone container-server[127247]: 172.20.0.100 - - [09/Jun/2026:13:59:05 +0000] "PUT /d1/662/AUTH_0c8e2a92cd2b4a1b8fe78a5b1b80eeff/gnocchi.00c8bd49-ccfa-431d-875d-8b918284c34b" 201 - "PUT http://172.18.0.2:8080/v1/AUTH_0c8e2a92cd2b4a1b8fe78a5b1b80eeff/gnocchi.00c8bd49-ccfa-431d-875d-8b918284c34b" "tx75208c793b9d4ba1a9d70-006a281c29" "proxy-server 20" 0.0177 "-" 23 0
Jun 9 13:59:05 standalone proxy-server[129310]: 172.18.0.2 172.18.0.100 09/Jun/2026/13/59/05 PUT /v1/AUTH_0c8e2a92cd2b4a1b8fe78a5b1b80eeff/gnocchi.00c8bd49-ccfa-431d-875d-8b918284c34b HTTP/1.0 201 - python-swiftclient-3.11.1 gAAAAABqKBuotX25... - - - tx75208c793b9d4ba1a9d70-006a281c29 - 0.0256 - - 1781013545.564592600 1781013545.590145588 0
Jun 9 13:59:05 standalone container-server[127206]: 172.20.0.100 - - [09/Jun/2026:13:59:05 +0000] "HEAD /d1/662/AUTH_0c8e2a92cd2b4a1b8fe78a5b1b80eeff/gnocchi.00c8bd49-ccfa-431d-875d-8b918284c34b" 204 - "HEAD http://172.18.0.2:8080/v1/AUTH_0c8e2a92cd2b4a1b8fe78a5b1b80eeff/gnocchi.00c8bd49-ccfa-431d-875d-8b918284c34b?format=json&states=listing" "tx21c84a8e815041dda46b4-006a281c29" "proxy-server 20" 0.0026 "-" 20 0
Jun 9 13:59:05 standalone proxy-server[129310]: - - 09/Jun/2026/13/59/05 HEAD /v1/AUTH_0c8e2a92cd2b4a1b8fe78a5b1b80eeff/gnocchi.00c8bd49-ccfa-431d-875d-8b918284c34b%3Fformat%3Djson%26states%3Dlisting HTTP/1.0 204 - Swift - - - - tx21c84a8e815041dda46b4-006a281c29 - 0.0091 RL - 1781013545.596589804 1781013545.605695724 0
Jun 9 13:59:05 standalone container-server[127247]: 172.20.0.100 - - [09/Jun/2026:13:59:05 +0000] "GET /d1/662/AUTH_0c8e2a92cd2b4a1b8fe78a5b1b80eeff/gnocchi.00c8bd49-ccfa-431d-875d-8b918284c34b" 200 2 "GET http://172.18.0.2:8080/v1/AUTH_0c8e2a92cd2b4a1b8fe78a5b1b80eeff/gnocchi.00c8bd49-ccfa-431d-875d-8b918284c34b?format=json&states=listing" "tx21c84a8e815041dda46b4-006a281c29" "proxy-server 20" 0.0047 "-" 23 0
Jun 9 13:59:05 standalone proxy-server[129310]: 172.18.0.2 172.18.0.100 09/Jun/2026/13/59/05 GET /v1/AUTH_0c8e2a92cd2b4a1b8fe78a5b1b80eeff/gnocchi.00c8bd49-ccfa-431d-875d-8b918284c34b%3Fformat%3Djson%26states%3Dlisting HTTP/1.0 200 - python-swiftclient-3.11.1 gAAAAABqKBuotX25... - 2 - tx21c84a8e815041dda46b4-006a281c29 - 0.0253 - - 1781013545.594881773 1781013545.620186329 0
Jun 9 13:59:05 standalone object-server[127438]: 172.20.0.100 - - [09/Jun/2026:13:59:05 +0000] "GET /d1/788/AUTH_0c8e2a92cd2b4a1b8fe78a5b1b80eeff/gnocchi.00c8bd49-ccfa-431d-875d-8b918284c34b/1780920000.0_mean_300.0_v3" 404 70 "GET http://172.18.0.2:8080/v1/AUTH_0c8e2a92cd2b4a1b8fe78a5b1b80eeff/gnocchi.00c8bd49-ccfa-431d-875d-8b918284c34b/1780920000.0_mean_300.0_v3" "txee0a8ce6258d45d6b033e-006a281c29" "proxy-server 20" 0.0007 "-" 22 0
Jun 9 13:59:05 standalone proxy-server[129310]: 172.18.0.2 172.18.0.100 09/Jun/2026/13/59/05 GET /v1/AUTH_0c8e2a92cd2b4a1b8fe78a5b1b80eeff/gnocchi.00c8bd49-ccfa-431d-875d-8b918284c34b/1780920000.0_mean_300.0_v3 HTTP/1.0 404 - python-swiftclient-3.11.1 gAAAAABqKBuotX25... - 70 - txee0a8ce6258d45d6b033e-006a281c29 - 0.0120 - - 1781013545.625869274 1781013545.637832880 0
Jun 9 13:59:05 standalone container-server[127242]: 172.20.0.100 - - [09/Jun/2026:13:59:05 +0000] "PUT /d1/662/AUTH_0c8e2a92cd2b4a1b8fe78a5b1b80eeff/gnocchi.00c8bd49-ccfa-431d-875d-8b918284c34b/1780920000.0_mean_300.0_v3" 201 - "PUT http://172.18.0.2:8080/d1/788/AUTH_0c8e2a92cd2b4a1b8fe78a5b1b80eeff/gnocchi.00c8bd49-ccfa-431d-875d-8b918284c34b/1780920000.0_mean_300.0_v3" "tx3a646c46c4e140e197c2c-006a281c29" "object-server 22" 0.0018 "-" 22 0
