Jun 9 13:45:38 standalone account-server[127040]: Starting 2
Jun 9 13:45:38 standalone account-server[126956]: Started child 20 from parent 2
Jun 9 13:45:38 standalone account-server[126956]: Started child 21 from parent 2
Jun 9 13:45:38 standalone container-server[126959]: Option allow_versions is deprecated. Configure the versioned_writes middleware in the proxy-server instead. This option will be ignored in a future release.
Jun 9 13:45:38 standalone account-server[126956]: Started child 22 from parent 2
Jun 9 13:45:38 standalone container-server[127206]: Option allow_versions is deprecated. Configure the versioned_writes middleware in the proxy-server instead. This option will be ignored in a future release.
Jun 9 13:45:38 standalone container-server[126959]: Started child 20 from parent 2
Jun 9 13:45:38 standalone account-server[126956]: Started child 23 from parent 2
Jun 9 13:45:38 standalone container-server[127231]: Option allow_versions is deprecated. Configure the versioned_writes middleware in the proxy-server instead. This option will be ignored in a future release.
Jun 9 13:45:38 standalone container-server[126959]: Started child 21 from parent 2
Jun 9 13:45:38 standalone container-server[127242]: Option allow_versions is deprecated. Configure the versioned_writes middleware in the proxy-server instead. This option will be ignored in a future release.
Jun 9 13:45:38 standalone container-server[126959]: Started child 22 from parent 2
Jun 9 13:45:38 standalone container-server[127247]: Option allow_versions is deprecated. Configure the versioned_writes middleware in the proxy-server instead. This option will be ignored in a future release.
Jun 9 13:45:38 standalone container-server[126959]: Started child 23 from parent 2
Jun 9 13:45:38 standalone container-server[127166]: Starting 2
Jun 9 13:45:38 standalone object-server[127317]: Started child 22 from parent 2
Jun 9 13:45:38 standalone object-expirer[127334]: Starting 2
Jun 9 13:45:38 standalone object-expirer[127334]: Option auto_create_account_prefix is deprecated. Configure auto_create_account_prefix under the swift-constraints section of swift.conf. This option will be ignored in a future release.
Jun 9 13:45:38 standalone object-server[127317]: Started child 23 from parent 2
Jun 9 13:45:38 standalone object-server[127317]: Started child 24 from parent 2
Jun 9 13:45:38 standalone object-server[127317]: Started child 25 from parent 2
Jun 9 13:45:39 standalone object-server[127414]: Starting 2
Jun 9 13:45:45 standalone proxy-server[128963]: Starting Keystone auth_token middleware
Jun 9 13:45:45 standalone proxy-server[128963]: AuthToken middleware is set with keystone_authtoken.service_token_roles_required set to False. This is backwards compatible but deprecated behaviour. Please set this to True.
Jun 9 13:45:45 standalone proxy-server[129310]: Starting Keystone auth_token middleware
Jun 9 13:45:45 standalone proxy-server[129310]: STDERR: The option "bind_port" is not known to keystonemiddleware
Jun 9 13:45:45 standalone proxy-server[129310]: STDERR: The option "workers" is not known to keystonemiddleware
Jun 9 13:45:45 standalone proxy-server[129310]: STDERR: The option "user" is not known to keystonemiddleware
Jun 9 13:45:45 standalone proxy-server[129310]: STDERR: The option "bind_ip" is not known to keystonemiddleware
Jun 9 13:45:45 standalone proxy-server[129310]: STDERR: The option "log_name" is not known to keystonemiddleware
Jun 9 13:45:45 standalone proxy-server[129310]: STDERR: The option "log_facility" is not known to keystonemiddleware
Jun 9 13:45:45 standalone proxy-server[129310]: STDERR: The option "log_level" is not known to keystonemiddleware
Jun 9 13:45:45 standalone proxy-server[129310]: STDERR: The option "log_headers" is not known to keystonemiddleware
Jun 9 13:45:45 standalone proxy-server[129310]: STDERR: The option "log_address" is not known to keystonemiddleware
Jun 9 13:45:45 standalone proxy-server[129310]: STDERR: The option "project_name" is not known to keystonemiddleware
Jun 9 13:45:45 standalone proxy-server[129310]: STDERR: The option "username" is not known to keystonemiddleware
Jun 9 13:45:45 standalone proxy-server[129310]: STDERR: The option "password" is not known to keystonemiddleware
Jun 9 13:45:45 standalone proxy-server[129310]: STDERR: The option "auth_url" is not known to keystonemiddleware
Jun 9 13:45:45 standalone proxy-server[129310]: STDERR: The option "signing_dir" is not known to keystonemiddleware
Jun 9 13:45:45 standalone proxy-server[129310]: STDERR: The option "project_domain_id" is not known to keystonemiddleware
Jun 9 13:45:45 standalone proxy-server[129310]: STDERR: The option "user_domain_id" is not known to keystonemiddleware
Jun 9 13:45:45 standalone proxy-server[129310]: STDERR: The option "__name__" is not known to keystonemiddleware
Jun 9 13:45:45 standalone proxy-server[129310]: AuthToken middleware is set with keystone_authtoken.service_token_roles_required set to False. This is backwards compatible but deprecated behaviour. Please set this to True.
Jun 9 13:45:45 standalone proxy-server[128963]: Started child 20 from parent 2
Jun 9 13:47:16 standalone container-server[127166]: Begin container update sweep
Jun 9 13:47:16 standalone container-server[127166]: Container update sweep completed: 0.00s
Jun 9 13:47:23 standalone account-server[127208]: 172.20.0.100 - - [09/Jun/2026:13:47:23 +0000] "HEAD /d1/614/.expiring_objects" 404 - "HEAD http://localhost/v1/.expiring_objects?format=json" "txbf42a788e62e423481835-006a28196b" "proxy-server 2" 0.0017 "-" 23 -
Jun 9 13:47:23 standalone object-expirer[127334]: Pass completed in 0s; 0 objects expired (txn: txbf42a788e62e423481835-006a28196b)
Jun 9 13:48:22 standalone object-server[127414]: Begin object update sweep
Jun 9 13:48:22 standalone object-server[147369]: Object update sweep starting on /srv/node/d1 (pid: 11)
Jun 9 13:48:22 standalone object-server[147369]: Object update sweep completed on /srv/node/d1 in 0.00s seconds:, 0 successes, 0 failures, 0 quarantines, 0 unlinks, 0 errors, 0 redirects (pid: 11)
Jun 9 13:48:22 standalone object-server[147369]: Object update sweep of d1 completed: 0.00s, 0 successes, 0 failures, 0 quarantines, 0 unlinks, 0 errors, 0 redirects
Jun 9 13:48:22 standalone object-server[127414]: Object update sweep completed: 0.08s
Jun 9 13:51:43 standalone account-server[127208]: 172.20.0.100 - - [09/Jun/2026:13:51:43 +0000] "HEAD /d1/614/.expiring_objects" 404 - "HEAD http://localhost/v1/.expiring_objects?format=json" "txde5b75306b564d34b47db-006a281a6f" "proxy-server 2" 0.0005 "-" 23 -
Jun 9 13:51:43 standalone object-expirer[127334]: Pass completed in 0s; 0 objects expired (txn: txde5b75306b564d34b47db-006a281a6f)
Jun 9 13:52:16 standalone container-server[127166]: Begin container update sweep
Jun 9 13:52:16 standalone container-server[127166]: Container update sweep completed: 0.00s
Jun 9 13:52:17 standalone account-server[127191]: 172.20.0.100 - - [09/Jun/2026:13:52:17 +0000] "HEAD /d1/614/.expiring_objects" 404 - "HEAD http://localhost/v1/.expiring_objects?format=json" "txee04750f119b49b7b51c7-006a281a91" "proxy-server 2" 0.0012 "-" 20 -
Jun 9 13:52:17 standalone object-expirer[127334]: Pass completed in 0s; 0 objects expired (txn: txee04750f119b49b7b51c7-006a281a91)
Jun 9 13:53:22 standalone object-server[127414]: Begin object update sweep
Jun 9 13:53:22 standalone object-server[187498]: Object update sweep starting on /srv/node/d1 (pid: 13)
Jun 9 13:53:22 standalone object-server[187498]: Object update sweep completed on /srv/node/d1 in 0.00s seconds:, 0 successes, 0 failures, 0 quarantines, 0 unlinks, 0 errors, 0 redirects (pid: 13)
Jun 9 13:53:22 standalone object-server[187498]: Object update sweep of d1 completed: 0.00s, 0 successes, 0 failures, 0 quarantines, 0 unlinks, 0 errors, 0 redirects
Jun 9 13:53:22 standalone object-server[127414]: Object update sweep completed: 0.10s
Jun 9 13:53:39 standalone account-server[127208]: 172.20.0.100 - - [09/Jun/2026:13:53:39 +0000] "HEAD /d1/614/.expiring_objects" 404 - "HEAD http://localhost/v1/.expiring_objects?format=json" "tx37b09657177b43d8ba7b5-006a281ae3" "proxy-server 2" 0.0005 "-" 23 -
Jun 9 13:53:39 standalone object-expirer[127334]: Pass completed in 0s; 0 objects expired (txn: tx37b09657177b43d8ba7b5-006a281ae3)
Jun 9 13:56:02 standalone account-server[127195]: 172.20.0.100 - - [09/Jun/2026:13:56:02 +0000] "HEAD /d1/614/.expiring_objects" 404 - "HEAD http://localhost/v1/.expiring_objects?format=json" "tx96b28108b47e451daf455-006a281b72" "proxy-server 2" 0.0016 "-" 21 -
Jun 9 13:56:02 standalone object-expirer[127334]: Pass completed in 0s; 0 objects expired (txn: tx96b28108b47e451daf455-006a281b72)
Jun 9 13:56:56 standalone account-server[127191]: 172.20.0.100 - - [09/Jun/2026:13:56:56 +0000] "HEAD /d1/506/AUTH_0c8e2a92cd2b4a1b8fe78a5b1b80eeff" 404 - "HEAD http://172.18.0.2:8080/v1/AUTH_0c8e2a92cd2b4a1b8fe78a5b1b80eeff?format=json" "tx9a1022430cc24b7bbc410-006a281ba8" "proxy-server 20" 0.0006 "-" 20 -
Jun 9 13:56:56 standalone proxy-server[129310]: - - 09/Jun/2026/13/56/56 HEAD /v1/AUTH_0c8e2a92cd2b4a1b8fe78a5b1b80eeff%3Fformat%3Djson HTTP/1.0 200 - Swift - - - - tx9a1022430cc24b7bbc410-006a281ba8 - 0.0081 RL - 1781013416.927994728 1781013416.936132669 -
Jun 9 13:56:57 standalone object-server[127450]: 172.20.0.100 - - [09/Jun/2026:13:56:57 +0000] "GET /d1/821/AUTH_0c8e2a92cd2b4a1b8fe78a5b1b80eeff/gnocchi.05b8b0ad-a21d-474c-88bc-a2953d6b9adf/none_v3" 404 70 "GET http://172.18.0.2:8080/v1/AUTH_0c8e2a92cd2b4a1b8fe78a5b1b80eeff/gnocchi.05b8b0ad-a21d-474c-88bc-a2953d6b9adf/none_v3" "tx9a1022430cc24b7bbc410-006a281ba8" "proxy-server 20" 0.0016 "-" 24 0
Jun 9 13:56:57 standalone proxy-server[129310]: 172.18.0.2 172.18.0.100 09/Jun/2026/13/56/57 GET /v1/AUTH_0c8e2a92cd2b4a1b8fe78a5b1b80eeff/gnocchi.05b8b0ad-a21d-474c-88bc-a2953d6b9adf/none_v3 HTTP/1.0 404 - python-swiftclient-3.11.1 gAAAAABqKBuotX25... - 70 - tx9a1022430cc24b7bbc410-006a281ba8 - 0.4538 - - 1781013416.923604488 1781013417.377386332 0
Jun 9 13:56:57 standalone account-server[127195]: 172.20.0.100 - - [09/Jun/2026:13:56:57 +0000] "PUT /d1/506/AUTH_0c8e2a92cd2b4a1b8fe78a5b1b80eeff" 201 - "-" "tx0c4bc26fd92b478081068-006a281ba9" "-" 0.0141 "-" 21 -
Jun 9 13:56:57 standalone proxy-server[129310]: autocreate account '/AUTH_0c8e2a92cd2b4a1b8fe78a5b1b80eeff' (txn: tx0c4bc26fd92b478081068-006a281ba9)
Jun 9 13:56:57 standalone account-server[127191]: 172.20.0.100 - - [09/Jun/2026:13:56:57 +0000] "HEAD /d1/506/AUTH_0c8e2a92cd2b4a1b8fe78a5b1b80eeff" 204 - "HEAD http://172.18.0.2:8080/v1/AUTH_0c8e2a92cd2b4a1b8fe78a5b1b80eeff?format=json" "tx0c4bc26fd92b478081068-006a281ba9" "proxy-server 20" 0.0030 "-" 20 -
Jun 9 13:56:57 standalone account-server[127208]: 172.20.0.100 - - [09/Jun/2026:13:56:57 +0000] "PUT /d1/506/AUTH_0c8e2a92cd2b4a1b8fe78a5b1b80eeff/gnocchi.05b8b0ad-a21d-474c-88bc-a2953d6b9adf" 201 - "PUT http://172.20.0.100:6001/d1/510/AUTH_0c8e2a92cd2b4a1b8fe78a5b1b80eeff/gnocchi.05b8b0ad-a21d-474c-88bc-a2953d6b9adf" "tx0c4bc26fd92b478081068-006a281ba9" "container-server 23" 0.0029 "-" 23 0
Jun 9 13:56:57 standalone container-server[127247]: 172.20.0.100 - - [09/Jun/2026:13:56:57 +0000] "PUT /d1/510/AUTH_0c8e2a92cd2b4a1b8fe78a5b1b80eeff/gnocchi.05b8b0ad-a21d-474c-88bc-a2953d6b9adf" 201 - "PUT http://172.18.0.2:8080/v1/AUTH_0c8e2a92cd2b4a1b8fe78a5b1b80eeff/gnocchi.05b8b0ad-a21d-474c-88bc-a2953d6b9adf" "tx0c4bc26fd92b478081068-006a281ba9" "proxy-server 20" 0.0188 "-" 23 0
Jun 9 13:56:57 standalone proxy-server[129310]: 172.18.0.2 172.18.0.100 09/Jun/2026/13/56/57 PUT /v1/AUTH_0c8e2a92cd2b4a1b8fe78a5b1b80eeff/gnocchi.05b8b0ad-a21d-474c-88bc-a2953d6b9adf HTTP/1.0 201 - python-swiftclient-3.11.1 gAAAAABqKBuotX25... - - - tx0c4bc26fd92b478081068-006a281ba9 - 0.0521 - - 1781013417.381986618 1781013417.434102297 0
Jun 9 13:56:57 standalone container-server[127231]: 172.20.0.100 - - [09/Jun/2026:13:56:57 +0000] "HEAD /d1/510/AUTH_0c8e2a92cd2b4a1b8fe78a5b1b80eeff/gnocchi.05b8b0ad-a21d-474c-88bc-a2953d6b9adf" 204 - "HEAD http://172.18.0.2:8080/v1/AUTH_0c8e2a92cd2b4a1b8fe78a5b1b80eeff/gnocchi.05b8b0ad-a21d-474c-88bc-a2953d6b9adf?format=json&states=listing" "tx33a8649620604e76a07e4-006a281ba9" "proxy-server 20" 0.0051 "-" 21 0
Jun 9 13:56:57 standalone proxy-server[129310]: - - 09/Jun/2026/13/56/57 HEAD /v1/AUTH_0c8e2a92cd2b4a1b8fe78a5b1b80eeff/gnocchi.05b8b0ad-a21d-474c-88bc-a2953d6b9adf%3Fformat%3Djson%26states%3Dlisting HTTP/1.0 204 - Swift - - - - tx33a8649620604e76a07e4-006a281ba9 - 0.0106 RL - 1781013417.440282583 1781013417.450917482 0
Jun 9 13:56:57 standalone container-server[127242]: 172.20.0.100 - - [09/Jun/2026:13:56:57 +0000] "GET /d1/510/AUTH_0c8e2a92cd2b4a1b8fe78a5b1b80eeff/gnocchi.05b8b0ad-a21d-474c-88bc-a2953d6b9adf" 200 2 "GET http://172.18.0.2:8080/v1/AUTH_0c8e2a92cd2b4a1b8fe78a5b1b80eeff/gnocchi.05b8b0ad-a21d-474c-88bc-a2953d6b9adf?format=json&states=listing" "tx33a8649620604e76a07e4-006a281ba9" "proxy-server 20" 0.0037 "-" 22 0
Jun 9 13:56:57 standalone proxy-server[129310]: 172.18.0.2 172.18.0.100 09/Jun/2026/13/56/57 GET /v1/AUTH_0c8e2a92cd2b4a1b8fe78a5b1b80eeff/gnocchi.05b8b0ad-a21d-474c-88bc-a2953d6b9adf%3Fformat%3Djson%26states%3Dlisting HTTP/1.0 200 - python-swiftclient-3.11.1 gAAAAABqKBuotX25... - 2 - tx33a8649620604e76a07e4-006a281ba9 - 0.0239 - - 1781013417.438816309 1781013417.462710857 0
Jun 9 13:56:57 standalone object-server[127455]: 172.20.0.100 - - [09/Jun/2026:13:56:57 +0000] "GET /d1/401/AUTH_0c8e2a92cd2b4a1b8fe78a5b1b80eeff/gnocchi.05b8b0ad-a21d-474c-88bc-a2953d6b9adf/1780920000.0_mean_300.0_v3" 404 70 "GET http://172.18.0.2:8080/v1/AUTH_0c8e2a92cd2b4a1b8fe78a5b1b80eeff/gnocchi.05b8b0ad-a21d-474c-88bc-a2953d6b9adf/1780920000.0_mean_300.0_v3" "tx5ba61182ca48426d8b7a2-006a281ba9" "proxy-server 20" 0.0013 "-" 25 0
Jun 9 13:56:57 standalone proxy-server[129310]: 172.18.0.2 172.18.0.100 09/Jun/2026/13/56/57 GET /v1/AUTH_0c8e2a92cd2b4a1b8fe78a5b1b80eeff/gnocchi.05b8b0ad-a21d-474c-88bc-a2953d6b9adf/1780920000.0_mean_300.0_v3 HTTP/1.0 404 - python-swiftclient-3.11.1 gAAAAABqKBuotX25... - 70 - tx5ba61182ca48426d8b7a2-006a281ba9 - 0.0116 - - 1781013417.468321800 1781013417.479939699 0
Jun 9 13:56:57 standalone container-server[127242]: 172.20.0.100 - - [09/Jun/2026:13:56:57 +0000] "PUT /d1/510/AUTH_0c8e2a92cd2b4a1b8fe78a5b1b80eeff/gnocchi.05b8b0ad-a21d-474c-88bc-a2953d6b9adf/1780920000.0_mean_300.0_v3" 201 - "PUT http://172.18.0.2:8080/d1/401/AUTH_0c8e2a92cd2b4a1b8fe78a5b1b80eeff/gnocchi.05b8b0ad-a21d-474c-88bc-a2953d6b9adf/1780920000.0_mean_300.0_v3" "tx90d2ec5e33414f5285bbe-006a281ba9" "object-server 22" 0.0010 "-" 22 0
Jun 9 13:56:57 standalone object-server[127438]: 172.20.0.100 - - [09/Jun/2026:13:56:57 +0000] "PUT /d1/401/AUTH_0c8e2a92cd2b4a1b8fe78a5b1b80eeff/gnocchi.05b8b0ad-a21d-474c-88bc-a2953d6b9adf/1780920000.0_mean_300.0_v3" 201 - "PUT http://172.18.0.2:8080/v1/AUTH_0c8e2a92cd2b4a1b8fe78a5b1b80eeff/gnocchi.05b8b0ad-a21d-474c-88bc-a2953d6b9adf/1780920000.0_mean_300.0_v3" "tx90d2ec5e33414f5285bbe-006a281ba9" "proxy-server 20" 0.0385 "-" 22 0
Jun 9 13:56:57 standalone proxy-server[129310]: 172.18.0.2 172.18.0.100 09/Jun/2026/13/56/57 PUT /v1/AUTH_0c8e2a92cd2b4a1b8fe78a5b1b80eeff/gnocchi.05b8b0ad-a21d-474c-88bc-a2953d6b9adf/1780920000.0_mean_300.0_v3 HTTP/1.0 201 - python-swiftclient-3.11.1 gAAAAABqKBuotX25... 16 - - tx90d2ec5e33414f5285bbe-006a281ba9 - 0.0476 - - 1781013417.484107494 1781013417.531660795 0
Jun 9 13:56:57 standalone container-server[127206]: 172.20.0.100 - - [09/Jun/2026:13:56:57 +0000] "PUT /d1/510/AUTH_0c8e2a92cd2b4a1b8fe78a5b1b80eeff/gnocchi.05b8b0ad-a21d-474c-88bc-a2953d6b9adf/none_v3" 201 - "PUT http://172.18.0.2:8080/d1/821/AUTH_0c8e2a92cd2b4a1b8fe78a5b1b80eeff/gnocchi.05b8b0ad-a21d-474c-88bc-a2953d6b9adf/none_v3" "txb0e99df34e644c97be691-006a281ba9" "object-server 23" 0.0017 "-" 20 0
Jun 9 13:56:57 standalone object-server[127440]: 172.20.0.100 - - [09/Jun/2026:13:56:57 +0000] "PUT /d1/821/AUTH_0c8e2a92cd2b4a1b8fe78a5b1b80eeff/gnocchi.05b8b0ad-a21d-474c-88bc-a2953d6b9adf/none_v3" 201 - "PUT http://172.18.0.2:8080/v1/AUTH_0c8e2a92cd2b4a1b8fe78a5b1b80eeff/gnocchi.05b8b0ad-a21d-474c-88bc-a2953d6b9adf/none_v3" "txb0e99df34e644c97be691-006a281ba9" "proxy-server 20" 0.0352 "-" 23 0
Jun 9 13:56:57 standalone proxy-server[129310]: 172.18.0.2 172.18.0.100 09/Jun/2026/13/56/57 PUT /v1/AUTH_0c8e2a92cd2b4a1b8fe78a5b1b80eeff/gnocchi.05b8b0ad-a21d-474c-88bc-a2953d6b9adf/none_v3 HTTP/1.0 201 - python-swiftclient-3.11.1 gAAAAABqKBuotX25... 22 - - txb0e99df34e644c97be691-006a281ba9 - 0.0432 - - 1781013417.535555601 1781013417.578749895 0
Jun 9 13:57:17 standalone container-server[127166]: Begin container update sweep
Jun 9 13:57:17 standalone account-server[127191]: 172.20.0.100 - - [09/Jun/2026:13:57:17 +0000] "PUT /d1/506/AUTH_0c8e2a92cd2b4a1b8fe78a5b1b80eeff/gnocchi.05b8b0ad-a21d-474c-88bc-a2953d6b9adf" 201 - "-" "-" "container-updater 2" 0.0013 "-" 20 0
Jun 9 13:57:17 standalone container-server[127166]: Container update sweep completed: 0.11s
Jun 9 13:57:26 standalone object-server[127438]: 172.20.0.100 - - [09/Jun/2026:13:57:26 +0000] "GET /d1/821/AUTH_0c8e2a92cd2b4a1b8fe78a5b1b80eeff/gnocchi.05b8b0ad-a21d-474c-88bc-a2953d6b9adf/none_v3" 200 22 "GET http://172.18.0.2:8080/v1/AUTH_0c8e2a92cd2b4a1b8fe78a5b1b80eeff/gnocchi.05b8b0ad-a21d-474c-88bc-a2953d6b9adf/none_v3" "tx7e3f67d0dcfb4ff08d726-006a281bc6" "proxy-server 20" 0.0015 "-" 22 0
Jun 9 13:57:26 standalone proxy-server[129310]: 172.18.0.2 172.18.0.100 09/Jun/2026/13/57/26 GET /v1/AUTH_0c8e2a92cd2b4a1b8fe78a5b1b80eeff/gnocchi.05b8b0ad-a21d-474c-88bc-a2953d6b9adf/none_v3 HTTP/1.0 200 - python-swiftclient-3.11.1 gAAAAABqKBuotX25... - 22 - tx7e3f67d0dcfb4ff08d726-006a281bc6 - 0.0164 - - 1781013446.683010817 1781013446.699363232 0
Jun 9 13:57:26 standalone container-server[127231]: 172.20.0.100 - - [09/Jun/2026:13:57:26 +0000] "GET /d1/510/AUTH_0c8e2a92cd2b4a1b8fe78a5b1b80eeff/gnocchi.05b8b0ad-a21d-474c-88bc-a2953d6b9adf" 200 357 "GET http://172.18.0.2:8080/v1/AUTH_0c8e2a92cd2b4a1b8fe78a5b1b80eeff/gnocchi.05b8b0ad-a21d-474c-88bc-a2953d6b9adf?format=json&states=listing" "txe8f174f22657410ab3533-006a281bc6" "proxy-server 20" 0.0045 "-" 21 0
Jun 9 13:57:26 standalone proxy-server[129310]: 172.18.0.2 172.18.0.100 09/Jun/2026/13/57/26 GET /v1/AUTH_0c8e2a92cd2b4a1b8fe78a5b1b80eeff/gnocchi.05b8b0ad-a21d-474c-88bc-a2953d6b9adf%3Fformat%3Djson%26states%3Dlisting HTTP/1.0 200 - python-swiftclient-3.11.1 gAAAAABqKBuotX25... - 357 - txe8f174f22657410ab3533-006a281bc6 - 0.0136 - - 1781013446.704496861 1781013446.718121290 0
Jun 9 13:57:26 standalone container-server[127231]: 172.20.0.100 - - [09/Jun/2026:13:57:26 +0000] "GET /d1/510/AUTH_0c8e2a92cd2b4a1b8fe78a5b1b80eeff/gnocchi.05b8b0ad-a21d-474c-88bc-a2953d6b9adf" 200 2 "GET http://172.18.0.2:8080/v1/AUTH_0c8e2a92cd2b4a1b8fe78a5b1b80eeff/gnocchi.05b8b0ad-a21d-474c-88bc-a2953d6b9adf?format=json&marker=none_v3&states=listing" "txe4bf6a1d53454204a6170-006a281bc6" "proxy-server 20" 0.0036 "-" 21 0
Jun 9 13:57:26 standalone proxy-server[129310]: 172.18.0.2 172.18.0.100 09/Jun/2026/13/57/26 GET /v1/AUTH_0c8e2a92cd2b4a1b8fe78a5b1b80eeff/gnocchi.05b8b0ad-a21d-474c-88bc-a2953d6b9adf%3Fformat%3Djson%26marker%3Dnone_v3%26states%3Dlisting HTTP/1.0 200 - python-swiftclient-3.11.1 gAAAAABqKBuotX25... - 2 - txe4bf6a1d53454204a6170-006a281bc6 - 0.0137 - - 1781013446.723606110 1781013446.737279892 0
Jun 9 13:57:26 standalone object-server[127440]: 172.20.0.100 - - [09/Jun/2026:13:57:26 +0000] "GET /d1/401/AUTH_0c8e2a92cd2b4a1b8fe78a5b1b80eeff/gnocchi.05b8b0ad-a21d-474c-88bc-a2953d6b9adf/1780920000.0_mean_300.0_v3" 200 16 "GET http://172.18.0.2:8080/v1/AUTH_0c8e2a92cd2b4a1b8fe78a5b1b80eeff/gnocchi.05b8b0ad-a21d-474c-88bc-a2953d6b9adf/1780920000.0_mean_300.0_v3" "txda67c8fbd1a6488daeed9-006a281bc6" "proxy-server 20" 0.0010 "-" 23 0
Jun 9 13:57:26 standalone proxy-server[129310]: 172.18.0.2 172.18.0.100 09/Jun/2026/13/57/26 GET /v1/AUTH_0c8e2a92cd2b4a1b8fe78a5b1b80eeff/gnocchi.05b8b0ad-a21d-474c-88bc-a2953d6b9adf/1780920000.0_mean_300.0_v3 HTTP/1.0 200 - python-swiftclient-3.11.1 gAAAAABqKBuotX25... - 16 - txda67c8fbd1a6488daeed9-006a281bc6 - 0.0087 - - 1781013446.740985155 1781013446.749712467 0
Jun 9 13:57:26 standalone container-server[127242]: 172.20.0.100 - - [09/Jun/2026:13:57:26 +0000] "PUT /d1/510/AUTH_0c8e2a92cd2b4a1b8fe78a5b1b80eeff/gnocchi.05b8b0ad-a21d-474c-88bc-a2953d6b9adf/1780920000.0_mean_300.0_v3" 201 - "PUT http://172.18.0.2:8080/d1/401/AUTH_0c8e2a92cd2b4a1b8fe78a5b1b80eeff/gnocchi.05b8b0ad-a21d-474c-88bc-a2953d6b9adf/1780920000.0_mean_300.0_v3" "tx7376bd51694c4d3bb68ec-006a281bc6" "object-server 25" 0.0011 "-" 22 0
Jun 9 13:57:26 standalone object-server[127455]: 172.20.0.100 - - [09/Jun/2026:13:57:26 +0000] "PUT /d1/401/AUTH_0c8e2a92cd2b4a1b8fe78a5b1b80eeff/gnocchi.05b8b0ad-a21d-474c-88bc-a2953d6b9adf/1780920000.0_mean_300.0_v3" 201 - "PUT http://172.18.0.2:8080/v1/AUTH_0c8e2a92cd2b4a1b8fe78a5b1b80eeff/gnocchi.05b8b0ad-a21d-474c-88bc-a2953d6b9adf/1780920000.0_mean_300.0_v3" "tx7376bd51694c4d3bb68ec-006a281bc6" "proxy-server 20" 0.0279 "-" 25 0
Jun 9 13:57:26 standalone proxy-server[129310]: 172.18.0.2 172.18.0.100 09/Jun/2026/13/57/26 PUT /v1/AUTH_0c8e2a92cd2b4a1b8fe78a5b1b80eeff/gnocchi.05b8b0ad-a21d-474c-88bc-a2953d6b9adf/1780920000.0_mean_300.0_v3 HTTP/1.0 201 - python-swiftclient-3.11.1 gAAAAABqKBuotX25... 16 - - tx7376bd51694c4d3bb68ec-006a281bc6 - 0.0347 - - 1781013446.753938675 1781013446.788596392 0
Jun 9 13:57:26 standalone container-server[127247]: 172.20.0.100 - - [09/Jun/2026:13:57:26 +0000] "PUT /d1/510/AUTH_0c8e2a92cd2b4a1b8fe78a5b1b80eeff/gnocchi.05b8b0ad-a21d-474c-88bc-a2953d6b9adf/none_v3" 201 - "PUT http://172.18.0.2:8080/d1/821/AUTH_0c8e2a92cd2b4a1b8fe78a5b1b80eeff/gnocchi.05b8b0ad-a21d-474c-88bc-a2953d6b9adf/none_v3" "tx1c19427a96904cfa9fb0a-006a281bc6" "object-server 22" 0.0010 "-" 23 0
Jun 9 13:57:26 standalone object-server[127438]: 172.20.0.100 - - [09/Jun/2026:13:57:26 +0000] "PUT /d1/821/AUTH_0c8e2a92cd2b4a1b8fe78a5b1b80eeff/gnocchi.05b8b0ad-a21d-474c-88bc-a2953d6b9adf/none_v3" 201 - "PUT http://172.18.0.2:8080/v1/AUTH_0c8e2a92cd2b4a1b8fe78a5b1b80eeff/gnocchi.05b8b0ad-a21d-474c-88bc-a2953d6b9adf/none_v3" "tx1c19427a96904cfa9fb0a-006a281bc6" "proxy-server 20" 0.0151 "-" 22 0
Jun 9 13:57:26 standalone proxy-server[129310]: 172.18.0.2 172.18.0.100 09/Jun/2026/13/57/26 PUT /v1/AUTH_0c8e2a92cd2b4a1b8fe78a5b1b80eeff/gnocchi.05b8b0ad-a21d-474c-88bc-a2953d6b9adf/none_v3 HTTP/1.0 201 - python-swiftclient-3.11.1 gAAAAABqKBuotX25... 32 - - tx1c19427a96904cfa9fb0a-006a281bc6 - 0.0245 - - 1781013446.794104338 1781013446.818601131 0
Jun 9 13:57:56 standalone account-server[127195]: 172.20.0.100 - - [09/Jun/2026:13:57:56 +0000] "HEAD /d1/506/AUTH_0c8e2a92cd2b4a1b8fe78a5b1b80eeff" 204 - "HEAD http://172.18.0.2:8080/v1/AUTH_0c8e2a92cd2b4a1b8fe78a5b1b80eeff?format=json" "txf7d5ce98f400444688bae-006a281be4" "proxy-server 20" 0.0086 "-" 21 -
Jun 9 13:57:56 standalone proxy-server[129310]: - - 09/Jun/2026/13/57/56 HEAD /v1/AUTH_0c8e2a92cd2b4a1b8fe78a5b1b80eeff%3Fformat%3Djson HTTP/1.0 204 - Swift - - - - txf7d5ce98f400444688bae-006a281be4 - 0.0129 RL - 1781013476.718579769 1781013476.731450081 -
Jun 9 13:57:56 standalone container-server[127231]: 172.20.0.100 - - [09/Jun/2026:13:57:56 +0000] "HEAD /d1/156/AUTH_0c8e2a92cd2b4a1b8fe78a5b1b80eeff/gnocchi.4a0690dc-c15e-4589-9b4d-59e59b4f50ab" 404 - "HEAD http://172.18.0.2:8080/v1/AUTH_0c8e2a92cd2b4a1b8fe78a5b1b80eeff/gnocchi.4a0690dc-c15e-4589-9b4d-59e59b4f50ab?format=json&states=listing" "txf7d5ce98f400444688bae-006a281be4" "proxy-server 20" 0.0006 "-" 21 0
Jun 9 13:57:56 standalone object-server[127440]: 172.20.0.100 - - [09/Jun/2026:13:57:56 +0000] "GET /d1/231/AUTH_0c8e2a92cd2b4a1b8fe78a5b1b80eeff/gnocchi.4a0690dc-c15e-4589-9b4d-59e59b4f50ab/none_v3" 404 70 "GET http://172.18.0.2:8080/v1/AUTH_0c8e2a92cd2b4a1b8fe78a5b1b80eeff/gnocchi.4a0690dc-c15e-4589-9b4d-59e59b4f50ab/none_v3" "txf7d5ce98f400444688bae-006a281be4" "proxy-server 20" 0.0007 "-" 23 0
Jun 9 13:57:56 standalone proxy-server[129310]: 172.18.0.2 172.18.0.100 09/Jun/2026/13/57/56 GET /v1/AUTH_0c8e2a92cd2b4a1b8fe78a5b1b80eeff/gnocchi.4a0690dc-c15e-4589-9b4d-59e59b4f50ab/none_v3 HTTP/1.0 404 - python-swiftclient-3.11.1 gAAAAABqKBuotX25... - 70 - txf7d5ce98f400444688bae-006a281be4 - 0.0251 - - 1781013476.715892792 1781013476.740948200 0
Jun 9 13:57:56 standalone account-server[127195]: 172.20.0.100 - - [09/Jun/2026:13:57:56 +0000] "PUT /d1/506/AUTH_0c8e2a92cd2b4a1b8fe78a5b1b80eeff/gnocchi.4a0690dc-c15e-4589-9b4d-59e59b4f50ab" 201 - "PUT http://172.20.0.100:6001/d1/156/AUTH_0c8e2a92cd2b4a1b8fe78a5b1b80eeff/gnocchi.4a0690dc-c15e-4589-9b4d-59e59b4f50ab" "txd761ee0f37a24f6c8fe05-006a281be4" "container-server 20" 0.0016 "-" 21 0
Jun 9 13:57:56 standalone container-server[127206]: 172.20.0.100 - - [09/Jun/2026:13:57:56 +0000] "PUT /d1/156/AUTH_0c8e2a92cd2b4a1b8fe78a5b1b80eeff/gnocchi.4a0690dc-c15e-4589-9b4d-59e59b4f50ab" 201 - "PUT http://172.18.0.2:8080/v1/AUTH_0c8e2a92cd2b4a1b8fe78a5b1b80eeff/gnocchi.4a0690dc-c15e-4589-9b4d-59e59b4f50ab" "txd761ee0f37a24f6c8fe05-006a281be4" "proxy-server 20" 0.0342 "-" 20 0
Jun 9 13:57:56 standalone proxy-server[129310]: 172.18.0.2 172.18.0.100 09/Jun/2026/13/57/56 PUT /v1/AUTH_0c8e2a92cd2b4a1b8fe78a5b1b80eeff/gnocchi.4a0690dc-c15e-4589-9b4d-59e59b4f50ab HTTP/1.0 201 - python-swiftclient-3.11.1 gAAAAABqKBuotX25... - - - txd761ee0f37a24f6c8fe05-006a281be4 - 0.0383 - - 1781013476.743774652 1781013476.782064199 0
Jun 9 13:57:56 standalone container-server[127242]: 172.20.0.100 - - [09/Jun/2026:13:57:56 +0000] "HEAD /d1/156/AUTH_0c8e2a92cd2b4a1b8fe78a5b1b80eeff/gnocchi.4a0690dc-c15e-4589-9b4d-59e59b4f50ab" 204 - "HEAD http://172.18.0.2:8080/v1/AUTH_0c8e2a92cd2b4a1b8fe78a5b1b80eeff/gnocchi.4a0690dc-c15e-4589-9b4d-59e59b4f50ab?format=json&states=listing" "txcb72a0cbf406415c9a37f-006a281be4" "proxy-server 20" 0.0013 "-" 22 0
Jun 9 13:57:56 standalone proxy-server[129310]: - - 09/Jun/2026/13/57/56 HEAD /v1/AUTH_0c8e2a92cd2b4a1b8fe78a5b1b80eeff/gnocchi.4a0690dc-c15e-4589-9b4d-59e59b4f50ab%3Fformat%3Djson%26states%3Dlisting HTTP/1.0 204 - Swift - - - - txcb72a0cbf406415c9a37f-006a281be4 - 0.0045 RL - 1781013476.785945654 1781013476.790422440 0
Jun 9 13:57:56 standalone container-server[127206]: 172.20.0.100 - - [09/Jun/2026:13:57:56 +0000] "GET /d1/156/AUTH_0c8e2a92cd2b4a1b8fe78a5b1b80eeff/gnocchi.4a0690dc-c15e-4589-9b4d-59e59b4f50ab" 200 2 "GET http://172.18.0.2:8080/v1/AUTH_0c8e2a92cd2b4a1b8fe78a5b1b80eeff/gnocchi.4a0690dc-c15e-4589-9b4d-59e59b4f50ab?format=json&states=listing" "txcb72a0cbf406415c9a37f-006a281be4" "proxy-server 20" 0.0020 "-" 20 0
Jun 9 13:57:56 standalone proxy-server[129310]: 172.18.0.2 172.18.0.100 09/Jun/2026/13/57/56 GET /v1/AUTH_0c8e2a92cd2b4a1b8fe78a5b1b80eeff/gnocchi.4a0690dc-c15e-4589-9b4d-59e59b4f50ab%3Fformat%3Djson%26states%3Dlisting HTTP/1.0 200 - python-swiftclient-3.11.1 gAAAAABqKBuotX25... - 2 - txcb72a0cbf406415c9a37f-006a281be4 - 0.0114 - - 1781013476.785135508 1781013476.796496391 0
Jun 9 13:57:56 standalone object-server[127440]: 172.20.0.100 - - [09/Jun/2026:13:57:56 +0000] "GET /d1/244/AUTH_0c8e2a92cd2b4a1b8fe78a5b1b80eeff/gnocchi.4a0690dc-c15e-4589-9b4d-59e59b4f50ab/1780920000.0_mean_300.0_v3" 404 70 "GET http://172.18.0.2:8080/v1/AUTH_0c8e2a92cd2b4a1b8fe78a5b1b80eeff/gnocchi.4a0690dc-c15e-4589-9b4d-59e59b4f50ab/1780920000.0_mean_300.0_v3" "tx8dc1670f41274bd5a37da-006a281be4" "proxy-server 20" 0.0003 "-" 23 0
Jun 9 13:57:56 standalone proxy-server[129310]: 172.18.0.2 172.18.0.100 09/Jun/2026/13/57/56 GET /v1/AUTH_0c8e2a92cd2b4a1b8fe78a5b1b80eeff/gnocchi.4a0690dc-c15e-4589-9b4d-59e59b4f50ab/1780920000.0_mean_300.0_v3 HTTP/1.0 404 - python-swiftclient-3.11.1 gAAAAABqKBuotX25... - 70 - tx8dc1670f41274bd5a37da-006a281be4 - 0.0040 - - 1781013476.800434828 1781013476.804408550 0
Jun 9 13:57:56 standalone container-server[127247]: 172.20.0.100 - - [09/Jun/2026:13:57:56 +0000] "PUT /d1/156/AUTH_0c8e2a92cd2b4a1b8fe78a5b1b80eeff/gnocchi.4a0690dc-c15e-4589-9b4d-59e59b4f50ab/1780920000.0_mean_300.0_v3" 201 - "PUT http://172.18.0.2:8080/d1/244/AUTH_0c8e2a92cd2b4a1b8fe78a5b1b80eeff/gnocchi.4a0690dc-c15e-4589-9b4d-59e59b4f50ab/1780920000.0_mean_300.0_v3" "txd934a8af8a4949a9975eb-006a281be4" "object-server 23" 0.0006 "-" 23 0
Jun 9 13:57:56 standalone object-server[127440]: 172.20.0.100 - - [09/Jun/2026:13:57:56 +0000] "PUT /d1/244/AUTH_0c8e2a92cd2b4a1b8fe78a5b1b80eeff/gnocchi.4a0690dc-c15e-4589-9b4d-59e59b4f50ab/1780920000.0_mean_300.0_v3" 201 - "PUT http://172.18.0.2:8080/v1/AUTH_0c8e2a92cd2b4a1b8fe78a5b1b80eeff/gnocchi.4a0690dc-c15e-4589-9b4d-59e59b4f50ab/1780920000.0_mean_300.0_v3" "txd934a8af8a4949a9975eb-006a281be4" "proxy-server 20" 0.0288 "-" 23 0
Jun 9 13:57:56 standalone proxy-server[129310]: 172.18.0.2 172.18.0.100 09/Jun/2026/13/57/56 PUT /v1/AUTH_0c8e2a92cd2b4a1b8fe78a5b1b80eeff/gnocchi.4a0690dc-c15e-4589-9b4d-59e59b4f50ab/1780920000.0_mean_300.0_v3 HTTP/1.0 201 - python-swiftclient-3.11.1 gAAAAABqKBuotX25... 16 - - txd934a8af8a4949a9975eb-006a281be4 - 0.0322 - - 1781013476.806684256 1781013476.838871717 0
Jun 9 13:57:56 standalone container-server[127206]: 172.20.0.100 - - [09/Jun/2026:13:57:56 +0000] "PUT /d1/156/AUTH_0c8e2a92cd2b4a1b8fe78a5b1b80eeff/gnocchi.4a0690dc-c15e-4589-9b4d-59e59b4f50ab/none_v3" 201 - "PUT http://172.18.0.2:8080/d1/231/AUTH_0c8e2a92cd2b4a1b8fe78a5b1b80eeff/gnocchi.4a0690dc-c15e-4589-9b4d-59e59b4f50ab/none_v3" "txf5b7d242c2e248f182563-006a281be4" "object-server 24" 0.0005 "-" 20 0
Jun 9 13:57:56 standalone object-server[127450]: 172.20.0.100 - - [09/Jun/2026:13:57:56 +0000] "PUT /d1/231/AUTH_0c8e2a92cd2b4a1b8fe78a5b1b80eeff/gnocchi.4a0690dc-c15e-4589-9b4d-59e59b4f50ab/none_v3" 201 - "PUT http://172.18.0.2:8080/v1/AUTH_0c8e2a92cd2b4a1b8fe78a5b1b80eeff/gnocchi.4a0690dc-c15e-4589-9b4d-59e59b4f50ab/none_v3" "txf5b7d242c2e248f182563-006a281be4" "proxy-server 20" 0.0308 "-" 24 0
Jun 9 13:57:56 standalone proxy-server[129310]: 172.18.0.2 172.18.0.100 09/Jun/2026/13/57/56 PUT /v1/AUTH_0c8e2a92cd2b4a1b8fe78a5b1b80eeff/gnocchi.4a0690dc-c15e-4589-9b4d-59e59b4f50ab/none_v3 HTTP/1.0 201 - python-swiftclient-3.11.1 gAAAAABqKBuotX25... 22 - - txf5b7d242c2e248f182563-006a281be4 - 0.0350 - - 1781013476.840968370 1781013476.875929117 0
Jun 9 13:57:56 standalone container-server[127247]: 172.20.0.100 - - [09/Jun/2026:13:57:56 +0000] "HEAD /d1/45/AUTH_0c8e2a92cd2b4a1b8fe78a5b1b80eeff/gnocchi.34f9a6b4-3fb5-4cc5-b767-062486c95150" 404 - "HEAD http://172.18.0.2:8080/v1/AUTH_0c8e2a92cd2b4a1b8fe78a5b1b80eeff/gnocchi.34f9a6b4-3fb5-4cc5-b767-062486c95150?format=json&states=listing" "txf75959d894aa4783a3299-006a281be4" "proxy-server 20" 0.0007 "-" 23 0
Jun 9 13:57:56 standalone object-server[127440]: 172.20.0.100 - - [09/Jun/2026:13:57:56 +0000] "GET /d1/900/AUTH_0c8e2a92cd2b4a1b8fe78a5b1b80eeff/gnocchi.34f9a6b4-3fb5-4cc5-b767-062486c95150/none_v3" 404 70 "GET http://172.18.0.2:8080/v1/AUTH_0c8e2a92cd2b4a1b8fe78a5b1b80eeff/gnocchi.34f9a6b4-3fb5-4cc5-b767-062486c95150/none_v3" "txf75959d894aa4783a3299-006a281be4" "proxy-server 20" 0.0003 "-" 23 0
Jun 9 13:57:56 standalone proxy-server[129310]: 172.18.0.2 172.18.0.100 09/Jun/2026/13/57/56 GET /v1/AUTH_0c8e2a92cd2b4a1b8fe78a5b1b80eeff/gnocchi.34f9a6b4-3fb5-4cc5-b767-062486c95150/none_v3 HTTP/1.0 404 - python-swiftclient-3.11.1 gAAAAABqKBuotX25... - 70 - txf75959d894aa4783a3299-006a281be4 - 0.0090 - - 1781013476.882953644 1781013476.891964912 0
Jun 9 13:57:56 standalone account-server[127195]: 172.20.0.100 - - [09/Jun/2026:13:57:56 +0000] "PUT /d1/506/AUTH_0c8e2a92cd2b4a1b8fe78a5b1b80eeff/gnocchi.34f9a6b4-3fb5-4cc5-b767-062486c95150" 201 - "PUT http://172.20.0.100:6001/d1/45/AUTH_0c8e2a92cd2b4a1b8fe78a5b1b80eeff/gnocchi.34f9a6b4-3fb5-4cc5-b767-062486c95150" "txffa04f30d8fd45deb37df-006a281be4" "container-server 23" 0.0120 "-" 21 0
Jun 9 13:57:56 standalone container-server[127247]: 172.20.0.100 - - [09/Jun/2026:13:57:56 +0000] "PUT /d1/45/AUTH_0c8e2a92cd2b4a1b8fe78a5b1b80eeff/gnocchi.34f9a6b4-3fb5-4cc5-b767-062486c95150" 201 - "PUT http://172.18.0.2:8080/v1/AUTH_0c8e2a92cd2b4a1b8fe78a5b1b80eeff/gnocchi.34f9a6b4-3fb5-4cc5-b767-062486c95150" "txffa04f30d8fd45deb37df-006a281be4" "proxy-server 20" 0.0298 "-" 23 0
Jun 9 13:57:56 standalone proxy-server[129310]: 172.18.0.2 172.18.0.100 09/Jun/2026/13/57/56 PUT /v1/AUTH_0c8e2a92cd2b4a1b8fe78a5b1b80eeff/gnocchi.34f9a6b4-3fb5-4cc5-b767-062486c95150 HTTP/1.0 201 - python-swiftclient-3.11.1 gAAAAABqKBuotX25... - - - txffa04f30d8fd45deb37df-006a281be4 - 0.0341 - - 1781013476.893817186 1781013476.927943468 0
Jun 9 13:57:56 standalone container-server[127242]: 172.20.0.100 - - [09/Jun/2026:13:57:56 +0000] "HEAD /d1/45/AUTH_0c8e2a92cd2b4a1b8fe78a5b1b80eeff/gnocchi.34f9a6b4-3fb5-4cc5-b767-062486c95150" 204 - "HEAD http://172.18.0.2:8080/v1/AUTH_0c8e2a92cd2b4a1b8fe78a5b1b80eeff/gnocchi.34f9a6b4-3fb5-4cc5-b767-062486c95150?format=json&states=listing" "tx6f64ca1f1ea94b2ea1f05-006a281be4" "proxy-server 20" 0.0016 "-" 22 0
Jun 9 13:57:56 standalone proxy-server[129310]: - - 09/Jun/2026/13/57/56 HEAD /v1/AUTH_0c8e2a92cd2b4a1b8fe78a5b1b80eeff/gnocchi.34f9a6b4-3fb5-4cc5-b767-062486c95150%3Fformat%3Djson%26states%3Dlisting HTTP/1.0 204 - Swift - - - - tx6f64ca1f1ea94b2ea1f05-006a281be4 - 0.0043 RL - 1781013476.931205273 1781013476.935476542 0
Jun 9 13:57:56 standalone container-server[127231]: 172.20.0.100 - - [09/Jun/2026:13:57:56 +0000] "GET /d1/45/AUTH_0c8e2a92cd2b4a1b8fe78a5b1b80eeff/gnocchi.34f9a6b4-3fb5-4cc5-b767-062486c95150" 200 2 "GET http://172.18.0.2:8080/v1/AUTH_0c8e2a92cd2b4a1b8fe78a5b1b80eeff/gnocchi.34f9a6b4-3fb5-4cc5-b767-062486c95150?format=json&states=listing" "tx6f64ca1f1ea94b2ea1f05-006a281be4" "proxy-server 20" 0.0023 "-" 21 0
Jun 9 13:57:56 standalone proxy-server[129310]: 172.18.0.2 172.18.0.100 09/Jun/2026/13/57/56 GET /v1/AUTH_0c8e2a92cd2b4a1b8fe78a5b1b80eeff/gnocchi.34f9a6b4-3fb5-4cc5-b767-062486c95150%3Fformat%3Djson%26states%3Dlisting HTTP/1.0 200 - python-swiftclient-3.11.1 gAAAAABqKBuotX25... - 2 - tx6f64ca1f1ea94b2ea1f05-006a281be4 - 0.0129 - - 1781013476.930258274 1781013476.943179607 0
Jun 9 13:57:56 standalone object-server[127455]: 172.20.0.100 - - [09/Jun/2026:13:57:56 +0000] "GET /d1/712/AUTH_0c8e2a92cd2b4a1b8fe78a5b1b80eeff/gnocchi.34f9a6b4-3fb5-4cc5-b767-062486c95150/1780920000.0_mean_300.0_v3" 404 70 "GET http://172.18.0.2:8080/v1/AUTH_0c8e2a92cd2b4a1b8fe78a5b1b80eeff/gnocchi.34f9a6b4-3fb5-4cc5-b767-062486c95150/1780920000.0_mean_300.0_v3" "txc6a081fdeb36476492ab1-006a281be4" "proxy-server 20" 0.0003 "-" 25 0
Jun 9 13:57:56 standalone proxy-server[129310]: 172.18.0.2 172.18.0.100 09/Jun/2026/13/57/56 GET /v1/AUTH_0c8e2a92cd2b4a1b8fe78a5b1b80eeff/gnocchi.34f9a6b4-3fb5-4cc5-b767-062486c95150/1780920000.0_mean_300.0_v3 HTTP/1.0 404 - python-swiftclient-3.11.1 gAAAAABqKBuotX25... - 70 - txc6a081fdeb36476492ab1-006a281be4 - 0.0070 - - 1781013476.946704626 1781013476.953707218 0
Jun 9 13:57:56 standalone container-server[127242]: 172.20.0.100 - - [09/Jun/2026:13:57:56 +0000] "PUT /d1/45/AUTH_0c8e2a92cd2b4a1b8fe78a5b1b80eeff/gnocchi.34f9a6b4-3fb5-4cc5-b767-062486c95150/1780920000.0_mean_300.0_v3" 201 - "PUT http://172.18.0.2:8080/d1/712/AUTH_0c8e2a92cd2b4a1b8fe78a5b1b80eeff/gnocchi.34f9a6b4-3fb5-4cc5-b767-062486c95150/1780920000.0_mean_300.0_v3" "tx46cd2069500440c79a7a2-006a281be4" "object-server 24" 0.0008 "-" 22 0
Jun 9 13:57:56 standalone object-server[127450]: 172.20.0.100 - - [09/Jun/2026:13:57:56 +0000] "PUT /d1/712/AUTH_0c8e2a92cd2b4a1b8fe78a5b1b80eeff/gnocchi.34f9a6b4-3fb5-4cc5-b767-062486c95150/1780920000.0_mean_300.0_v3" 201 - "PUT http://172.18.0.2:8080/v1/AUTH_0c8e2a92cd2b4a1b8fe78a5b1b80eeff/gnocchi.34f9a6b4-3fb5-4cc5-b767-062486c95150/1780920000.0_mean_300.0_v3" "tx46cd2069500440c79a7a2-006a281be4" "proxy-server 20" 0.0203 "-" 24 0
Jun 9 13:57:56 standalone proxy-server[129310]: 172.18.0.2 172.18.0.100 09/Jun/2026/13/57/56 PUT /v1/AUTH_0c8e2a92cd2b4a1b8fe78a5b1b80eeff/gnocchi.34f9a6b4-3fb5-4cc5-b767-062486c95150/1780920000.0_mean_300.0_v3 HTTP/1.0 201 - python-swiftclient-3.11.1 gAAAAABqKBuotX25... 16 - - tx46cd2069500440c79a7a2-006a281be4 - 0.0265 - - 1781013476.955662012 1781013476.982141495 0
Jun 9 13:57:57 standalone container-server[127206]: 172.20.0.100 - - [09/Jun/2026:13:57:57 +0000] "PUT /d1/45/AUTH_0c8e2a92cd2b4a1b8fe78a5b1b80eeff/gnocchi.34f9a6b4-3fb5-4cc5-b767-062486c95150/none_v3" 201 - "PUT http://172.18.0.2:8080/d1/900/AUTH_0c8e2a92cd2b4a1b8fe78a5b1b80eeff/gnocchi.34f9a6b4-3fb5-4cc5-b767-062486c95150/none_v3" "txa750bf7b59824b74a14db-006a281be4" "object-server 22" 0.0008 "-" 20 0
Jun 9 13:57:57 standalone object-server[127438]: 172.20.0.100 - - [09/Jun/2026:13:57:57 +0000] "PUT /d1/900/AUTH_0c8e2a92cd2b4a1b8fe78a5b1b80eeff/gnocchi.34f9a6b4-3fb5-4cc5-b767-062486c95150/none_v3" 201 - "PUT http://172.18.0.2:8080/v1/AUTH_0c8e2a92cd2b4a1b8fe78a5b1b80eeff/gnocchi.34f9a6b4-3fb5-4cc5-b767-062486c95150/none_v3" "txa750bf7b59824b74a14db-006a281be4" "proxy-server 20" 0.0203 "-" 22 0
Jun 9 13:57:57 standalone proxy-server[129310]: 172.18.0.2 172.18.0.100 09/Jun/2026/13/57/57 PUT /v1/AUTH_0c8e2a92cd2b4a1b8fe78a5b1b80eeff/gnocchi.34f9a6b4-3fb5-4cc5-b767-062486c95150/none_v3 HTTP/1.0 201 - python-swiftclient-3.11.1 gAAAAABqKBuotX25... 22 - - txa750bf7b59824b74a14db-006a281be4 - 0.0248 - - 1781013476.987081289 1781013477.011918545 0
Jun 9 13:58:03 standalone account-server[127208]: 172.20.0.100 - - [09/Jun/2026:13:58:03 +0000] "HEAD /d1/614/.expiring_objects" 404 - "HEAD http://localhost/v1/.expiring_objects?format=json" "tx7cd20ad619734bc89f416-006a281beb" "proxy-server 2" 0.0008 "-" 23 -
Jun 9 13:58:03 standalone object-expirer[127334]: Pass completed in 0s; 0 objects expired (txn: tx7cd20ad619734bc89f416-006a281beb)
Jun 9 13:58:05 standalone container-server[127247]: 172.20.0.100 - - [09/Jun/2026:13:58:05 +0000] "HEAD /d1/89/AUTH_0c8e2a92cd2b4a1b8fe78a5b1b80eeff/gnocchi.f4dd05d6-7023-490e-88a9-ce8db003dd9f" 404 - "HEAD http://172.18.0.2:8080/v1/AUTH_0c8e2a92cd2b4a1b8fe78a5b1b80eeff/gnocchi.f4dd05d6-7023-490e-88a9-ce8db003dd9f?format=json&states=listing" "txa67860e92b4d40a4bf3b1-006a281bed" "proxy-server 20" 0.0009 "-" 23 0
Jun 9 13:58:05 standalone object-server[127450]: 172.20.0.100 - - [09/Jun/2026:13:58:05 +0000] "GET /d1/675/AUTH_0c8e2a92cd2b4a1b8fe78a5b1b80eeff/gnocchi.f4dd05d6-7023-490e-88a9-ce8db003dd9f/none_v3" 404 70 "GET http://172.18.0.2:8080/v1/AUTH_0c8e2a92cd2b4a1b8fe78a5b1b80eeff/gnocchi.f4dd05d6-7023-490e-88a9-ce8db003dd9f/none_v3" "txa67860e92b4d40a4bf3b1-006a281bed" "proxy-server 20" 0.0007 "-" 24 0
Jun 9 13:58:05 standalone proxy-server[129310]: 172.18.0.2 172.18.0.100 09/Jun/2026/13/58/05 GET /v1/AUTH_0c8e2a92cd2b4a1b8fe78a5b1b80eeff/gnocchi.f4dd05d6-7023-490e-88a9-ce8db003dd9f/none_v3 HTTP/1.0 404 - python-swiftclient-3.11.1 gAAAAABqKBuotX25... - 70 - txa67860e92b4d40a4bf3b1-006a281bed - 0.0161 - - 1781013485.471662521 1781013485.487760067 0
Jun 9 13:58:05 standalone account-server[127191]: 172.20.0.100 - - [09/Jun/2026:13:58:05 +0000] "PUT /d1/506/AUTH_0c8e2a92cd2b4a1b8fe78a5b1b80eeff/gnocchi.f4dd05d6-7023-490e-88a9-ce8db003dd9f" 201 - "PUT http://172.20.0.100:6001/d1/89/AUTH_0c8e2a92cd2b4a1b8fe78a5b1b80eeff/gnocchi.f4dd05d6-7023-490e-88a9-ce8db003dd9f" "tx2ca07bb3a4d34952804f4-006a281bed" "container-server 22" 0.0459 "-" 20 0
Jun 9 13:58:05 standalone container-server[127242]: 172.20.0.100 - - [09/Jun/2026:13:58:05 +0000] "PUT /d1/89/AUTH_0c8e2a92cd2b4a1b8fe78a5b1b80eeff/gnocchi.f4dd05d6-7023-490e-88a9-ce8db003dd9f" 201 - "PUT http://172.18.0.2:8080/v1/AUTH_0c8e2a92cd2b4a1b8fe78a5b1b80eeff/gnocchi.f4dd05d6-7023-490e-88a9-ce8db003dd9f" "tx2ca07bb3a4d34952804f4-006a281bed" "proxy-server 20" 0.0633 "-" 22 0
Jun 9 13:58:05 standalone proxy-server[129310]: 172.18.0.2 172.18.0.100 09/Jun/2026/13/58/05 PUT /v1/AUTH_0c8e2a92cd2b4a1b8fe78a5b1b80eeff/gnocchi.f4dd05d6-7023-490e-88a9-ce8db003dd9f HTTP/1.0 201 - python-swiftclient-3.11.1 gAAAAABqKBuotX25... - - - tx2ca07bb3a4d34952804f4-006a281bed - 0.0708 - - 1781013485.492137909 1781013485.562956333 0
Jun 9 13:58:05 standalone container-server[127247]: 172.20.0.100 - - [09/Jun/2026:13:58:05 +0000] "HEAD /d1/89/AUTH_0c8e2a92cd2b4a1b8fe78a5b1b80eeff/gnocchi.f4dd05d6-7023-490e-88a9-ce8db003dd9f" 204 - "HEAD http://172.18.0.2:8080/v1/AUTH_0c8e2a92cd2b4a1b8fe78a5b1b80eeff/gnocchi.f4dd05d6-7023-490e-88a9-ce8db003dd9f?format=json&states=listing" "tx694decb60ffd490bae4e1-006a281bed" "proxy-server 20" 0.0031 "-" 23 0
Jun 9 13:58:05 standalone proxy-server[129310]: - - 09/Jun/2026/13/58/05 HEAD /v1/AUTH_0c8e2a92cd2b4a1b8fe78a5b1b80eeff/gnocchi.f4dd05d6-7023-490e-88a9-ce8db003dd9f%3Fformat%3Djson%26states%3Dlisting HTTP/1.0 204 - Swift - - - - tx694decb60ffd490bae4e1-006a281bed - 0.0098 RL - 1781013485.569988012 1781013485.579764843 0
Jun 9 13:58:05 standalone container-server[127231]: 172.20.0.100 - - [09/Jun/2026:13:58:05 +0000] "GET /d1/89/AUTH_0c8e2a92cd2b4a1b8fe78a5b1b80eeff/gnocchi.f4dd05d6-7023-490e-88a9-ce8db003dd9f" 200 2 "GET http://172.18.0.2:8080/v1/AUTH_0c8e2a92cd2b4a1b8fe78a5b1b80eeff/gnocchi.f4dd05d6-7023-490e-88a9-ce8db003dd9f?format=json&states=listing" "tx694decb60ffd490bae4e1-006a281bed" "proxy-server 20" 0.0024 "-" 21 0
Jun 9 13:58:05 standalone proxy-server[129310]: 172.18.0.2 172.18.0.100 09/Jun/2026/13/58/05 GET /v1/AUTH_0c8e2a92cd2b4a1b8fe78a5b1b80eeff/gnocchi.f4dd05d6-7023-490e-88a9-ce8db003dd9f%3Fformat%3Djson%26states%3Dlisting HTTP/1.0 200 - python-swiftclient-3.11.1 gAAAAABqKBuotX25... - 2 - tx694decb60ffd490bae4e1-006a281bed - 0.0228 - - 1781013485.568258762 1781013485.591090918 0
Jun 9 13:58:05 standalone object-server[127450]: 172.20.0.100 - - [09/Jun/2026:13:58:05 +0000] "GET /d1/554/AUTH_0c8e2a92cd2b4a1b8fe78a5b1b80eeff/gnocchi.f4dd05d6-7023-490e-88a9-ce8db003dd9f/1780920000.0_mean_300.0_v3" 404 70 "GET http://172.18.0.2:8080/v1/AUTH_0c8e2a92cd2b4a1b8fe78a5b1b80eeff/gnocchi.f4dd05d6-7023-490e-88a9-ce8db003dd9f/1780920000.0_mean_300.0_v3" "txa5c18f1abb05491d95014-006a281bed" "proxy-server 20" 0.0011 "-" 24 0
Jun 9 13:58:05 standalone proxy-server[129310]: 172.18.0.2 172.18.0.100 09/Jun/2026/13/58/05 GET /v1/AUTH_0c8e2a92cd2b4a1b8fe78a5b1b80eeff/gnocchi.f4dd05d6-7023-490e-88a9-ce8db003dd9f/1780920000.0_mean_300.0_v3 HTTP/1.0 404 - python-swiftclient-3.11.1 gAAAAABqKBuotX25... - 70 - txa5c18f1abb05491d95014-006a281bed - 0.0098 - - 1781013485.596400023 1781013485.606208324 0
Jun 9 13:58:05 standalone container-server[127247]: 172.20.0.100 - - [09/Jun/2026:13:58:05 +0000] "PUT /d1/89/AUTH_0c8e2a92cd2b4a1b8fe78a5b1b80eeff/gnocchi.f4dd05d6-7023-490e-88a9-ce8db003dd9f/1780920000.0_mean_300.0_v3" 201 - "PUT http://172.18.0.2:8080/d1/554/AUTH_0c8e2a92cd2b4a1b8fe78a5b1b80eeff/gnocchi.f4dd05d6-7023-490e-88a9-ce8db003dd9f/1780920000.0_mean_300.0_v3" "txc18d42706bbe4dae84067-006a281bed" "object-server 25" 0.0015 "-" 23 0
Jun 9 13:58:05 standalone object-server[127455]: 172.20.0.100 - - [09/Jun/2026:13:58:05 +0000] "PUT /d1/554/AUTH_0c8e2a92cd2b4a1b8fe78a5b1b80eeff/gnocchi.f4dd05d6-7023-490e-88a9-ce8db003dd9f/1780920000.0_mean_300.0_v3" 201 - "PUT http://172.18.0.2:8080/v1/AUTH_0c8e2a92cd2b4a1b8fe78a5b1b80eeff/gnocchi.f4dd05d6-7023-490e-88a9-ce8db003dd9f/1780920000.0_mean_300.0_v3" "txc18d42706bbe4dae84067-006a281bed" "proxy-server 20" 0.0157 "-" 25 0
Jun 9 13:58:05 standalone proxy-server[129310]: 172.18.0.2 172.18.0.100 09/Jun/2026/13/58/05 PUT /v1/AUTH_0c8e2a92cd2b4a1b8fe78a5b1b80eeff/gnocchi.f4dd05d6-7023-490e-88a9-ce8db003dd9f/1780920000.0_mean_300.0_v3 HTTP/1.0 201 - python-swiftclient-3.11.1 gAAAAABqKBuotX25... 16 - - txc18d42706bbe4dae84067-006a281bed - 0.0253 - - 1781013485.610536098 1781013485.635800362 0
Jun 9 13:58:05 standalone container-server[127231]: 172.20.0.100 - - [09/Jun/2026:13:58:05 +0000] "PUT /d1/89/AUTH_0c8e2a92cd2b4a1b8fe78a5b1b80eeff/gnocchi.f4dd05d6-7023-490e-88a9-ce8db003dd9f/none_v3" 201 - "PUT http://172.18.0.2:8080/d1/675/AUTH_0c8e2a92cd2b4a1b8fe78a5b1b80eeff/gnocchi.f4dd05d6-7023-490e-88a9-ce8db003dd9f/none_v3" "txa354ad44154f44938c0b6-006a281bed" "object-server 23" 0.0009 "-" 21 0
Jun 9 13:58:05 standalone object-server[127440]: 172.20.0.100 - - [09/Jun/2026:13:58:05 +0000] "PUT /d1/675/AUTH_0c8e2a92cd2b4a1b8fe78a5b1b80eeff/gnocchi.f4dd05d6-7023-490e-88a9-ce8db003dd9f/none_v3" 201 - "PUT http://172.18.0.2:8080/v1/AUTH_0c8e2a92cd2b4a1b8fe78a5b1b80eeff/gnocchi.f4dd05d6-7023-490e-88a9-ce8db003dd9f/none_v3" "txa354ad44154f44938c0b6-006a281bed" "proxy-server 20" 0.0140 "-" 23 0
Jun 9 13:58:05 standalone proxy-server[129310]: 172.18.0.2 172.18.0.100 09/Jun/2026/13/58/05 PUT /v1/AUTH_0c8e2a92cd2b4a1b8fe78a5b1b80eeff/gnocchi.f4dd05d6-7023-490e-88a9-ce8db003dd9f/none_v3 HTTP/1.0 201 - python-swiftclient-3.11.1 gAAAAABqKBuotX25... 22 - - txa354ad44154f44938c0b6-006a281bed - 0.0237 - - 1781013485.640319586 1781013485.664010048 0
Jun 9 13:58:05 standalone container-server[127247]: 172.20.0.100 - - [09/Jun/2026:13:58:05 +0000] "HEAD /d1/243/AUTH_0c8e2a92cd2b4a1b8fe78a5b1b80eeff/gnocchi.2da37f32-9712-4eaf-a8ec-94b99ee595f3" 404 - "HEAD http://172.18.0.2:8080/v1/AUTH_0c8e2a92cd2b4a1b8fe78a5b1b80eeff/gnocchi.2da37f32-9712-4eaf-a8ec-94b99ee595f3?format=json&states=listing" "tx9c5aef70810d4254a061c-006a281bed" "proxy-server 20" 0.0005 "-" 23 0
Jun 9 13:58:05 standalone object-server[127440]: 172.20.0.100 - - [09/Jun/2026:13:58:05 +0000] "GET /d1/919/AUTH_0c8e2a92cd2b4a1b8fe78a5b1b80eeff/gnocchi.2da37f32-9712-4eaf-a8ec-94b99ee595f3/none_v3" 404 70 "GET http://172.18.0.2:8080/v1/AUTH_0c8e2a92cd2b4a1b8fe78a5b1b80eeff/gnocchi.2da37f32-9712-4eaf-a8ec-94b99ee595f3/none_v3" "tx9c5aef70810d4254a061c-006a281bed" "proxy-server 20" 0.0005 "-" 23 0
Jun 9 13:58:05 standalone proxy-server[129310]: 172.18.0.2 172.18.0.100 09/Jun/2026/13/58/05 GET /v1/AUTH_0c8e2a92cd2b4a1b8fe78a5b1b80eeff/gnocchi.2da37f32-9712-4eaf-a8ec-94b99ee595f3/none_v3 HTTP/1.0 404 - python-swiftclient-3.11.1 gAAAAABqKBuotX25... - 70 - tx9c5aef70810d4254a061c-006a281bed - 0.0172 - - 1781013485.680416107 1781013485.697625875 0
Jun 9 13:58:05 standalone account-server[127195]: 172.20.0.100 - - [09/Jun/2026:13:58:05 +0000] "PUT /d1/506/AUTH_0c8e2a92cd2b4a1b8fe78a5b1b80eeff/gnocchi.2da37f32-9712-4eaf-a8ec-94b99ee595f3" 201 - "PUT http://172.20.0.100:6001/d1/243/AUTH_0c8e2a92cd2b4a1b8fe78a5b1b80eeff/gnocchi.2da37f32-9712-4eaf-a8ec-94b99ee595f3" "tx5f0fa8de28bb49f18a0d1-006a281bed" "container-server 22" 0.0084 "-" 21 0
Jun 9 13:58:05 standalone container-server[127242]: 172.20.0.100 - - [09/Jun/2026:13:58:05 +0000] "PUT /d1/243/AUTH_0c8e2a92cd2b4a1b8fe78a5b1b80eeff/gnocchi.2da37f32-9712-4eaf-a8ec-94b99ee595f3" 201 - "PUT http://172.18.0.2:8080/v1/AUTH_0c8e2a92cd2b4a1b8fe78a5b1b80eeff/gnocchi.2da37f32-9712-4eaf-a8ec-94b99ee595f3" "tx5f0fa8de28bb49f18a0d1-006a281bed" "proxy-server 20" 0.0255 "-" 22 0
Jun 9 13:58:05 standalone proxy-server[129310]: 172.18.0.2 172.18.0.100 09/Jun/2026/13/58/05 PUT /v1/AUTH_0c8e2a92cd2b4a1b8fe78a5b1b80eeff/gnocchi.2da37f32-9712-4eaf-a8ec-94b99ee595f3 HTTP/1.0 201 - python-swiftclient-3.11.1 gAAAAABqKBuotX25... - - - tx5f0fa8de28bb49f18a0d1-006a281bed - 0.0352 - - 1781013485.702337742 1781013485.737524748 0
Jun 9 13:58:05 standalone container-server[127231]: 172.20.0.100 - - [09/Jun/2026:13:58:05 +0000] "HEAD /d1/243/AUTH_0c8e2a92cd2b4a1b8fe78a5b1b80eeff/gnocchi.2da37f32-9712-4eaf-a8ec-94b99ee595f3" 204 - "HEAD http://172.18.0.2:8080/v1/AUTH_0c8e2a92cd2b4a1b8fe78a5b1b80eeff/gnocchi.2da37f32-9712-4eaf-a8ec-94b99ee595f3?format=json&states=listing" "tx94e362f5ae7e482dbc8fa-006a281bed" "proxy-server 20" 0.0018 "-" 21 0
Jun 9 13:58:05 standalone proxy-server[129310]: - - 09/Jun/2026/13/58/05 HEAD /v1/AUTH_0c8e2a92cd2b4a1b8fe78a5b1b80eeff/gnocchi.2da37f32-9712-4eaf-a8ec-94b99ee595f3%3Fformat%3Djson%26states%3Dlisting HTTP/1.0 204 - Swift - - - - tx94e362f5ae7e482dbc8fa-006a281bed - 0.0074 RL - 1781013485.745780230 1781013485.753187180 0
Jun 9 13:58:05 standalone container-server[127206]: 172.20.0.100 - - [09/Jun/2026:13:58:05 +0000] "GET /d1/243/AUTH_0c8e2a92cd2b4a1b8fe78a5b1b80eeff/gnocchi.2da37f32-9712-4eaf-a8ec-94b99ee595f3" 200 2 "GET http://172.18.0.2:8080/v1/AUTH_0c8e2a92cd2b4a1b8fe78a5b1b80eeff/gnocchi.2da37f32-9712-4eaf-a8ec-94b99ee595f3?format=json&states=listing" "tx94e362f5ae7e482dbc8fa-006a281bed" "proxy-server 20" 0.0039 "-" 20 0
Jun 9 13:58:05 standalone proxy-server[129310]: 172.18.0.2 172.18.0.100 09/Jun/2026/13/58/05 GET /v1/AUTH_0c8e2a92cd2b4a1b8fe78a5b1b80eeff/gnocchi.2da37f32-9712-4eaf-a8ec-94b99ee595f3%3Fformat%3Djson%26states%3Dlisting HTTP/1.0 200 - python-swiftclient-3.11.1 gAAAAABqKBuotX25... - 2 - tx94e362f5ae7e482dbc8fa-006a281bed - 0.0246 - - 1781013485.743613958 1781013485.768217802 0
Jun 9 13:58:05 standalone object-server[127438]: 172.20.0.100 - - [09/Jun/2026:13:58:05 +0000] "GET /d1/768/AUTH_0c8e2a92cd2b4a1b8fe78a5b1b80eeff/gnocchi.2da37f32-9712-4eaf-a8ec-94b99ee595f3/1780920000.0_mean_300.0_v3" 404 70 "GET http://172.18.0.2:8080/v1/AUTH_0c8e2a92cd2b4a1b8fe78a5b1b80eeff/gnocchi.2da37f32-9712-4eaf-a8ec-94b99ee595f3/1780920000.0_mean_300.0_v3" "tx16c5ea25e1ce4f26aeebb-006a281bed" "proxy-server 20" 0.0004 "-" 22 0
Jun 9 13:58:05 standalone proxy-server[129310]: 172.18.0.2 172.18.0.100 09/Jun/2026/13/58/05 GET /v1/AUTH_0c8e2a92cd2b4a1b8fe78a5b1b80eeff/gnocchi.2da37f32-9712-4eaf-a8ec-94b99ee595f3/1780920000.0_mean_300.0_v3 HTTP/1.0 404 - python-swiftclient-3.11.1 gAAAAABqKBuotX25... - 70 - tx16c5ea25e1ce4f26aeebb-006a281bed - 0.0070 - - 1781013485.773475170 1781013485.780438185 0
Jun 9 13:58:05 standalone container-server[127231]: 172.20.0.100 - - [09/Jun/2026:13:58:05 +0000] "PUT /d1/243/AUTH_0c8e2a92cd2b4a1b8fe78a5b1b80eeff/gnocchi.2da37f32-9712-4eaf-a8ec-94b99ee595f3/1780920000.0_mean_300.0_v3" 201 - "PUT http://172.18.0.2:8080/d1/768/AUTH_0c8e2a92cd2b4a1b8fe78a5b1b80eeff/gnocchi.2da37f32-9712-4eaf-a8ec-94b99ee595f3/1780920000.0_mean_300.0_v3" "txfa0d11ed23e64aedb52da-006a281bed" "object-server 24" 0.0006 "-" 21 0
