Jun 9 13:58:05 standalone object-server[127450]: 172.20.0.100 - - [09/Jun/2026:13:58:05 +0000] "PUT /d1/768/AUTH_0c8e2a92cd2b4a1b8fe78a5b1b80eeff/gnocchi.2da37f32-9712-4eaf-a8ec-94b99ee595f3/1780920000.0_mean_300.0_v3" 201 - "PUT http://172.18.0.2:8080/v1/AUTH_0c8e2a92cd2b4a1b8fe78a5b1b80eeff/gnocchi.2da37f32-9712-4eaf-a8ec-94b99ee595f3/1780920000.0_mean_300.0_v3" "txfa0d11ed23e64aedb52da-006a281bed" "proxy-server 20" 0.0145 "-" 24 0
Jun 9 13:58:05 standalone proxy-server[129310]: 172.18.0.2 172.18.0.100 09/Jun/2026/13/58/05 PUT /v1/AUTH_0c8e2a92cd2b4a1b8fe78a5b1b80eeff/gnocchi.2da37f32-9712-4eaf-a8ec-94b99ee595f3/1780920000.0_mean_300.0_v3 HTTP/1.0 201 - python-swiftclient-3.11.1 gAAAAABqKBuotX25... 16 - - txfa0d11ed23e64aedb52da-006a281bed - 0.0253 - - 1781013485.784506798 1781013485.809761763 0
Jun 9 13:58:05 standalone container-server[127206]: 172.20.0.100 - - [09/Jun/2026:13:58:05 +0000] "PUT /d1/243/AUTH_0c8e2a92cd2b4a1b8fe78a5b1b80eeff/gnocchi.2da37f32-9712-4eaf-a8ec-94b99ee595f3/none_v3" 201 - "PUT http://172.18.0.2:8080/d1/919/AUTH_0c8e2a92cd2b4a1b8fe78a5b1b80eeff/gnocchi.2da37f32-9712-4eaf-a8ec-94b99ee595f3/none_v3" "txdfab132da87644e99fcbc-006a281bed" "object-server 23" 0.0010 "-" 20 0
Jun 9 13:58:05 standalone object-server[127440]: 172.20.0.100 - - [09/Jun/2026:13:58:05 +0000] "PUT /d1/919/AUTH_0c8e2a92cd2b4a1b8fe78a5b1b80eeff/gnocchi.2da37f32-9712-4eaf-a8ec-94b99ee595f3/none_v3" 201 - "PUT http://172.18.0.2:8080/v1/AUTH_0c8e2a92cd2b4a1b8fe78a5b1b80eeff/gnocchi.2da37f32-9712-4eaf-a8ec-94b99ee595f3/none_v3" "txdfab132da87644e99fcbc-006a281bed" "proxy-server 20" 0.0154 "-" 23 0
Jun 9 13:58:05 standalone proxy-server[129310]: 172.18.0.2 172.18.0.100 09/Jun/2026/13/58/05 PUT /v1/AUTH_0c8e2a92cd2b4a1b8fe78a5b1b80eeff/gnocchi.2da37f32-9712-4eaf-a8ec-94b99ee595f3/none_v3 HTTP/1.0 201 - python-swiftclient-3.11.1 gAAAAABqKBuotX25... 22 - - txdfab132da87644e99fcbc-006a281bed - 0.0252 - - 1781013485.814656973 1781013485.839867353 0
Jun 9 13:58:05 standalone container-server[127206]: 172.20.0.100 - - [09/Jun/2026:13:58:05 +0000] "HEAD /d1/429/AUTH_0c8e2a92cd2b4a1b8fe78a5b1b80eeff/gnocchi.8e47622a-9cbd-46dd-a0e7-22bafea0d4bb" 404 - "HEAD http://172.18.0.2:8080/v1/AUTH_0c8e2a92cd2b4a1b8fe78a5b1b80eeff/gnocchi.8e47622a-9cbd-46dd-a0e7-22bafea0d4bb?format=json&states=listing" "tx5367e35914f44296a12fb-006a281bed" "proxy-server 20" 0.0006 "-" 20 0
Jun 9 13:58:05 standalone object-server[127440]: 172.20.0.100 - - [09/Jun/2026:13:58:05 +0000] "GET /d1/802/AUTH_0c8e2a92cd2b4a1b8fe78a5b1b80eeff/gnocchi.8e47622a-9cbd-46dd-a0e7-22bafea0d4bb/none_v3" 404 70 "GET http://172.18.0.2:8080/v1/AUTH_0c8e2a92cd2b4a1b8fe78a5b1b80eeff/gnocchi.8e47622a-9cbd-46dd-a0e7-22bafea0d4bb/none_v3" "tx5367e35914f44296a12fb-006a281bed" "proxy-server 20" 0.0005 "-" 23 0
Jun 9 13:58:05 standalone proxy-server[129310]: 172.18.0.2 172.18.0.100 09/Jun/2026/13/58/05 GET /v1/AUTH_0c8e2a92cd2b4a1b8fe78a5b1b80eeff/gnocchi.8e47622a-9cbd-46dd-a0e7-22bafea0d4bb/none_v3 HTTP/1.0 404 - python-swiftclient-3.11.1 gAAAAABqKBuotX25... - 70 - tx5367e35914f44296a12fb-006a281bed - 0.0467 - - 1781013485.854467630 1781013485.901188135 0
Jun 9 13:58:05 standalone account-server[127208]: 172.20.0.100 - - [09/Jun/2026:13:58:05 +0000] "PUT /d1/506/AUTH_0c8e2a92cd2b4a1b8fe78a5b1b80eeff/gnocchi.8e47622a-9cbd-46dd-a0e7-22bafea0d4bb" 201 - "PUT http://172.20.0.100:6001/d1/429/AUTH_0c8e2a92cd2b4a1b8fe78a5b1b80eeff/gnocchi.8e47622a-9cbd-46dd-a0e7-22bafea0d4bb" "txdcaa1e3f8d6f4779a116e-006a281bed" "container-server 21" 0.0060 "-" 23 0
Jun 9 13:58:05 standalone container-server[127231]: 172.20.0.100 - - [09/Jun/2026:13:58:05 +0000] "PUT /d1/429/AUTH_0c8e2a92cd2b4a1b8fe78a5b1b80eeff/gnocchi.8e47622a-9cbd-46dd-a0e7-22bafea0d4bb" 201 - "PUT http://172.18.0.2:8080/v1/AUTH_0c8e2a92cd2b4a1b8fe78a5b1b80eeff/gnocchi.8e47622a-9cbd-46dd-a0e7-22bafea0d4bb" "txdcaa1e3f8d6f4779a116e-006a281bed" "proxy-server 20" 0.0218 "-" 21 0
Jun 9 13:58:05 standalone proxy-server[129310]: 172.18.0.2 172.18.0.100 09/Jun/2026/13/58/05 PUT /v1/AUTH_0c8e2a92cd2b4a1b8fe78a5b1b80eeff/gnocchi.8e47622a-9cbd-46dd-a0e7-22bafea0d4bb HTTP/1.0 201 - python-swiftclient-3.11.1 gAAAAABqKBuotX25... - - - txdcaa1e3f8d6f4779a116e-006a281bed - 0.0269 - - 1781013485.904783249 1781013485.931673527 0
Jun 9 13:58:05 standalone container-server[127231]: 172.20.0.100 - - [09/Jun/2026:13:58:05 +0000] "HEAD /d1/429/AUTH_0c8e2a92cd2b4a1b8fe78a5b1b80eeff/gnocchi.8e47622a-9cbd-46dd-a0e7-22bafea0d4bb" 204 - "HEAD http://172.18.0.2:8080/v1/AUTH_0c8e2a92cd2b4a1b8fe78a5b1b80eeff/gnocchi.8e47622a-9cbd-46dd-a0e7-22bafea0d4bb?format=json&states=listing" "txcf24624d921b49cab7116-006a281bed" "proxy-server 20" 0.0014 "-" 21 0
Jun 9 13:58:05 standalone proxy-server[129310]: - - 09/Jun/2026/13/58/05 HEAD /v1/AUTH_0c8e2a92cd2b4a1b8fe78a5b1b80eeff/gnocchi.8e47622a-9cbd-46dd-a0e7-22bafea0d4bb%3Fformat%3Djson%26states%3Dlisting HTTP/1.0 204 - Swift - - - - txcf24624d921b49cab7116-006a281bed - 0.0038 RL - 1781013485.937331915 1781013485.941152334 0
Jun 9 13:58:05 standalone container-server[127247]: 172.20.0.100 - - [09/Jun/2026:13:58:05 +0000] "GET /d1/429/AUTH_0c8e2a92cd2b4a1b8fe78a5b1b80eeff/gnocchi.8e47622a-9cbd-46dd-a0e7-22bafea0d4bb" 200 2 "GET http://172.18.0.2:8080/v1/AUTH_0c8e2a92cd2b4a1b8fe78a5b1b80eeff/gnocchi.8e47622a-9cbd-46dd-a0e7-22bafea0d4bb?format=json&states=listing" "txcf24624d921b49cab7116-006a281bed" "proxy-server 20" 0.0052 "-" 23 0
Jun 9 13:58:05 standalone proxy-server[129310]: 172.18.0.2 172.18.0.100 09/Jun/2026/13/58/05 GET /v1/AUTH_0c8e2a92cd2b4a1b8fe78a5b1b80eeff/gnocchi.8e47622a-9cbd-46dd-a0e7-22bafea0d4bb%3Fformat%3Djson%26states%3Dlisting HTTP/1.0 200 - python-swiftclient-3.11.1 gAAAAABqKBuotX25... - 2 - txcf24624d921b49cab7116-006a281bed - 0.0155 - - 1781013485.936402321 1781013485.951904535 0
Jun 9 13:58:05 standalone object-server[127450]: 172.20.0.100 - - [09/Jun/2026:13:58:05 +0000] "GET /d1/809/AUTH_0c8e2a92cd2b4a1b8fe78a5b1b80eeff/gnocchi.8e47622a-9cbd-46dd-a0e7-22bafea0d4bb/1780920000.0_mean_300.0_v3" 404 70 "GET http://172.18.0.2:8080/v1/AUTH_0c8e2a92cd2b4a1b8fe78a5b1b80eeff/gnocchi.8e47622a-9cbd-46dd-a0e7-22bafea0d4bb/1780920000.0_mean_300.0_v3" "tx9806da479f164d9597ee1-006a281bed" "proxy-server 20" 0.0007 "-" 24 0
Jun 9 13:58:05 standalone proxy-server[129310]: 172.18.0.2 172.18.0.100 09/Jun/2026/13/58/05 GET /v1/AUTH_0c8e2a92cd2b4a1b8fe78a5b1b80eeff/gnocchi.8e47622a-9cbd-46dd-a0e7-22bafea0d4bb/1780920000.0_mean_300.0_v3 HTTP/1.0 404 - python-swiftclient-3.11.1 gAAAAABqKBuotX25... - 70 - tx9806da479f164d9597ee1-006a281bed - 0.0085 - - 1781013485.958293676 1781013485.966842890 0
Jun 9 13:58:05 standalone container-server[127247]: 172.20.0.100 - - [09/Jun/2026:13:58:05 +0000] "PUT /d1/429/AUTH_0c8e2a92cd2b4a1b8fe78a5b1b80eeff/gnocchi.8e47622a-9cbd-46dd-a0e7-22bafea0d4bb/1780920000.0_mean_300.0_v3" 201 - "PUT http://172.18.0.2:8080/d1/809/AUTH_0c8e2a92cd2b4a1b8fe78a5b1b80eeff/gnocchi.8e47622a-9cbd-46dd-a0e7-22bafea0d4bb/1780920000.0_mean_300.0_v3" "tx7e3490a665b54c8c821d9-006a281bed" "object-server 24" 0.0014 "-" 23 0
Jun 9 13:58:05 standalone object-server[127450]: 172.20.0.100 - - [09/Jun/2026:13:58:05 +0000] "PUT /d1/809/AUTH_0c8e2a92cd2b4a1b8fe78a5b1b80eeff/gnocchi.8e47622a-9cbd-46dd-a0e7-22bafea0d4bb/1780920000.0_mean_300.0_v3" 201 - "PUT http://172.18.0.2:8080/v1/AUTH_0c8e2a92cd2b4a1b8fe78a5b1b80eeff/gnocchi.8e47622a-9cbd-46dd-a0e7-22bafea0d4bb/1780920000.0_mean_300.0_v3" "tx7e3490a665b54c8c821d9-006a281bed" "proxy-server 20" 0.0183 "-" 24 0
Jun 9 13:58:05 standalone proxy-server[129310]: 172.18.0.2 172.18.0.100 09/Jun/2026/13/58/05 PUT /v1/AUTH_0c8e2a92cd2b4a1b8fe78a5b1b80eeff/gnocchi.8e47622a-9cbd-46dd-a0e7-22bafea0d4bb/1780920000.0_mean_300.0_v3 HTTP/1.0 201 - python-swiftclient-3.11.1 gAAAAABqKBuotX25... 16 - - tx7e3490a665b54c8c821d9-006a281bed - 0.0238 - - 1781013485.971458912 1781013485.995266914 0
Jun 9 13:58:06 standalone container-server[127247]: 172.20.0.100 - - [09/Jun/2026:13:58:06 +0000] "PUT /d1/429/AUTH_0c8e2a92cd2b4a1b8fe78a5b1b80eeff/gnocchi.8e47622a-9cbd-46dd-a0e7-22bafea0d4bb/none_v3" 201 - "PUT http://172.18.0.2:8080/d1/802/AUTH_0c8e2a92cd2b4a1b8fe78a5b1b80eeff/gnocchi.8e47622a-9cbd-46dd-a0e7-22bafea0d4bb/none_v3" "tx1db3f13338f04e6491aa3-006a281bed" "object-server 25" 0.0007 "-" 23 0
Jun 9 13:58:06 standalone object-server[127455]: 172.20.0.100 - - [09/Jun/2026:13:58:06 +0000] "PUT /d1/802/AUTH_0c8e2a92cd2b4a1b8fe78a5b1b80eeff/gnocchi.8e47622a-9cbd-46dd-a0e7-22bafea0d4bb/none_v3" 201 - "PUT http://172.18.0.2:8080/v1/AUTH_0c8e2a92cd2b4a1b8fe78a5b1b80eeff/gnocchi.8e47622a-9cbd-46dd-a0e7-22bafea0d4bb/none_v3" "tx1db3f13338f04e6491aa3-006a281bed" "proxy-server 20" 0.0152 "-" 25 0
Jun 9 13:58:06 standalone proxy-server[129310]: 172.18.0.2 172.18.0.100 09/Jun/2026/13/58/06 PUT /v1/AUTH_0c8e2a92cd2b4a1b8fe78a5b1b80eeff/gnocchi.8e47622a-9cbd-46dd-a0e7-22bafea0d4bb/none_v3 HTTP/1.0 201 - python-swiftclient-3.11.1 gAAAAABqKBuotX25... 22 - - tx1db3f13338f04e6491aa3-006a281bed - 0.0210 - - 1781013485.999327421 1781013486.020310163 0
Jun 9 13:58:06 standalone container-server[127206]: 172.20.0.100 - - [09/Jun/2026:13:58:06 +0000] "HEAD /d1/708/AUTH_0c8e2a92cd2b4a1b8fe78a5b1b80eeff/gnocchi.09bf1c09-de14-49ee-b49b-3b6d1e6d9d11" 404 - "HEAD http://172.18.0.2:8080/v1/AUTH_0c8e2a92cd2b4a1b8fe78a5b1b80eeff/gnocchi.09bf1c09-de14-49ee-b49b-3b6d1e6d9d11?format=json&states=listing" "txbfb9effb7c0d4552b2a13-006a281bee" "proxy-server 20" 0.0012 "-" 20 0
Jun 9 13:58:06 standalone object-server[127440]: 172.20.0.100 - - [09/Jun/2026:13:58:06 +0000] "GET /d1/706/AUTH_0c8e2a92cd2b4a1b8fe78a5b1b80eeff/gnocchi.09bf1c09-de14-49ee-b49b-3b6d1e6d9d11/none_v3" 404 70 "GET http://172.18.0.2:8080/v1/AUTH_0c8e2a92cd2b4a1b8fe78a5b1b80eeff/gnocchi.09bf1c09-de14-49ee-b49b-3b6d1e6d9d11/none_v3" "txbfb9effb7c0d4552b2a13-006a281bee" "proxy-server 20" 0.0006 "-" 23 0
Jun 9 13:58:06 standalone proxy-server[129310]: 172.18.0.2 172.18.0.100 09/Jun/2026/13/58/06 GET /v1/AUTH_0c8e2a92cd2b4a1b8fe78a5b1b80eeff/gnocchi.09bf1c09-de14-49ee-b49b-3b6d1e6d9d11/none_v3 HTTP/1.0 404 - python-swiftclient-3.11.1 gAAAAABqKBuotX25... - 70 - txbfb9effb7c0d4552b2a13-006a281bee - 0.0119 - - 1781013486.036567211 1781013486.048419476 0
Jun 9 13:58:06 standalone account-server[127205]: 172.20.0.100 - - [09/Jun/2026:13:58:06 +0000] "PUT /d1/506/AUTH_0c8e2a92cd2b4a1b8fe78a5b1b80eeff/gnocchi.09bf1c09-de14-49ee-b49b-3b6d1e6d9d11" 201 - "PUT http://172.20.0.100:6001/d1/708/AUTH_0c8e2a92cd2b4a1b8fe78a5b1b80eeff/gnocchi.09bf1c09-de14-49ee-b49b-3b6d1e6d9d11" "txec3d6a65d26943c2a4e68-006a281bee" "container-server 21" 0.0107 "-" 22 0
Jun 9 13:58:06 standalone container-server[127231]: 172.20.0.100 - - [09/Jun/2026:13:58:06 +0000] "PUT /d1/708/AUTH_0c8e2a92cd2b4a1b8fe78a5b1b80eeff/gnocchi.09bf1c09-de14-49ee-b49b-3b6d1e6d9d11" 201 - "PUT http://172.18.0.2:8080/v1/AUTH_0c8e2a92cd2b4a1b8fe78a5b1b80eeff/gnocchi.09bf1c09-de14-49ee-b49b-3b6d1e6d9d11" "txec3d6a65d26943c2a4e68-006a281bee" "proxy-server 20" 0.0279 "-" 21 0
Jun 9 13:58:06 standalone proxy-server[129310]: 172.18.0.2 172.18.0.100 09/Jun/2026/13/58/06 PUT /v1/AUTH_0c8e2a92cd2b4a1b8fe78a5b1b80eeff/gnocchi.09bf1c09-de14-49ee-b49b-3b6d1e6d9d11 HTTP/1.0 201 - python-swiftclient-3.11.1 gAAAAABqKBuotX25... - - - txec3d6a65d26943c2a4e68-006a281bee - 0.0336 - - 1781013486.051442623 1781013486.085061073 0
Jun 9 13:58:06 standalone container-server[127231]: 172.20.0.100 - - [09/Jun/2026:13:58:06 +0000] "HEAD /d1/708/AUTH_0c8e2a92cd2b4a1b8fe78a5b1b80eeff/gnocchi.09bf1c09-de14-49ee-b49b-3b6d1e6d9d11" 204 - "HEAD http://172.18.0.2:8080/v1/AUTH_0c8e2a92cd2b4a1b8fe78a5b1b80eeff/gnocchi.09bf1c09-de14-49ee-b49b-3b6d1e6d9d11?format=json&states=listing" "txaaf6d3b7903545e281183-006a281bee" "proxy-server 20" 0.0015 "-" 21 0
Jun 9 13:58:06 standalone proxy-server[129310]: - - 09/Jun/2026/13/58/06 HEAD /v1/AUTH_0c8e2a92cd2b4a1b8fe78a5b1b80eeff/gnocchi.09bf1c09-de14-49ee-b49b-3b6d1e6d9d11%3Fformat%3Djson%26states%3Dlisting HTTP/1.0 204 - Swift - - - - txaaf6d3b7903545e281183-006a281bee - 0.0071 RL - 1781013486.099152803 1781013486.106209517 0
Jun 9 13:58:06 standalone container-server[127242]: 172.20.0.100 - - [09/Jun/2026:13:58:06 +0000] "GET /d1/708/AUTH_0c8e2a92cd2b4a1b8fe78a5b1b80eeff/gnocchi.09bf1c09-de14-49ee-b49b-3b6d1e6d9d11" 200 2 "GET http://172.18.0.2:8080/v1/AUTH_0c8e2a92cd2b4a1b8fe78a5b1b80eeff/gnocchi.09bf1c09-de14-49ee-b49b-3b6d1e6d9d11?format=json&states=listing" "txaaf6d3b7903545e281183-006a281bee" "proxy-server 20" 0.0036 "-" 22 0
Jun 9 13:58:06 standalone proxy-server[129310]: 172.18.0.2 172.18.0.100 09/Jun/2026/13/58/06 GET /v1/AUTH_0c8e2a92cd2b4a1b8fe78a5b1b80eeff/gnocchi.09bf1c09-de14-49ee-b49b-3b6d1e6d9d11%3Fformat%3Djson%26states%3Dlisting HTTP/1.0 200 - python-swiftclient-3.11.1 gAAAAABqKBuotX25... - 2 - txaaf6d3b7903545e281183-006a281bee - 0.0245 - - 1781013486.096779108 1781013486.121231556 0
Jun 9 13:58:06 standalone object-server[127450]: 172.20.0.100 - - [09/Jun/2026:13:58:06 +0000] "GET /d1/224/AUTH_0c8e2a92cd2b4a1b8fe78a5b1b80eeff/gnocchi.09bf1c09-de14-49ee-b49b-3b6d1e6d9d11/1780920000.0_mean_300.0_v3" 404 70 "GET http://172.18.0.2:8080/v1/AUTH_0c8e2a92cd2b4a1b8fe78a5b1b80eeff/gnocchi.09bf1c09-de14-49ee-b49b-3b6d1e6d9d11/1780920000.0_mean_300.0_v3" "txa3570b9a11514304a4e7e-006a281bee" "proxy-server 20" 0.0009 "-" 24 0
Jun 9 13:58:06 standalone proxy-server[129310]: 172.18.0.2 172.18.0.100 09/Jun/2026/13/58/06 GET /v1/AUTH_0c8e2a92cd2b4a1b8fe78a5b1b80eeff/gnocchi.09bf1c09-de14-49ee-b49b-3b6d1e6d9d11/1780920000.0_mean_300.0_v3 HTTP/1.0 404 - python-swiftclient-3.11.1 gAAAAABqKBuotX25... - 70 - txa3570b9a11514304a4e7e-006a281bee - 0.0111 - - 1781013486.127679586 1781013486.138821363 0
Jun 9 13:58:06 standalone container-server[127242]: 172.20.0.100 - - [09/Jun/2026:13:58:06 +0000] "PUT /d1/708/AUTH_0c8e2a92cd2b4a1b8fe78a5b1b80eeff/gnocchi.09bf1c09-de14-49ee-b49b-3b6d1e6d9d11/1780920000.0_mean_300.0_v3" 201 - "PUT http://172.18.0.2:8080/d1/224/AUTH_0c8e2a92cd2b4a1b8fe78a5b1b80eeff/gnocchi.09bf1c09-de14-49ee-b49b-3b6d1e6d9d11/1780920000.0_mean_300.0_v3" "tx627086c155a94dd2b95e9-006a281bee" "object-server 25" 0.0011 "-" 22 0
Jun 9 13:58:06 standalone object-server[127455]: 172.20.0.100 - - [09/Jun/2026:13:58:06 +0000] "PUT /d1/224/AUTH_0c8e2a92cd2b4a1b8fe78a5b1b80eeff/gnocchi.09bf1c09-de14-49ee-b49b-3b6d1e6d9d11/1780920000.0_mean_300.0_v3" 201 - "PUT http://172.18.0.2:8080/v1/AUTH_0c8e2a92cd2b4a1b8fe78a5b1b80eeff/gnocchi.09bf1c09-de14-49ee-b49b-3b6d1e6d9d11/1780920000.0_mean_300.0_v3" "tx627086c155a94dd2b95e9-006a281bee" "proxy-server 20" 0.0155 "-" 25 0
Jun 9 13:58:06 standalone proxy-server[129310]: 172.18.0.2 172.18.0.100 09/Jun/2026/13/58/06 PUT /v1/AUTH_0c8e2a92cd2b4a1b8fe78a5b1b80eeff/gnocchi.09bf1c09-de14-49ee-b49b-3b6d1e6d9d11/1780920000.0_mean_300.0_v3 HTTP/1.0 201 - python-swiftclient-3.11.1 gAAAAABqKBuotX25... 16 - - tx627086c155a94dd2b95e9-006a281bee - 0.0243 - - 1781013486.143989801 1781013486.168332338 0
Jun 9 13:58:06 standalone container-server[127242]: 172.20.0.100 - - [09/Jun/2026:13:58:06 +0000] "PUT /d1/708/AUTH_0c8e2a92cd2b4a1b8fe78a5b1b80eeff/gnocchi.09bf1c09-de14-49ee-b49b-3b6d1e6d9d11/none_v3" 201 - "PUT http://172.18.0.2:8080/d1/706/AUTH_0c8e2a92cd2b4a1b8fe78a5b1b80eeff/gnocchi.09bf1c09-de14-49ee-b49b-3b6d1e6d9d11/none_v3" "tx92c7a68b95644787ac074-006a281bee" "object-server 24" 0.0012 "-" 22 0
Jun 9 13:58:06 standalone object-server[127450]: 172.20.0.100 - - [09/Jun/2026:13:58:06 +0000] "PUT /d1/706/AUTH_0c8e2a92cd2b4a1b8fe78a5b1b80eeff/gnocchi.09bf1c09-de14-49ee-b49b-3b6d1e6d9d11/none_v3" 201 - "PUT http://172.18.0.2:8080/v1/AUTH_0c8e2a92cd2b4a1b8fe78a5b1b80eeff/gnocchi.09bf1c09-de14-49ee-b49b-3b6d1e6d9d11/none_v3" "tx92c7a68b95644787ac074-006a281bee" "proxy-server 20" 0.0204 "-" 24 0
Jun 9 13:58:06 standalone proxy-server[129310]: 172.18.0.2 172.18.0.100 09/Jun/2026/13/58/06 PUT /v1/AUTH_0c8e2a92cd2b4a1b8fe78a5b1b80eeff/gnocchi.09bf1c09-de14-49ee-b49b-3b6d1e6d9d11/none_v3 HTTP/1.0 201 - python-swiftclient-3.11.1 gAAAAABqKBuotX25... 22 - - tx92c7a68b95644787ac074-006a281bee - 0.0317 - - 1781013486.173007011 1781013486.204726458 0
Jun 9 13:58:06 standalone container-server[127206]: 172.20.0.100 - - [09/Jun/2026:13:58:06 +0000] "HEAD /d1/327/AUTH_0c8e2a92cd2b4a1b8fe78a5b1b80eeff/gnocchi.380e1b2c-b018-4c6d-8160-fb642670688a" 404 - "HEAD http://172.18.0.2:8080/v1/AUTH_0c8e2a92cd2b4a1b8fe78a5b1b80eeff/gnocchi.380e1b2c-b018-4c6d-8160-fb642670688a?format=json&states=listing" "tx3360fca5852343fb828f8-006a281bee" "proxy-server 20" 0.0007 "-" 20 0
Jun 9 13:58:06 standalone object-server[127450]: 172.20.0.100 - - [09/Jun/2026:13:58:06 +0000] "GET /d1/873/AUTH_0c8e2a92cd2b4a1b8fe78a5b1b80eeff/gnocchi.380e1b2c-b018-4c6d-8160-fb642670688a/none_v3" 404 70 "GET http://172.18.0.2:8080/v1/AUTH_0c8e2a92cd2b4a1b8fe78a5b1b80eeff/gnocchi.380e1b2c-b018-4c6d-8160-fb642670688a/none_v3" "tx3360fca5852343fb828f8-006a281bee" "proxy-server 20" 0.0007 "-" 24 0
Jun 9 13:58:06 standalone proxy-server[129310]: 172.18.0.2 172.18.0.100 09/Jun/2026/13/58/06 GET /v1/AUTH_0c8e2a92cd2b4a1b8fe78a5b1b80eeff/gnocchi.380e1b2c-b018-4c6d-8160-fb642670688a/none_v3 HTTP/1.0 404 - python-swiftclient-3.11.1 gAAAAABqKBuotX25... - 70 - tx3360fca5852343fb828f8-006a281bee - 0.0198 - - 1781013486.238675117 1781013486.258461952 0
Jun 9 13:58:06 standalone account-server[127208]: 172.20.0.100 - - [09/Jun/2026:13:58:06 +0000] "PUT /d1/506/AUTH_0c8e2a92cd2b4a1b8fe78a5b1b80eeff/gnocchi.380e1b2c-b018-4c6d-8160-fb642670688a" 201 - "PUT http://172.20.0.100:6001/d1/327/AUTH_0c8e2a92cd2b4a1b8fe78a5b1b80eeff/gnocchi.380e1b2c-b018-4c6d-8160-fb642670688a" "txe3902b7d15464e12b8f21-006a281bee" "container-server 20" 0.0091 "-" 23 0
Jun 9 13:58:06 standalone container-server[127206]: 172.20.0.100 - - [09/Jun/2026:13:58:06 +0000] "PUT /d1/327/AUTH_0c8e2a92cd2b4a1b8fe78a5b1b80eeff/gnocchi.380e1b2c-b018-4c6d-8160-fb642670688a" 201 - "PUT http://172.18.0.2:8080/v1/AUTH_0c8e2a92cd2b4a1b8fe78a5b1b80eeff/gnocchi.380e1b2c-b018-4c6d-8160-fb642670688a" "txe3902b7d15464e12b8f21-006a281bee" "proxy-server 20" 0.0268 "-" 20 0
Jun 9 13:58:06 standalone proxy-server[129310]: 172.18.0.2 172.18.0.100 09/Jun/2026/13/58/06 PUT /v1/AUTH_0c8e2a92cd2b4a1b8fe78a5b1b80eeff/gnocchi.380e1b2c-b018-4c6d-8160-fb642670688a HTTP/1.0 201 - python-swiftclient-3.11.1 gAAAAABqKBuotX25... - - - txe3902b7d15464e12b8f21-006a281bee - 0.0397 - - 1781013486.265639305 1781013486.305334091 0
Jun 9 13:58:06 standalone container-server[127247]: 172.20.0.100 - - [09/Jun/2026:13:58:06 +0000] "HEAD /d1/327/AUTH_0c8e2a92cd2b4a1b8fe78a5b1b80eeff/gnocchi.380e1b2c-b018-4c6d-8160-fb642670688a" 204 - "HEAD http://172.18.0.2:8080/v1/AUTH_0c8e2a92cd2b4a1b8fe78a5b1b80eeff/gnocchi.380e1b2c-b018-4c6d-8160-fb642670688a?format=json&states=listing" "tx4ebfee8385e24884bf232-006a281bee" "proxy-server 20" 0.0027 "-" 23 0
Jun 9 13:58:06 standalone proxy-server[129310]: - - 09/Jun/2026/13/58/06 HEAD /v1/AUTH_0c8e2a92cd2b4a1b8fe78a5b1b80eeff/gnocchi.380e1b2c-b018-4c6d-8160-fb642670688a%3Fformat%3Djson%26states%3Dlisting HTTP/1.0 204 - Swift - - - - tx4ebfee8385e24884bf232-006a281bee - 0.0094 RL - 1781013486.316197157 1781013486.325634718 0
Jun 9 13:58:06 standalone container-server[127206]: 172.20.0.100 - - [09/Jun/2026:13:58:06 +0000] "GET /d1/327/AUTH_0c8e2a92cd2b4a1b8fe78a5b1b80eeff/gnocchi.380e1b2c-b018-4c6d-8160-fb642670688a" 200 2 "GET http://172.18.0.2:8080/v1/AUTH_0c8e2a92cd2b4a1b8fe78a5b1b80eeff/gnocchi.380e1b2c-b018-4c6d-8160-fb642670688a?format=json&states=listing" "tx4ebfee8385e24884bf232-006a281bee" "proxy-server 20" 0.0042 "-" 20 0
Jun 9 13:58:06 standalone proxy-server[129310]: 172.18.0.2 172.18.0.100 09/Jun/2026/13/58/06 GET /v1/AUTH_0c8e2a92cd2b4a1b8fe78a5b1b80eeff/gnocchi.380e1b2c-b018-4c6d-8160-fb642670688a%3Fformat%3Djson%26states%3Dlisting HTTP/1.0 200 - python-swiftclient-3.11.1 gAAAAABqKBuotX25... - 2 - tx4ebfee8385e24884bf232-006a281bee - 0.0271 - - 1781013486.312906027 1781013486.339981079 0
Jun 9 13:58:06 standalone object-server[127450]: 172.20.0.100 - - [09/Jun/2026:13:58:06 +0000] "GET /d1/384/AUTH_0c8e2a92cd2b4a1b8fe78a5b1b80eeff/gnocchi.380e1b2c-b018-4c6d-8160-fb642670688a/1780920000.0_mean_300.0_v3" 404 70 "GET http://172.18.0.2:8080/v1/AUTH_0c8e2a92cd2b4a1b8fe78a5b1b80eeff/gnocchi.380e1b2c-b018-4c6d-8160-fb642670688a/1780920000.0_mean_300.0_v3" "txab7ba6f4c381429394e38-006a281bee" "proxy-server 20" 0.0006 "-" 24 0
Jun 9 13:58:06 standalone proxy-server[129310]: 172.18.0.2 172.18.0.100 09/Jun/2026/13/58/06 GET /v1/AUTH_0c8e2a92cd2b4a1b8fe78a5b1b80eeff/gnocchi.380e1b2c-b018-4c6d-8160-fb642670688a/1780920000.0_mean_300.0_v3 HTTP/1.0 404 - python-swiftclient-3.11.1 gAAAAABqKBuotX25... - 70 - txab7ba6f4c381429394e38-006a281bee - 0.0142 - - 1781013486.347671986 1781013486.361918211 0
Jun 9 13:58:06 standalone container-server[127242]: 172.20.0.100 - - [09/Jun/2026:13:58:06 +0000] "PUT /d1/327/AUTH_0c8e2a92cd2b4a1b8fe78a5b1b80eeff/gnocchi.380e1b2c-b018-4c6d-8160-fb642670688a/1780920000.0_mean_300.0_v3" 201 - "PUT http://172.18.0.2:8080/d1/384/AUTH_0c8e2a92cd2b4a1b8fe78a5b1b80eeff/gnocchi.380e1b2c-b018-4c6d-8160-fb642670688a/1780920000.0_mean_300.0_v3" "tx172365a317894925b5455-006a281bee" "object-server 23" 0.0013 "-" 22 0
Jun 9 13:58:06 standalone object-server[127440]: 172.20.0.100 - - [09/Jun/2026:13:58:06 +0000] "PUT /d1/384/AUTH_0c8e2a92cd2b4a1b8fe78a5b1b80eeff/gnocchi.380e1b2c-b018-4c6d-8160-fb642670688a/1780920000.0_mean_300.0_v3" 201 - "PUT http://172.18.0.2:8080/v1/AUTH_0c8e2a92cd2b4a1b8fe78a5b1b80eeff/gnocchi.380e1b2c-b018-4c6d-8160-fb642670688a/1780920000.0_mean_300.0_v3" "tx172365a317894925b5455-006a281bee" "proxy-server 20" 0.0182 "-" 23 0
Jun 9 13:58:06 standalone proxy-server[129310]: 172.18.0.2 172.18.0.100 09/Jun/2026/13/58/06 PUT /v1/AUTH_0c8e2a92cd2b4a1b8fe78a5b1b80eeff/gnocchi.380e1b2c-b018-4c6d-8160-fb642670688a/1780920000.0_mean_300.0_v3 HTTP/1.0 201 - python-swiftclient-3.11.1 gAAAAABqKBuotX25... 16 - - tx172365a317894925b5455-006a281bee - 0.0298 - - 1781013486.367760181 1781013486.397513628 0
Jun 9 13:58:06 standalone container-server[127231]: 172.20.0.100 - - [09/Jun/2026:13:58:06 +0000] "PUT /d1/327/AUTH_0c8e2a92cd2b4a1b8fe78a5b1b80eeff/gnocchi.380e1b2c-b018-4c6d-8160-fb642670688a/none_v3" 201 - "PUT http://172.18.0.2:8080/d1/873/AUTH_0c8e2a92cd2b4a1b8fe78a5b1b80eeff/gnocchi.380e1b2c-b018-4c6d-8160-fb642670688a/none_v3" "tx0135eecb556b4b6b97005-006a281bee" "object-server 25" 0.0011 "-" 21 0
Jun 9 13:58:06 standalone object-server[127455]: 172.20.0.100 - - [09/Jun/2026:13:58:06 +0000] "PUT /d1/873/AUTH_0c8e2a92cd2b4a1b8fe78a5b1b80eeff/gnocchi.380e1b2c-b018-4c6d-8160-fb642670688a/none_v3" 201 - "PUT http://172.18.0.2:8080/v1/AUTH_0c8e2a92cd2b4a1b8fe78a5b1b80eeff/gnocchi.380e1b2c-b018-4c6d-8160-fb642670688a/none_v3" "tx0135eecb556b4b6b97005-006a281bee" "proxy-server 20" 0.0167 "-" 25 0
Jun 9 13:58:06 standalone proxy-server[129310]: 172.18.0.2 172.18.0.100 09/Jun/2026/13/58/06 PUT /v1/AUTH_0c8e2a92cd2b4a1b8fe78a5b1b80eeff/gnocchi.380e1b2c-b018-4c6d-8160-fb642670688a/none_v3 HTTP/1.0 201 - python-swiftclient-3.11.1 gAAAAABqKBuotX25... 22 - - tx0135eecb556b4b6b97005-006a281bee - 0.0264 - - 1781013486.402719259 1781013486.429159641 0
Jun 9 13:58:22 standalone object-server[127414]: Begin object update sweep
Jun 9 13:58:22 standalone object-server[225398]: Object update sweep starting on /srv/node/d1 (pid: 14)
Jun 9 13:58:22 standalone object-server[225398]: Object update sweep completed on /srv/node/d1 in 0.00s seconds:, 0 successes, 0 failures, 0 quarantines, 0 unlinks, 0 errors, 0 redirects (pid: 14)
Jun 9 13:58:22 standalone object-server[225398]: Object update sweep of d1 completed: 0.00s, 0 successes, 0 failures, 0 quarantines, 0 unlinks, 0 errors, 0 redirects
Jun 9 13:58:22 standalone object-server[127414]: Object update sweep completed: 0.08s
Jun 9 13:58:36 standalone container-server[127242]: 172.20.0.100 - - [09/Jun/2026:13:58:36 +0000] "HEAD /d1/110/AUTH_0c8e2a92cd2b4a1b8fe78a5b1b80eeff/gnocchi.1effc10a-7bb7-48b0-a829-1c93bb66c785" 404 - "HEAD http://172.18.0.2:8080/v1/AUTH_0c8e2a92cd2b4a1b8fe78a5b1b80eeff/gnocchi.1effc10a-7bb7-48b0-a829-1c93bb66c785?format=json&states=listing" "tx41def50c42e74fc0966f6-006a281c0c" "proxy-server 20" 0.0008 "-" 22 0
Jun 9 13:58:36 standalone object-server[127440]: 172.20.0.100 - - [09/Jun/2026:13:58:36 +0000] "GET /d1/173/AUTH_0c8e2a92cd2b4a1b8fe78a5b1b80eeff/gnocchi.1effc10a-7bb7-48b0-a829-1c93bb66c785/none_v3" 404 70 "GET http://172.18.0.2:8080/v1/AUTH_0c8e2a92cd2b4a1b8fe78a5b1b80eeff/gnocchi.1effc10a-7bb7-48b0-a829-1c93bb66c785/none_v3" "tx41def50c42e74fc0966f6-006a281c0c" "proxy-server 20" 0.0007 "-" 23 0
Jun 9 13:58:36 standalone proxy-server[129310]: 172.18.0.2 172.18.0.100 09/Jun/2026/13/58/36 GET /v1/AUTH_0c8e2a92cd2b4a1b8fe78a5b1b80eeff/gnocchi.1effc10a-7bb7-48b0-a829-1c93bb66c785/none_v3 HTTP/1.0 404 - python-swiftclient-3.11.1 gAAAAABqKBuotX25... - 70 - tx41def50c42e74fc0966f6-006a281c0c - 0.0173 - - 1781013516.075351715 1781013516.092658758 0
Jun 9 13:58:36 standalone account-server[127208]: 172.20.0.100 - - [09/Jun/2026:13:58:36 +0000] "PUT /d1/506/AUTH_0c8e2a92cd2b4a1b8fe78a5b1b80eeff/gnocchi.1effc10a-7bb7-48b0-a829-1c93bb66c785" 201 - "PUT http://172.20.0.100:6001/d1/110/AUTH_0c8e2a92cd2b4a1b8fe78a5b1b80eeff/gnocchi.1effc10a-7bb7-48b0-a829-1c93bb66c785" "txec4a1ea7d77c4fafb4555-006a281c0c" "container-server 23" 0.0091 "-" 23 0
Jun 9 13:58:36 standalone container-server[127247]: 172.20.0.100 - - [09/Jun/2026:13:58:36 +0000] "PUT /d1/110/AUTH_0c8e2a92cd2b4a1b8fe78a5b1b80eeff/gnocchi.1effc10a-7bb7-48b0-a829-1c93bb66c785" 201 - "PUT http://172.18.0.2:8080/v1/AUTH_0c8e2a92cd2b4a1b8fe78a5b1b80eeff/gnocchi.1effc10a-7bb7-48b0-a829-1c93bb66c785" "txec4a1ea7d77c4fafb4555-006a281c0c" "proxy-server 20" 0.0228 "-" 23 0
Jun 9 13:58:36 standalone proxy-server[129310]: 172.18.0.2 172.18.0.100 09/Jun/2026/13/58/36 PUT /v1/AUTH_0c8e2a92cd2b4a1b8fe78a5b1b80eeff/gnocchi.1effc10a-7bb7-48b0-a829-1c93bb66c785 HTTP/1.0 201 - python-swiftclient-3.11.1 gAAAAABqKBuotX25... - - - txec4a1ea7d77c4fafb4555-006a281c0c - 0.0328 - - 1781013516.098540068 1781013516.131343126 0
Jun 9 13:58:36 standalone container-server[127231]: 172.20.0.100 - - [09/Jun/2026:13:58:36 +0000] "HEAD /d1/110/AUTH_0c8e2a92cd2b4a1b8fe78a5b1b80eeff/gnocchi.1effc10a-7bb7-48b0-a829-1c93bb66c785" 204 - "HEAD http://172.18.0.2:8080/v1/AUTH_0c8e2a92cd2b4a1b8fe78a5b1b80eeff/gnocchi.1effc10a-7bb7-48b0-a829-1c93bb66c785?format=json&states=listing" "tx3dfc79036d3645938f578-006a281c0c" "proxy-server 20" 0.0020 "-" 21 0
Jun 9 13:58:36 standalone proxy-server[129310]: - - 09/Jun/2026/13/58/36 HEAD /v1/AUTH_0c8e2a92cd2b4a1b8fe78a5b1b80eeff/gnocchi.1effc10a-7bb7-48b0-a829-1c93bb66c785%3Fformat%3Djson%26states%3Dlisting HTTP/1.0 204 - Swift - - - - tx3dfc79036d3645938f578-006a281c0c - 0.0049 RL - 1781013516.136751175 1781013516.141638756 0
Jun 9 13:58:36 standalone container-server[127206]: 172.20.0.100 - - [09/Jun/2026:13:58:36 +0000] "GET /d1/110/AUTH_0c8e2a92cd2b4a1b8fe78a5b1b80eeff/gnocchi.1effc10a-7bb7-48b0-a829-1c93bb66c785" 200 2 "GET http://172.18.0.2:8080/v1/AUTH_0c8e2a92cd2b4a1b8fe78a5b1b80eeff/gnocchi.1effc10a-7bb7-48b0-a829-1c93bb66c785?format=json&states=listing" "tx3dfc79036d3645938f578-006a281c0c" "proxy-server 20" 0.0023 "-" 20 0
Jun 9 13:58:36 standalone proxy-server[129310]: 172.18.0.2 172.18.0.100 09/Jun/2026/13/58/36 GET /v1/AUTH_0c8e2a92cd2b4a1b8fe78a5b1b80eeff/gnocchi.1effc10a-7bb7-48b0-a829-1c93bb66c785%3Fformat%3Djson%26states%3Dlisting HTTP/1.0 200 - python-swiftclient-3.11.1 gAAAAABqKBuotX25... - 2 - tx3dfc79036d3645938f578-006a281c0c - 0.0125 - - 1781013516.135844946 1781013516.148358107 0
Jun 9 13:58:36 standalone object-server[127450]: 172.20.0.100 - - [09/Jun/2026:13:58:36 +0000] "GET /d1/862/AUTH_0c8e2a92cd2b4a1b8fe78a5b1b80eeff/gnocchi.1effc10a-7bb7-48b0-a829-1c93bb66c785/1780920000.0_mean_300.0_v3" 404 70 "GET http://172.18.0.2:8080/v1/AUTH_0c8e2a92cd2b4a1b8fe78a5b1b80eeff/gnocchi.1effc10a-7bb7-48b0-a829-1c93bb66c785/1780920000.0_mean_300.0_v3" "tx25868fd9baa54ff5ba4df-006a281c0c" "proxy-server 20" 0.0006 "-" 24 0
Jun 9 13:58:36 standalone proxy-server[129310]: 172.18.0.2 172.18.0.100 09/Jun/2026/13/58/36 GET /v1/AUTH_0c8e2a92cd2b4a1b8fe78a5b1b80eeff/gnocchi.1effc10a-7bb7-48b0-a829-1c93bb66c785/1780920000.0_mean_300.0_v3 HTTP/1.0 404 - python-swiftclient-3.11.1 gAAAAABqKBuotX25... - 70 - tx25868fd9baa54ff5ba4df-006a281c0c - 0.0051 - - 1781013516.152457476 1781013516.157537222 0
Jun 9 13:58:36 standalone container-server[127247]: 172.20.0.100 - - [09/Jun/2026:13:58:36 +0000] "PUT /d1/110/AUTH_0c8e2a92cd2b4a1b8fe78a5b1b80eeff/gnocchi.1effc10a-7bb7-48b0-a829-1c93bb66c785/1780920000.0_mean_300.0_v3" 201 - "PUT http://172.18.0.2:8080/d1/862/AUTH_0c8e2a92cd2b4a1b8fe78a5b1b80eeff/gnocchi.1effc10a-7bb7-48b0-a829-1c93bb66c785/1780920000.0_mean_300.0_v3" "tx777f32d43b6c44209a5de-006a281c0c" "object-server 25" 0.0005 "-" 23 0
Jun 9 13:58:36 standalone object-server[127455]: 172.20.0.100 - - [09/Jun/2026:13:58:36 +0000] "PUT /d1/862/AUTH_0c8e2a92cd2b4a1b8fe78a5b1b80eeff/gnocchi.1effc10a-7bb7-48b0-a829-1c93bb66c785/1780920000.0_mean_300.0_v3" 201 - "PUT http://172.18.0.2:8080/v1/AUTH_0c8e2a92cd2b4a1b8fe78a5b1b80eeff/gnocchi.1effc10a-7bb7-48b0-a829-1c93bb66c785/1780920000.0_mean_300.0_v3" "tx777f32d43b6c44209a5de-006a281c0c" "proxy-server 20" 0.0122 "-" 25 0
Jun 9 13:58:36 standalone proxy-server[129310]: 172.18.0.2 172.18.0.100 09/Jun/2026/13/58/36 PUT /v1/AUTH_0c8e2a92cd2b4a1b8fe78a5b1b80eeff/gnocchi.1effc10a-7bb7-48b0-a829-1c93bb66c785/1780920000.0_mean_300.0_v3 HTTP/1.0 201 - python-swiftclient-3.11.1 gAAAAABqKBuotX25... 16 - - tx777f32d43b6c44209a5de-006a281c0c - 0.0170 - - 1781013516.160962820 1781013516.177938938 0
Jun 9 13:58:36 standalone container-server[127231]: 172.20.0.100 - - [09/Jun/2026:13:58:36 +0000] "PUT /d1/110/AUTH_0c8e2a92cd2b4a1b8fe78a5b1b80eeff/gnocchi.1effc10a-7bb7-48b0-a829-1c93bb66c785/none_v3" 201 - "PUT http://172.18.0.2:8080/d1/173/AUTH_0c8e2a92cd2b4a1b8fe78a5b1b80eeff/gnocchi.1effc10a-7bb7-48b0-a829-1c93bb66c785/none_v3" "txe1e9240fa08d47ffb51f0-006a281c0c" "object-server 25" 0.0005 "-" 21 0
Jun 9 13:58:36 standalone object-server[127455]: 172.20.0.100 - - [09/Jun/2026:13:58:36 +0000] "PUT /d1/173/AUTH_0c8e2a92cd2b4a1b8fe78a5b1b80eeff/gnocchi.1effc10a-7bb7-48b0-a829-1c93bb66c785/none_v3" 201 - "PUT http://172.18.0.2:8080/v1/AUTH_0c8e2a92cd2b4a1b8fe78a5b1b80eeff/gnocchi.1effc10a-7bb7-48b0-a829-1c93bb66c785/none_v3" "txe1e9240fa08d47ffb51f0-006a281c0c" "proxy-server 20" 0.0088 "-" 25 0
Jun 9 13:58:36 standalone proxy-server[129310]: 172.18.0.2 172.18.0.100 09/Jun/2026/13/58/36 PUT /v1/AUTH_0c8e2a92cd2b4a1b8fe78a5b1b80eeff/gnocchi.1effc10a-7bb7-48b0-a829-1c93bb66c785/none_v3 HTTP/1.0 201 - python-swiftclient-3.11.1 gAAAAABqKBuotX25... 22 - - txe1e9240fa08d47ffb51f0-006a281c0c - 0.0142 - - 1781013516.183237791 1781013516.197480679 0
Jun 9 13:58:36 standalone object-server[127455]: 172.20.0.100 - - [09/Jun/2026:13:58:36 +0000] "GET /d1/231/AUTH_0c8e2a92cd2b4a1b8fe78a5b1b80eeff/gnocchi.4a0690dc-c15e-4589-9b4d-59e59b4f50ab/none_v3" 200 22 "GET http://172.18.0.2:8080/v1/AUTH_0c8e2a92cd2b4a1b8fe78a5b1b80eeff/gnocchi.4a0690dc-c15e-4589-9b4d-59e59b4f50ab/none_v3" "tx4a31a141760646a4925a2-006a281c0c" "proxy-server 20" 0.0009 "-" 25 0
Jun 9 13:58:36 standalone proxy-server[129310]: 172.18.0.2 172.18.0.100 09/Jun/2026/13/58/36 GET /v1/AUTH_0c8e2a92cd2b4a1b8fe78a5b1b80eeff/gnocchi.4a0690dc-c15e-4589-9b4d-59e59b4f50ab/none_v3 HTTP/1.0 200 - python-swiftclient-3.11.1 gAAAAABqKBuotX25... - 22 - tx4a31a141760646a4925a2-006a281c0c - 0.0087 - - 1781013516.293319225 1781013516.302009583 0
Jun 9 13:58:36 standalone container-server[127206]: 172.20.0.100 - - [09/Jun/2026:13:58:36 +0000] "GET /d1/156/AUTH_0c8e2a92cd2b4a1b8fe78a5b1b80eeff/gnocchi.4a0690dc-c15e-4589-9b4d-59e59b4f50ab" 200 357 "GET http://172.18.0.2:8080/v1/AUTH_0c8e2a92cd2b4a1b8fe78a5b1b80eeff/gnocchi.4a0690dc-c15e-4589-9b4d-59e59b4f50ab?format=json&states=listing" "tx5910c8cf4fd24620925c9-006a281c0c" "proxy-server 20" 0.0343 "-" 20 0
Jun 9 13:58:36 standalone proxy-server[129310]: 172.18.0.2 172.18.0.100 09/Jun/2026/13/58/36 GET /v1/AUTH_0c8e2a92cd2b4a1b8fe78a5b1b80eeff/gnocchi.4a0690dc-c15e-4589-9b4d-59e59b4f50ab%3Fformat%3Djson%26states%3Dlisting HTTP/1.0 200 - python-swiftclient-3.11.1 gAAAAABqKBuotX25... - 357 - tx5910c8cf4fd24620925c9-006a281c0c - 0.0429 - - 1781013516.306838989 1781013516.349734068 0
Jun 9 13:58:36 standalone container-server[127242]: 172.20.0.100 - - [09/Jun/2026:13:58:36 +0000] "GET /d1/156/AUTH_0c8e2a92cd2b4a1b8fe78a5b1b80eeff/gnocchi.4a0690dc-c15e-4589-9b4d-59e59b4f50ab" 200 2 "GET http://172.18.0.2:8080/v1/AUTH_0c8e2a92cd2b4a1b8fe78a5b1b80eeff/gnocchi.4a0690dc-c15e-4589-9b4d-59e59b4f50ab?format=json&marker=none_v3&states=listing" "tx2e9827aff35448bd94023-006a281c0c" "proxy-server 20" 0.0049 "-" 22 0
Jun 9 13:58:36 standalone proxy-server[129310]: 172.18.0.2 172.18.0.100 09/Jun/2026/13/58/36 GET /v1/AUTH_0c8e2a92cd2b4a1b8fe78a5b1b80eeff/gnocchi.4a0690dc-c15e-4589-9b4d-59e59b4f50ab%3Fformat%3Djson%26marker%3Dnone_v3%26states%3Dlisting HTTP/1.0 200 - python-swiftclient-3.11.1 gAAAAABqKBuotX25... - 2 - tx2e9827aff35448bd94023-006a281c0c - 0.0141 - - 1781013516.354800701 1781013516.368946075 0
Jun 9 13:58:36 standalone object-server[127438]: 172.20.0.100 - - [09/Jun/2026:13:58:36 +0000] "GET /d1/244/AUTH_0c8e2a92cd2b4a1b8fe78a5b1b80eeff/gnocchi.4a0690dc-c15e-4589-9b4d-59e59b4f50ab/1780920000.0_mean_300.0_v3" 200 16 "GET http://172.18.0.2:8080/v1/AUTH_0c8e2a92cd2b4a1b8fe78a5b1b80eeff/gnocchi.4a0690dc-c15e-4589-9b4d-59e59b4f50ab/1780920000.0_mean_300.0_v3" "tx82df38e324f9443c95ef4-006a281c0c" "proxy-server 20" 0.0008 "-" 22 0
Jun 9 13:58:36 standalone proxy-server[129310]: 172.18.0.2 172.18.0.100 09/Jun/2026/13/58/36 GET /v1/AUTH_0c8e2a92cd2b4a1b8fe78a5b1b80eeff/gnocchi.4a0690dc-c15e-4589-9b4d-59e59b4f50ab/1780920000.0_mean_300.0_v3 HTTP/1.0 200 - python-swiftclient-3.11.1 gAAAAABqKBuotX25... - 16 - tx82df38e324f9443c95ef4-006a281c0c - 0.0076 - - 1781013516.374223709 1781013516.381814241 0
Jun 9 13:58:36 standalone container-server[127242]: 172.20.0.100 - - [09/Jun/2026:13:58:36 +0000] "PUT /d1/156/AUTH_0c8e2a92cd2b4a1b8fe78a5b1b80eeff/gnocchi.4a0690dc-c15e-4589-9b4d-59e59b4f50ab/1780920000.0_mean_300.0_v3" 201 - "PUT http://172.18.0.2:8080/d1/244/AUTH_0c8e2a92cd2b4a1b8fe78a5b1b80eeff/gnocchi.4a0690dc-c15e-4589-9b4d-59e59b4f50ab/1780920000.0_mean_300.0_v3" "tx4207a3446d5e45f0b5f12-006a281c0c" "object-server 23" 0.0008 "-" 22 0
Jun 9 13:58:36 standalone object-server[127440]: 172.20.0.100 - - [09/Jun/2026:13:58:36 +0000] "PUT /d1/244/AUTH_0c8e2a92cd2b4a1b8fe78a5b1b80eeff/gnocchi.4a0690dc-c15e-4589-9b4d-59e59b4f50ab/1780920000.0_mean_300.0_v3" 201 - "PUT http://172.18.0.2:8080/v1/AUTH_0c8e2a92cd2b4a1b8fe78a5b1b80eeff/gnocchi.4a0690dc-c15e-4589-9b4d-59e59b4f50ab/1780920000.0_mean_300.0_v3" "tx4207a3446d5e45f0b5f12-006a281c0c" "proxy-server 20" 0.0137 "-" 23 0
Jun 9 13:58:36 standalone proxy-server[129310]: 172.18.0.2 172.18.0.100 09/Jun/2026/13/58/36 PUT /v1/AUTH_0c8e2a92cd2b4a1b8fe78a5b1b80eeff/gnocchi.4a0690dc-c15e-4589-9b4d-59e59b4f50ab/1780920000.0_mean_300.0_v3 HTTP/1.0 201 - python-swiftclient-3.11.1 gAAAAABqKBuotX25... 16 - - tx4207a3446d5e45f0b5f12-006a281c0c - 0.0210 - - 1781013516.385983229 1781013516.406984091 0
Jun 9 13:58:36 standalone container-server[127247]: 172.20.0.100 - - [09/Jun/2026:13:58:36 +0000] "PUT /d1/156/AUTH_0c8e2a92cd2b4a1b8fe78a5b1b80eeff/gnocchi.4a0690dc-c15e-4589-9b4d-59e59b4f50ab/none_v3" 201 - "PUT http://172.18.0.2:8080/d1/231/AUTH_0c8e2a92cd2b4a1b8fe78a5b1b80eeff/gnocchi.4a0690dc-c15e-4589-9b4d-59e59b4f50ab/none_v3" "tx201d19a9a89e41fea02ad-006a281c0c" "object-server 22" 0.0008 "-" 23 0
Jun 9 13:58:36 standalone object-server[127438]: 172.20.0.100 - - [09/Jun/2026:13:58:36 +0000] "PUT /d1/231/AUTH_0c8e2a92cd2b4a1b8fe78a5b1b80eeff/gnocchi.4a0690dc-c15e-4589-9b4d-59e59b4f50ab/none_v3" 201 - "PUT http://172.18.0.2:8080/v1/AUTH_0c8e2a92cd2b4a1b8fe78a5b1b80eeff/gnocchi.4a0690dc-c15e-4589-9b4d-59e59b4f50ab/none_v3" "tx201d19a9a89e41fea02ad-006a281c0c" "proxy-server 20" 0.0116 "-" 22 0
Jun 9 13:58:36 standalone proxy-server[129310]: 172.18.0.2 172.18.0.100 09/Jun/2026/13/58/36 PUT /v1/AUTH_0c8e2a92cd2b4a1b8fe78a5b1b80eeff/gnocchi.4a0690dc-c15e-4589-9b4d-59e59b4f50ab/none_v3 HTTP/1.0 201 - python-swiftclient-3.11.1 gAAAAABqKBuotX25... 33 - - tx201d19a9a89e41fea02ad-006a281c0c - 0.0191 - - 1781013516.410765409 1781013516.429851055 0
Jun 9 13:58:36 standalone object-server[127438]: 172.20.0.100 - - [09/Jun/2026:13:58:36 +0000] "GET /d1/900/AUTH_0c8e2a92cd2b4a1b8fe78a5b1b80eeff/gnocchi.34f9a6b4-3fb5-4cc5-b767-062486c95150/none_v3" 200 22 "GET http://172.18.0.2:8080/v1/AUTH_0c8e2a92cd2b4a1b8fe78a5b1b80eeff/gnocchi.34f9a6b4-3fb5-4cc5-b767-062486c95150/none_v3" "txfec089b9b2184e5888e82-006a281c0c" "proxy-server 20" 0.0010 "-" 22 0
Jun 9 13:58:36 standalone proxy-server[129310]: 172.18.0.2 172.18.0.100 09/Jun/2026/13/58/36 GET /v1/AUTH_0c8e2a92cd2b4a1b8fe78a5b1b80eeff/gnocchi.34f9a6b4-3fb5-4cc5-b767-062486c95150/none_v3 HTTP/1.0 200 - python-swiftclient-3.11.1 gAAAAABqKBuotX25... - 22 - txfec089b9b2184e5888e82-006a281c0c - 0.0100 - - 1781013516.448229790 1781013516.458246469 0
Jun 9 13:58:36 standalone container-server[127242]: 172.20.0.100 - - [09/Jun/2026:13:58:36 +0000] "GET /d1/45/AUTH_0c8e2a92cd2b4a1b8fe78a5b1b80eeff/gnocchi.34f9a6b4-3fb5-4cc5-b767-062486c95150" 200 357 "GET http://172.18.0.2:8080/v1/AUTH_0c8e2a92cd2b4a1b8fe78a5b1b80eeff/gnocchi.34f9a6b4-3fb5-4cc5-b767-062486c95150?format=json&states=listing" "txe157da60e0a74c258a0ec-006a281c0c" "proxy-server 20" 0.0156 "-" 22 0
Jun 9 13:58:36 standalone proxy-server[129310]: 172.18.0.2 172.18.0.100 09/Jun/2026/13/58/36 GET /v1/AUTH_0c8e2a92cd2b4a1b8fe78a5b1b80eeff/gnocchi.34f9a6b4-3fb5-4cc5-b767-062486c95150%3Fformat%3Djson%26states%3Dlisting HTTP/1.0 200 - python-swiftclient-3.11.1 gAAAAABqKBuotX25... - 357 - txe157da60e0a74c258a0ec-006a281c0c - 0.0248 - - 1781013516.462631464 1781013516.487385750 0
Jun 9 13:58:36 standalone container-server[127206]: 172.20.0.100 - - [09/Jun/2026:13:58:36 +0000] "GET /d1/45/AUTH_0c8e2a92cd2b4a1b8fe78a5b1b80eeff/gnocchi.34f9a6b4-3fb5-4cc5-b767-062486c95150" 200 2 "GET http://172.18.0.2:8080/v1/AUTH_0c8e2a92cd2b4a1b8fe78a5b1b80eeff/gnocchi.34f9a6b4-3fb5-4cc5-b767-062486c95150?format=json&marker=none_v3&states=listing" "tx1358a24e87974311a300d-006a281c0c" "proxy-server 20" 0.0019 "-" 20 0
Jun 9 13:58:36 standalone proxy-server[129310]: 172.18.0.2 172.18.0.100 09/Jun/2026/13/58/36 GET /v1/AUTH_0c8e2a92cd2b4a1b8fe78a5b1b80eeff/gnocchi.34f9a6b4-3fb5-4cc5-b767-062486c95150%3Fformat%3Djson%26marker%3Dnone_v3%26states%3Dlisting HTTP/1.0 200 - python-swiftclient-3.11.1 gAAAAABqKBuotX25... - 2 - tx1358a24e87974311a300d-006a281c0c - 0.0144 - - 1781013516.491520405 1781013516.505904913 0
Jun 9 13:58:36 standalone object-server[127440]: 172.20.0.100 - - [09/Jun/2026:13:58:36 +0000] "GET /d1/712/AUTH_0c8e2a92cd2b4a1b8fe78a5b1b80eeff/gnocchi.34f9a6b4-3fb5-4cc5-b767-062486c95150/1780920000.0_mean_300.0_v3" 200 16 "GET http://172.18.0.2:8080/v1/AUTH_0c8e2a92cd2b4a1b8fe78a5b1b80eeff/gnocchi.34f9a6b4-3fb5-4cc5-b767-062486c95150/1780920000.0_mean_300.0_v3" "tx0b5270ce7d304803965aa-006a281c0c" "proxy-server 20" 0.0011 "-" 23 0
Jun 9 13:58:36 standalone proxy-server[129310]: 172.18.0.2 172.18.0.100 09/Jun/2026/13/58/36 GET /v1/AUTH_0c8e2a92cd2b4a1b8fe78a5b1b80eeff/gnocchi.34f9a6b4-3fb5-4cc5-b767-062486c95150/1780920000.0_mean_300.0_v3 HTTP/1.0 200 - python-swiftclient-3.11.1 gAAAAABqKBuotX25... - 16 - tx0b5270ce7d304803965aa-006a281c0c - 0.0098 - - 1781013516.510561228 1781013516.520392179 0
Jun 9 13:58:36 standalone container-server[127206]: 172.20.0.100 - - [09/Jun/2026:13:58:36 +0000] "PUT /d1/45/AUTH_0c8e2a92cd2b4a1b8fe78a5b1b80eeff/gnocchi.34f9a6b4-3fb5-4cc5-b767-062486c95150/1780920000.0_mean_300.0_v3" 201 - "PUT http://172.18.0.2:8080/d1/712/AUTH_0c8e2a92cd2b4a1b8fe78a5b1b80eeff/gnocchi.34f9a6b4-3fb5-4cc5-b767-062486c95150/1780920000.0_mean_300.0_v3" "tx0253bd67669c474e993ad-006a281c0c" "object-server 23" 0.0006 "-" 20 0
Jun 9 13:58:36 standalone object-server[127440]: 172.20.0.100 - - [09/Jun/2026:13:58:36 +0000] "PUT /d1/712/AUTH_0c8e2a92cd2b4a1b8fe78a5b1b80eeff/gnocchi.34f9a6b4-3fb5-4cc5-b767-062486c95150/1780920000.0_mean_300.0_v3" 201 - "PUT http://172.18.0.2:8080/v1/AUTH_0c8e2a92cd2b4a1b8fe78a5b1b80eeff/gnocchi.34f9a6b4-3fb5-4cc5-b767-062486c95150/1780920000.0_mean_300.0_v3" "tx0253bd67669c474e993ad-006a281c0c" "proxy-server 20" 0.0103 "-" 23 0
Jun 9 13:58:36 standalone proxy-server[129310]: 172.18.0.2 172.18.0.100 09/Jun/2026/13/58/36 PUT /v1/AUTH_0c8e2a92cd2b4a1b8fe78a5b1b80eeff/gnocchi.34f9a6b4-3fb5-4cc5-b767-062486c95150/1780920000.0_mean_300.0_v3 HTTP/1.0 201 - python-swiftclient-3.11.1 gAAAAABqKBuotX25... 16 - - tx0253bd67669c474e993ad-006a281c0c - 0.0191 - - 1781013516.524363279 1781013516.543475866 0
Jun 9 13:58:36 standalone container-server[127242]: 172.20.0.100 - - [09/Jun/2026:13:58:36 +0000] "PUT /d1/45/AUTH_0c8e2a92cd2b4a1b8fe78a5b1b80eeff/gnocchi.34f9a6b4-3fb5-4cc5-b767-062486c95150/none_v3" 201 - "PUT http://172.18.0.2:8080/d1/900/AUTH_0c8e2a92cd2b4a1b8fe78a5b1b80eeff/gnocchi.34f9a6b4-3fb5-4cc5-b767-062486c95150/none_v3" "txc451660348094c68adb0b-006a281c0c" "object-server 24" 0.0007 "-" 22 0
Jun 9 13:58:36 standalone object-server[127450]: 172.20.0.100 - - [09/Jun/2026:13:58:36 +0000] "PUT /d1/900/AUTH_0c8e2a92cd2b4a1b8fe78a5b1b80eeff/gnocchi.34f9a6b4-3fb5-4cc5-b767-062486c95150/none_v3" 201 - "PUT http://172.18.0.2:8080/v1/AUTH_0c8e2a92cd2b4a1b8fe78a5b1b80eeff/gnocchi.34f9a6b4-3fb5-4cc5-b767-062486c95150/none_v3" "txc451660348094c68adb0b-006a281c0c" "proxy-server 20" 0.0117 "-" 24 0
Jun 9 13:58:36 standalone proxy-server[129310]: 172.18.0.2 172.18.0.100 09/Jun/2026/13/58/36 PUT /v1/AUTH_0c8e2a92cd2b4a1b8fe78a5b1b80eeff/gnocchi.34f9a6b4-3fb5-4cc5-b767-062486c95150/none_v3 HTTP/1.0 201 - python-swiftclient-3.11.1 gAAAAABqKBuotX25... 33 - - txc451660348094c68adb0b-006a281c0c - 0.0191 - - 1781013516.547132254 1781013516.566250801 0
Jun 9 13:58:40 standalone object-server[127438]: 172.20.0.100 - - [09/Jun/2026:13:58:40 +0000] "GET /d1/173/AUTH_0c8e2a92cd2b4a1b8fe78a5b1b80eeff/gnocchi.1effc10a-7bb7-48b0-a829-1c93bb66c785/none_v3" 200 22 "GET http://172.18.0.2:8080/v1/AUTH_0c8e2a92cd2b4a1b8fe78a5b1b80eeff/gnocchi.1effc10a-7bb7-48b0-a829-1c93bb66c785/none_v3" "tx7f75d90c19d84cb686959-006a281c10" "proxy-server 20" 0.0017 "-" 22 0
Jun 9 13:58:40 standalone proxy-server[129310]: 172.18.0.2 172.18.0.100 09/Jun/2026/13/58/40 GET /v1/AUTH_0c8e2a92cd2b4a1b8fe78a5b1b80eeff/gnocchi.1effc10a-7bb7-48b0-a829-1c93bb66c785/none_v3 HTTP/1.0 200 - python-swiftclient-3.11.1 gAAAAABqKBuotX25... - 22 - tx7f75d90c19d84cb686959-006a281c10 - 0.0113 - - 1781013520.819624662 1781013520.830961943 0
Jun 9 13:58:40 standalone container-server[127206]: 172.20.0.100 - - [09/Jun/2026:13:58:40 +0000] "GET /d1/110/AUTH_0c8e2a92cd2b4a1b8fe78a5b1b80eeff/gnocchi.1effc10a-7bb7-48b0-a829-1c93bb66c785" 200 357 "GET http://172.18.0.2:8080/v1/AUTH_0c8e2a92cd2b4a1b8fe78a5b1b80eeff/gnocchi.1effc10a-7bb7-48b0-a829-1c93bb66c785?format=json&states=listing" "txe670d021539e4a1088079-006a281c10" "proxy-server 20" 0.0116 "-" 20 0
Jun 9 13:58:40 standalone proxy-server[129310]: 172.18.0.2 172.18.0.100 09/Jun/2026/13/58/40 GET /v1/AUTH_0c8e2a92cd2b4a1b8fe78a5b1b80eeff/gnocchi.1effc10a-7bb7-48b0-a829-1c93bb66c785%3Fformat%3Djson%26states%3Dlisting HTTP/1.0 200 - python-swiftclient-3.11.1 gAAAAABqKBuotX25... - 357 - txe670d021539e4a1088079-006a281c10 - 0.0220 - - 1781013520.836659431 1781013520.858690977 0
Jun 9 13:58:40 standalone container-server[127206]: 172.20.0.100 - - [09/Jun/2026:13:58:40 +0000] "GET /d1/110/AUTH_0c8e2a92cd2b4a1b8fe78a5b1b80eeff/gnocchi.1effc10a-7bb7-48b0-a829-1c93bb66c785" 200 2 "GET http://172.18.0.2:8080/v1/AUTH_0c8e2a92cd2b4a1b8fe78a5b1b80eeff/gnocchi.1effc10a-7bb7-48b0-a829-1c93bb66c785?format=json&marker=none_v3&states=listing" "tx5db7e9d9d7b041289a922-006a281c10" "proxy-server 20" 0.0033 "-" 20 0
Jun 9 13:58:40 standalone proxy-server[129310]: 172.18.0.2 172.18.0.100 09/Jun/2026/13/58/40 GET /v1/AUTH_0c8e2a92cd2b4a1b8fe78a5b1b80eeff/gnocchi.1effc10a-7bb7-48b0-a829-1c93bb66c785%3Fformat%3Djson%26marker%3Dnone_v3%26states%3Dlisting HTTP/1.0 200 - python-swiftclient-3.11.1 gAAAAABqKBuotX25... - 2 - tx5db7e9d9d7b041289a922-006a281c10 - 0.0122 - - 1781013520.862704039 1781013520.874953747 0
Jun 9 13:58:40 standalone object-server[127438]: 172.20.0.100 - - [09/Jun/2026:13:58:40 +0000] "GET /d1/862/AUTH_0c8e2a92cd2b4a1b8fe78a5b1b80eeff/gnocchi.1effc10a-7bb7-48b0-a829-1c93bb66c785/1780920000.0_mean_300.0_v3" 200 16 "GET http://172.18.0.2:8080/v1/AUTH_0c8e2a92cd2b4a1b8fe78a5b1b80eeff/gnocchi.1effc10a-7bb7-48b0-a829-1c93bb66c785/1780920000.0_mean_300.0_v3" "tx4fd0a34125b4434f89026-006a281c10" "proxy-server 20" 0.0011 "-" 22 0
Jun 9 13:58:40 standalone proxy-server[129310]: 172.18.0.2 172.18.0.100 09/Jun/2026/13/58/40 GET /v1/AUTH_0c8e2a92cd2b4a1b8fe78a5b1b80eeff/gnocchi.1effc10a-7bb7-48b0-a829-1c93bb66c785/1780920000.0_mean_300.0_v3 HTTP/1.0 200 - python-swiftclient-3.11.1 gAAAAABqKBuotX25... - 16 - tx4fd0a34125b4434f89026-006a281c10 - 0.0101 - - 1781013520.879816532 1781013520.889909506 0
Jun 9 13:58:40 standalone container-server[127206]: 172.20.0.100 - - [09/Jun/2026:13:58:40 +0000] "PUT /d1/110/AUTH_0c8e2a92cd2b4a1b8fe78a5b1b80eeff/gnocchi.1effc10a-7bb7-48b0-a829-1c93bb66c785/1780920000.0_mean_300.0_v3" 201 - "PUT http://172.18.0.2:8080/d1/862/AUTH_0c8e2a92cd2b4a1b8fe78a5b1b80eeff/gnocchi.1effc10a-7bb7-48b0-a829-1c93bb66c785/1780920000.0_mean_300.0_v3" "tx4a290bc3ed9146f493319-006a281c10" "object-server 23" 0.0007 "-" 20 0
Jun 9 13:58:40 standalone object-server[127440]: 172.20.0.100 - - [09/Jun/2026:13:58:40 +0000] "PUT /d1/862/AUTH_0c8e2a92cd2b4a1b8fe78a5b1b80eeff/gnocchi.1effc10a-7bb7-48b0-a829-1c93bb66c785/1780920000.0_mean_300.0_v3" 201 - "PUT http://172.18.0.2:8080/v1/AUTH_0c8e2a92cd2b4a1b8fe78a5b1b80eeff/gnocchi.1effc10a-7bb7-48b0-a829-1c93bb66c785/1780920000.0_mean_300.0_v3" "tx4a290bc3ed9146f493319-006a281c10" "proxy-server 20" 0.0123 "-" 23 0
Jun 9 13:58:40 standalone proxy-server[129310]: 172.18.0.2 172.18.0.100 09/Jun/2026/13/58/40 PUT /v1/AUTH_0c8e2a92cd2b4a1b8fe78a5b1b80eeff/gnocchi.1effc10a-7bb7-48b0-a829-1c93bb66c785/1780920000.0_mean_300.0_v3 HTTP/1.0 201 - python-swiftclient-3.11.1 gAAAAABqKBuotX25... 16 - - tx4a290bc3ed9146f493319-006a281c10 - 0.0204 - - 1781013520.894220114 1781013520.914578676 0
Jun 9 13:58:40 standalone container-server[127242]: 172.20.0.100 - - [09/Jun/2026:13:58:40 +0000] "PUT /d1/110/AUTH_0c8e2a92cd2b4a1b8fe78a5b1b80eeff/gnocchi.1effc10a-7bb7-48b0-a829-1c93bb66c785/none_v3" 201 - "PUT http://172.18.0.2:8080/d1/173/AUTH_0c8e2a92cd2b4a1b8fe78a5b1b80eeff/gnocchi.1effc10a-7bb7-48b0-a829-1c93bb66c785/none_v3" "txe3e8f72e341844ca9175b-006a281c10" "object-server 22" 0.0009 "-" 22 0
Jun 9 13:58:40 standalone object-server[127438]: 172.20.0.100 - - [09/Jun/2026:13:58:40 +0000] "PUT /d1/173/AUTH_0c8e2a92cd2b4a1b8fe78a5b1b80eeff/gnocchi.1effc10a-7bb7-48b0-a829-1c93bb66c785/none_v3" 201 - "PUT http://172.18.0.2:8080/v1/AUTH_0c8e2a92cd2b4a1b8fe78a5b1b80eeff/gnocchi.1effc10a-7bb7-48b0-a829-1c93bb66c785/none_v3" "txe3e8f72e341844ca9175b-006a281c10" "proxy-server 20" 0.0129 "-" 22 0
Jun 9 13:58:40 standalone proxy-server[129310]: 172.18.0.2 172.18.0.100 09/Jun/2026/13/58/40 PUT /v1/AUTH_0c8e2a92cd2b4a1b8fe78a5b1b80eeff/gnocchi.1effc10a-7bb7-48b0-a829-1c93bb66c785/none_v3 HTTP/1.0 201 - python-swiftclient-3.11.1 gAAAAABqKBuotX25... 32 - - txe3e8f72e341844ca9175b-006a281c10 - 0.0203 - - 1781013520.918540001 1781013520.938823223 0
Jun 9 13:58:50 standalone container-server[127206]: 172.20.0.100 - - [09/Jun/2026:13:58:50 +0000] "HEAD /d1/330/AUTH_0c8e2a92cd2b4a1b8fe78a5b1b80eeff/gnocchi.8ccd22fc-0adb-48f6-9a24-693ddb95eb2d" 404 - "HEAD http://172.18.0.2:8080/v1/AUTH_0c8e2a92cd2b4a1b8fe78a5b1b80eeff/gnocchi.8ccd22fc-0adb-48f6-9a24-693ddb95eb2d?format=json&states=listing" "txf581b2c0527047fdbb85f-006a281c1a" "proxy-server 20" 0.0009 "-" 20 0
Jun 9 13:58:50 standalone object-server[127440]: 172.20.0.100 - - [09/Jun/2026:13:58:50 +0000] "GET /d1/51/AUTH_0c8e2a92cd2b4a1b8fe78a5b1b80eeff/gnocchi.8ccd22fc-0adb-48f6-9a24-693ddb95eb2d/none_v3" 404 70 "GET http://172.18.0.2:8080/v1/AUTH_0c8e2a92cd2b4a1b8fe78a5b1b80eeff/gnocchi.8ccd22fc-0adb-48f6-9a24-693ddb95eb2d/none_v3" "txf581b2c0527047fdbb85f-006a281c1a" "proxy-server 20" 0.0006 "-" 23 0
Jun 9 13:58:50 standalone proxy-server[129310]: 172.18.0.2 172.18.0.100 09/Jun/2026/13/58/50 GET /v1/AUTH_0c8e2a92cd2b4a1b8fe78a5b1b80eeff/gnocchi.8ccd22fc-0adb-48f6-9a24-693ddb95eb2d/none_v3 HTTP/1.0 404 - python-swiftclient-3.11.1 gAAAAABqKBuotX25... - 70 - txf581b2c0527047fdbb85f-006a281c1a - 0.0135 - - 1781013530.867744207 1781013530.881293058 0
Jun 9 13:58:50 standalone account-server[127205]: 172.20.0.100 - - [09/Jun/2026:13:58:50 +0000] "PUT /d1/506/AUTH_0c8e2a92cd2b4a1b8fe78a5b1b80eeff/gnocchi.8ccd22fc-0adb-48f6-9a24-693ddb95eb2d" 201 - "PUT http://172.20.0.100:6001/d1/330/AUTH_0c8e2a92cd2b4a1b8fe78a5b1b80eeff/gnocchi.8ccd22fc-0adb-48f6-9a24-693ddb95eb2d" "tx7fa42c7a39774750a8283-006a281c1a" "container-server 21" 0.0063 "-" 22 0
Jun 9 13:58:50 standalone container-server[127231]: 172.20.0.100 - - [09/Jun/2026:13:58:50 +0000] "PUT /d1/330/AUTH_0c8e2a92cd2b4a1b8fe78a5b1b80eeff/gnocchi.8ccd22fc-0adb-48f6-9a24-693ddb95eb2d" 201 - "PUT http://172.18.0.2:8080/v1/AUTH_0c8e2a92cd2b4a1b8fe78a5b1b80eeff/gnocchi.8ccd22fc-0adb-48f6-9a24-693ddb95eb2d" "tx7fa42c7a39774750a8283-006a281c1a" "proxy-server 20" 0.0232 "-" 21 0
Jun 9 13:58:50 standalone proxy-server[129310]: 172.18.0.2 172.18.0.100 09/Jun/2026/13/58/50 PUT /v1/AUTH_0c8e2a92cd2b4a1b8fe78a5b1b80eeff/gnocchi.8ccd22fc-0adb-48f6-9a24-693ddb95eb2d HTTP/1.0 201 - python-swiftclient-3.11.1 gAAAAABqKBuotX25... - - - tx7fa42c7a39774750a8283-006a281c1a - 0.0302 - - 1781013530.885431767 1781013530.915673494 0
