Jun 9 13:59:19 standalone container-server[127231]: 172.20.0.100 - - [09/Jun/2026:13:59:19 +0000] "PUT /d1/111/AUTH_0c8e2a92cd2b4a1b8fe78a5b1b80eeff/gnocchi.2c7f474e-1d2c-4b24-9aa1-9c095d586b10/none_v3" 201 - "PUT http://172.18.0.2:8080/d1/117/AUTH_0c8e2a92cd2b4a1b8fe78a5b1b80eeff/gnocchi.2c7f474e-1d2c-4b24-9aa1-9c095d586b10/none_v3" "txd4e9eacdd607415d8df85-006a281c37" "object-server 22" 0.0015 "-" 21 0
Jun 9 13:59:19 standalone object-server[127438]: 172.20.0.100 - - [09/Jun/2026:13:59:19 +0000] "PUT /d1/117/AUTH_0c8e2a92cd2b4a1b8fe78a5b1b80eeff/gnocchi.2c7f474e-1d2c-4b24-9aa1-9c095d586b10/none_v3" 201 - "PUT http://172.18.0.2:8080/v1/AUTH_0c8e2a92cd2b4a1b8fe78a5b1b80eeff/gnocchi.2c7f474e-1d2c-4b24-9aa1-9c095d586b10/none_v3" "txd4e9eacdd607415d8df85-006a281c37" "proxy-server 20" 0.0163 "-" 22 0
Jun 9 13:59:19 standalone proxy-server[129310]: 172.18.0.2 172.18.0.100 09/Jun/2026/13/59/19 PUT /v1/AUTH_0c8e2a92cd2b4a1b8fe78a5b1b80eeff/gnocchi.2c7f474e-1d2c-4b24-9aa1-9c095d586b10/none_v3 HTTP/1.0 201 - python-swiftclient-3.11.1 gAAAAABqKBuotX25... 22 - - txd4e9eacdd607415d8df85-006a281c37 - 0.0271 - - 1781013559.760962248 1781013559.788088560 0
Jun 9 13:59:19 standalone container-server[127231]: 172.20.0.100 - - [09/Jun/2026:13:59:19 +0000] "HEAD /d1/966/AUTH_0c8e2a92cd2b4a1b8fe78a5b1b80eeff/gnocchi.72067f67-6192-44c9-93cb-9a2496eb7d1a" 404 - "HEAD http://172.18.0.2:8080/v1/AUTH_0c8e2a92cd2b4a1b8fe78a5b1b80eeff/gnocchi.72067f67-6192-44c9-93cb-9a2496eb7d1a?format=json&states=listing" "txebd68648a75646eca26fd-006a281c37" "proxy-server 20" 0.0021 "-" 21 0
Jun 9 13:59:19 standalone object-server[127438]: 172.20.0.100 - - [09/Jun/2026:13:59:19 +0000] "GET /d1/174/AUTH_0c8e2a92cd2b4a1b8fe78a5b1b80eeff/gnocchi.72067f67-6192-44c9-93cb-9a2496eb7d1a/none_v3" 404 70 "GET http://172.18.0.2:8080/v1/AUTH_0c8e2a92cd2b4a1b8fe78a5b1b80eeff/gnocchi.72067f67-6192-44c9-93cb-9a2496eb7d1a/none_v3" "txebd68648a75646eca26fd-006a281c37" "proxy-server 20" 0.0006 "-" 22 0
Jun 9 13:59:19 standalone proxy-server[129310]: 172.18.0.2 172.18.0.100 09/Jun/2026/13/59/19 GET /v1/AUTH_0c8e2a92cd2b4a1b8fe78a5b1b80eeff/gnocchi.72067f67-6192-44c9-93cb-9a2496eb7d1a/none_v3 HTTP/1.0 404 - python-swiftclient-3.11.1 gAAAAABqKBuotX25... - 70 - txebd68648a75646eca26fd-006a281c37 - 0.0195 - - 1781013559.806229591 1781013559.825760841 0
Jun 9 13:59:19 standalone account-server[127191]: 172.20.0.100 - - [09/Jun/2026:13:59:19 +0000] "PUT /d1/506/AUTH_0c8e2a92cd2b4a1b8fe78a5b1b80eeff/gnocchi.72067f67-6192-44c9-93cb-9a2496eb7d1a" 201 - "PUT http://172.20.0.100:6001/d1/966/AUTH_0c8e2a92cd2b4a1b8fe78a5b1b80eeff/gnocchi.72067f67-6192-44c9-93cb-9a2496eb7d1a" "tx716c8e4fd01c48a1a4fe1-006a281c37" "container-server 20" 0.0075 "-" 20 0
Jun 9 13:59:19 standalone container-server[127206]: 172.20.0.100 - - [09/Jun/2026:13:59:19 +0000] "PUT /d1/966/AUTH_0c8e2a92cd2b4a1b8fe78a5b1b80eeff/gnocchi.72067f67-6192-44c9-93cb-9a2496eb7d1a" 201 - "PUT http://172.18.0.2:8080/v1/AUTH_0c8e2a92cd2b4a1b8fe78a5b1b80eeff/gnocchi.72067f67-6192-44c9-93cb-9a2496eb7d1a" "tx716c8e4fd01c48a1a4fe1-006a281c37" "proxy-server 20" 0.0269 "-" 20 0
Jun 9 13:59:19 standalone proxy-server[129310]: 172.18.0.2 172.18.0.100 09/Jun/2026/13/59/19 PUT /v1/AUTH_0c8e2a92cd2b4a1b8fe78a5b1b80eeff/gnocchi.72067f67-6192-44c9-93cb-9a2496eb7d1a HTTP/1.0 201 - python-swiftclient-3.11.1 gAAAAABqKBuotX25... - - - tx716c8e4fd01c48a1a4fe1-006a281c37 - 0.0364 - - 1781013559.830707312 1781013559.867090464 0
Jun 9 13:59:19 standalone container-server[127247]: 172.20.0.100 - - [09/Jun/2026:13:59:19 +0000] "HEAD /d1/966/AUTH_0c8e2a92cd2b4a1b8fe78a5b1b80eeff/gnocchi.72067f67-6192-44c9-93cb-9a2496eb7d1a" 204 - "HEAD http://172.18.0.2:8080/v1/AUTH_0c8e2a92cd2b4a1b8fe78a5b1b80eeff/gnocchi.72067f67-6192-44c9-93cb-9a2496eb7d1a?format=json&states=listing" "txf035544ffc9648d298381-006a281c37" "proxy-server 20" 0.0023 "-" 23 0
Jun 9 13:59:19 standalone proxy-server[129310]: - - 09/Jun/2026/13/59/19 HEAD /v1/AUTH_0c8e2a92cd2b4a1b8fe78a5b1b80eeff/gnocchi.72067f67-6192-44c9-93cb-9a2496eb7d1a%3Fformat%3Djson%26states%3Dlisting HTTP/1.0 204 - Swift - - - - txf035544ffc9648d298381-006a281c37 - 0.0088 RL - 1781013559.874403238 1781013559.883171558 0
Jun 9 13:59:19 standalone container-server[127242]: 172.20.0.100 - - [09/Jun/2026:13:59:19 +0000] "GET /d1/966/AUTH_0c8e2a92cd2b4a1b8fe78a5b1b80eeff/gnocchi.72067f67-6192-44c9-93cb-9a2496eb7d1a" 200 2 "GET http://172.18.0.2:8080/v1/AUTH_0c8e2a92cd2b4a1b8fe78a5b1b80eeff/gnocchi.72067f67-6192-44c9-93cb-9a2496eb7d1a?format=json&states=listing" "txf035544ffc9648d298381-006a281c37" "proxy-server 20" 0.0039 "-" 22 0
Jun 9 13:59:19 standalone proxy-server[129310]: 172.18.0.2 172.18.0.100 09/Jun/2026/13/59/19 GET /v1/AUTH_0c8e2a92cd2b4a1b8fe78a5b1b80eeff/gnocchi.72067f67-6192-44c9-93cb-9a2496eb7d1a%3Fformat%3Djson%26states%3Dlisting HTTP/1.0 200 - python-swiftclient-3.11.1 gAAAAABqKBuotX25... - 2 - txf035544ffc9648d298381-006a281c37 - 0.0256 - - 1781013559.872454882 1781013559.898095846 0
Jun 9 13:59:19 standalone object-server[127450]: 172.20.0.100 - - [09/Jun/2026:13:59:19 +0000] "GET /d1/785/AUTH_0c8e2a92cd2b4a1b8fe78a5b1b80eeff/gnocchi.72067f67-6192-44c9-93cb-9a2496eb7d1a/1780920000.0_mean_300.0_v3" 404 70 "GET http://172.18.0.2:8080/v1/AUTH_0c8e2a92cd2b4a1b8fe78a5b1b80eeff/gnocchi.72067f67-6192-44c9-93cb-9a2496eb7d1a/1780920000.0_mean_300.0_v3" "txe760166cc08449a892ed3-006a281c37" "proxy-server 20" 0.0009 "-" 24 0
Jun 9 13:59:19 standalone proxy-server[129310]: 172.18.0.2 172.18.0.100 09/Jun/2026/13/59/19 GET /v1/AUTH_0c8e2a92cd2b4a1b8fe78a5b1b80eeff/gnocchi.72067f67-6192-44c9-93cb-9a2496eb7d1a/1780920000.0_mean_300.0_v3 HTTP/1.0 404 - python-swiftclient-3.11.1 gAAAAABqKBuotX25... - 70 - txe760166cc08449a892ed3-006a281c37 - 0.0107 - - 1781013559.905571222 1781013559.916238070 0
Jun 9 13:59:19 standalone container-server[127206]: 172.20.0.100 - - [09/Jun/2026:13:59:19 +0000] "PUT /d1/966/AUTH_0c8e2a92cd2b4a1b8fe78a5b1b80eeff/gnocchi.72067f67-6192-44c9-93cb-9a2496eb7d1a/1780920000.0_mean_300.0_v3" 201 - "PUT http://172.18.0.2:8080/d1/785/AUTH_0c8e2a92cd2b4a1b8fe78a5b1b80eeff/gnocchi.72067f67-6192-44c9-93cb-9a2496eb7d1a/1780920000.0_mean_300.0_v3" "tx9b1b32693ea24512ab2f9-006a281c37" "object-server 25" 0.0012 "-" 20 0
Jun 9 13:59:19 standalone object-server[127455]: 172.20.0.100 - - [09/Jun/2026:13:59:19 +0000] "PUT /d1/785/AUTH_0c8e2a92cd2b4a1b8fe78a5b1b80eeff/gnocchi.72067f67-6192-44c9-93cb-9a2496eb7d1a/1780920000.0_mean_300.0_v3" 201 - "PUT http://172.18.0.2:8080/v1/AUTH_0c8e2a92cd2b4a1b8fe78a5b1b80eeff/gnocchi.72067f67-6192-44c9-93cb-9a2496eb7d1a/1780920000.0_mean_300.0_v3" "tx9b1b32693ea24512ab2f9-006a281c37" "proxy-server 20" 0.0164 "-" 25 0
Jun 9 13:59:19 standalone proxy-server[129310]: 172.18.0.2 172.18.0.100 09/Jun/2026/13/59/19 PUT /v1/AUTH_0c8e2a92cd2b4a1b8fe78a5b1b80eeff/gnocchi.72067f67-6192-44c9-93cb-9a2496eb7d1a/1780920000.0_mean_300.0_v3 HTTP/1.0 201 - python-swiftclient-3.11.1 gAAAAABqKBuotX25... 16 - - tx9b1b32693ea24512ab2f9-006a281c37 - 0.0264 - - 1781013559.921581984 1781013559.947982073 0
Jun 9 13:59:19 standalone container-server[127247]: 172.20.0.100 - - [09/Jun/2026:13:59:19 +0000] "PUT /d1/966/AUTH_0c8e2a92cd2b4a1b8fe78a5b1b80eeff/gnocchi.72067f67-6192-44c9-93cb-9a2496eb7d1a/none_v3" 201 - "PUT http://172.18.0.2:8080/d1/174/AUTH_0c8e2a92cd2b4a1b8fe78a5b1b80eeff/gnocchi.72067f67-6192-44c9-93cb-9a2496eb7d1a/none_v3" "txbc50444d7521469391d58-006a281c37" "object-server 24" 0.0009 "-" 23 0
Jun 9 13:59:19 standalone object-server[127450]: 172.20.0.100 - - [09/Jun/2026:13:59:19 +0000] "PUT /d1/174/AUTH_0c8e2a92cd2b4a1b8fe78a5b1b80eeff/gnocchi.72067f67-6192-44c9-93cb-9a2496eb7d1a/none_v3" 201 - "PUT http://172.18.0.2:8080/v1/AUTH_0c8e2a92cd2b4a1b8fe78a5b1b80eeff/gnocchi.72067f67-6192-44c9-93cb-9a2496eb7d1a/none_v3" "txbc50444d7521469391d58-006a281c37" "proxy-server 20" 0.0208 "-" 24 0
Jun 9 13:59:19 standalone proxy-server[129310]: 172.18.0.2 172.18.0.100 09/Jun/2026/13/59/19 PUT /v1/AUTH_0c8e2a92cd2b4a1b8fe78a5b1b80eeff/gnocchi.72067f67-6192-44c9-93cb-9a2496eb7d1a/none_v3 HTTP/1.0 201 - python-swiftclient-3.11.1 gAAAAABqKBuotX25... 22 - - txbc50444d7521469391d58-006a281c37 - 0.0301 - - 1781013559.952897310 1781013559.982985020 0
Jun 9 13:59:20 standalone container-server[127206]: 172.20.0.100 - - [09/Jun/2026:13:59:20 +0000] "HEAD /d1/540/AUTH_0c8e2a92cd2b4a1b8fe78a5b1b80eeff/gnocchi.587bc783-5a39-457c-a697-592624c7f92a" 404 - "HEAD http://172.18.0.2:8080/v1/AUTH_0c8e2a92cd2b4a1b8fe78a5b1b80eeff/gnocchi.587bc783-5a39-457c-a697-592624c7f92a?format=json&states=listing" "tx4cd52ec5a54747109b890-006a281c38" "proxy-server 20" 0.0009 "-" 20 0
Jun 9 13:59:20 standalone object-server[127450]: 172.20.0.100 - - [09/Jun/2026:13:59:20 +0000] "GET /d1/260/AUTH_0c8e2a92cd2b4a1b8fe78a5b1b80eeff/gnocchi.587bc783-5a39-457c-a697-592624c7f92a/none_v3" 404 70 "GET http://172.18.0.2:8080/v1/AUTH_0c8e2a92cd2b4a1b8fe78a5b1b80eeff/gnocchi.587bc783-5a39-457c-a697-592624c7f92a/none_v3" "tx4cd52ec5a54747109b890-006a281c38" "proxy-server 20" 0.0006 "-" 24 0
Jun 9 13:59:20 standalone proxy-server[129310]: 172.18.0.2 172.18.0.100 09/Jun/2026/13/59/20 GET /v1/AUTH_0c8e2a92cd2b4a1b8fe78a5b1b80eeff/gnocchi.587bc783-5a39-457c-a697-592624c7f92a/none_v3 HTTP/1.0 404 - python-swiftclient-3.11.1 gAAAAABqKBuotX25... - 70 - tx4cd52ec5a54747109b890-006a281c38 - 0.0177 - - 1781013560.000956297 1781013560.018619537 0
Jun 9 13:59:20 standalone account-server[127208]: 172.20.0.100 - - [09/Jun/2026:13:59:20 +0000] "PUT /d1/506/AUTH_0c8e2a92cd2b4a1b8fe78a5b1b80eeff/gnocchi.587bc783-5a39-457c-a697-592624c7f92a" 201 - "PUT http://172.20.0.100:6001/d1/540/AUTH_0c8e2a92cd2b4a1b8fe78a5b1b80eeff/gnocchi.587bc783-5a39-457c-a697-592624c7f92a" "tx9c4dfcf10b3f417586c8b-006a281c38" "container-server 21" 0.0107 "-" 23 0
Jun 9 13:59:20 standalone container-server[127231]: 172.20.0.100 - - [09/Jun/2026:13:59:20 +0000] "PUT /d1/540/AUTH_0c8e2a92cd2b4a1b8fe78a5b1b80eeff/gnocchi.587bc783-5a39-457c-a697-592624c7f92a" 201 - "PUT http://172.18.0.2:8080/v1/AUTH_0c8e2a92cd2b4a1b8fe78a5b1b80eeff/gnocchi.587bc783-5a39-457c-a697-592624c7f92a" "tx9c4dfcf10b3f417586c8b-006a281c38" "proxy-server 20" 0.0367 "-" 21 0
Jun 9 13:59:20 standalone proxy-server[129310]: 172.18.0.2 172.18.0.100 09/Jun/2026/13/59/20 PUT /v1/AUTH_0c8e2a92cd2b4a1b8fe78a5b1b80eeff/gnocchi.587bc783-5a39-457c-a697-592624c7f92a HTTP/1.0 201 - python-swiftclient-3.11.1 gAAAAABqKBuotX25... - - - tx9c4dfcf10b3f417586c8b-006a281c38 - 0.0470 - - 1781013560.024132490 1781013560.071128607 0
Jun 9 13:59:20 standalone container-server[127242]: 172.20.0.100 - - [09/Jun/2026:13:59:20 +0000] "HEAD /d1/540/AUTH_0c8e2a92cd2b4a1b8fe78a5b1b80eeff/gnocchi.587bc783-5a39-457c-a697-592624c7f92a" 204 - "HEAD http://172.18.0.2:8080/v1/AUTH_0c8e2a92cd2b4a1b8fe78a5b1b80eeff/gnocchi.587bc783-5a39-457c-a697-592624c7f92a?format=json&states=listing" "tx2addc70519e140408c332-006a281c38" "proxy-server 20" 0.0029 "-" 22 0
Jun 9 13:59:20 standalone proxy-server[129310]: - - 09/Jun/2026/13/59/20 HEAD /v1/AUTH_0c8e2a92cd2b4a1b8fe78a5b1b80eeff/gnocchi.587bc783-5a39-457c-a697-592624c7f92a%3Fformat%3Djson%26states%3Dlisting HTTP/1.0 204 - Swift - - - - tx2addc70519e140408c332-006a281c38 - 0.0186 RL - 1781013560.079747677 1781013560.098387241 0
Jun 9 13:59:20 standalone container-server[127231]: 172.20.0.100 - - [09/Jun/2026:13:59:20 +0000] "GET /d1/540/AUTH_0c8e2a92cd2b4a1b8fe78a5b1b80eeff/gnocchi.587bc783-5a39-457c-a697-592624c7f92a" 200 2 "GET http://172.18.0.2:8080/v1/AUTH_0c8e2a92cd2b4a1b8fe78a5b1b80eeff/gnocchi.587bc783-5a39-457c-a697-592624c7f92a?format=json&states=listing" "tx2addc70519e140408c332-006a281c38" "proxy-server 20" 0.0045 "-" 21 0
Jun 9 13:59:20 standalone proxy-server[129310]: 172.18.0.2 172.18.0.100 09/Jun/2026/13/59/20 GET /v1/AUTH_0c8e2a92cd2b4a1b8fe78a5b1b80eeff/gnocchi.587bc783-5a39-457c-a697-592624c7f92a%3Fformat%3Djson%26states%3Dlisting HTTP/1.0 200 - python-swiftclient-3.11.1 gAAAAABqKBuotX25... - 2 - tx2addc70519e140408c332-006a281c38 - 0.0382 - - 1781013560.077234268 1781013560.115411758 0
Jun 9 13:59:20 standalone object-server[127440]: 172.20.0.100 - - [09/Jun/2026:13:59:20 +0000] "GET /d1/640/AUTH_0c8e2a92cd2b4a1b8fe78a5b1b80eeff/gnocchi.587bc783-5a39-457c-a697-592624c7f92a/1780920000.0_mean_300.0_v3" 404 70 "GET http://172.18.0.2:8080/v1/AUTH_0c8e2a92cd2b4a1b8fe78a5b1b80eeff/gnocchi.587bc783-5a39-457c-a697-592624c7f92a/1780920000.0_mean_300.0_v3" "tx12908787433e4a5da3493-006a281c38" "proxy-server 20" 0.0003 "-" 23 0
Jun 9 13:59:20 standalone proxy-server[129310]: 172.18.0.2 172.18.0.100 09/Jun/2026/13/59/20 GET /v1/AUTH_0c8e2a92cd2b4a1b8fe78a5b1b80eeff/gnocchi.587bc783-5a39-457c-a697-592624c7f92a/1780920000.0_mean_300.0_v3 HTTP/1.0 404 - python-swiftclient-3.11.1 gAAAAABqKBuotX25... - 70 - tx12908787433e4a5da3493-006a281c38 - 0.0097 - - 1781013560.124091148 1781013560.133742094 0
Jun 9 13:59:20 standalone container-server[127242]: 172.20.0.100 - - [09/Jun/2026:13:59:20 +0000] "PUT /d1/540/AUTH_0c8e2a92cd2b4a1b8fe78a5b1b80eeff/gnocchi.587bc783-5a39-457c-a697-592624c7f92a/1780920000.0_mean_300.0_v3" 201 - "PUT http://172.18.0.2:8080/d1/640/AUTH_0c8e2a92cd2b4a1b8fe78a5b1b80eeff/gnocchi.587bc783-5a39-457c-a697-592624c7f92a/1780920000.0_mean_300.0_v3" "tx7d2e282edaa44c6fb1c41-006a281c38" "object-server 24" 0.0009 "-" 22 0
Jun 9 13:59:20 standalone object-server[127450]: 172.20.0.100 - - [09/Jun/2026:13:59:20 +0000] "PUT /d1/640/AUTH_0c8e2a92cd2b4a1b8fe78a5b1b80eeff/gnocchi.587bc783-5a39-457c-a697-592624c7f92a/1780920000.0_mean_300.0_v3" 201 - "PUT http://172.18.0.2:8080/v1/AUTH_0c8e2a92cd2b4a1b8fe78a5b1b80eeff/gnocchi.587bc783-5a39-457c-a697-592624c7f92a/1780920000.0_mean_300.0_v3" "tx7d2e282edaa44c6fb1c41-006a281c38" "proxy-server 20" 0.0213 "-" 24 0
Jun 9 13:59:20 standalone proxy-server[129310]: 172.18.0.2 172.18.0.100 09/Jun/2026/13/59/20 PUT /v1/AUTH_0c8e2a92cd2b4a1b8fe78a5b1b80eeff/gnocchi.587bc783-5a39-457c-a697-592624c7f92a/1780920000.0_mean_300.0_v3 HTTP/1.0 201 - python-swiftclient-3.11.1 gAAAAABqKBuotX25... 16 - - tx7d2e282edaa44c6fb1c41-006a281c38 - 0.0330 - - 1781013560.140494108 1781013560.173539400 0
Jun 9 13:59:20 standalone container-server[127206]: 172.20.0.100 - - [09/Jun/2026:13:59:20 +0000] "PUT /d1/540/AUTH_0c8e2a92cd2b4a1b8fe78a5b1b80eeff/gnocchi.587bc783-5a39-457c-a697-592624c7f92a/none_v3" 201 - "PUT http://172.18.0.2:8080/d1/260/AUTH_0c8e2a92cd2b4a1b8fe78a5b1b80eeff/gnocchi.587bc783-5a39-457c-a697-592624c7f92a/none_v3" "txefb58a87bda94726a859f-006a281c38" "object-server 25" 0.0008 "-" 20 0
Jun 9 13:59:20 standalone object-server[127455]: 172.20.0.100 - - [09/Jun/2026:13:59:20 +0000] "PUT /d1/260/AUTH_0c8e2a92cd2b4a1b8fe78a5b1b80eeff/gnocchi.587bc783-5a39-457c-a697-592624c7f92a/none_v3" 201 - "PUT http://172.18.0.2:8080/v1/AUTH_0c8e2a92cd2b4a1b8fe78a5b1b80eeff/gnocchi.587bc783-5a39-457c-a697-592624c7f92a/none_v3" "txefb58a87bda94726a859f-006a281c38" "proxy-server 20" 0.0105 "-" 25 0
Jun 9 13:59:20 standalone proxy-server[129310]: 172.18.0.2 172.18.0.100 09/Jun/2026/13/59/20 PUT /v1/AUTH_0c8e2a92cd2b4a1b8fe78a5b1b80eeff/gnocchi.587bc783-5a39-457c-a697-592624c7f92a/none_v3 HTTP/1.0 201 - python-swiftclient-3.11.1 gAAAAABqKBuotX25... 22 - - txefb58a87bda94726a859f-006a281c38 - 0.0229 - - 1781013560.180577040 1781013560.203464031 0
Jun 9 13:59:30 standalone container-server[127206]: 172.20.0.100 - - [09/Jun/2026:13:59:30 +0000] "HEAD /d1/764/AUTH_0c8e2a92cd2b4a1b8fe78a5b1b80eeff/gnocchi.8255dcb4-7d13-4ea7-a938-2f7999721c02" 404 - "HEAD http://172.18.0.2:8080/v1/AUTH_0c8e2a92cd2b4a1b8fe78a5b1b80eeff/gnocchi.8255dcb4-7d13-4ea7-a938-2f7999721c02?format=json&states=listing" "txab69f239c2d24802add22-006a281c42" "proxy-server 20" 0.0005 "-" 20 0
Jun 9 13:59:30 standalone object-server[127440]: 172.20.0.100 - - [09/Jun/2026:13:59:30 +0000] "GET /d1/881/AUTH_0c8e2a92cd2b4a1b8fe78a5b1b80eeff/gnocchi.8255dcb4-7d13-4ea7-a938-2f7999721c02/none_v3" 404 70 "GET http://172.18.0.2:8080/v1/AUTH_0c8e2a92cd2b4a1b8fe78a5b1b80eeff/gnocchi.8255dcb4-7d13-4ea7-a938-2f7999721c02/none_v3" "txab69f239c2d24802add22-006a281c42" "proxy-server 20" 0.0006 "-" 23 0
Jun 9 13:59:30 standalone proxy-server[129310]: 172.18.0.2 172.18.0.100 09/Jun/2026/13/59/30 GET /v1/AUTH_0c8e2a92cd2b4a1b8fe78a5b1b80eeff/gnocchi.8255dcb4-7d13-4ea7-a938-2f7999721c02/none_v3 HTTP/1.0 404 - python-swiftclient-3.11.1 gAAAAABqKBuotX25... - 70 - txab69f239c2d24802add22-006a281c42 - 0.0119 - - 1781013570.143870831 1781013570.155790567 0
Jun 9 13:59:30 standalone account-server[127195]: 172.20.0.100 - - [09/Jun/2026:13:59:30 +0000] "PUT /d1/506/AUTH_0c8e2a92cd2b4a1b8fe78a5b1b80eeff/gnocchi.8255dcb4-7d13-4ea7-a938-2f7999721c02" 201 - "PUT http://172.20.0.100:6001/d1/764/AUTH_0c8e2a92cd2b4a1b8fe78a5b1b80eeff/gnocchi.8255dcb4-7d13-4ea7-a938-2f7999721c02" "tx92974271c2924b6594273-006a281c42" "container-server 23" 0.0082 "-" 21 0
Jun 9 13:59:30 standalone container-server[127247]: 172.20.0.100 - - [09/Jun/2026:13:59:30 +0000] "PUT /d1/764/AUTH_0c8e2a92cd2b4a1b8fe78a5b1b80eeff/gnocchi.8255dcb4-7d13-4ea7-a938-2f7999721c02" 201 - "PUT http://172.18.0.2:8080/v1/AUTH_0c8e2a92cd2b4a1b8fe78a5b1b80eeff/gnocchi.8255dcb4-7d13-4ea7-a938-2f7999721c02" "tx92974271c2924b6594273-006a281c42" "proxy-server 20" 0.0234 "-" 23 0
Jun 9 13:59:30 standalone proxy-server[129310]: 172.18.0.2 172.18.0.100 09/Jun/2026/13/59/30 PUT /v1/AUTH_0c8e2a92cd2b4a1b8fe78a5b1b80eeff/gnocchi.8255dcb4-7d13-4ea7-a938-2f7999721c02 HTTP/1.0 201 - python-swiftclient-3.11.1 gAAAAABqKBuotX25... - - - tx92974271c2924b6594273-006a281c42 - 0.0289 - - 1781013570.158646822 1781013570.187525034 0
Jun 9 13:59:30 standalone container-server[127242]: 172.20.0.100 - - [09/Jun/2026:13:59:30 +0000] "HEAD /d1/764/AUTH_0c8e2a92cd2b4a1b8fe78a5b1b80eeff/gnocchi.8255dcb4-7d13-4ea7-a938-2f7999721c02" 204 - "HEAD http://172.18.0.2:8080/v1/AUTH_0c8e2a92cd2b4a1b8fe78a5b1b80eeff/gnocchi.8255dcb4-7d13-4ea7-a938-2f7999721c02?format=json&states=listing" "txf2559111a585444d9c727-006a281c42" "proxy-server 20" 0.0011 "-" 22 0
Jun 9 13:59:30 standalone proxy-server[129310]: - - 09/Jun/2026/13/59/30 HEAD /v1/AUTH_0c8e2a92cd2b4a1b8fe78a5b1b80eeff/gnocchi.8255dcb4-7d13-4ea7-a938-2f7999721c02%3Fformat%3Djson%26states%3Dlisting HTTP/1.0 204 - Swift - - - - txf2559111a585444d9c727-006a281c42 - 0.0047 RL - 1781013570.192480087 1781013570.197137833 0
Jun 9 13:59:30 standalone container-server[127206]: 172.20.0.100 - - [09/Jun/2026:13:59:30 +0000] "GET /d1/764/AUTH_0c8e2a92cd2b4a1b8fe78a5b1b80eeff/gnocchi.8255dcb4-7d13-4ea7-a938-2f7999721c02" 200 2 "GET http://172.18.0.2:8080/v1/AUTH_0c8e2a92cd2b4a1b8fe78a5b1b80eeff/gnocchi.8255dcb4-7d13-4ea7-a938-2f7999721c02?format=json&states=listing" "txf2559111a585444d9c727-006a281c42" "proxy-server 20" 0.0018 "-" 20 0
Jun 9 13:59:30 standalone proxy-server[129310]: 172.18.0.2 172.18.0.100 09/Jun/2026/13/59/30 GET /v1/AUTH_0c8e2a92cd2b4a1b8fe78a5b1b80eeff/gnocchi.8255dcb4-7d13-4ea7-a938-2f7999721c02%3Fformat%3Djson%26states%3Dlisting HTTP/1.0 200 - python-swiftclient-3.11.1 gAAAAABqKBuotX25... - 2 - txf2559111a585444d9c727-006a281c42 - 0.0123 - - 1781013570.191423178 1781013570.203704357 0
Jun 9 13:59:30 standalone object-server[127440]: 172.20.0.100 - - [09/Jun/2026:13:59:30 +0000] "GET /d1/865/AUTH_0c8e2a92cd2b4a1b8fe78a5b1b80eeff/gnocchi.8255dcb4-7d13-4ea7-a938-2f7999721c02/1780920000.0_mean_300.0_v3" 404 70 "GET http://172.18.0.2:8080/v1/AUTH_0c8e2a92cd2b4a1b8fe78a5b1b80eeff/gnocchi.8255dcb4-7d13-4ea7-a938-2f7999721c02/1780920000.0_mean_300.0_v3" "tx4d79b02fd79049b3a3337-006a281c42" "proxy-server 20" 0.0003 "-" 23 0
Jun 9 13:59:30 standalone proxy-server[129310]: 172.18.0.2 172.18.0.100 09/Jun/2026/13/59/30 GET /v1/AUTH_0c8e2a92cd2b4a1b8fe78a5b1b80eeff/gnocchi.8255dcb4-7d13-4ea7-a938-2f7999721c02/1780920000.0_mean_300.0_v3 HTTP/1.0 404 - python-swiftclient-3.11.1 gAAAAABqKBuotX25... - 70 - tx4d79b02fd79049b3a3337-006a281c42 - 0.0070 - - 1781013570.207364798 1781013570.214334249 0
Jun 9 13:59:30 standalone container-server[127231]: 172.20.0.100 - - [09/Jun/2026:13:59:30 +0000] "PUT /d1/764/AUTH_0c8e2a92cd2b4a1b8fe78a5b1b80eeff/gnocchi.8255dcb4-7d13-4ea7-a938-2f7999721c02/1780920000.0_mean_300.0_v3" 201 - "PUT http://172.18.0.2:8080/d1/865/AUTH_0c8e2a92cd2b4a1b8fe78a5b1b80eeff/gnocchi.8255dcb4-7d13-4ea7-a938-2f7999721c02/1780920000.0_mean_300.0_v3" "tx7a6ccc9ed92a4cfe8beed-006a281c42" "object-server 25" 0.0006 "-" 21 0
Jun 9 13:59:30 standalone object-server[127455]: 172.20.0.100 - - [09/Jun/2026:13:59:30 +0000] "PUT /d1/865/AUTH_0c8e2a92cd2b4a1b8fe78a5b1b80eeff/gnocchi.8255dcb4-7d13-4ea7-a938-2f7999721c02/1780920000.0_mean_300.0_v3" 201 - "PUT http://172.18.0.2:8080/v1/AUTH_0c8e2a92cd2b4a1b8fe78a5b1b80eeff/gnocchi.8255dcb4-7d13-4ea7-a938-2f7999721c02/1780920000.0_mean_300.0_v3" "tx7a6ccc9ed92a4cfe8beed-006a281c42" "proxy-server 20" 0.0121 "-" 25 0
Jun 9 13:59:30 standalone proxy-server[129310]: 172.18.0.2 172.18.0.100 09/Jun/2026/13/59/30 PUT /v1/AUTH_0c8e2a92cd2b4a1b8fe78a5b1b80eeff/gnocchi.8255dcb4-7d13-4ea7-a938-2f7999721c02/1780920000.0_mean_300.0_v3 HTTP/1.0 201 - python-swiftclient-3.11.1 gAAAAABqKBuotX25... 16 - - tx7a6ccc9ed92a4cfe8beed-006a281c42 - 0.0165 - - 1781013570.218197346 1781013570.234735966 0
Jun 9 13:59:30 standalone container-server[127247]: 172.20.0.100 - - [09/Jun/2026:13:59:30 +0000] "PUT /d1/764/AUTH_0c8e2a92cd2b4a1b8fe78a5b1b80eeff/gnocchi.8255dcb4-7d13-4ea7-a938-2f7999721c02/none_v3" 201 - "PUT http://172.18.0.2:8080/d1/881/AUTH_0c8e2a92cd2b4a1b8fe78a5b1b80eeff/gnocchi.8255dcb4-7d13-4ea7-a938-2f7999721c02/none_v3" "tx64d72438fea643ea95a82-006a281c42" "object-server 24" 0.0007 "-" 23 0
Jun 9 13:59:30 standalone object-server[127450]: 172.20.0.100 - - [09/Jun/2026:13:59:30 +0000] "PUT /d1/881/AUTH_0c8e2a92cd2b4a1b8fe78a5b1b80eeff/gnocchi.8255dcb4-7d13-4ea7-a938-2f7999721c02/none_v3" 201 - "PUT http://172.18.0.2:8080/v1/AUTH_0c8e2a92cd2b4a1b8fe78a5b1b80eeff/gnocchi.8255dcb4-7d13-4ea7-a938-2f7999721c02/none_v3" "tx64d72438fea643ea95a82-006a281c42" "proxy-server 20" 0.0150 "-" 24 0
Jun 9 13:59:30 standalone proxy-server[129310]: 172.18.0.2 172.18.0.100 09/Jun/2026/13/59/30 PUT /v1/AUTH_0c8e2a92cd2b4a1b8fe78a5b1b80eeff/gnocchi.8255dcb4-7d13-4ea7-a938-2f7999721c02/none_v3 HTTP/1.0 201 - python-swiftclient-3.11.1 gAAAAABqKBuotX25... 22 - - tx64d72438fea643ea95a82-006a281c42 - 0.0205 - - 1781013570.237864733 1781013570.258325338 0
Jun 9 13:59:35 standalone object-server[127438]: 172.20.0.100 - - [09/Jun/2026:13:59:35 +0000] "GET /d1/881/AUTH_0c8e2a92cd2b4a1b8fe78a5b1b80eeff/gnocchi.8255dcb4-7d13-4ea7-a938-2f7999721c02/none_v3" 200 22 "GET http://172.18.0.2:8080/v1/AUTH_0c8e2a92cd2b4a1b8fe78a5b1b80eeff/gnocchi.8255dcb4-7d13-4ea7-a938-2f7999721c02/none_v3" "txad53a843a2834971b283f-006a281c47" "proxy-server 20" 0.0016 "-" 22 0
Jun 9 13:59:35 standalone proxy-server[129310]: 172.18.0.2 172.18.0.100 09/Jun/2026/13/59/35 GET /v1/AUTH_0c8e2a92cd2b4a1b8fe78a5b1b80eeff/gnocchi.8255dcb4-7d13-4ea7-a938-2f7999721c02/none_v3 HTTP/1.0 200 - python-swiftclient-3.11.1 gAAAAABqKBuotX25... - 22 - txad53a843a2834971b283f-006a281c47 - 0.0118 - - 1781013575.732533216 1781013575.744302750 0
Jun 9 13:59:35 standalone container-server[127247]: 172.20.0.100 - - [09/Jun/2026:13:59:35 +0000] "GET /d1/764/AUTH_0c8e2a92cd2b4a1b8fe78a5b1b80eeff/gnocchi.8255dcb4-7d13-4ea7-a938-2f7999721c02" 200 357 "GET http://172.18.0.2:8080/v1/AUTH_0c8e2a92cd2b4a1b8fe78a5b1b80eeff/gnocchi.8255dcb4-7d13-4ea7-a938-2f7999721c02?format=json&states=listing" "tx624eb42cf1dc4e82a8025-006a281c47" "proxy-server 20" 0.0103 "-" 23 0
Jun 9 13:59:35 standalone proxy-server[129310]: 172.18.0.2 172.18.0.100 09/Jun/2026/13/59/35 GET /v1/AUTH_0c8e2a92cd2b4a1b8fe78a5b1b80eeff/gnocchi.8255dcb4-7d13-4ea7-a938-2f7999721c02%3Fformat%3Djson%26states%3Dlisting HTTP/1.0 200 - python-swiftclient-3.11.1 gAAAAABqKBuotX25... - 357 - tx624eb42cf1dc4e82a8025-006a281c47 - 0.0183 - - 1781013575.749898672 1781013575.768239975 0
Jun 9 13:59:35 standalone container-server[127231]: 172.20.0.100 - - [09/Jun/2026:13:59:35 +0000] "GET /d1/764/AUTH_0c8e2a92cd2b4a1b8fe78a5b1b80eeff/gnocchi.8255dcb4-7d13-4ea7-a938-2f7999721c02" 200 2 "GET http://172.18.0.2:8080/v1/AUTH_0c8e2a92cd2b4a1b8fe78a5b1b80eeff/gnocchi.8255dcb4-7d13-4ea7-a938-2f7999721c02?format=json&marker=none_v3&states=listing" "txfc80b837c18a497184810-006a281c47" "proxy-server 20" 0.0038 "-" 21 0
Jun 9 13:59:35 standalone proxy-server[129310]: 172.18.0.2 172.18.0.100 09/Jun/2026/13/59/35 GET /v1/AUTH_0c8e2a92cd2b4a1b8fe78a5b1b80eeff/gnocchi.8255dcb4-7d13-4ea7-a938-2f7999721c02%3Fformat%3Djson%26marker%3Dnone_v3%26states%3Dlisting HTTP/1.0 200 - python-swiftclient-3.11.1 gAAAAABqKBuotX25... - 2 - txfc80b837c18a497184810-006a281c47 - 0.0110 - - 1781013575.772133112 1781013575.783146858 0
Jun 9 13:59:35 standalone object-server[127450]: 172.20.0.100 - - [09/Jun/2026:13:59:35 +0000] "GET /d1/865/AUTH_0c8e2a92cd2b4a1b8fe78a5b1b80eeff/gnocchi.8255dcb4-7d13-4ea7-a938-2f7999721c02/1780920000.0_mean_300.0_v3" 200 16 "GET http://172.18.0.2:8080/v1/AUTH_0c8e2a92cd2b4a1b8fe78a5b1b80eeff/gnocchi.8255dcb4-7d13-4ea7-a938-2f7999721c02/1780920000.0_mean_300.0_v3" "tx179b2a50f95b45d68dfd1-006a281c47" "proxy-server 20" 0.0011 "-" 24 0
Jun 9 13:59:35 standalone proxy-server[129310]: 172.18.0.2 172.18.0.100 09/Jun/2026/13/59/35 GET /v1/AUTH_0c8e2a92cd2b4a1b8fe78a5b1b80eeff/gnocchi.8255dcb4-7d13-4ea7-a938-2f7999721c02/1780920000.0_mean_300.0_v3 HTTP/1.0 200 - python-swiftclient-3.11.1 gAAAAABqKBuotX25... - 16 - tx179b2a50f95b45d68dfd1-006a281c47 - 0.0079 - - 1781013575.787675381 1781013575.795582294 0
Jun 9 13:59:35 standalone container-server[127247]: 172.20.0.100 - - [09/Jun/2026:13:59:35 +0000] "PUT /d1/764/AUTH_0c8e2a92cd2b4a1b8fe78a5b1b80eeff/gnocchi.8255dcb4-7d13-4ea7-a938-2f7999721c02/1780920000.0_mean_300.0_v3" 201 - "PUT http://172.18.0.2:8080/d1/865/AUTH_0c8e2a92cd2b4a1b8fe78a5b1b80eeff/gnocchi.8255dcb4-7d13-4ea7-a938-2f7999721c02/1780920000.0_mean_300.0_v3" "tx1691861fc2934921bbdf6-006a281c47" "object-server 23" 0.0008 "-" 23 0
Jun 9 13:59:35 standalone object-server[127440]: 172.20.0.100 - - [09/Jun/2026:13:59:35 +0000] "PUT /d1/865/AUTH_0c8e2a92cd2b4a1b8fe78a5b1b80eeff/gnocchi.8255dcb4-7d13-4ea7-a938-2f7999721c02/1780920000.0_mean_300.0_v3" 201 - "PUT http://172.18.0.2:8080/v1/AUTH_0c8e2a92cd2b4a1b8fe78a5b1b80eeff/gnocchi.8255dcb4-7d13-4ea7-a938-2f7999721c02/1780920000.0_mean_300.0_v3" "tx1691861fc2934921bbdf6-006a281c47" "proxy-server 20" 0.0114 "-" 23 0
Jun 9 13:59:35 standalone proxy-server[129310]: 172.18.0.2 172.18.0.100 09/Jun/2026/13/59/35 PUT /v1/AUTH_0c8e2a92cd2b4a1b8fe78a5b1b80eeff/gnocchi.8255dcb4-7d13-4ea7-a938-2f7999721c02/1780920000.0_mean_300.0_v3 HTTP/1.0 201 - python-swiftclient-3.11.1 gAAAAABqKBuotX25... 16 - - tx1691861fc2934921bbdf6-006a281c47 - 0.0172 - - 1781013575.799494982 1781013575.816683531 0
Jun 9 13:59:35 standalone container-server[127206]: 172.20.0.100 - - [09/Jun/2026:13:59:35 +0000] "PUT /d1/764/AUTH_0c8e2a92cd2b4a1b8fe78a5b1b80eeff/gnocchi.8255dcb4-7d13-4ea7-a938-2f7999721c02/none_v3" 201 - "PUT http://172.18.0.2:8080/d1/881/AUTH_0c8e2a92cd2b4a1b8fe78a5b1b80eeff/gnocchi.8255dcb4-7d13-4ea7-a938-2f7999721c02/none_v3" "tx584da9b2e5514894a5e6a-006a281c47" "object-server 23" 0.0006 "-" 20 0
Jun 9 13:59:35 standalone object-server[127440]: 172.20.0.100 - - [09/Jun/2026:13:59:35 +0000] "PUT /d1/881/AUTH_0c8e2a92cd2b4a1b8fe78a5b1b80eeff/gnocchi.8255dcb4-7d13-4ea7-a938-2f7999721c02/none_v3" 201 - "PUT http://172.18.0.2:8080/v1/AUTH_0c8e2a92cd2b4a1b8fe78a5b1b80eeff/gnocchi.8255dcb4-7d13-4ea7-a938-2f7999721c02/none_v3" "tx584da9b2e5514894a5e6a-006a281c47" "proxy-server 20" 0.0107 "-" 23 0
Jun 9 13:59:35 standalone proxy-server[129310]: 172.18.0.2 172.18.0.100 09/Jun/2026/13/59/35 PUT /v1/AUTH_0c8e2a92cd2b4a1b8fe78a5b1b80eeff/gnocchi.8255dcb4-7d13-4ea7-a938-2f7999721c02/none_v3 HTTP/1.0 201 - python-swiftclient-3.11.1 gAAAAABqKBuotX25... 32 - - tx584da9b2e5514894a5e6a-006a281c47 - 0.0164 - - 1781013575.820007086 1781013575.836400747 0
Jun 9 14:00:27 standalone account-server[127191]: 172.20.0.100 - - [09/Jun/2026:14:00:27 +0000] "HEAD /d1/506/AUTH_0c8e2a92cd2b4a1b8fe78a5b1b80eeff" 204 - "HEAD http://172.18.0.2:8080/v1/AUTH_0c8e2a92cd2b4a1b8fe78a5b1b80eeff?format=json" "txcc876d7697ab49cf81541-006a281c7b" "proxy-server 20" 0.0076 "-" 20 -
Jun 9 14:00:27 standalone proxy-server[129310]: - - 09/Jun/2026/14/00/27 HEAD /v1/AUTH_0c8e2a92cd2b4a1b8fe78a5b1b80eeff%3Fformat%3Djson HTTP/1.0 204 - Swift - - - - txcc876d7697ab49cf81541-006a281c7b - 0.0132 RL - 1781013627.078760624 1781013627.091987610 -
Jun 9 14:00:27 standalone container-server[127242]: 172.20.0.100 - - [09/Jun/2026:14:00:27 +0000] "HEAD /d1/25/AUTH_0c8e2a92cd2b4a1b8fe78a5b1b80eeff/gnocchi.3317e057-0556-48ea-af8d-4dbeb727837f" 204 - "HEAD http://172.18.0.2:8080/v1/AUTH_0c8e2a92cd2b4a1b8fe78a5b1b80eeff/gnocchi.3317e057-0556-48ea-af8d-4dbeb727837f?format=json&states=listing" "txcc876d7697ab49cf81541-006a281c7b" "proxy-server 20" 0.0087 "-" 22 0
Jun 9 14:00:27 standalone object-server[127450]: 172.20.0.100 - - [09/Jun/2026:14:00:27 +0000] "GET /d1/179/AUTH_0c8e2a92cd2b4a1b8fe78a5b1b80eeff/gnocchi.3317e057-0556-48ea-af8d-4dbeb727837f/none_v3" 200 22 "GET http://172.18.0.2:8080/v1/AUTH_0c8e2a92cd2b4a1b8fe78a5b1b80eeff/gnocchi.3317e057-0556-48ea-af8d-4dbeb727837f/none_v3" "txcc876d7697ab49cf81541-006a281c7b" "proxy-server 20" 0.0015 "-" 24 0
Jun 9 14:00:27 standalone proxy-server[129310]: 172.18.0.2 172.18.0.100 09/Jun/2026/14/00/27 GET /v1/AUTH_0c8e2a92cd2b4a1b8fe78a5b1b80eeff/gnocchi.3317e057-0556-48ea-af8d-4dbeb727837f/none_v3 HTTP/1.0 200 - python-swiftclient-3.11.1 gAAAAABqKBuotX25... - 22 - txcc876d7697ab49cf81541-006a281c7b - 0.0395 - - 1781013627.077661514 1781013627.117171764 0
Jun 9 14:00:27 standalone container-server[127231]: 172.20.0.100 - - [09/Jun/2026:14:00:27 +0000] "GET /d1/25/AUTH_0c8e2a92cd2b4a1b8fe78a5b1b80eeff/gnocchi.3317e057-0556-48ea-af8d-4dbeb727837f" 200 357 "GET http://172.18.0.2:8080/v1/AUTH_0c8e2a92cd2b4a1b8fe78a5b1b80eeff/gnocchi.3317e057-0556-48ea-af8d-4dbeb727837f?format=json&states=listing" "tx526d278163114ab58c742-006a281c7b" "proxy-server 20" 0.0019 "-" 21 0
Jun 9 14:00:27 standalone proxy-server[129310]: 172.18.0.2 172.18.0.100 09/Jun/2026/14/00/27 GET /v1/AUTH_0c8e2a92cd2b4a1b8fe78a5b1b80eeff/gnocchi.3317e057-0556-48ea-af8d-4dbeb727837f%3Fformat%3Djson%26states%3Dlisting HTTP/1.0 200 - python-swiftclient-3.11.1 gAAAAABqKBuotX25... - 357 - tx526d278163114ab58c742-006a281c7b - 0.0096 - - 1781013627.120987892 1781013627.130619764 0
Jun 9 14:00:27 standalone container-server[127242]: 172.20.0.100 - - [09/Jun/2026:14:00:27 +0000] "GET /d1/25/AUTH_0c8e2a92cd2b4a1b8fe78a5b1b80eeff/gnocchi.3317e057-0556-48ea-af8d-4dbeb727837f" 200 2 "GET http://172.18.0.2:8080/v1/AUTH_0c8e2a92cd2b4a1b8fe78a5b1b80eeff/gnocchi.3317e057-0556-48ea-af8d-4dbeb727837f?format=json&marker=none_v3&states=listing" "txf5f4431c25814b01b3806-006a281c7b" "proxy-server 20" 0.0048 "-" 22 0
Jun 9 14:00:27 standalone proxy-server[129310]: 172.18.0.2 172.18.0.100 09/Jun/2026/14/00/27 GET /v1/AUTH_0c8e2a92cd2b4a1b8fe78a5b1b80eeff/gnocchi.3317e057-0556-48ea-af8d-4dbeb727837f%3Fformat%3Djson%26marker%3Dnone_v3%26states%3Dlisting HTTP/1.0 200 - python-swiftclient-3.11.1 gAAAAABqKBuotX25... - 2 - txf5f4431c25814b01b3806-006a281c7b - 0.0157 - - 1781013627.133686066 1781013627.149370432 0
Jun 9 14:00:27 standalone object-server[127440]: 172.20.0.100 - - [09/Jun/2026:14:00:27 +0000] "GET /d1/110/AUTH_0c8e2a92cd2b4a1b8fe78a5b1b80eeff/gnocchi.3317e057-0556-48ea-af8d-4dbeb727837f/1780920000.0_mean_300.0_v3" 200 16 "GET http://172.18.0.2:8080/v1/AUTH_0c8e2a92cd2b4a1b8fe78a5b1b80eeff/gnocchi.3317e057-0556-48ea-af8d-4dbeb727837f/1780920000.0_mean_300.0_v3" "tx21c1d8024284403998492-006a281c7b" "proxy-server 20" 0.0009 "-" 23 0
Jun 9 14:00:27 standalone proxy-server[129310]: 172.18.0.2 172.18.0.100 09/Jun/2026/14/00/27 GET /v1/AUTH_0c8e2a92cd2b4a1b8fe78a5b1b80eeff/gnocchi.3317e057-0556-48ea-af8d-4dbeb727837f/1780920000.0_mean_300.0_v3 HTTP/1.0 200 - python-swiftclient-3.11.1 gAAAAABqKBuotX25... - 16 - tx21c1d8024284403998492-006a281c7b - 0.0089 - - 1781013627.153473377 1781013627.162405968 0
Jun 9 14:00:27 standalone container-server[127206]: 172.20.0.100 - - [09/Jun/2026:14:00:27 +0000] "PUT /d1/25/AUTH_0c8e2a92cd2b4a1b8fe78a5b1b80eeff/gnocchi.3317e057-0556-48ea-af8d-4dbeb727837f/1780920000.0_mean_300.0_v3" 201 - "PUT http://172.18.0.2:8080/d1/110/AUTH_0c8e2a92cd2b4a1b8fe78a5b1b80eeff/gnocchi.3317e057-0556-48ea-af8d-4dbeb727837f/1780920000.0_mean_300.0_v3" "txac5cd837bfaa4114986d9-006a281c7b" "object-server 24" 0.0009 "-" 20 0
Jun 9 14:00:27 standalone object-server[127450]: 172.20.0.100 - - [09/Jun/2026:14:00:27 +0000] "PUT /d1/110/AUTH_0c8e2a92cd2b4a1b8fe78a5b1b80eeff/gnocchi.3317e057-0556-48ea-af8d-4dbeb727837f/1780920000.0_mean_300.0_v3" 201 - "PUT http://172.18.0.2:8080/v1/AUTH_0c8e2a92cd2b4a1b8fe78a5b1b80eeff/gnocchi.3317e057-0556-48ea-af8d-4dbeb727837f/1780920000.0_mean_300.0_v3" "txac5cd837bfaa4114986d9-006a281c7b" "proxy-server 20" 0.0115 "-" 24 0
Jun 9 14:00:27 standalone proxy-server[129310]: 172.18.0.2 172.18.0.100 09/Jun/2026/14/00/27 PUT /v1/AUTH_0c8e2a92cd2b4a1b8fe78a5b1b80eeff/gnocchi.3317e057-0556-48ea-af8d-4dbeb727837f/1780920000.0_mean_300.0_v3 HTTP/1.0 201 - python-swiftclient-3.11.1 gAAAAABqKBuotX25... 23 - - txac5cd837bfaa4114986d9-006a281c7b - 0.0194 - - 1781013627.165562868 1781013627.184930801 0
Jun 9 14:00:27 standalone container-server[127242]: 172.20.0.100 - - [09/Jun/2026:14:00:27 +0000] "PUT /d1/25/AUTH_0c8e2a92cd2b4a1b8fe78a5b1b80eeff/gnocchi.3317e057-0556-48ea-af8d-4dbeb727837f/none_v3" 201 - "PUT http://172.18.0.2:8080/d1/179/AUTH_0c8e2a92cd2b4a1b8fe78a5b1b80eeff/gnocchi.3317e057-0556-48ea-af8d-4dbeb727837f/none_v3" "txd8ddda8fc0ef40e3aa032-006a281c7b" "object-server 23" 0.0010 "-" 22 0
Jun 9 14:00:27 standalone object-server[127440]: 172.20.0.100 - - [09/Jun/2026:14:00:27 +0000] "PUT /d1/179/AUTH_0c8e2a92cd2b4a1b8fe78a5b1b80eeff/gnocchi.3317e057-0556-48ea-af8d-4dbeb727837f/none_v3" 201 - "PUT http://172.18.0.2:8080/v1/AUTH_0c8e2a92cd2b4a1b8fe78a5b1b80eeff/gnocchi.3317e057-0556-48ea-af8d-4dbeb727837f/none_v3" "txd8ddda8fc0ef40e3aa032-006a281c7b" "proxy-server 20" 0.0114 "-" 23 0
Jun 9 14:00:27 standalone proxy-server[129310]: 172.18.0.2 172.18.0.100 09/Jun/2026/14/00/27 PUT /v1/AUTH_0c8e2a92cd2b4a1b8fe78a5b1b80eeff/gnocchi.3317e057-0556-48ea-af8d-4dbeb727837f/none_v3 HTTP/1.0 201 - python-swiftclient-3.11.1 gAAAAABqKBuotX25... 22 - - txd8ddda8fc0ef40e3aa032-006a281c7b - 0.0175 - - 1781013627.188260794 1781013627.205763102 0
Jun 9 14:00:27 standalone container-server[127206]: 172.20.0.100 - - [09/Jun/2026:14:00:27 +0000] "HEAD /d1/111/AUTH_0c8e2a92cd2b4a1b8fe78a5b1b80eeff/gnocchi.2c7f474e-1d2c-4b24-9aa1-9c095d586b10" 204 - "HEAD http://172.18.0.2:8080/v1/AUTH_0c8e2a92cd2b4a1b8fe78a5b1b80eeff/gnocchi.2c7f474e-1d2c-4b24-9aa1-9c095d586b10?format=json&states=listing" "txf662f5631d4944da9feb3-006a281c7b" "proxy-server 20" 0.0063 "-" 20 0
Jun 9 14:00:27 standalone object-server[127450]: 172.20.0.100 - - [09/Jun/2026:14:00:27 +0000] "GET /d1/117/AUTH_0c8e2a92cd2b4a1b8fe78a5b1b80eeff/gnocchi.2c7f474e-1d2c-4b24-9aa1-9c095d586b10/none_v3" 200 22 "GET http://172.18.0.2:8080/v1/AUTH_0c8e2a92cd2b4a1b8fe78a5b1b80eeff/gnocchi.2c7f474e-1d2c-4b24-9aa1-9c095d586b10/none_v3" "txf662f5631d4944da9feb3-006a281c7b" "proxy-server 20" 0.0011 "-" 24 0
Jun 9 14:00:27 standalone proxy-server[129310]: 172.18.0.2 172.18.0.100 09/Jun/2026/14/00/27 GET /v1/AUTH_0c8e2a92cd2b4a1b8fe78a5b1b80eeff/gnocchi.2c7f474e-1d2c-4b24-9aa1-9c095d586b10/none_v3 HTTP/1.0 200 - python-swiftclient-3.11.1 gAAAAABqKBuotX25... - 22 - txf662f5631d4944da9feb3-006a281c7b - 0.0213 - - 1781013627.214113951 1781013627.235409260 0
Jun 9 14:00:27 standalone container-server[127206]: 172.20.0.100 - - [09/Jun/2026:14:00:27 +0000] "GET /d1/111/AUTH_0c8e2a92cd2b4a1b8fe78a5b1b80eeff/gnocchi.2c7f474e-1d2c-4b24-9aa1-9c095d586b10" 200 357 "GET http://172.18.0.2:8080/v1/AUTH_0c8e2a92cd2b4a1b8fe78a5b1b80eeff/gnocchi.2c7f474e-1d2c-4b24-9aa1-9c095d586b10?format=json&states=listing" "tx2e24407090e844b1b5fb7-006a281c7b" "proxy-server 20" 0.0017 "-" 20 0
Jun 9 14:00:27 standalone proxy-server[129310]: 172.18.0.2 172.18.0.100 09/Jun/2026/14/00/27 GET /v1/AUTH_0c8e2a92cd2b4a1b8fe78a5b1b80eeff/gnocchi.2c7f474e-1d2c-4b24-9aa1-9c095d586b10%3Fformat%3Djson%26states%3Dlisting HTTP/1.0 200 - python-swiftclient-3.11.1 gAAAAABqKBuotX25... - 357 - tx2e24407090e844b1b5fb7-006a281c7b - 0.0119 - - 1781013627.239555597 1781013627.251465797 0
Jun 9 14:00:27 standalone container-server[127242]: 172.20.0.100 - - [09/Jun/2026:14:00:27 +0000] "GET /d1/111/AUTH_0c8e2a92cd2b4a1b8fe78a5b1b80eeff/gnocchi.2c7f474e-1d2c-4b24-9aa1-9c095d586b10" 200 2 "GET http://172.18.0.2:8080/v1/AUTH_0c8e2a92cd2b4a1b8fe78a5b1b80eeff/gnocchi.2c7f474e-1d2c-4b24-9aa1-9c095d586b10?format=json&marker=none_v3&states=listing" "tx6eb84b34777f425c88f1f-006a281c7b" "proxy-server 20" 0.0038 "-" 22 0
Jun 9 14:00:27 standalone proxy-server[129310]: 172.18.0.2 172.18.0.100 09/Jun/2026/14/00/27 GET /v1/AUTH_0c8e2a92cd2b4a1b8fe78a5b1b80eeff/gnocchi.2c7f474e-1d2c-4b24-9aa1-9c095d586b10%3Fformat%3Djson%26marker%3Dnone_v3%26states%3Dlisting HTTP/1.0 200 - python-swiftclient-3.11.1 gAAAAABqKBuotX25... - 2 - tx6eb84b34777f425c88f1f-006a281c7b - 0.0122 - - 1781013627.253943920 1781013627.266107798 0
Jun 9 14:00:27 standalone object-server[127455]: 172.20.0.100 - - [09/Jun/2026:14:00:27 +0000] "GET /d1/505/AUTH_0c8e2a92cd2b4a1b8fe78a5b1b80eeff/gnocchi.2c7f474e-1d2c-4b24-9aa1-9c095d586b10/1780920000.0_mean_300.0_v3" 200 16 "GET http://172.18.0.2:8080/v1/AUTH_0c8e2a92cd2b4a1b8fe78a5b1b80eeff/gnocchi.2c7f474e-1d2c-4b24-9aa1-9c095d586b10/1780920000.0_mean_300.0_v3" "tx1756a305397f476391be9-006a281c7b" "proxy-server 20" 0.0011 "-" 25 0
Jun 9 14:00:27 standalone proxy-server[129310]: 172.18.0.2 172.18.0.100 09/Jun/2026/14/00/27 GET /v1/AUTH_0c8e2a92cd2b4a1b8fe78a5b1b80eeff/gnocchi.2c7f474e-1d2c-4b24-9aa1-9c095d586b10/1780920000.0_mean_300.0_v3 HTTP/1.0 200 - python-swiftclient-3.11.1 gAAAAABqKBuotX25... - 16 - tx1756a305397f476391be9-006a281c7b - 0.0093 - - 1781013627.269157648 1781013627.278460741 0
Jun 9 14:00:27 standalone container-server[127206]: 172.20.0.100 - - [09/Jun/2026:14:00:27 +0000] "PUT /d1/111/AUTH_0c8e2a92cd2b4a1b8fe78a5b1b80eeff/gnocchi.2c7f474e-1d2c-4b24-9aa1-9c095d586b10/1780920000.0_mean_300.0_v3" 201 - "PUT http://172.18.0.2:8080/d1/505/AUTH_0c8e2a92cd2b4a1b8fe78a5b1b80eeff/gnocchi.2c7f474e-1d2c-4b24-9aa1-9c095d586b10/1780920000.0_mean_300.0_v3" "txb8119fb2ebef4aca8ee6d-006a281c7b" "object-server 22" 0.0004 "-" 20 0
Jun 9 14:00:27 standalone object-server[127438]: 172.20.0.100 - - [09/Jun/2026:14:00:27 +0000] "PUT /d1/505/AUTH_0c8e2a92cd2b4a1b8fe78a5b1b80eeff/gnocchi.2c7f474e-1d2c-4b24-9aa1-9c095d586b10/1780920000.0_mean_300.0_v3" 201 - "PUT http://172.18.0.2:8080/v1/AUTH_0c8e2a92cd2b4a1b8fe78a5b1b80eeff/gnocchi.2c7f474e-1d2c-4b24-9aa1-9c095d586b10/1780920000.0_mean_300.0_v3" "txb8119fb2ebef4aca8ee6d-006a281c7b" "proxy-server 20" 0.0091 "-" 22 0
Jun 9 14:00:27 standalone proxy-server[129310]: 172.18.0.2 172.18.0.100 09/Jun/2026/14/00/27 PUT /v1/AUTH_0c8e2a92cd2b4a1b8fe78a5b1b80eeff/gnocchi.2c7f474e-1d2c-4b24-9aa1-9c095d586b10/1780920000.0_mean_300.0_v3 HTTP/1.0 201 - python-swiftclient-3.11.1 gAAAAABqKBuotX25... 23 - - txb8119fb2ebef4aca8ee6d-006a281c7b - 0.0156 - - 1781013627.281159401 1781013627.296729803 0
Jun 9 14:00:27 standalone container-server[127231]: 172.20.0.100 - - [09/Jun/2026:14:00:27 +0000] "PUT /d1/111/AUTH_0c8e2a92cd2b4a1b8fe78a5b1b80eeff/gnocchi.2c7f474e-1d2c-4b24-9aa1-9c095d586b10/none_v3" 201 - "PUT http://172.18.0.2:8080/d1/117/AUTH_0c8e2a92cd2b4a1b8fe78a5b1b80eeff/gnocchi.2c7f474e-1d2c-4b24-9aa1-9c095d586b10/none_v3" "tx6f93feecf21b40c490c7c-006a281c7b" "object-server 22" 0.0005 "-" 21 0
Jun 9 14:00:27 standalone object-server[127438]: 172.20.0.100 - - [09/Jun/2026:14:00:27 +0000] "PUT /d1/117/AUTH_0c8e2a92cd2b4a1b8fe78a5b1b80eeff/gnocchi.2c7f474e-1d2c-4b24-9aa1-9c095d586b10/none_v3" 201 - "PUT http://172.18.0.2:8080/v1/AUTH_0c8e2a92cd2b4a1b8fe78a5b1b80eeff/gnocchi.2c7f474e-1d2c-4b24-9aa1-9c095d586b10/none_v3" "tx6f93feecf21b40c490c7c-006a281c7b" "proxy-server 20" 0.0087 "-" 22 0
Jun 9 14:00:27 standalone proxy-server[129310]: 172.18.0.2 172.18.0.100 09/Jun/2026/14/00/27 PUT /v1/AUTH_0c8e2a92cd2b4a1b8fe78a5b1b80eeff/gnocchi.2c7f474e-1d2c-4b24-9aa1-9c095d586b10/none_v3 HTTP/1.0 201 - python-swiftclient-3.11.1 gAAAAABqKBuotX25... 22 - - tx6f93feecf21b40c490c7c-006a281c7b - 0.0152 - - 1781013627.299418211 1781013627.314582109 0
Jun 9 14:00:27 standalone container-server[127242]: 172.20.0.100 - - [09/Jun/2026:14:00:27 +0000] "HEAD /d1/540/AUTH_0c8e2a92cd2b4a1b8fe78a5b1b80eeff/gnocchi.587bc783-5a39-457c-a697-592624c7f92a" 204 - "HEAD http://172.18.0.2:8080/v1/AUTH_0c8e2a92cd2b4a1b8fe78a5b1b80eeff/gnocchi.587bc783-5a39-457c-a697-592624c7f92a?format=json&states=listing" "tx26dbe65b1e2a49d8af15e-006a281c7b" "proxy-server 20" 0.0074 "-" 22 0
Jun 9 14:00:27 standalone object-server[127438]: 172.20.0.100 - - [09/Jun/2026:14:00:27 +0000] "GET /d1/260/AUTH_0c8e2a92cd2b4a1b8fe78a5b1b80eeff/gnocchi.587bc783-5a39-457c-a697-592624c7f92a/none_v3" 200 22 "GET http://172.18.0.2:8080/v1/AUTH_0c8e2a92cd2b4a1b8fe78a5b1b80eeff/gnocchi.587bc783-5a39-457c-a697-592624c7f92a/none_v3" "tx26dbe65b1e2a49d8af15e-006a281c7b" "proxy-server 20" 0.0006 "-" 22 0
Jun 9 14:00:27 standalone proxy-server[129310]: 172.18.0.2 172.18.0.100 09/Jun/2026/14/00/27 GET /v1/AUTH_0c8e2a92cd2b4a1b8fe78a5b1b80eeff/gnocchi.587bc783-5a39-457c-a697-592624c7f92a/none_v3 HTTP/1.0 200 - python-swiftclient-3.11.1 gAAAAABqKBuotX25... - 22 - tx26dbe65b1e2a49d8af15e-006a281c7b - 0.0202 - - 1781013627.322983027 1781013627.343223572 0
Jun 9 14:00:27 standalone container-server[127206]: 172.20.0.100 - - [09/Jun/2026:14:00:27 +0000] "GET /d1/540/AUTH_0c8e2a92cd2b4a1b8fe78a5b1b80eeff/gnocchi.587bc783-5a39-457c-a697-592624c7f92a" 200 357 "GET http://172.18.0.2:8080/v1/AUTH_0c8e2a92cd2b4a1b8fe78a5b1b80eeff/gnocchi.587bc783-5a39-457c-a697-592624c7f92a?format=json&states=listing" "tx02de66243bd444fb9bf1b-006a281c7b" "proxy-server 20" 0.0020 "-" 20 0
Jun 9 14:00:27 standalone proxy-server[129310]: 172.18.0.2 172.18.0.100 09/Jun/2026/14/00/27 GET /v1/AUTH_0c8e2a92cd2b4a1b8fe78a5b1b80eeff/gnocchi.587bc783-5a39-457c-a697-592624c7f92a%3Fformat%3Djson%26states%3Dlisting HTTP/1.0 200 - python-swiftclient-3.11.1 gAAAAABqKBuotX25... - 357 - tx02de66243bd444fb9bf1b-006a281c7b - 0.0097 - - 1781013627.346268177 1781013627.355976105 0
Jun 9 14:00:27 standalone container-server[127242]: 172.20.0.100 - - [09/Jun/2026:14:00:27 +0000] "GET /d1/540/AUTH_0c8e2a92cd2b4a1b8fe78a5b1b80eeff/gnocchi.587bc783-5a39-457c-a697-592624c7f92a" 200 2 "GET http://172.18.0.2:8080/v1/AUTH_0c8e2a92cd2b4a1b8fe78a5b1b80eeff/gnocchi.587bc783-5a39-457c-a697-592624c7f92a?format=json&marker=none_v3&states=listing" "tx1a5c9234da7140ec8ecf2-006a281c7b" "proxy-server 20" 0.0034 "-" 22 0
Jun 9 14:00:27 standalone proxy-server[129310]: 172.18.0.2 172.18.0.100 09/Jun/2026/14/00/27 GET /v1/AUTH_0c8e2a92cd2b4a1b8fe78a5b1b80eeff/gnocchi.587bc783-5a39-457c-a697-592624c7f92a%3Fformat%3Djson%26marker%3Dnone_v3%26states%3Dlisting HTTP/1.0 200 - python-swiftclient-3.11.1 gAAAAABqKBuotX25... - 2 - tx1a5c9234da7140ec8ecf2-006a281c7b - 0.0118 - - 1781013627.358628750 1781013627.370409489 0
Jun 9 14:00:27 standalone object-server[127450]: 172.20.0.100 - - [09/Jun/2026:14:00:27 +0000] "GET /d1/640/AUTH_0c8e2a92cd2b4a1b8fe78a5b1b80eeff/gnocchi.587bc783-5a39-457c-a697-592624c7f92a/1780920000.0_mean_300.0_v3" 200 16 "GET http://172.18.0.2:8080/v1/AUTH_0c8e2a92cd2b4a1b8fe78a5b1b80eeff/gnocchi.587bc783-5a39-457c-a697-592624c7f92a/1780920000.0_mean_300.0_v3" "txc06cd2e8508d4e95b21e7-006a281c7b" "proxy-server 20" 0.0010 "-" 24 0
Jun 9 14:00:27 standalone proxy-server[129310]: 172.18.0.2 172.18.0.100 09/Jun/2026/14/00/27 GET /v1/AUTH_0c8e2a92cd2b4a1b8fe78a5b1b80eeff/gnocchi.587bc783-5a39-457c-a697-592624c7f92a/1780920000.0_mean_300.0_v3 HTTP/1.0 200 - python-swiftclient-3.11.1 gAAAAABqKBuotX25... - 16 - txc06cd2e8508d4e95b21e7-006a281c7b - 0.0091 - - 1781013627.373643875 1781013627.382745743 0
Jun 9 14:00:27 standalone container-server[127242]: 172.20.0.100 - - [09/Jun/2026:14:00:27 +0000] "PUT /d1/540/AUTH_0c8e2a92cd2b4a1b8fe78a5b1b80eeff/gnocchi.587bc783-5a39-457c-a697-592624c7f92a/1780920000.0_mean_300.0_v3" 201 - "PUT http://172.18.0.2:8080/d1/640/AUTH_0c8e2a92cd2b4a1b8fe78a5b1b80eeff/gnocchi.587bc783-5a39-457c-a697-592624c7f92a/1780920000.0_mean_300.0_v3" "txd20664702998436094b60-006a281c7b" "object-server 24" 0.0010 "-" 22 0
Jun 9 14:00:27 standalone object-server[127450]: 172.20.0.100 - - [09/Jun/2026:14:00:27 +0000] "PUT /d1/640/AUTH_0c8e2a92cd2b4a1b8fe78a5b1b80eeff/gnocchi.587bc783-5a39-457c-a697-592624c7f92a/1780920000.0_mean_300.0_v3" 201 - "PUT http://172.18.0.2:8080/v1/AUTH_0c8e2a92cd2b4a1b8fe78a5b1b80eeff/gnocchi.587bc783-5a39-457c-a697-592624c7f92a/1780920000.0_mean_300.0_v3" "txd20664702998436094b60-006a281c7b" "proxy-server 20" 0.0124 "-" 24 0
Jun 9 14:00:27 standalone proxy-server[129310]: 172.18.0.2 172.18.0.100 09/Jun/2026/14/00/27 PUT /v1/AUTH_0c8e2a92cd2b4a1b8fe78a5b1b80eeff/gnocchi.587bc783-5a39-457c-a697-592624c7f92a/1780920000.0_mean_300.0_v3 HTTP/1.0 201 - python-swiftclient-3.11.1 gAAAAABqKBuotX25... 23 - - txd20664702998436094b60-006a281c7b - 0.0234 - - 1781013627.385563612 1781013627.408963442 0
Jun 9 14:00:27 standalone container-server[127206]: 172.20.0.100 - - [09/Jun/2026:14:00:27 +0000] "PUT /d1/540/AUTH_0c8e2a92cd2b4a1b8fe78a5b1b80eeff/gnocchi.587bc783-5a39-457c-a697-592624c7f92a/none_v3" 201 - "PUT http://172.18.0.2:8080/d1/260/AUTH_0c8e2a92cd2b4a1b8fe78a5b1b80eeff/gnocchi.587bc783-5a39-457c-a697-592624c7f92a/none_v3" "txea53977abbf64880a36ed-006a281c7b" "object-server 24" 0.0005 "-" 20 0
Jun 9 14:00:27 standalone object-server[127450]: 172.20.0.100 - - [09/Jun/2026:14:00:27 +0000] "PUT /d1/260/AUTH_0c8e2a92cd2b4a1b8fe78a5b1b80eeff/gnocchi.587bc783-5a39-457c-a697-592624c7f92a/none_v3" 201 - "PUT http://172.18.0.2:8080/v1/AUTH_0c8e2a92cd2b4a1b8fe78a5b1b80eeff/gnocchi.587bc783-5a39-457c-a697-592624c7f92a/none_v3" "txea53977abbf64880a36ed-006a281c7b" "proxy-server 20" 0.0095 "-" 24 0
Jun 9 14:00:27 standalone proxy-server[129310]: 172.18.0.2 172.18.0.100 09/Jun/2026/14/00/27 PUT /v1/AUTH_0c8e2a92cd2b4a1b8fe78a5b1b80eeff/gnocchi.587bc783-5a39-457c-a697-592624c7f92a/none_v3 HTTP/1.0 201 - python-swiftclient-3.11.1 gAAAAABqKBuotX25... 22 - - txea53977abbf64880a36ed-006a281c7b - 0.0166 - - 1781013627.411726236 1781013627.428368807 0
Jun 9 14:00:27 standalone container-server[127247]: 172.20.0.100 - - [09/Jun/2026:14:00:27 +0000] "HEAD /d1/89/AUTH_0c8e2a92cd2b4a1b8fe78a5b1b80eeff/gnocchi.f4dd05d6-7023-490e-88a9-ce8db003dd9f" 204 - "HEAD http://172.18.0.2:8080/v1/AUTH_0c8e2a92cd2b4a1b8fe78a5b1b80eeff/gnocchi.f4dd05d6-7023-490e-88a9-ce8db003dd9f?format=json&states=listing" "tx28787f18c44a488b86529-006a281c7b" "proxy-server 20" 0.0063 "-" 23 0
Jun 9 14:00:27 standalone object-server[127438]: 172.20.0.100 - - [09/Jun/2026:14:00:27 +0000] "GET /d1/675/AUTH_0c8e2a92cd2b4a1b8fe78a5b1b80eeff/gnocchi.f4dd05d6-7023-490e-88a9-ce8db003dd9f/none_v3" 200 32 "GET http://172.18.0.2:8080/v1/AUTH_0c8e2a92cd2b4a1b8fe78a5b1b80eeff/gnocchi.f4dd05d6-7023-490e-88a9-ce8db003dd9f/none_v3" "tx28787f18c44a488b86529-006a281c7b" "proxy-server 20" 0.0007 "-" 22 0
Jun 9 14:00:27 standalone proxy-server[129310]: 172.18.0.2 172.18.0.100 09/Jun/2026/14/00/27 GET /v1/AUTH_0c8e2a92cd2b4a1b8fe78a5b1b80eeff/gnocchi.f4dd05d6-7023-490e-88a9-ce8db003dd9f/none_v3 HTTP/1.0 200 - python-swiftclient-3.11.1 gAAAAABqKBuotX25... - 32 - tx28787f18c44a488b86529-006a281c7b - 0.0196 - - 1781013627.437989473 1781013627.457622766 0
Jun 9 14:00:27 standalone container-server[127231]: 172.20.0.100 - - [09/Jun/2026:14:00:27 +0000] "GET /d1/89/AUTH_0c8e2a92cd2b4a1b8fe78a5b1b80eeff/gnocchi.f4dd05d6-7023-490e-88a9-ce8db003dd9f" 200 357 "GET http://172.18.0.2:8080/v1/AUTH_0c8e2a92cd2b4a1b8fe78a5b1b80eeff/gnocchi.f4dd05d6-7023-490e-88a9-ce8db003dd9f?format=json&states=listing" "tx1e87c9f2224f4f529ddff-006a281c7b" "proxy-server 20" 0.0019 "-" 21 0
Jun 9 14:00:27 standalone proxy-server[129310]: 172.18.0.2 172.18.0.100 09/Jun/2026/14/00/27 GET /v1/AUTH_0c8e2a92cd2b4a1b8fe78a5b1b80eeff/gnocchi.f4dd05d6-7023-490e-88a9-ce8db003dd9f%3Fformat%3Djson%26states%3Dlisting HTTP/1.0 200 - python-swiftclient-3.11.1 gAAAAABqKBuotX25... - 357 - tx1e87c9f2224f4f529ddff-006a281c7b - 0.0097 - - 1781013627.461815834 1781013627.471477509 0
Jun 9 14:00:27 standalone container-server[127247]: 172.20.0.100 - - [09/Jun/2026:14:00:27 +0000] "GET /d1/89/AUTH_0c8e2a92cd2b4a1b8fe78a5b1b80eeff/gnocchi.f4dd05d6-7023-490e-88a9-ce8db003dd9f" 200 2 "GET http://172.18.0.2:8080/v1/AUTH_0c8e2a92cd2b4a1b8fe78a5b1b80eeff/gnocchi.f4dd05d6-7023-490e-88a9-ce8db003dd9f?format=json&marker=none_v3&states=listing" "txc485e68513084165bba1d-006a281c7b" "proxy-server 20" 0.0018 "-" 23 0
Jun 9 14:00:27 standalone proxy-server[129310]: 172.18.0.2 172.18.0.100 09/Jun/2026/14/00/27 GET /v1/AUTH_0c8e2a92cd2b4a1b8fe78a5b1b80eeff/gnocchi.f4dd05d6-7023-490e-88a9-ce8db003dd9f%3Fformat%3Djson%26marker%3Dnone_v3%26states%3Dlisting HTTP/1.0 200 - python-swiftclient-3.11.1 gAAAAABqKBuotX25... - 2 - txc485e68513084165bba1d-006a281c7b - 0.0088 - - 1781013627.473983288 1781013627.482811451 0
Jun 9 14:00:27 standalone object-server[127450]: 172.20.0.100 - - [09/Jun/2026:14:00:27 +0000] "GET /d1/554/AUTH_0c8e2a92cd2b4a1b8fe78a5b1b80eeff/gnocchi.f4dd05d6-7023-490e-88a9-ce8db003dd9f/1780920000.0_mean_300.0_v3" 200 16 "GET http://172.18.0.2:8080/v1/AUTH_0c8e2a92cd2b4a1b8fe78a5b1b80eeff/gnocchi.f4dd05d6-7023-490e-88a9-ce8db003dd9f/1780920000.0_mean_300.0_v3" "tx5d915fca37bc42dbb3471-006a281c7b" "proxy-server 20" 0.0011 "-" 24 0
