Jun 9 14:00:38 standalone container-server[127247]: 172.20.0.100 - - [09/Jun/2026:14:00:38 +0000] "GET /d1/759/AUTH_0c8e2a92cd2b4a1b8fe78a5b1b80eeff/gnocchi.a2d2fb9d-6ad2-4c1e-a3a8-e2fa82e3e74b" 200 2 "GET http://172.18.0.2:8080/v1/AUTH_0c8e2a92cd2b4a1b8fe78a5b1b80eeff/gnocchi.a2d2fb9d-6ad2-4c1e-a3a8-e2fa82e3e74b?format=json&states=listing" "txb52237dca71744a7a0338-006a281c86" "proxy-server 20" 0.0038 "-" 23 0
Jun 9 14:00:38 standalone proxy-server[129310]: 172.18.0.2 172.18.0.100 09/Jun/2026/14/00/38 GET /v1/AUTH_0c8e2a92cd2b4a1b8fe78a5b1b80eeff/gnocchi.a2d2fb9d-6ad2-4c1e-a3a8-e2fa82e3e74b%3Fformat%3Djson%26states%3Dlisting HTTP/1.0 200 - python-swiftclient-3.11.1 gAAAAABqKBuotX25... - 2 - txb52237dca71744a7a0338-006a281c86 - 0.0207 - - 1781013638.485636234 1781013638.506298065 0
Jun 9 14:00:38 standalone object-server[127455]: 172.20.0.100 - - [09/Jun/2026:14:00:38 +0000] "GET /d1/601/AUTH_0c8e2a92cd2b4a1b8fe78a5b1b80eeff/gnocchi.a2d2fb9d-6ad2-4c1e-a3a8-e2fa82e3e74b/1780920000.0_mean_300.0_v3" 404 70 "GET http://172.18.0.2:8080/v1/AUTH_0c8e2a92cd2b4a1b8fe78a5b1b80eeff/gnocchi.a2d2fb9d-6ad2-4c1e-a3a8-e2fa82e3e74b/1780920000.0_mean_300.0_v3" "txe45d29a676e44273b70d2-006a281c86" "proxy-server 20" 0.0006 "-" 25 0
Jun 9 14:00:38 standalone proxy-server[129310]: 172.18.0.2 172.18.0.100 09/Jun/2026/14/00/38 GET /v1/AUTH_0c8e2a92cd2b4a1b8fe78a5b1b80eeff/gnocchi.a2d2fb9d-6ad2-4c1e-a3a8-e2fa82e3e74b/1780920000.0_mean_300.0_v3 HTTP/1.0 404 - python-swiftclient-3.11.1 gAAAAABqKBuotX25... - 70 - txe45d29a676e44273b70d2-006a281c86 - 0.0085 - - 1781013638.510687113 1781013638.519196987 0
Jun 9 14:00:38 standalone container-server[127206]: 172.20.0.100 - - [09/Jun/2026:14:00:38 +0000] "PUT /d1/759/AUTH_0c8e2a92cd2b4a1b8fe78a5b1b80eeff/gnocchi.a2d2fb9d-6ad2-4c1e-a3a8-e2fa82e3e74b/1780920000.0_mean_300.0_v3" 201 - "PUT http://172.18.0.2:8080/d1/601/AUTH_0c8e2a92cd2b4a1b8fe78a5b1b80eeff/gnocchi.a2d2fb9d-6ad2-4c1e-a3a8-e2fa82e3e74b/1780920000.0_mean_300.0_v3" "txb68d8566b06a4c68974d8-006a281c86" "object-server 25" 0.0007 "-" 20 0
Jun 9 14:00:38 standalone object-server[127455]: 172.20.0.100 - - [09/Jun/2026:14:00:38 +0000] "PUT /d1/601/AUTH_0c8e2a92cd2b4a1b8fe78a5b1b80eeff/gnocchi.a2d2fb9d-6ad2-4c1e-a3a8-e2fa82e3e74b/1780920000.0_mean_300.0_v3" 201 - "PUT http://172.18.0.2:8080/v1/AUTH_0c8e2a92cd2b4a1b8fe78a5b1b80eeff/gnocchi.a2d2fb9d-6ad2-4c1e-a3a8-e2fa82e3e74b/1780920000.0_mean_300.0_v3" "txb68d8566b06a4c68974d8-006a281c86" "proxy-server 20" 0.0113 "-" 25 0
Jun 9 14:00:38 standalone proxy-server[129310]: 172.18.0.2 172.18.0.100 09/Jun/2026/14/00/38 PUT /v1/AUTH_0c8e2a92cd2b4a1b8fe78a5b1b80eeff/gnocchi.a2d2fb9d-6ad2-4c1e-a3a8-e2fa82e3e74b/1780920000.0_mean_300.0_v3 HTTP/1.0 201 - python-swiftclient-3.11.1 gAAAAABqKBuotX25... 16 - - txb68d8566b06a4c68974d8-006a281c86 - 0.0194 - - 1781013638.523835182 1781013638.543249846 0
Jun 9 14:00:38 standalone container-server[127247]: 172.20.0.100 - - [09/Jun/2026:14:00:38 +0000] "PUT /d1/759/AUTH_0c8e2a92cd2b4a1b8fe78a5b1b80eeff/gnocchi.a2d2fb9d-6ad2-4c1e-a3a8-e2fa82e3e74b/none_v3" 201 - "PUT http://172.18.0.2:8080/d1/116/AUTH_0c8e2a92cd2b4a1b8fe78a5b1b80eeff/gnocchi.a2d2fb9d-6ad2-4c1e-a3a8-e2fa82e3e74b/none_v3" "tx6cf917063b21440daede9-006a281c86" "object-server 23" 0.0010 "-" 23 0
Jun 9 14:00:38 standalone object-server[127440]: 172.20.0.100 - - [09/Jun/2026:14:00:38 +0000] "PUT /d1/116/AUTH_0c8e2a92cd2b4a1b8fe78a5b1b80eeff/gnocchi.a2d2fb9d-6ad2-4c1e-a3a8-e2fa82e3e74b/none_v3" 201 - "PUT http://172.18.0.2:8080/v1/AUTH_0c8e2a92cd2b4a1b8fe78a5b1b80eeff/gnocchi.a2d2fb9d-6ad2-4c1e-a3a8-e2fa82e3e74b/none_v3" "tx6cf917063b21440daede9-006a281c86" "proxy-server 20" 0.0121 "-" 23 0
Jun 9 14:00:38 standalone proxy-server[129310]: 172.18.0.2 172.18.0.100 09/Jun/2026/14/00/38 PUT /v1/AUTH_0c8e2a92cd2b4a1b8fe78a5b1b80eeff/gnocchi.a2d2fb9d-6ad2-4c1e-a3a8-e2fa82e3e74b/none_v3 HTTP/1.0 201 - python-swiftclient-3.11.1 gAAAAABqKBuotX25... 22 - - tx6cf917063b21440daede9-006a281c86 - 0.0213 - - 1781013638.546839714 1781013638.568110943 0
Jun 9 14:00:38 standalone container-server[127242]: 172.20.0.100 - - [09/Jun/2026:14:00:38 +0000] "HEAD /d1/633/AUTH_0c8e2a92cd2b4a1b8fe78a5b1b80eeff/gnocchi.817580cc-edda-49d4-afdf-d722b6251dcc" 404 - "HEAD http://172.18.0.2:8080/v1/AUTH_0c8e2a92cd2b4a1b8fe78a5b1b80eeff/gnocchi.817580cc-edda-49d4-afdf-d722b6251dcc?format=json&states=listing" "tx0659824c395749858abd9-006a281c86" "proxy-server 20" 0.0007 "-" 22 0
Jun 9 14:00:38 standalone object-server[127455]: 172.20.0.100 - - [09/Jun/2026:14:00:38 +0000] "GET /d1/893/AUTH_0c8e2a92cd2b4a1b8fe78a5b1b80eeff/gnocchi.817580cc-edda-49d4-afdf-d722b6251dcc/none_v3" 404 70 "GET http://172.18.0.2:8080/v1/AUTH_0c8e2a92cd2b4a1b8fe78a5b1b80eeff/gnocchi.817580cc-edda-49d4-afdf-d722b6251dcc/none_v3" "tx0659824c395749858abd9-006a281c86" "proxy-server 20" 0.0006 "-" 25 0
Jun 9 14:00:38 standalone proxy-server[129310]: 172.18.0.2 172.18.0.100 09/Jun/2026/14/00/38 GET /v1/AUTH_0c8e2a92cd2b4a1b8fe78a5b1b80eeff/gnocchi.817580cc-edda-49d4-afdf-d722b6251dcc/none_v3 HTTP/1.0 404 - python-swiftclient-3.11.1 gAAAAABqKBuotX25... - 70 - tx0659824c395749858abd9-006a281c86 - 0.0150 - - 1781013638.581466436 1781013638.596431971 0
Jun 9 14:00:38 standalone account-server[127208]: 172.20.0.100 - - [09/Jun/2026:14:00:38 +0000] "PUT /d1/506/AUTH_0c8e2a92cd2b4a1b8fe78a5b1b80eeff/gnocchi.817580cc-edda-49d4-afdf-d722b6251dcc" 201 - "PUT http://172.20.0.100:6001/d1/633/AUTH_0c8e2a92cd2b4a1b8fe78a5b1b80eeff/gnocchi.817580cc-edda-49d4-afdf-d722b6251dcc" "tx2d01c99b5ed64f86a53bb-006a281c86" "container-server 20" 0.0065 "-" 23 0
Jun 9 14:00:38 standalone container-server[127206]: 172.20.0.100 - - [09/Jun/2026:14:00:38 +0000] "PUT /d1/633/AUTH_0c8e2a92cd2b4a1b8fe78a5b1b80eeff/gnocchi.817580cc-edda-49d4-afdf-d722b6251dcc" 201 - "PUT http://172.18.0.2:8080/v1/AUTH_0c8e2a92cd2b4a1b8fe78a5b1b80eeff/gnocchi.817580cc-edda-49d4-afdf-d722b6251dcc" "tx2d01c99b5ed64f86a53bb-006a281c86" "proxy-server 20" 0.0199 "-" 20 0
Jun 9 14:00:38 standalone proxy-server[129310]: 172.18.0.2 172.18.0.100 09/Jun/2026/14/00/38 PUT /v1/AUTH_0c8e2a92cd2b4a1b8fe78a5b1b80eeff/gnocchi.817580cc-edda-49d4-afdf-d722b6251dcc HTTP/1.0 201 - python-swiftclient-3.11.1 gAAAAABqKBuotX25... - - - tx2d01c99b5ed64f86a53bb-006a281c86 - 0.0268 - - 1781013638.599988937 1781013638.626749754 0
Jun 9 14:00:38 standalone container-server[127242]: 172.20.0.100 - - [09/Jun/2026:14:00:38 +0000] "HEAD /d1/633/AUTH_0c8e2a92cd2b4a1b8fe78a5b1b80eeff/gnocchi.817580cc-edda-49d4-afdf-d722b6251dcc" 204 - "HEAD http://172.18.0.2:8080/v1/AUTH_0c8e2a92cd2b4a1b8fe78a5b1b80eeff/gnocchi.817580cc-edda-49d4-afdf-d722b6251dcc?format=json&states=listing" "txc86eb0b1d4934d38b3e33-006a281c86" "proxy-server 20" 0.0024 "-" 22 0
Jun 9 14:00:38 standalone proxy-server[129310]: - - 09/Jun/2026/14/00/38 HEAD /v1/AUTH_0c8e2a92cd2b4a1b8fe78a5b1b80eeff/gnocchi.817580cc-edda-49d4-afdf-d722b6251dcc%3Fformat%3Djson%26states%3Dlisting HTTP/1.0 204 - Swift - - - - txc86eb0b1d4934d38b3e33-006a281c86 - 0.0072 RL - 1781013638.632972479 1781013638.640166759 0
Jun 9 14:00:38 standalone container-server[127231]: 172.20.0.100 - - [09/Jun/2026:14:00:38 +0000] "GET /d1/633/AUTH_0c8e2a92cd2b4a1b8fe78a5b1b80eeff/gnocchi.817580cc-edda-49d4-afdf-d722b6251dcc" 200 2 "GET http://172.18.0.2:8080/v1/AUTH_0c8e2a92cd2b4a1b8fe78a5b1b80eeff/gnocchi.817580cc-edda-49d4-afdf-d722b6251dcc?format=json&states=listing" "txc86eb0b1d4934d38b3e33-006a281c86" "proxy-server 20" 0.0043 "-" 21 0
Jun 9 14:00:38 standalone proxy-server[129310]: 172.18.0.2 172.18.0.100 09/Jun/2026/14/00/38 GET /v1/AUTH_0c8e2a92cd2b4a1b8fe78a5b1b80eeff/gnocchi.817580cc-edda-49d4-afdf-d722b6251dcc%3Fformat%3Djson%26states%3Dlisting HTTP/1.0 200 - python-swiftclient-3.11.1 gAAAAABqKBuotX25... - 2 - txc86eb0b1d4934d38b3e33-006a281c86 - 0.0246 - - 1781013638.631252766 1781013638.655837536 0
Jun 9 14:00:38 standalone object-server[127438]: 172.20.0.100 - - [09/Jun/2026:14:00:38 +0000] "GET /d1/590/AUTH_0c8e2a92cd2b4a1b8fe78a5b1b80eeff/gnocchi.817580cc-edda-49d4-afdf-d722b6251dcc/1780920000.0_mean_300.0_v3" 404 70 "GET http://172.18.0.2:8080/v1/AUTH_0c8e2a92cd2b4a1b8fe78a5b1b80eeff/gnocchi.817580cc-edda-49d4-afdf-d722b6251dcc/1780920000.0_mean_300.0_v3" "txb3109f455bfe42b5ba165-006a281c86" "proxy-server 20" 0.0006 "-" 22 0
Jun 9 14:00:38 standalone proxy-server[129310]: 172.18.0.2 172.18.0.100 09/Jun/2026/14/00/38 GET /v1/AUTH_0c8e2a92cd2b4a1b8fe78a5b1b80eeff/gnocchi.817580cc-edda-49d4-afdf-d722b6251dcc/1780920000.0_mean_300.0_v3 HTTP/1.0 404 - python-swiftclient-3.11.1 gAAAAABqKBuotX25... - 70 - txb3109f455bfe42b5ba165-006a281c86 - 0.0094 - - 1781013638.660527706 1781013638.669893980 0
Jun 9 14:00:38 standalone container-server[127247]: 172.20.0.100 - - [09/Jun/2026:14:00:38 +0000] "PUT /d1/633/AUTH_0c8e2a92cd2b4a1b8fe78a5b1b80eeff/gnocchi.817580cc-edda-49d4-afdf-d722b6251dcc/1780920000.0_mean_300.0_v3" 201 - "PUT http://172.18.0.2:8080/d1/590/AUTH_0c8e2a92cd2b4a1b8fe78a5b1b80eeff/gnocchi.817580cc-edda-49d4-afdf-d722b6251dcc/1780920000.0_mean_300.0_v3" "tx7c9e603c442e430ea2dd8-006a281c86" "object-server 22" 0.0012 "-" 23 0
Jun 9 14:00:38 standalone object-server[127438]: 172.20.0.100 - - [09/Jun/2026:14:00:38 +0000] "PUT /d1/590/AUTH_0c8e2a92cd2b4a1b8fe78a5b1b80eeff/gnocchi.817580cc-edda-49d4-afdf-d722b6251dcc/1780920000.0_mean_300.0_v3" 201 - "PUT http://172.18.0.2:8080/v1/AUTH_0c8e2a92cd2b4a1b8fe78a5b1b80eeff/gnocchi.817580cc-edda-49d4-afdf-d722b6251dcc/1780920000.0_mean_300.0_v3" "tx7c9e603c442e430ea2dd8-006a281c86" "proxy-server 20" 0.0138 "-" 22 0
Jun 9 14:00:38 standalone proxy-server[129310]: 172.18.0.2 172.18.0.100 09/Jun/2026/14/00/38 PUT /v1/AUTH_0c8e2a92cd2b4a1b8fe78a5b1b80eeff/gnocchi.817580cc-edda-49d4-afdf-d722b6251dcc/1780920000.0_mean_300.0_v3 HTTP/1.0 201 - python-swiftclient-3.11.1 gAAAAABqKBuotX25... 16 - - tx7c9e603c442e430ea2dd8-006a281c86 - 0.0233 - - 1781013638.674592257 1781013638.697878361 0
Jun 9 14:00:38 standalone container-server[127206]: 172.20.0.100 - - [09/Jun/2026:14:00:38 +0000] "PUT /d1/633/AUTH_0c8e2a92cd2b4a1b8fe78a5b1b80eeff/gnocchi.817580cc-edda-49d4-afdf-d722b6251dcc/none_v3" 201 - "PUT http://172.18.0.2:8080/d1/893/AUTH_0c8e2a92cd2b4a1b8fe78a5b1b80eeff/gnocchi.817580cc-edda-49d4-afdf-d722b6251dcc/none_v3" "tx0d9323213beb4d3fb373f-006a281c86" "object-server 22" 0.0009 "-" 20 0
Jun 9 14:00:38 standalone object-server[127438]: 172.20.0.100 - - [09/Jun/2026:14:00:38 +0000] "PUT /d1/893/AUTH_0c8e2a92cd2b4a1b8fe78a5b1b80eeff/gnocchi.817580cc-edda-49d4-afdf-d722b6251dcc/none_v3" 201 - "PUT http://172.18.0.2:8080/v1/AUTH_0c8e2a92cd2b4a1b8fe78a5b1b80eeff/gnocchi.817580cc-edda-49d4-afdf-d722b6251dcc/none_v3" "tx0d9323213beb4d3fb373f-006a281c86" "proxy-server 20" 0.0112 "-" 22 0
Jun 9 14:00:38 standalone proxy-server[129310]: 172.18.0.2 172.18.0.100 09/Jun/2026/14/00/38 PUT /v1/AUTH_0c8e2a92cd2b4a1b8fe78a5b1b80eeff/gnocchi.817580cc-edda-49d4-afdf-d722b6251dcc/none_v3 HTTP/1.0 201 - python-swiftclient-3.11.1 gAAAAABqKBuotX25... 22 - - tx0d9323213beb4d3fb373f-006a281c86 - 0.0195 - - 1781013638.702240944 1781013638.721740246 0
Jun 9 14:00:38 standalone container-server[127242]: 172.20.0.100 - - [09/Jun/2026:14:00:38 +0000] "HEAD /d1/560/AUTH_0c8e2a92cd2b4a1b8fe78a5b1b80eeff/gnocchi.6cf80f60-b888-493a-9ddb-250a0bcc1751" 404 - "HEAD http://172.18.0.2:8080/v1/AUTH_0c8e2a92cd2b4a1b8fe78a5b1b80eeff/gnocchi.6cf80f60-b888-493a-9ddb-250a0bcc1751?format=json&states=listing" "tx50ba2b4b8e72458e8d8ef-006a281c86" "proxy-server 20" 0.0010 "-" 22 0
Jun 9 14:00:38 standalone object-server[127438]: 172.20.0.100 - - [09/Jun/2026:14:00:38 +0000] "GET /d1/306/AUTH_0c8e2a92cd2b4a1b8fe78a5b1b80eeff/gnocchi.6cf80f60-b888-493a-9ddb-250a0bcc1751/none_v3" 404 70 "GET http://172.18.0.2:8080/v1/AUTH_0c8e2a92cd2b4a1b8fe78a5b1b80eeff/gnocchi.6cf80f60-b888-493a-9ddb-250a0bcc1751/none_v3" "tx50ba2b4b8e72458e8d8ef-006a281c86" "proxy-server 20" 0.0005 "-" 22 0
Jun 9 14:00:38 standalone proxy-server[129310]: 172.18.0.2 172.18.0.100 09/Jun/2026/14/00/38 GET /v1/AUTH_0c8e2a92cd2b4a1b8fe78a5b1b80eeff/gnocchi.6cf80f60-b888-493a-9ddb-250a0bcc1751/none_v3 HTTP/1.0 404 - python-swiftclient-3.11.1 gAAAAABqKBuotX25... - 70 - tx50ba2b4b8e72458e8d8ef-006a281c86 - 0.0154 - - 1781013638.739836693 1781013638.755206585 0
Jun 9 14:00:38 standalone account-server[127208]: 172.20.0.100 - - [09/Jun/2026:14:00:38 +0000] "PUT /d1/506/AUTH_0c8e2a92cd2b4a1b8fe78a5b1b80eeff/gnocchi.6cf80f60-b888-493a-9ddb-250a0bcc1751" 201 - "PUT http://172.20.0.100:6001/d1/560/AUTH_0c8e2a92cd2b4a1b8fe78a5b1b80eeff/gnocchi.6cf80f60-b888-493a-9ddb-250a0bcc1751" "tx8d50186ba1f34e0fbd9b5-006a281c86" "container-server 21" 0.0055 "-" 23 0
Jun 9 14:00:38 standalone container-server[127231]: 172.20.0.100 - - [09/Jun/2026:14:00:38 +0000] "PUT /d1/560/AUTH_0c8e2a92cd2b4a1b8fe78a5b1b80eeff/gnocchi.6cf80f60-b888-493a-9ddb-250a0bcc1751" 201 - "PUT http://172.18.0.2:8080/v1/AUTH_0c8e2a92cd2b4a1b8fe78a5b1b80eeff/gnocchi.6cf80f60-b888-493a-9ddb-250a0bcc1751" "tx8d50186ba1f34e0fbd9b5-006a281c86" "proxy-server 20" 0.0203 "-" 21 0
Jun 9 14:00:38 standalone proxy-server[129310]: 172.18.0.2 172.18.0.100 09/Jun/2026/14/00/38 PUT /v1/AUTH_0c8e2a92cd2b4a1b8fe78a5b1b80eeff/gnocchi.6cf80f60-b888-493a-9ddb-250a0bcc1751 HTTP/1.0 201 - python-swiftclient-3.11.1 gAAAAABqKBuotX25... - - - tx8d50186ba1f34e0fbd9b5-006a281c86 - 0.0286 - - 1781013638.758598089 1781013638.787191868 0
Jun 9 14:00:38 standalone container-server[127231]: 172.20.0.100 - - [09/Jun/2026:14:00:38 +0000] "HEAD /d1/560/AUTH_0c8e2a92cd2b4a1b8fe78a5b1b80eeff/gnocchi.6cf80f60-b888-493a-9ddb-250a0bcc1751" 204 - "HEAD http://172.18.0.2:8080/v1/AUTH_0c8e2a92cd2b4a1b8fe78a5b1b80eeff/gnocchi.6cf80f60-b888-493a-9ddb-250a0bcc1751?format=json&states=listing" "txbebb261c2f8f4f598ba58-006a281c86" "proxy-server 20" 0.0024 "-" 21 0
Jun 9 14:00:38 standalone proxy-server[129310]: - - 09/Jun/2026/14/00/38 HEAD /v1/AUTH_0c8e2a92cd2b4a1b8fe78a5b1b80eeff/gnocchi.6cf80f60-b888-493a-9ddb-250a0bcc1751%3Fformat%3Djson%26states%3Dlisting HTTP/1.0 204 - Swift - - - - txbebb261c2f8f4f598ba58-006a281c86 - 0.0072 RL - 1781013638.793275356 1781013638.800442696 0
Jun 9 14:00:38 standalone container-server[127231]: 172.20.0.100 - - [09/Jun/2026:14:00:38 +0000] "GET /d1/560/AUTH_0c8e2a92cd2b4a1b8fe78a5b1b80eeff/gnocchi.6cf80f60-b888-493a-9ddb-250a0bcc1751" 200 2 "GET http://172.18.0.2:8080/v1/AUTH_0c8e2a92cd2b4a1b8fe78a5b1b80eeff/gnocchi.6cf80f60-b888-493a-9ddb-250a0bcc1751?format=json&states=listing" "txbebb261c2f8f4f598ba58-006a281c86" "proxy-server 20" 0.0038 "-" 21 0
Jun 9 14:00:38 standalone proxy-server[129310]: 172.18.0.2 172.18.0.100 09/Jun/2026/14/00/38 GET /v1/AUTH_0c8e2a92cd2b4a1b8fe78a5b1b80eeff/gnocchi.6cf80f60-b888-493a-9ddb-250a0bcc1751%3Fformat%3Djson%26states%3Dlisting HTTP/1.0 200 - python-swiftclient-3.11.1 gAAAAABqKBuotX25... - 2 - txbebb261c2f8f4f598ba58-006a281c86 - 0.0238 - - 1781013638.791504383 1781013638.815326214 0
Jun 9 14:00:38 standalone object-server[127440]: 172.20.0.100 - - [09/Jun/2026:14:00:38 +0000] "GET /d1/161/AUTH_0c8e2a92cd2b4a1b8fe78a5b1b80eeff/gnocchi.6cf80f60-b888-493a-9ddb-250a0bcc1751/1780920000.0_mean_300.0_v3" 404 70 "GET http://172.18.0.2:8080/v1/AUTH_0c8e2a92cd2b4a1b8fe78a5b1b80eeff/gnocchi.6cf80f60-b888-493a-9ddb-250a0bcc1751/1780920000.0_mean_300.0_v3" "tx67ade23057cc45c590500-006a281c86" "proxy-server 20" 0.0005 "-" 23 0
Jun 9 14:00:38 standalone proxy-server[129310]: 172.18.0.2 172.18.0.100 09/Jun/2026/14/00/38 GET /v1/AUTH_0c8e2a92cd2b4a1b8fe78a5b1b80eeff/gnocchi.6cf80f60-b888-493a-9ddb-250a0bcc1751/1780920000.0_mean_300.0_v3 HTTP/1.0 404 - python-swiftclient-3.11.1 gAAAAABqKBuotX25... - 70 - tx67ade23057cc45c590500-006a281c86 - 0.0118 - - 1781013638.820194721 1781013638.831989050 0
Jun 9 14:00:38 standalone container-server[127242]: 172.20.0.100 - - [09/Jun/2026:14:00:38 +0000] "PUT /d1/560/AUTH_0c8e2a92cd2b4a1b8fe78a5b1b80eeff/gnocchi.6cf80f60-b888-493a-9ddb-250a0bcc1751/1780920000.0_mean_300.0_v3" 201 - "PUT http://172.18.0.2:8080/d1/161/AUTH_0c8e2a92cd2b4a1b8fe78a5b1b80eeff/gnocchi.6cf80f60-b888-493a-9ddb-250a0bcc1751/1780920000.0_mean_300.0_v3" "tx521776f5dc03486bb14ca-006a281c86" "object-server 23" 0.0011 "-" 22 0
Jun 9 14:00:38 standalone object-server[127440]: 172.20.0.100 - - [09/Jun/2026:14:00:38 +0000] "PUT /d1/161/AUTH_0c8e2a92cd2b4a1b8fe78a5b1b80eeff/gnocchi.6cf80f60-b888-493a-9ddb-250a0bcc1751/1780920000.0_mean_300.0_v3" 201 - "PUT http://172.18.0.2:8080/v1/AUTH_0c8e2a92cd2b4a1b8fe78a5b1b80eeff/gnocchi.6cf80f60-b888-493a-9ddb-250a0bcc1751/1780920000.0_mean_300.0_v3" "tx521776f5dc03486bb14ca-006a281c86" "proxy-server 20" 0.0133 "-" 23 0
Jun 9 14:00:38 standalone proxy-server[129310]: 172.18.0.2 172.18.0.100 09/Jun/2026/14/00/38 PUT /v1/AUTH_0c8e2a92cd2b4a1b8fe78a5b1b80eeff/gnocchi.6cf80f60-b888-493a-9ddb-250a0bcc1751/1780920000.0_mean_300.0_v3 HTTP/1.0 201 - python-swiftclient-3.11.1 gAAAAABqKBuotX25... 16 - - tx521776f5dc03486bb14ca-006a281c86 - 0.0217 - - 1781013638.836138248 1781013638.857810020 0
Jun 9 14:00:38 standalone container-server[127231]: 172.20.0.100 - - [09/Jun/2026:14:00:38 +0000] "PUT /d1/560/AUTH_0c8e2a92cd2b4a1b8fe78a5b1b80eeff/gnocchi.6cf80f60-b888-493a-9ddb-250a0bcc1751/none_v3" 201 - "PUT http://172.18.0.2:8080/d1/306/AUTH_0c8e2a92cd2b4a1b8fe78a5b1b80eeff/gnocchi.6cf80f60-b888-493a-9ddb-250a0bcc1751/none_v3" "tx7bd577e01c674c81a34ae-006a281c86" "object-server 22" 0.0010 "-" 21 0
Jun 9 14:00:38 standalone object-server[127438]: 172.20.0.100 - - [09/Jun/2026:14:00:38 +0000] "PUT /d1/306/AUTH_0c8e2a92cd2b4a1b8fe78a5b1b80eeff/gnocchi.6cf80f60-b888-493a-9ddb-250a0bcc1751/none_v3" 201 - "PUT http://172.18.0.2:8080/v1/AUTH_0c8e2a92cd2b4a1b8fe78a5b1b80eeff/gnocchi.6cf80f60-b888-493a-9ddb-250a0bcc1751/none_v3" "tx7bd577e01c674c81a34ae-006a281c86" "proxy-server 20" 0.0130 "-" 22 0
Jun 9 14:00:38 standalone proxy-server[129310]: 172.18.0.2 172.18.0.100 09/Jun/2026/14/00/38 PUT /v1/AUTH_0c8e2a92cd2b4a1b8fe78a5b1b80eeff/gnocchi.6cf80f60-b888-493a-9ddb-250a0bcc1751/none_v3 HTTP/1.0 201 - python-swiftclient-3.11.1 gAAAAABqKBuotX25... 22 - - tx7bd577e01c674c81a34ae-006a281c86 - 0.0207 - - 1781013638.861275196 1781013638.881953716 0
Jun 9 14:00:38 standalone container-server[127247]: 172.20.0.100 - - [09/Jun/2026:14:00:38 +0000] "HEAD /d1/266/AUTH_0c8e2a92cd2b4a1b8fe78a5b1b80eeff/gnocchi.19a56094-cdc6-48de-a060-4a8757aa36d3" 404 - "HEAD http://172.18.0.2:8080/v1/AUTH_0c8e2a92cd2b4a1b8fe78a5b1b80eeff/gnocchi.19a56094-cdc6-48de-a060-4a8757aa36d3?format=json&states=listing" "txb261aeba7ecd48f4a267d-006a281c86" "proxy-server 20" 0.0006 "-" 23 0
Jun 9 14:00:38 standalone object-server[127438]: 172.20.0.100 - - [09/Jun/2026:14:00:38 +0000] "GET /d1/364/AUTH_0c8e2a92cd2b4a1b8fe78a5b1b80eeff/gnocchi.19a56094-cdc6-48de-a060-4a8757aa36d3/none_v3" 404 70 "GET http://172.18.0.2:8080/v1/AUTH_0c8e2a92cd2b4a1b8fe78a5b1b80eeff/gnocchi.19a56094-cdc6-48de-a060-4a8757aa36d3/none_v3" "txb261aeba7ecd48f4a267d-006a281c86" "proxy-server 20" 0.0005 "-" 22 0
Jun 9 14:00:38 standalone proxy-server[129310]: 172.18.0.2 172.18.0.100 09/Jun/2026/14/00/38 GET /v1/AUTH_0c8e2a92cd2b4a1b8fe78a5b1b80eeff/gnocchi.19a56094-cdc6-48de-a060-4a8757aa36d3/none_v3 HTTP/1.0 404 - python-swiftclient-3.11.1 gAAAAABqKBuotX25... - 70 - txb261aeba7ecd48f4a267d-006a281c86 - 0.0128 - - 1781013638.896087408 1781013638.908936739 0
Jun 9 14:00:38 standalone account-server[127208]: 172.20.0.100 - - [09/Jun/2026:14:00:38 +0000] "PUT /d1/506/AUTH_0c8e2a92cd2b4a1b8fe78a5b1b80eeff/gnocchi.19a56094-cdc6-48de-a060-4a8757aa36d3" 201 - "PUT http://172.20.0.100:6001/d1/266/AUTH_0c8e2a92cd2b4a1b8fe78a5b1b80eeff/gnocchi.19a56094-cdc6-48de-a060-4a8757aa36d3" "txafd21cfb9a794e90a1a7e-006a281c86" "container-server 21" 0.0061 "-" 23 0
Jun 9 14:00:38 standalone container-server[127231]: 172.20.0.100 - - [09/Jun/2026:14:00:38 +0000] "PUT /d1/266/AUTH_0c8e2a92cd2b4a1b8fe78a5b1b80eeff/gnocchi.19a56094-cdc6-48de-a060-4a8757aa36d3" 201 - "PUT http://172.18.0.2:8080/v1/AUTH_0c8e2a92cd2b4a1b8fe78a5b1b80eeff/gnocchi.19a56094-cdc6-48de-a060-4a8757aa36d3" "txafd21cfb9a794e90a1a7e-006a281c86" "proxy-server 20" 0.0231 "-" 21 0
Jun 9 14:00:38 standalone proxy-server[129310]: 172.18.0.2 172.18.0.100 09/Jun/2026/14/00/38 PUT /v1/AUTH_0c8e2a92cd2b4a1b8fe78a5b1b80eeff/gnocchi.19a56094-cdc6-48de-a060-4a8757aa36d3 HTTP/1.0 201 - python-swiftclient-3.11.1 gAAAAABqKBuotX25... - - - txafd21cfb9a794e90a1a7e-006a281c86 - 0.0302 - - 1781013638.912525654 1781013638.942698479 0
Jun 9 14:00:38 standalone container-server[127206]: 172.20.0.100 - - [09/Jun/2026:14:00:38 +0000] "HEAD /d1/266/AUTH_0c8e2a92cd2b4a1b8fe78a5b1b80eeff/gnocchi.19a56094-cdc6-48de-a060-4a8757aa36d3" 204 - "HEAD http://172.18.0.2:8080/v1/AUTH_0c8e2a92cd2b4a1b8fe78a5b1b80eeff/gnocchi.19a56094-cdc6-48de-a060-4a8757aa36d3?format=json&states=listing" "txdf3b605f19394483a2bbf-006a281c86" "proxy-server 20" 0.0024 "-" 20 0
Jun 9 14:00:38 standalone proxy-server[129310]: - - 09/Jun/2026/14/00/38 HEAD /v1/AUTH_0c8e2a92cd2b4a1b8fe78a5b1b80eeff/gnocchi.19a56094-cdc6-48de-a060-4a8757aa36d3%3Fformat%3Djson%26states%3Dlisting HTTP/1.0 204 - Swift - - - - txdf3b605f19394483a2bbf-006a281c86 - 0.0093 RL - 1781013638.949211597 1781013638.958525181 0
Jun 9 14:00:38 standalone container-server[127247]: 172.20.0.100 - - [09/Jun/2026:14:00:38 +0000] "GET /d1/266/AUTH_0c8e2a92cd2b4a1b8fe78a5b1b80eeff/gnocchi.19a56094-cdc6-48de-a060-4a8757aa36d3" 200 2 "GET http://172.18.0.2:8080/v1/AUTH_0c8e2a92cd2b4a1b8fe78a5b1b80eeff/gnocchi.19a56094-cdc6-48de-a060-4a8757aa36d3?format=json&states=listing" "txdf3b605f19394483a2bbf-006a281c86" "proxy-server 20" 0.0035 "-" 23 0
Jun 9 14:00:38 standalone proxy-server[129310]: 172.18.0.2 172.18.0.100 09/Jun/2026/14/00/38 GET /v1/AUTH_0c8e2a92cd2b4a1b8fe78a5b1b80eeff/gnocchi.19a56094-cdc6-48de-a060-4a8757aa36d3%3Fformat%3Djson%26states%3Dlisting HTTP/1.0 200 - python-swiftclient-3.11.1 gAAAAABqKBuotX25... - 2 - txdf3b605f19394483a2bbf-006a281c86 - 0.0236 - - 1781013638.947489262 1781013638.971095562 0
Jun 9 14:00:38 standalone object-server[127438]: 172.20.0.100 - - [09/Jun/2026:14:00:38 +0000] "GET /d1/437/AUTH_0c8e2a92cd2b4a1b8fe78a5b1b80eeff/gnocchi.19a56094-cdc6-48de-a060-4a8757aa36d3/1780920000.0_mean_300.0_v3" 404 70 "GET http://172.18.0.2:8080/v1/AUTH_0c8e2a92cd2b4a1b8fe78a5b1b80eeff/gnocchi.19a56094-cdc6-48de-a060-4a8757aa36d3/1780920000.0_mean_300.0_v3" "txebf0b4e266fc4449a62be-006a281c86" "proxy-server 20" 0.0008 "-" 22 0
Jun 9 14:00:38 standalone proxy-server[129310]: 172.18.0.2 172.18.0.100 09/Jun/2026/14/00/38 GET /v1/AUTH_0c8e2a92cd2b4a1b8fe78a5b1b80eeff/gnocchi.19a56094-cdc6-48de-a060-4a8757aa36d3/1780920000.0_mean_300.0_v3 HTTP/1.0 404 - python-swiftclient-3.11.1 gAAAAABqKBuotX25... - 70 - txebf0b4e266fc4449a62be-006a281c86 - 0.0112 - - 1781013638.976927757 1781013638.988117933 0
Jun 9 14:00:39 standalone container-server[127206]: 172.20.0.100 - - [09/Jun/2026:14:00:39 +0000] "PUT /d1/266/AUTH_0c8e2a92cd2b4a1b8fe78a5b1b80eeff/gnocchi.19a56094-cdc6-48de-a060-4a8757aa36d3/1780920000.0_mean_300.0_v3" 201 - "PUT http://172.18.0.2:8080/d1/437/AUTH_0c8e2a92cd2b4a1b8fe78a5b1b80eeff/gnocchi.19a56094-cdc6-48de-a060-4a8757aa36d3/1780920000.0_mean_300.0_v3" "tx74525841ed434d928bba2-006a281c86" "object-server 25" 0.0011 "-" 20 0
Jun 9 14:00:39 standalone object-server[127455]: 172.20.0.100 - - [09/Jun/2026:14:00:39 +0000] "PUT /d1/437/AUTH_0c8e2a92cd2b4a1b8fe78a5b1b80eeff/gnocchi.19a56094-cdc6-48de-a060-4a8757aa36d3/1780920000.0_mean_300.0_v3" 201 - "PUT http://172.18.0.2:8080/v1/AUTH_0c8e2a92cd2b4a1b8fe78a5b1b80eeff/gnocchi.19a56094-cdc6-48de-a060-4a8757aa36d3/1780920000.0_mean_300.0_v3" "tx74525841ed434d928bba2-006a281c86" "proxy-server 20" 0.0105 "-" 25 0
Jun 9 14:00:39 standalone proxy-server[129310]: 172.18.0.2 172.18.0.100 09/Jun/2026/14/00/39 PUT /v1/AUTH_0c8e2a92cd2b4a1b8fe78a5b1b80eeff/gnocchi.19a56094-cdc6-48de-a060-4a8757aa36d3/1780920000.0_mean_300.0_v3 HTTP/1.0 201 - python-swiftclient-3.11.1 gAAAAABqKBuotX25... 16 - - tx74525841ed434d928bba2-006a281c86 - 0.0162 - - 1781013638.993596315 1781013639.009779215 0
Jun 9 14:00:39 standalone container-server[127242]: 172.20.0.100 - - [09/Jun/2026:14:00:39 +0000] "PUT /d1/266/AUTH_0c8e2a92cd2b4a1b8fe78a5b1b80eeff/gnocchi.19a56094-cdc6-48de-a060-4a8757aa36d3/none_v3" 201 - "PUT http://172.18.0.2:8080/d1/364/AUTH_0c8e2a92cd2b4a1b8fe78a5b1b80eeff/gnocchi.19a56094-cdc6-48de-a060-4a8757aa36d3/none_v3" "tx02ddcc44807c463682f0e-006a281c87" "object-server 25" 0.0009 "-" 22 0
Jun 9 14:00:39 standalone object-server[127455]: 172.20.0.100 - - [09/Jun/2026:14:00:39 +0000] "PUT /d1/364/AUTH_0c8e2a92cd2b4a1b8fe78a5b1b80eeff/gnocchi.19a56094-cdc6-48de-a060-4a8757aa36d3/none_v3" 201 - "PUT http://172.18.0.2:8080/v1/AUTH_0c8e2a92cd2b4a1b8fe78a5b1b80eeff/gnocchi.19a56094-cdc6-48de-a060-4a8757aa36d3/none_v3" "tx02ddcc44807c463682f0e-006a281c87" "proxy-server 20" 0.0104 "-" 25 0
Jun 9 14:00:39 standalone proxy-server[129310]: 172.18.0.2 172.18.0.100 09/Jun/2026/14/00/39 PUT /v1/AUTH_0c8e2a92cd2b4a1b8fe78a5b1b80eeff/gnocchi.19a56094-cdc6-48de-a060-4a8757aa36d3/none_v3 HTTP/1.0 201 - python-swiftclient-3.11.1 gAAAAABqKBuotX25... 22 - - tx02ddcc44807c463682f0e-006a281c87 - 0.0153 - - 1781013639.012871265 1781013639.028206110 0
Jun 9 14:00:39 standalone container-server[127247]: 172.20.0.100 - - [09/Jun/2026:14:00:39 +0000] "HEAD /d1/464/AUTH_0c8e2a92cd2b4a1b8fe78a5b1b80eeff/gnocchi.9338edd8-f8f6-4132-ab02-f6b7af9a8558" 404 - "HEAD http://172.18.0.2:8080/v1/AUTH_0c8e2a92cd2b4a1b8fe78a5b1b80eeff/gnocchi.9338edd8-f8f6-4132-ab02-f6b7af9a8558?format=json&states=listing" "tx77cbdef2cca74ec48833b-006a281c87" "proxy-server 20" 0.0003 "-" 23 0
Jun 9 14:00:39 standalone object-server[127455]: 172.20.0.100 - - [09/Jun/2026:14:00:39 +0000] "GET /d1/320/AUTH_0c8e2a92cd2b4a1b8fe78a5b1b80eeff/gnocchi.9338edd8-f8f6-4132-ab02-f6b7af9a8558/none_v3" 404 70 "GET http://172.18.0.2:8080/v1/AUTH_0c8e2a92cd2b4a1b8fe78a5b1b80eeff/gnocchi.9338edd8-f8f6-4132-ab02-f6b7af9a8558/none_v3" "tx77cbdef2cca74ec48833b-006a281c87" "proxy-server 20" 0.0004 "-" 25 0
Jun 9 14:00:39 standalone proxy-server[129310]: 172.18.0.2 172.18.0.100 09/Jun/2026/14/00/39 GET /v1/AUTH_0c8e2a92cd2b4a1b8fe78a5b1b80eeff/gnocchi.9338edd8-f8f6-4132-ab02-f6b7af9a8558/none_v3 HTTP/1.0 404 - python-swiftclient-3.11.1 gAAAAABqKBuotX25... - 70 - tx77cbdef2cca74ec48833b-006a281c87 - 0.0094 - - 1781013639.048571587 1781013639.057996750 0
Jun 9 14:00:39 standalone account-server[127205]: 172.20.0.100 - - [09/Jun/2026:14:00:39 +0000] "PUT /d1/506/AUTH_0c8e2a92cd2b4a1b8fe78a5b1b80eeff/gnocchi.9338edd8-f8f6-4132-ab02-f6b7af9a8558" 201 - "PUT http://172.20.0.100:6001/d1/464/AUTH_0c8e2a92cd2b4a1b8fe78a5b1b80eeff/gnocchi.9338edd8-f8f6-4132-ab02-f6b7af9a8558" "tx4fe7cbdbd282462d8be96-006a281c87" "container-server 20" 0.0056 "-" 22 0
Jun 9 14:00:39 standalone container-server[127206]: 172.20.0.100 - - [09/Jun/2026:14:00:39 +0000] "PUT /d1/464/AUTH_0c8e2a92cd2b4a1b8fe78a5b1b80eeff/gnocchi.9338edd8-f8f6-4132-ab02-f6b7af9a8558" 201 - "PUT http://172.18.0.2:8080/v1/AUTH_0c8e2a92cd2b4a1b8fe78a5b1b80eeff/gnocchi.9338edd8-f8f6-4132-ab02-f6b7af9a8558" "tx4fe7cbdbd282462d8be96-006a281c87" "proxy-server 20" 0.0178 "-" 20 0
Jun 9 14:00:39 standalone proxy-server[129310]: 172.18.0.2 172.18.0.100 09/Jun/2026/14/00/39 PUT /v1/AUTH_0c8e2a92cd2b4a1b8fe78a5b1b80eeff/gnocchi.9338edd8-f8f6-4132-ab02-f6b7af9a8558 HTTP/1.0 201 - python-swiftclient-3.11.1 gAAAAABqKBuotX25... - - - tx4fe7cbdbd282462d8be96-006a281c87 - 0.0228 - - 1781013639.060592413 1781013639.083421707 0
Jun 9 14:00:39 standalone container-server[127247]: 172.20.0.100 - - [09/Jun/2026:14:00:39 +0000] "HEAD /d1/464/AUTH_0c8e2a92cd2b4a1b8fe78a5b1b80eeff/gnocchi.9338edd8-f8f6-4132-ab02-f6b7af9a8558" 204 - "HEAD http://172.18.0.2:8080/v1/AUTH_0c8e2a92cd2b4a1b8fe78a5b1b80eeff/gnocchi.9338edd8-f8f6-4132-ab02-f6b7af9a8558?format=json&states=listing" "tx6b11f7e9761b42fba1800-006a281c87" "proxy-server 20" 0.0020 "-" 23 0
Jun 9 14:00:39 standalone proxy-server[129310]: - - 09/Jun/2026/14/00/39 HEAD /v1/AUTH_0c8e2a92cd2b4a1b8fe78a5b1b80eeff/gnocchi.9338edd8-f8f6-4132-ab02-f6b7af9a8558%3Fformat%3Djson%26states%3Dlisting HTTP/1.0 204 - Swift - - - - tx6b11f7e9761b42fba1800-006a281c87 - 0.0055 RL - 1781013639.087712526 1781013639.093175411 0
Jun 9 14:00:39 standalone container-server[127242]: 172.20.0.100 - - [09/Jun/2026:14:00:39 +0000] "GET /d1/464/AUTH_0c8e2a92cd2b4a1b8fe78a5b1b80eeff/gnocchi.9338edd8-f8f6-4132-ab02-f6b7af9a8558" 200 2 "GET http://172.18.0.2:8080/v1/AUTH_0c8e2a92cd2b4a1b8fe78a5b1b80eeff/gnocchi.9338edd8-f8f6-4132-ab02-f6b7af9a8558?format=json&states=listing" "tx6b11f7e9761b42fba1800-006a281c87" "proxy-server 20" 0.0034 "-" 22 0
Jun 9 14:00:39 standalone proxy-server[129310]: 172.18.0.2 172.18.0.100 09/Jun/2026/14/00/39 GET /v1/AUTH_0c8e2a92cd2b4a1b8fe78a5b1b80eeff/gnocchi.9338edd8-f8f6-4132-ab02-f6b7af9a8558%3Fformat%3Djson%26states%3Dlisting HTTP/1.0 200 - python-swiftclient-3.11.1 gAAAAABqKBuotX25... - 2 - tx6b11f7e9761b42fba1800-006a281c87 - 0.0160 - - 1781013639.086633444 1781013639.102640867 0
Jun 9 14:00:39 standalone object-server[127450]: 172.20.0.100 - - [09/Jun/2026:14:00:39 +0000] "GET /d1/335/AUTH_0c8e2a92cd2b4a1b8fe78a5b1b80eeff/gnocchi.9338edd8-f8f6-4132-ab02-f6b7af9a8558/1780920000.0_mean_300.0_v3" 404 70 "GET http://172.18.0.2:8080/v1/AUTH_0c8e2a92cd2b4a1b8fe78a5b1b80eeff/gnocchi.9338edd8-f8f6-4132-ab02-f6b7af9a8558/1780920000.0_mean_300.0_v3" "tx7c6370f4286f44d1a3fa5-006a281c87" "proxy-server 20" 0.0006 "-" 24 0
Jun 9 14:00:39 standalone proxy-server[129310]: 172.18.0.2 172.18.0.100 09/Jun/2026/14/00/39 GET /v1/AUTH_0c8e2a92cd2b4a1b8fe78a5b1b80eeff/gnocchi.9338edd8-f8f6-4132-ab02-f6b7af9a8558/1780920000.0_mean_300.0_v3 HTTP/1.0 404 - python-swiftclient-3.11.1 gAAAAABqKBuotX25... - 70 - tx7c6370f4286f44d1a3fa5-006a281c87 - 0.0079 - - 1781013639.105840445 1781013639.113771915 0
Jun 9 14:00:39 standalone container-server[127206]: 172.20.0.100 - - [09/Jun/2026:14:00:39 +0000] "PUT /d1/464/AUTH_0c8e2a92cd2b4a1b8fe78a5b1b80eeff/gnocchi.9338edd8-f8f6-4132-ab02-f6b7af9a8558/1780920000.0_mean_300.0_v3" 201 - "PUT http://172.18.0.2:8080/d1/335/AUTH_0c8e2a92cd2b4a1b8fe78a5b1b80eeff/gnocchi.9338edd8-f8f6-4132-ab02-f6b7af9a8558/1780920000.0_mean_300.0_v3" "txf4e6e5e8299f4e598120e-006a281c87" "object-server 22" 0.0007 "-" 20 0
Jun 9 14:00:39 standalone object-server[127438]: 172.20.0.100 - - [09/Jun/2026:14:00:39 +0000] "PUT /d1/335/AUTH_0c8e2a92cd2b4a1b8fe78a5b1b80eeff/gnocchi.9338edd8-f8f6-4132-ab02-f6b7af9a8558/1780920000.0_mean_300.0_v3" 201 - "PUT http://172.18.0.2:8080/v1/AUTH_0c8e2a92cd2b4a1b8fe78a5b1b80eeff/gnocchi.9338edd8-f8f6-4132-ab02-f6b7af9a8558/1780920000.0_mean_300.0_v3" "txf4e6e5e8299f4e598120e-006a281c87" "proxy-server 20" 0.0112 "-" 22 0
Jun 9 14:00:39 standalone proxy-server[129310]: 172.18.0.2 172.18.0.100 09/Jun/2026/14/00/39 PUT /v1/AUTH_0c8e2a92cd2b4a1b8fe78a5b1b80eeff/gnocchi.9338edd8-f8f6-4132-ab02-f6b7af9a8558/1780920000.0_mean_300.0_v3 HTTP/1.0 201 - python-swiftclient-3.11.1 gAAAAABqKBuotX25... 16 - - txf4e6e5e8299f4e598120e-006a281c87 - 0.0206 - - 1781013639.117157936 1781013639.137801170 0
Jun 9 14:00:39 standalone container-server[127242]: 172.20.0.100 - - [09/Jun/2026:14:00:39 +0000] "PUT /d1/464/AUTH_0c8e2a92cd2b4a1b8fe78a5b1b80eeff/gnocchi.9338edd8-f8f6-4132-ab02-f6b7af9a8558/none_v3" 201 - "PUT http://172.18.0.2:8080/d1/320/AUTH_0c8e2a92cd2b4a1b8fe78a5b1b80eeff/gnocchi.9338edd8-f8f6-4132-ab02-f6b7af9a8558/none_v3" "tx841ebcea20c8490781785-006a281c87" "object-server 24" 0.0011 "-" 22 0
Jun 9 14:00:39 standalone object-server[127450]: 172.20.0.100 - - [09/Jun/2026:14:00:39 +0000] "PUT /d1/320/AUTH_0c8e2a92cd2b4a1b8fe78a5b1b80eeff/gnocchi.9338edd8-f8f6-4132-ab02-f6b7af9a8558/none_v3" 201 - "PUT http://172.18.0.2:8080/v1/AUTH_0c8e2a92cd2b4a1b8fe78a5b1b80eeff/gnocchi.9338edd8-f8f6-4132-ab02-f6b7af9a8558/none_v3" "tx841ebcea20c8490781785-006a281c87" "proxy-server 20" 0.0125 "-" 24 0
Jun 9 14:00:39 standalone proxy-server[129310]: 172.18.0.2 172.18.0.100 09/Jun/2026/14/00/39 PUT /v1/AUTH_0c8e2a92cd2b4a1b8fe78a5b1b80eeff/gnocchi.9338edd8-f8f6-4132-ab02-f6b7af9a8558/none_v3 HTTP/1.0 201 - python-swiftclient-3.11.1 gAAAAABqKBuotX25... 22 - - tx841ebcea20c8490781785-006a281c87 - 0.0203 - - 1781013639.141519308 1781013639.161852121 0
Jun 9 14:00:39 standalone container-server[127206]: 172.20.0.100 - - [09/Jun/2026:14:00:39 +0000] "HEAD /d1/681/AUTH_0c8e2a92cd2b4a1b8fe78a5b1b80eeff/gnocchi.14e0392c-b477-4462-8efd-983aaff05c5c" 404 - "HEAD http://172.18.0.2:8080/v1/AUTH_0c8e2a92cd2b4a1b8fe78a5b1b80eeff/gnocchi.14e0392c-b477-4462-8efd-983aaff05c5c?format=json&states=listing" "tx522559f92d6f409d8d7f9-006a281c87" "proxy-server 20" 0.0005 "-" 20 0
Jun 9 14:00:39 standalone object-server[127455]: 172.20.0.100 - - [09/Jun/2026:14:00:39 +0000] "GET /d1/147/AUTH_0c8e2a92cd2b4a1b8fe78a5b1b80eeff/gnocchi.14e0392c-b477-4462-8efd-983aaff05c5c/none_v3" 404 70 "GET http://172.18.0.2:8080/v1/AUTH_0c8e2a92cd2b4a1b8fe78a5b1b80eeff/gnocchi.14e0392c-b477-4462-8efd-983aaff05c5c/none_v3" "tx522559f92d6f409d8d7f9-006a281c87" "proxy-server 20" 0.0006 "-" 25 0
Jun 9 14:00:39 standalone proxy-server[129310]: 172.18.0.2 172.18.0.100 09/Jun/2026/14/00/39 GET /v1/AUTH_0c8e2a92cd2b4a1b8fe78a5b1b80eeff/gnocchi.14e0392c-b477-4462-8efd-983aaff05c5c/none_v3 HTTP/1.0 404 - python-swiftclient-3.11.1 gAAAAABqKBuotX25... - 70 - tx522559f92d6f409d8d7f9-006a281c87 - 0.0176 - - 1781013639.181942225 1781013639.199553967 0
Jun 9 14:00:39 standalone account-server[127195]: 172.20.0.100 - - [09/Jun/2026:14:00:39 +0000] "PUT /d1/506/AUTH_0c8e2a92cd2b4a1b8fe78a5b1b80eeff/gnocchi.14e0392c-b477-4462-8efd-983aaff05c5c" 201 - "PUT http://172.20.0.100:6001/d1/681/AUTH_0c8e2a92cd2b4a1b8fe78a5b1b80eeff/gnocchi.14e0392c-b477-4462-8efd-983aaff05c5c" "tx10a5c9a12d644afaa4170-006a281c87" "container-server 23" 0.0075 "-" 21 0
Jun 9 14:00:39 standalone container-server[127247]: 172.20.0.100 - - [09/Jun/2026:14:00:39 +0000] "PUT /d1/681/AUTH_0c8e2a92cd2b4a1b8fe78a5b1b80eeff/gnocchi.14e0392c-b477-4462-8efd-983aaff05c5c" 201 - "PUT http://172.18.0.2:8080/v1/AUTH_0c8e2a92cd2b4a1b8fe78a5b1b80eeff/gnocchi.14e0392c-b477-4462-8efd-983aaff05c5c" "tx10a5c9a12d644afaa4170-006a281c87" "proxy-server 20" 0.0222 "-" 23 0
Jun 9 14:00:39 standalone proxy-server[129310]: 172.18.0.2 172.18.0.100 09/Jun/2026/14/00/39 PUT /v1/AUTH_0c8e2a92cd2b4a1b8fe78a5b1b80eeff/gnocchi.14e0392c-b477-4462-8efd-983aaff05c5c HTTP/1.0 201 - python-swiftclient-3.11.1 gAAAAABqKBuotX25... - - - tx10a5c9a12d644afaa4170-006a281c87 - 0.0292 - - 1781013639.203697920 1781013639.232937098 0
Jun 9 14:00:39 standalone container-server[127247]: 172.20.0.100 - - [09/Jun/2026:14:00:39 +0000] "HEAD /d1/681/AUTH_0c8e2a92cd2b4a1b8fe78a5b1b80eeff/gnocchi.14e0392c-b477-4462-8efd-983aaff05c5c" 204 - "HEAD http://172.18.0.2:8080/v1/AUTH_0c8e2a92cd2b4a1b8fe78a5b1b80eeff/gnocchi.14e0392c-b477-4462-8efd-983aaff05c5c?format=json&states=listing" "txe2db8bc7cb2743aeb425b-006a281c87" "proxy-server 20" 0.0018 "-" 23 0
Jun 9 14:00:39 standalone proxy-server[129310]: - - 09/Jun/2026/14/00/39 HEAD /v1/AUTH_0c8e2a92cd2b4a1b8fe78a5b1b80eeff/gnocchi.14e0392c-b477-4462-8efd-983aaff05c5c%3Fformat%3Djson%26states%3Dlisting HTTP/1.0 204 - Swift - - - - txe2db8bc7cb2743aeb425b-006a281c87 - 0.0062 RL - 1781013639.239440918 1781013639.245630503 0
Jun 9 14:00:39 standalone container-server[127242]: 172.20.0.100 - - [09/Jun/2026:14:00:39 +0000] "GET /d1/681/AUTH_0c8e2a92cd2b4a1b8fe78a5b1b80eeff/gnocchi.14e0392c-b477-4462-8efd-983aaff05c5c" 200 2 "GET http://172.18.0.2:8080/v1/AUTH_0c8e2a92cd2b4a1b8fe78a5b1b80eeff/gnocchi.14e0392c-b477-4462-8efd-983aaff05c5c?format=json&states=listing" "txe2db8bc7cb2743aeb425b-006a281c87" "proxy-server 20" 0.0037 "-" 22 0
Jun 9 14:00:39 standalone proxy-server[129310]: 172.18.0.2 172.18.0.100 09/Jun/2026/14/00/39 GET /v1/AUTH_0c8e2a92cd2b4a1b8fe78a5b1b80eeff/gnocchi.14e0392c-b477-4462-8efd-983aaff05c5c%3Fformat%3Djson%26states%3Dlisting HTTP/1.0 200 - python-swiftclient-3.11.1 gAAAAABqKBuotX25... - 2 - txe2db8bc7cb2743aeb425b-006a281c87 - 0.0203 - - 1781013639.237888336 1781013639.258152723 0
Jun 9 14:00:39 standalone object-server[127438]: 172.20.0.100 - - [09/Jun/2026:14:00:39 +0000] "GET /d1/539/AUTH_0c8e2a92cd2b4a1b8fe78a5b1b80eeff/gnocchi.14e0392c-b477-4462-8efd-983aaff05c5c/1780920000.0_mean_300.0_v3" 404 70 "GET http://172.18.0.2:8080/v1/AUTH_0c8e2a92cd2b4a1b8fe78a5b1b80eeff/gnocchi.14e0392c-b477-4462-8efd-983aaff05c5c/1780920000.0_mean_300.0_v3" "tx4a7965c0e9bd47fe9a2ec-006a281c87" "proxy-server 20" 0.0006 "-" 22 0
Jun 9 14:00:39 standalone proxy-server[129310]: 172.18.0.2 172.18.0.100 09/Jun/2026/14/00/39 GET /v1/AUTH_0c8e2a92cd2b4a1b8fe78a5b1b80eeff/gnocchi.14e0392c-b477-4462-8efd-983aaff05c5c/1780920000.0_mean_300.0_v3 HTTP/1.0 404 - python-swiftclient-3.11.1 gAAAAABqKBuotX25... - 70 - tx4a7965c0e9bd47fe9a2ec-006a281c87 - 0.0092 - - 1781013639.263148308 1781013639.272324085 0
Jun 9 14:00:39 standalone container-server[127242]: 172.20.0.100 - - [09/Jun/2026:14:00:39 +0000] "PUT /d1/681/AUTH_0c8e2a92cd2b4a1b8fe78a5b1b80eeff/gnocchi.14e0392c-b477-4462-8efd-983aaff05c5c/1780920000.0_mean_300.0_v3" 201 - "PUT http://172.18.0.2:8080/d1/539/AUTH_0c8e2a92cd2b4a1b8fe78a5b1b80eeff/gnocchi.14e0392c-b477-4462-8efd-983aaff05c5c/1780920000.0_mean_300.0_v3" "tx219327660a6f4608bd806-006a281c87" "object-server 25" 0.0009 "-" 22 0
Jun 9 14:00:39 standalone object-server[127455]: 172.20.0.100 - - [09/Jun/2026:14:00:39 +0000] "PUT /d1/539/AUTH_0c8e2a92cd2b4a1b8fe78a5b1b80eeff/gnocchi.14e0392c-b477-4462-8efd-983aaff05c5c/1780920000.0_mean_300.0_v3" 201 - "PUT http://172.18.0.2:8080/v1/AUTH_0c8e2a92cd2b4a1b8fe78a5b1b80eeff/gnocchi.14e0392c-b477-4462-8efd-983aaff05c5c/1780920000.0_mean_300.0_v3" "tx219327660a6f4608bd806-006a281c87" "proxy-server 20" 0.0116 "-" 25 0
Jun 9 14:00:39 standalone proxy-server[129310]: 172.18.0.2 172.18.0.100 09/Jun/2026/14/00/39 PUT /v1/AUTH_0c8e2a92cd2b4a1b8fe78a5b1b80eeff/gnocchi.14e0392c-b477-4462-8efd-983aaff05c5c/1780920000.0_mean_300.0_v3 HTTP/1.0 201 - python-swiftclient-3.11.1 gAAAAABqKBuotX25... 16 - - tx219327660a6f4608bd806-006a281c87 - 0.0203 - - 1781013639.276504040 1781013639.296767473 0
Jun 9 14:00:39 standalone container-server[127231]: 172.20.0.100 - - [09/Jun/2026:14:00:39 +0000] "PUT /d1/681/AUTH_0c8e2a92cd2b4a1b8fe78a5b1b80eeff/gnocchi.14e0392c-b477-4462-8efd-983aaff05c5c/none_v3" 201 - "PUT http://172.18.0.2:8080/d1/147/AUTH_0c8e2a92cd2b4a1b8fe78a5b1b80eeff/gnocchi.14e0392c-b477-4462-8efd-983aaff05c5c/none_v3" "txb01e9b8588004a5faa334-006a281c87" "object-server 24" 0.0010 "-" 21 0
Jun 9 14:00:39 standalone object-server[127450]: 172.20.0.100 - - [09/Jun/2026:14:00:39 +0000] "PUT /d1/147/AUTH_0c8e2a92cd2b4a1b8fe78a5b1b80eeff/gnocchi.14e0392c-b477-4462-8efd-983aaff05c5c/none_v3" 201 - "PUT http://172.18.0.2:8080/v1/AUTH_0c8e2a92cd2b4a1b8fe78a5b1b80eeff/gnocchi.14e0392c-b477-4462-8efd-983aaff05c5c/none_v3" "txb01e9b8588004a5faa334-006a281c87" "proxy-server 20" 0.0119 "-" 24 0
Jun 9 14:00:39 standalone proxy-server[129310]: 172.18.0.2 172.18.0.100 09/Jun/2026/14/00/39 PUT /v1/AUTH_0c8e2a92cd2b4a1b8fe78a5b1b80eeff/gnocchi.14e0392c-b477-4462-8efd-983aaff05c5c/none_v3 HTTP/1.0 201 - python-swiftclient-3.11.1 gAAAAABqKBuotX25... 22 - - txb01e9b8588004a5faa334-006a281c87 - 0.0211 - - 1781013639.300831795 1781013639.321931601 0
Jun 9 14:00:39 standalone container-server[127206]: 172.20.0.100 - - [09/Jun/2026:14:00:39 +0000] "HEAD /d1/640/AUTH_0c8e2a92cd2b4a1b8fe78a5b1b80eeff/gnocchi.1eff688a-8536-4bc0-aeab-2a0ed0051b5e" 404 - "HEAD http://172.18.0.2:8080/v1/AUTH_0c8e2a92cd2b4a1b8fe78a5b1b80eeff/gnocchi.1eff688a-8536-4bc0-aeab-2a0ed0051b5e?format=json&states=listing" "tx62549f99fb464662acbc8-006a281c87" "proxy-server 20" 0.0006 "-" 20 0
Jun 9 14:00:39 standalone object-server[127440]: 172.20.0.100 - - [09/Jun/2026:14:00:39 +0000] "GET /d1/782/AUTH_0c8e2a92cd2b4a1b8fe78a5b1b80eeff/gnocchi.1eff688a-8536-4bc0-aeab-2a0ed0051b5e/none_v3" 404 70 "GET http://172.18.0.2:8080/v1/AUTH_0c8e2a92cd2b4a1b8fe78a5b1b80eeff/gnocchi.1eff688a-8536-4bc0-aeab-2a0ed0051b5e/none_v3" "tx62549f99fb464662acbc8-006a281c87" "proxy-server 20" 0.0006 "-" 23 0
Jun 9 14:00:39 standalone proxy-server[129310]: 172.18.0.2 172.18.0.100 09/Jun/2026/14/00/39 GET /v1/AUTH_0c8e2a92cd2b4a1b8fe78a5b1b80eeff/gnocchi.1eff688a-8536-4bc0-aeab-2a0ed0051b5e/none_v3 HTTP/1.0 404 - python-swiftclient-3.11.1 gAAAAABqKBuotX25... - 70 - tx62549f99fb464662acbc8-006a281c87 - 0.0147 - - 1781013639.338848591 1781013639.353574038 0
Jun 9 14:00:39 standalone account-server[127208]: 172.20.0.100 - - [09/Jun/2026:14:00:39 +0000] "PUT /d1/506/AUTH_0c8e2a92cd2b4a1b8fe78a5b1b80eeff/gnocchi.1eff688a-8536-4bc0-aeab-2a0ed0051b5e" 201 - "PUT http://172.20.0.100:6001/d1/640/AUTH_0c8e2a92cd2b4a1b8fe78a5b1b80eeff/gnocchi.1eff688a-8536-4bc0-aeab-2a0ed0051b5e" "tx8a97e1d19fab4026a134e-006a281c87" "container-server 23" 0.0060 "-" 23 0
Jun 9 14:00:39 standalone container-server[127247]: 172.20.0.100 - - [09/Jun/2026:14:00:39 +0000] "PUT /d1/640/AUTH_0c8e2a92cd2b4a1b8fe78a5b1b80eeff/gnocchi.1eff688a-8536-4bc0-aeab-2a0ed0051b5e" 201 - "PUT http://172.18.0.2:8080/v1/AUTH_0c8e2a92cd2b4a1b8fe78a5b1b80eeff/gnocchi.1eff688a-8536-4bc0-aeab-2a0ed0051b5e" "tx8a97e1d19fab4026a134e-006a281c87" "proxy-server 20" 0.0190 "-" 23 0
Jun 9 14:00:39 standalone proxy-server[129310]: 172.18.0.2 172.18.0.100 09/Jun/2026/14/00/39 PUT /v1/AUTH_0c8e2a92cd2b4a1b8fe78a5b1b80eeff/gnocchi.1eff688a-8536-4bc0-aeab-2a0ed0051b5e HTTP/1.0 201 - python-swiftclient-3.11.1 gAAAAABqKBuotX25... - - - tx8a97e1d19fab4026a134e-006a281c87 - 0.0261 - - 1781013639.358119726 1781013639.384248495 0
Jun 9 14:00:39 standalone container-server[127206]: 172.20.0.100 - - [09/Jun/2026:14:00:39 +0000] "HEAD /d1/640/AUTH_0c8e2a92cd2b4a1b8fe78a5b1b80eeff/gnocchi.1eff688a-8536-4bc0-aeab-2a0ed0051b5e" 204 - "HEAD http://172.18.0.2:8080/v1/AUTH_0c8e2a92cd2b4a1b8fe78a5b1b80eeff/gnocchi.1eff688a-8536-4bc0-aeab-2a0ed0051b5e?format=json&states=listing" "txbba657938eac49e89460b-006a281c87" "proxy-server 20" 0.0022 "-" 20 0
Jun 9 14:00:39 standalone proxy-server[129310]: - - 09/Jun/2026/14/00/39 HEAD /v1/AUTH_0c8e2a92cd2b4a1b8fe78a5b1b80eeff/gnocchi.1eff688a-8536-4bc0-aeab-2a0ed0051b5e%3Fformat%3Djson%26states%3Dlisting HTTP/1.0 204 - Swift - - - - txbba657938eac49e89460b-006a281c87 - 0.0069 RL - 1781013639.390668869 1781013639.397601843 0
Jun 9 14:00:39 standalone container-server[127247]: 172.20.0.100 - - [09/Jun/2026:14:00:39 +0000] "GET /d1/640/AUTH_0c8e2a92cd2b4a1b8fe78a5b1b80eeff/gnocchi.1eff688a-8536-4bc0-aeab-2a0ed0051b5e" 200 2 "GET http://172.18.0.2:8080/v1/AUTH_0c8e2a92cd2b4a1b8fe78a5b1b80eeff/gnocchi.1eff688a-8536-4bc0-aeab-2a0ed0051b5e?format=json&states=listing" "txbba657938eac49e89460b-006a281c87" "proxy-server 20" 0.0032 "-" 23 0
Jun 9 14:00:39 standalone proxy-server[129310]: 172.18.0.2 172.18.0.100 09/Jun/2026/14/00/39 GET /v1/AUTH_0c8e2a92cd2b4a1b8fe78a5b1b80eeff/gnocchi.1eff688a-8536-4bc0-aeab-2a0ed0051b5e%3Fformat%3Djson%26states%3Dlisting HTTP/1.0 200 - python-swiftclient-3.11.1 gAAAAABqKBuotX25... - 2 - txbba657938eac49e89460b-006a281c87 - 0.0196 - - 1781013639.389117479 1781013639.408720493 0
Jun 9 14:00:39 standalone object-server[127438]: 172.20.0.100 - - [09/Jun/2026:14:00:39 +0000] "GET /d1/37/AUTH_0c8e2a92cd2b4a1b8fe78a5b1b80eeff/gnocchi.1eff688a-8536-4bc0-aeab-2a0ed0051b5e/1780920000.0_mean_300.0_v3" 404 70 "GET http://172.18.0.2:8080/v1/AUTH_0c8e2a92cd2b4a1b8fe78a5b1b80eeff/gnocchi.1eff688a-8536-4bc0-aeab-2a0ed0051b5e/1780920000.0_mean_300.0_v3" "tx2348d78291a14498ae68b-006a281c87" "proxy-server 20" 0.0007 "-" 22 0
Jun 9 14:00:39 standalone proxy-server[129310]: 172.18.0.2 172.18.0.100 09/Jun/2026/14/00/39 GET /v1/AUTH_0c8e2a92cd2b4a1b8fe78a5b1b80eeff/gnocchi.1eff688a-8536-4bc0-aeab-2a0ed0051b5e/1780920000.0_mean_300.0_v3 HTTP/1.0 404 - python-swiftclient-3.11.1 gAAAAABqKBuotX25... - 70 - tx2348d78291a14498ae68b-006a281c87 - 0.0080 - - 1781013639.413459778 1781013639.421427965 0
Jun 9 14:00:39 standalone container-server[127231]: 172.20.0.100 - - [09/Jun/2026:14:00:39 +0000] "PUT /d1/640/AUTH_0c8e2a92cd2b4a1b8fe78a5b1b80eeff/gnocchi.1eff688a-8536-4bc0-aeab-2a0ed0051b5e/1780920000.0_mean_300.0_v3" 201 - "PUT http://172.18.0.2:8080/d1/37/AUTH_0c8e2a92cd2b4a1b8fe78a5b1b80eeff/gnocchi.1eff688a-8536-4bc0-aeab-2a0ed0051b5e/1780920000.0_mean_300.0_v3" "txec10b629041645ef8da92-006a281c87" "object-server 25" 0.0013 "-" 21 0
Jun 9 14:00:39 standalone object-server[127455]: 172.20.0.100 - - [09/Jun/2026:14:00:39 +0000] "PUT /d1/37/AUTH_0c8e2a92cd2b4a1b8fe78a5b1b80eeff/gnocchi.1eff688a-8536-4bc0-aeab-2a0ed0051b5e/1780920000.0_mean_300.0_v3" 201 - "PUT http://172.18.0.2:8080/v1/AUTH_0c8e2a92cd2b4a1b8fe78a5b1b80eeff/gnocchi.1eff688a-8536-4bc0-aeab-2a0ed0051b5e/1780920000.0_mean_300.0_v3" "txec10b629041645ef8da92-006a281c87" "proxy-server 20" 0.0159 "-" 25 0
Jun 9 14:00:39 standalone proxy-server[129310]: 172.18.0.2 172.18.0.100 09/Jun/2026/14/00/39 PUT /v1/AUTH_0c8e2a92cd2b4a1b8fe78a5b1b80eeff/gnocchi.1eff688a-8536-4bc0-aeab-2a0ed0051b5e/1780920000.0_mean_300.0_v3 HTTP/1.0 201 - python-swiftclient-3.11.1 gAAAAABqKBuotX25... 16 - - txec10b629041645ef8da92-006a281c87 - 0.0264 - - 1781013639.425345182 1781013639.451740742 0
Jun 9 14:00:39 standalone container-server[127206]: 172.20.0.100 - - [09/Jun/2026:14:00:39 +0000] "PUT /d1/640/AUTH_0c8e2a92cd2b4a1b8fe78a5b1b80eeff/gnocchi.1eff688a-8536-4bc0-aeab-2a0ed0051b5e/none_v3" 201 - "PUT http://172.18.0.2:8080/d1/782/AUTH_0c8e2a92cd2b4a1b8fe78a5b1b80eeff/gnocchi.1eff688a-8536-4bc0-aeab-2a0ed0051b5e/none_v3" "txe937b79d9760405ba2558-006a281c87" "object-server 22" 0.0008 "-" 20 0
Jun 9 14:00:39 standalone object-server[127438]: 172.20.0.100 - - [09/Jun/2026:14:00:39 +0000] "PUT /d1/782/AUTH_0c8e2a92cd2b4a1b8fe78a5b1b80eeff/gnocchi.1eff688a-8536-4bc0-aeab-2a0ed0051b5e/none_v3" 201 - "PUT http://172.18.0.2:8080/v1/AUTH_0c8e2a92cd2b4a1b8fe78a5b1b80eeff/gnocchi.1eff688a-8536-4bc0-aeab-2a0ed0051b5e/none_v3" "txe937b79d9760405ba2558-006a281c87" "proxy-server 20" 0.0134 "-" 22 0
Jun 9 14:00:39 standalone proxy-server[129310]: 172.18.0.2 172.18.0.100 09/Jun/2026/14/00/39 PUT /v1/AUTH_0c8e2a92cd2b4a1b8fe78a5b1b80eeff/gnocchi.1eff688a-8536-4bc0-aeab-2a0ed0051b5e/none_v3 HTTP/1.0 201 - python-swiftclient-3.11.1 gAAAAABqKBuotX25... 22 - - txe937b79d9760405ba2558-006a281c87 - 0.0251 - - 1781013639.456849813 1781013639.481912851 0
Jun 9 14:00:39 standalone container-server[127247]: 172.20.0.100 - - [09/Jun/2026:14:00:39 +0000] "HEAD /d1/163/AUTH_0c8e2a92cd2b4a1b8fe78a5b1b80eeff/gnocchi.be95626e-0925-4f73-a2dc-ba0e91ea87fe" 404 - "HEAD http://172.18.0.2:8080/v1/AUTH_0c8e2a92cd2b4a1b8fe78a5b1b80eeff/gnocchi.be95626e-0925-4f73-a2dc-ba0e91ea87fe?format=json&states=listing" "txb9ec486ab55f40aba7078-006a281c87" "proxy-server 20" 0.0005 "-" 23 0
Jun 9 14:00:39 standalone object-server[127450]: 172.20.0.100 - - [09/Jun/2026:14:00:39 +0000] "GET /d1/672/AUTH_0c8e2a92cd2b4a1b8fe78a5b1b80eeff/gnocchi.be95626e-0925-4f73-a2dc-ba0e91ea87fe/none_v3" 404 70 "GET http://172.18.0.2:8080/v1/AUTH_0c8e2a92cd2b4a1b8fe78a5b1b80eeff/gnocchi.be95626e-0925-4f73-a2dc-ba0e91ea87fe/none_v3" "txb9ec486ab55f40aba7078-006a281c87" "proxy-server 20" 0.0005 "-" 24 0
Jun 9 14:00:39 standalone proxy-server[129310]: 172.18.0.2 172.18.0.100 09/Jun/2026/14/00/39 GET /v1/AUTH_0c8e2a92cd2b4a1b8fe78a5b1b80eeff/gnocchi.be95626e-0925-4f73-a2dc-ba0e91ea87fe/none_v3 HTTP/1.0 404 - python-swiftclient-3.11.1 gAAAAABqKBuotX25... - 70 - txb9ec486ab55f40aba7078-006a281c87 - 0.0147 - - 1781013639.548089743 1781013639.562761307 0
Jun 9 14:00:39 standalone account-server[127205]: 172.20.0.100 - - [09/Jun/2026:14:00:39 +0000] "PUT /d1/506/AUTH_0c8e2a92cd2b4a1b8fe78a5b1b80eeff/gnocchi.be95626e-0925-4f73-a2dc-ba0e91ea87fe" 201 - "PUT http://172.20.0.100:6001/d1/163/AUTH_0c8e2a92cd2b4a1b8fe78a5b1b80eeff/gnocchi.be95626e-0925-4f73-a2dc-ba0e91ea87fe" "txe45aece3d1b14035ae02c-006a281c87" "container-server 23" 0.0068 "-" 22 0
Jun 9 14:00:39 standalone container-server[127247]: 172.20.0.100 - - [09/Jun/2026:14:00:39 +0000] "PUT /d1/163/AUTH_0c8e2a92cd2b4a1b8fe78a5b1b80eeff/gnocchi.be95626e-0925-4f73-a2dc-ba0e91ea87fe" 201 - "PUT http://172.18.0.2:8080/v1/AUTH_0c8e2a92cd2b4a1b8fe78a5b1b80eeff/gnocchi.be95626e-0925-4f73-a2dc-ba0e91ea87fe" "txe45aece3d1b14035ae02c-006a281c87" "proxy-server 20" 0.0213 "-" 23 0
Jun 9 14:00:39 standalone proxy-server[129310]: 172.18.0.2 172.18.0.100 09/Jun/2026/14/00/39 PUT /v1/AUTH_0c8e2a92cd2b4a1b8fe78a5b1b80eeff/gnocchi.be95626e-0925-4f73-a2dc-ba0e91ea87fe HTTP/1.0 201 - python-swiftclient-3.11.1 gAAAAABqKBuotX25... - - - txe45aece3d1b14035ae02c-006a281c87 - 0.0275 - - 1781013639.567007542 1781013639.594557047 0
Jun 9 14:00:39 standalone container-server[127231]: 172.20.0.100 - - [09/Jun/2026:14:00:39 +0000] "HEAD /d1/163/AUTH_0c8e2a92cd2b4a1b8fe78a5b1b80eeff/gnocchi.be95626e-0925-4f73-a2dc-ba0e91ea87fe" 204 - "HEAD http://172.18.0.2:8080/v1/AUTH_0c8e2a92cd2b4a1b8fe78a5b1b80eeff/gnocchi.be95626e-0925-4f73-a2dc-ba0e91ea87fe?format=json&states=listing" "txa2114c66e3a64d81bc32a-006a281c87" "proxy-server 20" 0.0026 "-" 21 0
Jun 9 14:00:39 standalone proxy-server[129310]: - - 09/Jun/2026/14/00/39 HEAD /v1/AUTH_0c8e2a92cd2b4a1b8fe78a5b1b80eeff/gnocchi.be95626e-0925-4f73-a2dc-ba0e91ea87fe%3Fformat%3Djson%26states%3Dlisting HTTP/1.0 204 - Swift - - - - txa2114c66e3a64d81bc32a-006a281c87 - 0.0078 RL - 1781013639.601009130 1781013639.608761311 0
Jun 9 14:00:39 standalone container-server[127242]: 172.20.0.100 - - [09/Jun/2026:14:00:39 +0000] "GET /d1/163/AUTH_0c8e2a92cd2b4a1b8fe78a5b1b80eeff/gnocchi.be95626e-0925-4f73-a2dc-ba0e91ea87fe" 200 2 "GET http://172.18.0.2:8080/v1/AUTH_0c8e2a92cd2b4a1b8fe78a5b1b80eeff/gnocchi.be95626e-0925-4f73-a2dc-ba0e91ea87fe?format=json&states=listing" "txa2114c66e3a64d81bc32a-006a281c87" "proxy-server 20" 0.0037 "-" 22 0
