Jun 9 13:59:05 standalone object-server[127438]: 172.20.0.100 - - [09/Jun/2026:13:59:05 +0000] "PUT /d1/788/AUTH_0c8e2a92cd2b4a1b8fe78a5b1b80eeff/gnocchi.00c8bd49-ccfa-431d-875d-8b918284c34b/1780920000.0_mean_300.0_v3" 201 - "PUT http://172.18.0.2:8080/v1/AUTH_0c8e2a92cd2b4a1b8fe78a5b1b80eeff/gnocchi.00c8bd49-ccfa-431d-875d-8b918284c34b/1780920000.0_mean_300.0_v3" "tx3a646c46c4e140e197c2c-006a281c29" "proxy-server 20" 0.0153 "-" 22 0
Jun 9 13:59:05 standalone proxy-server[129310]: 172.18.0.2 172.18.0.100 09/Jun/2026/13/59/05 PUT /v1/AUTH_0c8e2a92cd2b4a1b8fe78a5b1b80eeff/gnocchi.00c8bd49-ccfa-431d-875d-8b918284c34b/1780920000.0_mean_300.0_v3 HTTP/1.0 201 - python-swiftclient-3.11.1 gAAAAABqKBuotX25... 16 - - tx3a646c46c4e140e197c2c-006a281c29 - 0.0245 - - 1781013545.642323256 1781013545.666810989 0
Jun 9 13:59:05 standalone container-server[127231]: 172.20.0.100 - - [09/Jun/2026:13:59:05 +0000] "PUT /d1/662/AUTH_0c8e2a92cd2b4a1b8fe78a5b1b80eeff/gnocchi.00c8bd49-ccfa-431d-875d-8b918284c34b/none_v3" 201 - "PUT http://172.18.0.2:8080/d1/168/AUTH_0c8e2a92cd2b4a1b8fe78a5b1b80eeff/gnocchi.00c8bd49-ccfa-431d-875d-8b918284c34b/none_v3" "tx74c5af9131f4465383b03-006a281c29" "object-server 22" 0.0010 "-" 21 0
Jun 9 13:59:05 standalone object-server[127438]: 172.20.0.100 - - [09/Jun/2026:13:59:05 +0000] "PUT /d1/168/AUTH_0c8e2a92cd2b4a1b8fe78a5b1b80eeff/gnocchi.00c8bd49-ccfa-431d-875d-8b918284c34b/none_v3" 201 - "PUT http://172.18.0.2:8080/v1/AUTH_0c8e2a92cd2b4a1b8fe78a5b1b80eeff/gnocchi.00c8bd49-ccfa-431d-875d-8b918284c34b/none_v3" "tx74c5af9131f4465383b03-006a281c29" "proxy-server 20" 0.0157 "-" 22 0
Jun 9 13:59:05 standalone proxy-server[129310]: 172.18.0.2 172.18.0.100 09/Jun/2026/13/59/05 PUT /v1/AUTH_0c8e2a92cd2b4a1b8fe78a5b1b80eeff/gnocchi.00c8bd49-ccfa-431d-875d-8b918284c34b/none_v3 HTTP/1.0 201 - python-swiftclient-3.11.1 gAAAAABqKBuotX25... 22 - - tx74c5af9131f4465383b03-006a281c29 - 0.0250 - - 1781013545.671015978 1781013545.696018219 0
Jun 9 13:59:05 standalone object-server[127450]: 172.20.0.100 - - [09/Jun/2026:13:59:05 +0000] "GET /d1/231/AUTH_0c8e2a92cd2b4a1b8fe78a5b1b80eeff/gnocchi.4a0690dc-c15e-4589-9b4d-59e59b4f50ab/none_v3" 200 33 "GET http://172.18.0.2:8080/v1/AUTH_0c8e2a92cd2b4a1b8fe78a5b1b80eeff/gnocchi.4a0690dc-c15e-4589-9b4d-59e59b4f50ab/none_v3" "tx3129fb185dd34aa2b6867-006a281c29" "proxy-server 20" 0.0011 "-" 24 0
Jun 9 13:59:05 standalone proxy-server[129310]: 172.18.0.2 172.18.0.100 09/Jun/2026/13/59/05 GET /v1/AUTH_0c8e2a92cd2b4a1b8fe78a5b1b80eeff/gnocchi.4a0690dc-c15e-4589-9b4d-59e59b4f50ab/none_v3 HTTP/1.0 200 - python-swiftclient-3.11.1 gAAAAABqKBuotX25... - 33 - tx3129fb185dd34aa2b6867-006a281c29 - 0.0092 - - 1781013545.885091066 1781013545.894312382 0
Jun 9 13:59:05 standalone container-server[127247]: 172.20.0.100 - - [09/Jun/2026:13:59:05 +0000] "GET /d1/156/AUTH_0c8e2a92cd2b4a1b8fe78a5b1b80eeff/gnocchi.4a0690dc-c15e-4589-9b4d-59e59b4f50ab" 200 357 "GET http://172.18.0.2:8080/v1/AUTH_0c8e2a92cd2b4a1b8fe78a5b1b80eeff/gnocchi.4a0690dc-c15e-4589-9b4d-59e59b4f50ab?format=json&states=listing" "tx530300f118114de5a3e9d-006a281c29" "proxy-server 20" 0.0082 "-" 23 0
Jun 9 13:59:05 standalone proxy-server[129310]: 172.18.0.2 172.18.0.100 09/Jun/2026/13/59/05 GET /v1/AUTH_0c8e2a92cd2b4a1b8fe78a5b1b80eeff/gnocchi.4a0690dc-c15e-4589-9b4d-59e59b4f50ab%3Fformat%3Djson%26states%3Dlisting HTTP/1.0 200 - python-swiftclient-3.11.1 gAAAAABqKBuotX25... - 357 - tx530300f118114de5a3e9d-006a281c29 - 0.0139 - - 1781013545.897892952 1781013545.911784410 0
Jun 9 13:59:05 standalone container-server[127247]: 172.20.0.100 - - [09/Jun/2026:13:59:05 +0000] "GET /d1/156/AUTH_0c8e2a92cd2b4a1b8fe78a5b1b80eeff/gnocchi.4a0690dc-c15e-4589-9b4d-59e59b4f50ab" 200 2 "GET http://172.18.0.2:8080/v1/AUTH_0c8e2a92cd2b4a1b8fe78a5b1b80eeff/gnocchi.4a0690dc-c15e-4589-9b4d-59e59b4f50ab?format=json&marker=none_v3&states=listing" "txa0e63919f03b4011ac103-006a281c29" "proxy-server 20" 0.0020 "-" 23 0
Jun 9 13:59:05 standalone proxy-server[129310]: 172.18.0.2 172.18.0.100 09/Jun/2026/13/59/05 GET /v1/AUTH_0c8e2a92cd2b4a1b8fe78a5b1b80eeff/gnocchi.4a0690dc-c15e-4589-9b4d-59e59b4f50ab%3Fformat%3Djson%26marker%3Dnone_v3%26states%3Dlisting HTTP/1.0 200 - python-swiftclient-3.11.1 gAAAAABqKBuotX25... - 2 - txa0e63919f03b4011ac103-006a281c29 - 0.0381 - - 1781013545.914008379 1781013545.952137947 0
Jun 9 13:59:05 standalone object-server[127450]: 172.20.0.100 - - [09/Jun/2026:13:59:05 +0000] "GET /d1/244/AUTH_0c8e2a92cd2b4a1b8fe78a5b1b80eeff/gnocchi.4a0690dc-c15e-4589-9b4d-59e59b4f50ab/1780920000.0_mean_300.0_v3" 200 16 "GET http://172.18.0.2:8080/v1/AUTH_0c8e2a92cd2b4a1b8fe78a5b1b80eeff/gnocchi.4a0690dc-c15e-4589-9b4d-59e59b4f50ab/1780920000.0_mean_300.0_v3" "tx6ad9e9c5d54841ef9e704-006a281c29" "proxy-server 20" 0.0009 "-" 24 0
Jun 9 13:59:05 standalone proxy-server[129310]: 172.18.0.2 172.18.0.100 09/Jun/2026/13/59/05 GET /v1/AUTH_0c8e2a92cd2b4a1b8fe78a5b1b80eeff/gnocchi.4a0690dc-c15e-4589-9b4d-59e59b4f50ab/1780920000.0_mean_300.0_v3 HTTP/1.0 200 - python-swiftclient-3.11.1 gAAAAABqKBuotX25... - 16 - tx6ad9e9c5d54841ef9e704-006a281c29 - 0.0066 - - 1781013545.956552982 1781013545.963122129 0
Jun 9 13:59:05 standalone container-server[127242]: 172.20.0.100 - - [09/Jun/2026:13:59:05 +0000] "PUT /d1/156/AUTH_0c8e2a92cd2b4a1b8fe78a5b1b80eeff/gnocchi.4a0690dc-c15e-4589-9b4d-59e59b4f50ab/1780920000.0_mean_300.0_v3" 201 - "PUT http://172.18.0.2:8080/d1/244/AUTH_0c8e2a92cd2b4a1b8fe78a5b1b80eeff/gnocchi.4a0690dc-c15e-4589-9b4d-59e59b4f50ab/1780920000.0_mean_300.0_v3" "tx3b8fb7de3ab04882896ee-006a281c29" "object-server 25" 0.0010 "-" 22 0
Jun 9 13:59:05 standalone object-server[127455]: 172.20.0.100 - - [09/Jun/2026:13:59:05 +0000] "PUT /d1/244/AUTH_0c8e2a92cd2b4a1b8fe78a5b1b80eeff/gnocchi.4a0690dc-c15e-4589-9b4d-59e59b4f50ab/1780920000.0_mean_300.0_v3" 201 - "PUT http://172.18.0.2:8080/v1/AUTH_0c8e2a92cd2b4a1b8fe78a5b1b80eeff/gnocchi.4a0690dc-c15e-4589-9b4d-59e59b4f50ab/1780920000.0_mean_300.0_v3" "tx3b8fb7de3ab04882896ee-006a281c29" "proxy-server 20" 0.0107 "-" 25 0
Jun 9 13:59:05 standalone proxy-server[129310]: 172.18.0.2 172.18.0.100 09/Jun/2026/13/59/05 PUT /v1/AUTH_0c8e2a92cd2b4a1b8fe78a5b1b80eeff/gnocchi.4a0690dc-c15e-4589-9b4d-59e59b4f50ab/1780920000.0_mean_300.0_v3 HTTP/1.0 201 - python-swiftclient-3.11.1 gAAAAABqKBuotX25... 16 - - tx3b8fb7de3ab04882896ee-006a281c29 - 0.0160 - - 1781013545.965521097 1781013545.981525660 0
Jun 9 13:59:06 standalone container-server[127206]: 172.20.0.100 - - [09/Jun/2026:13:59:06 +0000] "PUT /d1/156/AUTH_0c8e2a92cd2b4a1b8fe78a5b1b80eeff/gnocchi.4a0690dc-c15e-4589-9b4d-59e59b4f50ab/none_v3" 201 - "PUT http://172.18.0.2:8080/d1/231/AUTH_0c8e2a92cd2b4a1b8fe78a5b1b80eeff/gnocchi.4a0690dc-c15e-4589-9b4d-59e59b4f50ab/none_v3" "tx8adf45798c7745b682a8f-006a281c29" "object-server 23" 0.0007 "-" 20 0
Jun 9 13:59:06 standalone object-server[127440]: 172.20.0.100 - - [09/Jun/2026:13:59:06 +0000] "PUT /d1/231/AUTH_0c8e2a92cd2b4a1b8fe78a5b1b80eeff/gnocchi.4a0690dc-c15e-4589-9b4d-59e59b4f50ab/none_v3" 201 - "PUT http://172.18.0.2:8080/v1/AUTH_0c8e2a92cd2b4a1b8fe78a5b1b80eeff/gnocchi.4a0690dc-c15e-4589-9b4d-59e59b4f50ab/none_v3" "tx8adf45798c7745b682a8f-006a281c29" "proxy-server 20" 0.0496 "-" 23 0
Jun 9 13:59:06 standalone proxy-server[129310]: 172.18.0.2 172.18.0.100 09/Jun/2026/13/59/06 PUT /v1/AUTH_0c8e2a92cd2b4a1b8fe78a5b1b80eeff/gnocchi.4a0690dc-c15e-4589-9b4d-59e59b4f50ab/none_v3 HTTP/1.0 201 - python-swiftclient-3.11.1 gAAAAABqKBuotX25... 48 - - tx8adf45798c7745b682a8f-006a281c29 - 0.0652 - - 1781013545.984867334 1781013546.050108433 0
Jun 9 13:59:06 standalone object-server[127455]: 172.20.0.100 - - [09/Jun/2026:13:59:06 +0000] "GET /d1/900/AUTH_0c8e2a92cd2b4a1b8fe78a5b1b80eeff/gnocchi.34f9a6b4-3fb5-4cc5-b767-062486c95150/none_v3" 200 33 "GET http://172.18.0.2:8080/v1/AUTH_0c8e2a92cd2b4a1b8fe78a5b1b80eeff/gnocchi.34f9a6b4-3fb5-4cc5-b767-062486c95150/none_v3" "txea284755e9e2474d80c25-006a281c2a" "proxy-server 20" 0.0009 "-" 25 0
Jun 9 13:59:06 standalone proxy-server[129310]: 172.18.0.2 172.18.0.100 09/Jun/2026/13/59/06 GET /v1/AUTH_0c8e2a92cd2b4a1b8fe78a5b1b80eeff/gnocchi.34f9a6b4-3fb5-4cc5-b767-062486c95150/none_v3 HTTP/1.0 200 - python-swiftclient-3.11.1 gAAAAABqKBuotX25... - 33 - txea284755e9e2474d80c25-006a281c2a - 0.0069 - - 1781013546.103894711 1781013546.110810995 0
Jun 9 13:59:06 standalone container-server[127247]: 172.20.0.100 - - [09/Jun/2026:13:59:06 +0000] "GET /d1/45/AUTH_0c8e2a92cd2b4a1b8fe78a5b1b80eeff/gnocchi.34f9a6b4-3fb5-4cc5-b767-062486c95150" 200 357 "GET http://172.18.0.2:8080/v1/AUTH_0c8e2a92cd2b4a1b8fe78a5b1b80eeff/gnocchi.34f9a6b4-3fb5-4cc5-b767-062486c95150?format=json&states=listing" "txa76511ad1cd64a6b82f9d-006a281c2a" "proxy-server 20" 0.0095 "-" 23 0
Jun 9 13:59:06 standalone proxy-server[129310]: 172.18.0.2 172.18.0.100 09/Jun/2026/13/59/06 GET /v1/AUTH_0c8e2a92cd2b4a1b8fe78a5b1b80eeff/gnocchi.34f9a6b4-3fb5-4cc5-b767-062486c95150%3Fformat%3Djson%26states%3Dlisting HTTP/1.0 200 - python-swiftclient-3.11.1 gAAAAABqKBuotX25... - 357 - txa76511ad1cd64a6b82f9d-006a281c2a - 0.0158 - - 1781013546.114000559 1781013546.129825115 0
Jun 9 13:59:06 standalone container-server[127206]: 172.20.0.100 - - [09/Jun/2026:13:59:06 +0000] "GET /d1/45/AUTH_0c8e2a92cd2b4a1b8fe78a5b1b80eeff/gnocchi.34f9a6b4-3fb5-4cc5-b767-062486c95150" 200 2 "GET http://172.18.0.2:8080/v1/AUTH_0c8e2a92cd2b4a1b8fe78a5b1b80eeff/gnocchi.34f9a6b4-3fb5-4cc5-b767-062486c95150?format=json&marker=none_v3&states=listing" "tx048102e724674952b18f6-006a281c2a" "proxy-server 20" 0.0035 "-" 20 0
Jun 9 13:59:06 standalone proxy-server[129310]: 172.18.0.2 172.18.0.100 09/Jun/2026/13/59/06 GET /v1/AUTH_0c8e2a92cd2b4a1b8fe78a5b1b80eeff/gnocchi.34f9a6b4-3fb5-4cc5-b767-062486c95150%3Fformat%3Djson%26marker%3Dnone_v3%26states%3Dlisting HTTP/1.0 200 - python-swiftclient-3.11.1 gAAAAABqKBuotX25... - 2 - tx048102e724674952b18f6-006a281c2a - 0.0093 - - 1781013546.132290840 1781013546.141614437 0
Jun 9 13:59:06 standalone object-server[127450]: 172.20.0.100 - - [09/Jun/2026:13:59:06 +0000] "GET /d1/712/AUTH_0c8e2a92cd2b4a1b8fe78a5b1b80eeff/gnocchi.34f9a6b4-3fb5-4cc5-b767-062486c95150/1780920000.0_mean_300.0_v3" 200 16 "GET http://172.18.0.2:8080/v1/AUTH_0c8e2a92cd2b4a1b8fe78a5b1b80eeff/gnocchi.34f9a6b4-3fb5-4cc5-b767-062486c95150/1780920000.0_mean_300.0_v3" "tx82c36f95a8404cf0adba2-006a281c2a" "proxy-server 20" 0.0018 "-" 24 0
Jun 9 13:59:06 standalone proxy-server[129310]: 172.18.0.2 172.18.0.100 09/Jun/2026/13/59/06 GET /v1/AUTH_0c8e2a92cd2b4a1b8fe78a5b1b80eeff/gnocchi.34f9a6b4-3fb5-4cc5-b767-062486c95150/1780920000.0_mean_300.0_v3 HTTP/1.0 200 - python-swiftclient-3.11.1 gAAAAABqKBuotX25... - 16 - tx82c36f95a8404cf0adba2-006a281c2a - 0.0228 - - 1781013546.144652843 1781013546.167441130 0
Jun 9 13:59:06 standalone container-server[127242]: 172.20.0.100 - - [09/Jun/2026:13:59:06 +0000] "PUT /d1/45/AUTH_0c8e2a92cd2b4a1b8fe78a5b1b80eeff/gnocchi.34f9a6b4-3fb5-4cc5-b767-062486c95150/1780920000.0_mean_300.0_v3" 201 - "PUT http://172.18.0.2:8080/d1/712/AUTH_0c8e2a92cd2b4a1b8fe78a5b1b80eeff/gnocchi.34f9a6b4-3fb5-4cc5-b767-062486c95150/1780920000.0_mean_300.0_v3" "tx88a0de33d9934dcdab0d8-006a281c2a" "object-server 22" 0.0009 "-" 22 0
Jun 9 13:59:06 standalone object-server[127438]: 172.20.0.100 - - [09/Jun/2026:13:59:06 +0000] "PUT /d1/712/AUTH_0c8e2a92cd2b4a1b8fe78a5b1b80eeff/gnocchi.34f9a6b4-3fb5-4cc5-b767-062486c95150/1780920000.0_mean_300.0_v3" 201 - "PUT http://172.18.0.2:8080/v1/AUTH_0c8e2a92cd2b4a1b8fe78a5b1b80eeff/gnocchi.34f9a6b4-3fb5-4cc5-b767-062486c95150/1780920000.0_mean_300.0_v3" "tx88a0de33d9934dcdab0d8-006a281c2a" "proxy-server 20" 0.0108 "-" 22 0
Jun 9 13:59:06 standalone proxy-server[129310]: 172.18.0.2 172.18.0.100 09/Jun/2026/13/59/06 PUT /v1/AUTH_0c8e2a92cd2b4a1b8fe78a5b1b80eeff/gnocchi.34f9a6b4-3fb5-4cc5-b767-062486c95150/1780920000.0_mean_300.0_v3 HTTP/1.0 201 - python-swiftclient-3.11.1 gAAAAABqKBuotX25... 16 - - tx88a0de33d9934dcdab0d8-006a281c2a - 0.0170 - - 1781013546.169978619 1781013546.186948061 0
Jun 9 13:59:06 standalone container-server[127242]: 172.20.0.100 - - [09/Jun/2026:13:59:06 +0000] "PUT /d1/45/AUTH_0c8e2a92cd2b4a1b8fe78a5b1b80eeff/gnocchi.34f9a6b4-3fb5-4cc5-b767-062486c95150/none_v3" 201 - "PUT http://172.18.0.2:8080/d1/900/AUTH_0c8e2a92cd2b4a1b8fe78a5b1b80eeff/gnocchi.34f9a6b4-3fb5-4cc5-b767-062486c95150/none_v3" "tx46722e370bbc48fe8328b-006a281c2a" "object-server 24" 0.0009 "-" 22 0
Jun 9 13:59:06 standalone object-server[127450]: 172.20.0.100 - - [09/Jun/2026:13:59:06 +0000] "PUT /d1/900/AUTH_0c8e2a92cd2b4a1b8fe78a5b1b80eeff/gnocchi.34f9a6b4-3fb5-4cc5-b767-062486c95150/none_v3" 201 - "PUT http://172.18.0.2:8080/v1/AUTH_0c8e2a92cd2b4a1b8fe78a5b1b80eeff/gnocchi.34f9a6b4-3fb5-4cc5-b767-062486c95150/none_v3" "tx46722e370bbc48fe8328b-006a281c2a" "proxy-server 20" 0.0129 "-" 24 0
Jun 9 13:59:06 standalone proxy-server[129310]: 172.18.0.2 172.18.0.100 09/Jun/2026/13/59/06 PUT /v1/AUTH_0c8e2a92cd2b4a1b8fe78a5b1b80eeff/gnocchi.34f9a6b4-3fb5-4cc5-b767-062486c95150/none_v3 HTTP/1.0 201 - python-swiftclient-3.11.1 gAAAAABqKBuotX25... 48 - - tx46722e370bbc48fe8328b-006a281c2a - 0.0189 - - 1781013546.189413786 1781013546.208294153 0
Jun 9 13:59:07 standalone object-server[127440]: 172.20.0.100 - - [09/Jun/2026:13:59:07 +0000] "GET /d1/168/AUTH_0c8e2a92cd2b4a1b8fe78a5b1b80eeff/gnocchi.00c8bd49-ccfa-431d-875d-8b918284c34b/none_v3" 200 22 "GET http://172.18.0.2:8080/v1/AUTH_0c8e2a92cd2b4a1b8fe78a5b1b80eeff/gnocchi.00c8bd49-ccfa-431d-875d-8b918284c34b/none_v3" "tx712cb3cfec2f4e68934a5-006a281c2b" "proxy-server 20" 0.0012 "-" 23 0
Jun 9 13:59:07 standalone proxy-server[129310]: 172.18.0.2 172.18.0.100 09/Jun/2026/13/59/07 GET /v1/AUTH_0c8e2a92cd2b4a1b8fe78a5b1b80eeff/gnocchi.00c8bd49-ccfa-431d-875d-8b918284c34b/none_v3 HTTP/1.0 200 - python-swiftclient-3.11.1 gAAAAABqKBuotX25... - 22 - tx712cb3cfec2f4e68934a5-006a281c2b - 0.0113 - - 1781013547.575731993 1781013547.587004662 0
Jun 9 13:59:07 standalone container-server[127231]: 172.20.0.100 - - [09/Jun/2026:13:59:07 +0000] "GET /d1/662/AUTH_0c8e2a92cd2b4a1b8fe78a5b1b80eeff/gnocchi.00c8bd49-ccfa-431d-875d-8b918284c34b" 200 357 "GET http://172.18.0.2:8080/v1/AUTH_0c8e2a92cd2b4a1b8fe78a5b1b80eeff/gnocchi.00c8bd49-ccfa-431d-875d-8b918284c34b?format=json&states=listing" "txfcb8487f103449c0a968b-006a281c2b" "proxy-server 20" 0.0100 "-" 21 0
Jun 9 13:59:07 standalone proxy-server[129310]: 172.18.0.2 172.18.0.100 09/Jun/2026/13/59/07 GET /v1/AUTH_0c8e2a92cd2b4a1b8fe78a5b1b80eeff/gnocchi.00c8bd49-ccfa-431d-875d-8b918284c34b%3Fformat%3Djson%26states%3Dlisting HTTP/1.0 200 - python-swiftclient-3.11.1 gAAAAABqKBuotX25... - 357 - txfcb8487f103449c0a968b-006a281c2b - 0.0208 - - 1781013547.592852116 1781013547.613622427 0
Jun 9 13:59:07 standalone container-server[127242]: 172.20.0.100 - - [09/Jun/2026:13:59:07 +0000] "GET /d1/662/AUTH_0c8e2a92cd2b4a1b8fe78a5b1b80eeff/gnocchi.00c8bd49-ccfa-431d-875d-8b918284c34b" 200 2 "GET http://172.18.0.2:8080/v1/AUTH_0c8e2a92cd2b4a1b8fe78a5b1b80eeff/gnocchi.00c8bd49-ccfa-431d-875d-8b918284c34b?format=json&marker=none_v3&states=listing" "tx61f0f57e755d42a2be805-006a281c2b" "proxy-server 20" 0.0037 "-" 22 0
Jun 9 13:59:07 standalone proxy-server[129310]: 172.18.0.2 172.18.0.100 09/Jun/2026/13/59/07 GET /v1/AUTH_0c8e2a92cd2b4a1b8fe78a5b1b80eeff/gnocchi.00c8bd49-ccfa-431d-875d-8b918284c34b%3Fformat%3Djson%26marker%3Dnone_v3%26states%3Dlisting HTTP/1.0 200 - python-swiftclient-3.11.1 gAAAAABqKBuotX25... - 2 - tx61f0f57e755d42a2be805-006a281c2b - 0.0138 - - 1781013547.618857622 1781013547.632617950 0
Jun 9 13:59:07 standalone object-server[127438]: 172.20.0.100 - - [09/Jun/2026:13:59:07 +0000] "GET /d1/788/AUTH_0c8e2a92cd2b4a1b8fe78a5b1b80eeff/gnocchi.00c8bd49-ccfa-431d-875d-8b918284c34b/1780920000.0_mean_300.0_v3" 200 16 "GET http://172.18.0.2:8080/v1/AUTH_0c8e2a92cd2b4a1b8fe78a5b1b80eeff/gnocchi.00c8bd49-ccfa-431d-875d-8b918284c34b/1780920000.0_mean_300.0_v3" "txcfb48b49d2f34e7489b6c-006a281c2b" "proxy-server 20" 0.0015 "-" 22 0
Jun 9 13:59:07 standalone proxy-server[129310]: 172.18.0.2 172.18.0.100 09/Jun/2026/13/59/07 GET /v1/AUTH_0c8e2a92cd2b4a1b8fe78a5b1b80eeff/gnocchi.00c8bd49-ccfa-431d-875d-8b918284c34b/1780920000.0_mean_300.0_v3 HTTP/1.0 200 - python-swiftclient-3.11.1 gAAAAABqKBuotX25... - 16 - txcfb48b49d2f34e7489b6c-006a281c2b - 0.0107 - - 1781013547.637425900 1781013547.648150682 0
Jun 9 13:59:07 standalone container-server[127206]: 172.20.0.100 - - [09/Jun/2026:13:59:07 +0000] "PUT /d1/662/AUTH_0c8e2a92cd2b4a1b8fe78a5b1b80eeff/gnocchi.00c8bd49-ccfa-431d-875d-8b918284c34b/1780920000.0_mean_300.0_v3" 201 - "PUT http://172.18.0.2:8080/d1/788/AUTH_0c8e2a92cd2b4a1b8fe78a5b1b80eeff/gnocchi.00c8bd49-ccfa-431d-875d-8b918284c34b/1780920000.0_mean_300.0_v3" "tx5cd510b802304bd394b22-006a281c2b" "object-server 23" 0.0009 "-" 20 0
Jun 9 13:59:07 standalone object-server[127440]: 172.20.0.100 - - [09/Jun/2026:13:59:07 +0000] "PUT /d1/788/AUTH_0c8e2a92cd2b4a1b8fe78a5b1b80eeff/gnocchi.00c8bd49-ccfa-431d-875d-8b918284c34b/1780920000.0_mean_300.0_v3" 201 - "PUT http://172.18.0.2:8080/v1/AUTH_0c8e2a92cd2b4a1b8fe78a5b1b80eeff/gnocchi.00c8bd49-ccfa-431d-875d-8b918284c34b/1780920000.0_mean_300.0_v3" "tx5cd510b802304bd394b22-006a281c2b" "proxy-server 20" 0.0116 "-" 23 0
Jun 9 13:59:07 standalone proxy-server[129310]: 172.18.0.2 172.18.0.100 09/Jun/2026/13/59/07 PUT /v1/AUTH_0c8e2a92cd2b4a1b8fe78a5b1b80eeff/gnocchi.00c8bd49-ccfa-431d-875d-8b918284c34b/1780920000.0_mean_300.0_v3 HTTP/1.0 201 - python-swiftclient-3.11.1 gAAAAABqKBuotX25... 16 - - tx5cd510b802304bd394b22-006a281c2b - 0.0196 - - 1781013547.652019978 1781013547.671587944 0
Jun 9 13:59:07 standalone container-server[127231]: 172.20.0.100 - - [09/Jun/2026:13:59:07 +0000] "PUT /d1/662/AUTH_0c8e2a92cd2b4a1b8fe78a5b1b80eeff/gnocchi.00c8bd49-ccfa-431d-875d-8b918284c34b/none_v3" 201 - "PUT http://172.18.0.2:8080/d1/168/AUTH_0c8e2a92cd2b4a1b8fe78a5b1b80eeff/gnocchi.00c8bd49-ccfa-431d-875d-8b918284c34b/none_v3" "txddee3d852c094aef87576-006a281c2b" "object-server 23" 0.0008 "-" 21 0
Jun 9 13:59:07 standalone object-server[127440]: 172.20.0.100 - - [09/Jun/2026:13:59:07 +0000] "PUT /d1/168/AUTH_0c8e2a92cd2b4a1b8fe78a5b1b80eeff/gnocchi.00c8bd49-ccfa-431d-875d-8b918284c34b/none_v3" 201 - "PUT http://172.18.0.2:8080/v1/AUTH_0c8e2a92cd2b4a1b8fe78a5b1b80eeff/gnocchi.00c8bd49-ccfa-431d-875d-8b918284c34b/none_v3" "txddee3d852c094aef87576-006a281c2b" "proxy-server 20" 0.0128 "-" 23 0
Jun 9 13:59:07 standalone proxy-server[129310]: 172.18.0.2 172.18.0.100 09/Jun/2026/13/59/07 PUT /v1/AUTH_0c8e2a92cd2b4a1b8fe78a5b1b80eeff/gnocchi.00c8bd49-ccfa-431d-875d-8b918284c34b/none_v3 HTTP/1.0 201 - python-swiftclient-3.11.1 gAAAAABqKBuotX25... 31 - - txddee3d852c094aef87576-006a281c2b - 0.0215 - - 1781013547.675379992 1781013547.696883678 0
Jun 9 13:59:15 standalone object-server[127440]: 172.20.0.100 - - [09/Jun/2026:13:59:15 +0000] "GET /d1/168/AUTH_0c8e2a92cd2b4a1b8fe78a5b1b80eeff/gnocchi.00c8bd49-ccfa-431d-875d-8b918284c34b/none_v3" 200 31 "GET http://172.18.0.2:8080/v1/AUTH_0c8e2a92cd2b4a1b8fe78a5b1b80eeff/gnocchi.00c8bd49-ccfa-431d-875d-8b918284c34b/none_v3" "tx7d6b6f5a39244e54be16c-006a281c33" "proxy-server 20" 0.0017 "-" 23 0
Jun 9 13:59:15 standalone proxy-server[129310]: 172.18.0.2 172.18.0.100 09/Jun/2026/13/59/15 GET /v1/AUTH_0c8e2a92cd2b4a1b8fe78a5b1b80eeff/gnocchi.00c8bd49-ccfa-431d-875d-8b918284c34b/none_v3 HTTP/1.0 200 - python-swiftclient-3.11.1 gAAAAABqKBuotX25... - 31 - tx7d6b6f5a39244e54be16c-006a281c33 - 0.0142 - - 1781013555.445520639 1781013555.459719181 0
Jun 9 13:59:15 standalone container-server[127231]: 172.20.0.100 - - [09/Jun/2026:13:59:15 +0000] "GET /d1/662/AUTH_0c8e2a92cd2b4a1b8fe78a5b1b80eeff/gnocchi.00c8bd49-ccfa-431d-875d-8b918284c34b" 200 357 "GET http://172.18.0.2:8080/v1/AUTH_0c8e2a92cd2b4a1b8fe78a5b1b80eeff/gnocchi.00c8bd49-ccfa-431d-875d-8b918284c34b?format=json&states=listing" "tx04f2feda0cae4f3aad88b-006a281c33" "proxy-server 20" 0.0070 "-" 21 0
Jun 9 13:59:15 standalone proxy-server[129310]: 172.18.0.2 172.18.0.100 09/Jun/2026/13/59/15 GET /v1/AUTH_0c8e2a92cd2b4a1b8fe78a5b1b80eeff/gnocchi.00c8bd49-ccfa-431d-875d-8b918284c34b%3Fformat%3Djson%26states%3Dlisting HTTP/1.0 200 - python-swiftclient-3.11.1 gAAAAABqKBuotX25... - 357 - tx04f2feda0cae4f3aad88b-006a281c33 - 0.0165 - - 1781013555.467263937 1781013555.483812809 0
Jun 9 13:59:15 standalone container-server[127206]: 172.20.0.100 - - [09/Jun/2026:13:59:15 +0000] "GET /d1/662/AUTH_0c8e2a92cd2b4a1b8fe78a5b1b80eeff/gnocchi.00c8bd49-ccfa-431d-875d-8b918284c34b" 200 2 "GET http://172.18.0.2:8080/v1/AUTH_0c8e2a92cd2b4a1b8fe78a5b1b80eeff/gnocchi.00c8bd49-ccfa-431d-875d-8b918284c34b?format=json&marker=none_v3&states=listing" "txe6857e2591b9418b88487-006a281c33" "proxy-server 20" 0.0040 "-" 20 0
Jun 9 13:59:15 standalone proxy-server[129310]: 172.18.0.2 172.18.0.100 09/Jun/2026/13/59/15 GET /v1/AUTH_0c8e2a92cd2b4a1b8fe78a5b1b80eeff/gnocchi.00c8bd49-ccfa-431d-875d-8b918284c34b%3Fformat%3Djson%26marker%3Dnone_v3%26states%3Dlisting HTTP/1.0 200 - python-swiftclient-3.11.1 gAAAAABqKBuotX25... - 2 - txe6857e2591b9418b88487-006a281c33 - 0.0130 - - 1781013555.487494230 1781013555.500506401 0
Jun 9 13:59:15 standalone object-server[127455]: 172.20.0.100 - - [09/Jun/2026:13:59:15 +0000] "GET /d1/788/AUTH_0c8e2a92cd2b4a1b8fe78a5b1b80eeff/gnocchi.00c8bd49-ccfa-431d-875d-8b918284c34b/1780920000.0_mean_300.0_v3" 200 16 "GET http://172.18.0.2:8080/v1/AUTH_0c8e2a92cd2b4a1b8fe78a5b1b80eeff/gnocchi.00c8bd49-ccfa-431d-875d-8b918284c34b/1780920000.0_mean_300.0_v3" "tx3b1064b08b624046bdb69-006a281c33" "proxy-server 20" 0.0007 "-" 25 0
Jun 9 13:59:15 standalone proxy-server[129310]: 172.18.0.2 172.18.0.100 09/Jun/2026/13/59/15 GET /v1/AUTH_0c8e2a92cd2b4a1b8fe78a5b1b80eeff/gnocchi.00c8bd49-ccfa-431d-875d-8b918284c34b/1780920000.0_mean_300.0_v3 HTTP/1.0 200 - python-swiftclient-3.11.1 gAAAAABqKBuotX25... - 16 - tx3b1064b08b624046bdb69-006a281c33 - 0.0074 - - 1781013555.505125999 1781013555.512527466 0
Jun 9 13:59:15 standalone container-server[127247]: 172.20.0.100 - - [09/Jun/2026:13:59:15 +0000] "PUT /d1/662/AUTH_0c8e2a92cd2b4a1b8fe78a5b1b80eeff/gnocchi.00c8bd49-ccfa-431d-875d-8b918284c34b/1780920000.0_mean_300.0_v3" 201 - "PUT http://172.18.0.2:8080/d1/788/AUTH_0c8e2a92cd2b4a1b8fe78a5b1b80eeff/gnocchi.00c8bd49-ccfa-431d-875d-8b918284c34b/1780920000.0_mean_300.0_v3" "txef196259078f441eab34a-006a281c33" "object-server 23" 0.0008 "-" 23 0
Jun 9 13:59:15 standalone object-server[127440]: 172.20.0.100 - - [09/Jun/2026:13:59:15 +0000] "PUT /d1/788/AUTH_0c8e2a92cd2b4a1b8fe78a5b1b80eeff/gnocchi.00c8bd49-ccfa-431d-875d-8b918284c34b/1780920000.0_mean_300.0_v3" 201 - "PUT http://172.18.0.2:8080/v1/AUTH_0c8e2a92cd2b4a1b8fe78a5b1b80eeff/gnocchi.00c8bd49-ccfa-431d-875d-8b918284c34b/1780920000.0_mean_300.0_v3" "txef196259078f441eab34a-006a281c33" "proxy-server 20" 0.0129 "-" 23 0
Jun 9 13:59:15 standalone proxy-server[129310]: 172.18.0.2 172.18.0.100 09/Jun/2026/13/59/15 PUT /v1/AUTH_0c8e2a92cd2b4a1b8fe78a5b1b80eeff/gnocchi.00c8bd49-ccfa-431d-875d-8b918284c34b/1780920000.0_mean_300.0_v3 HTTP/1.0 201 - python-swiftclient-3.11.1 gAAAAABqKBuotX25... 16 - - txef196259078f441eab34a-006a281c33 - 0.0340 - - 1781013555.516364574 1781013555.550328493 0
Jun 9 13:59:15 standalone container-server[127231]: 172.20.0.100 - - [09/Jun/2026:13:59:15 +0000] "PUT /d1/662/AUTH_0c8e2a92cd2b4a1b8fe78a5b1b80eeff/gnocchi.00c8bd49-ccfa-431d-875d-8b918284c34b/none_v3" 201 - "PUT http://172.18.0.2:8080/d1/168/AUTH_0c8e2a92cd2b4a1b8fe78a5b1b80eeff/gnocchi.00c8bd49-ccfa-431d-875d-8b918284c34b/none_v3" "tx9dd7137eede54f1ca0fa4-006a281c33" "object-server 23" 0.0006 "-" 21 0
Jun 9 13:59:15 standalone object-server[127440]: 172.20.0.100 - - [09/Jun/2026:13:59:15 +0000] "PUT /d1/168/AUTH_0c8e2a92cd2b4a1b8fe78a5b1b80eeff/gnocchi.00c8bd49-ccfa-431d-875d-8b918284c34b/none_v3" 201 - "PUT http://172.18.0.2:8080/v1/AUTH_0c8e2a92cd2b4a1b8fe78a5b1b80eeff/gnocchi.00c8bd49-ccfa-431d-875d-8b918284c34b/none_v3" "tx9dd7137eede54f1ca0fa4-006a281c33" "proxy-server 20" 0.0083 "-" 23 0
Jun 9 13:59:15 standalone proxy-server[129310]: 172.18.0.2 172.18.0.100 09/Jun/2026/13/59/15 PUT /v1/AUTH_0c8e2a92cd2b4a1b8fe78a5b1b80eeff/gnocchi.00c8bd49-ccfa-431d-875d-8b918284c34b/none_v3 HTTP/1.0 201 - python-swiftclient-3.11.1 gAAAAABqKBuotX25... 46 - - tx9dd7137eede54f1ca0fa4-006a281c33 - 0.0159 - - 1781013555.555827618 1781013555.571712494 0
Jun 9 13:59:16 standalone object-server[127450]: 172.20.0.100 - - [09/Jun/2026:13:59:16 +0000] "GET /d1/168/AUTH_0c8e2a92cd2b4a1b8fe78a5b1b80eeff/gnocchi.00c8bd49-ccfa-431d-875d-8b918284c34b/none_v3" 200 46 "GET http://172.18.0.2:8080/v1/AUTH_0c8e2a92cd2b4a1b8fe78a5b1b80eeff/gnocchi.00c8bd49-ccfa-431d-875d-8b918284c34b/none_v3" "tx58ddf8332d2344208f298-006a281c34" "proxy-server 20" 0.0009 "-" 24 0
Jun 9 13:59:16 standalone proxy-server[129310]: 172.18.0.2 172.18.0.100 09/Jun/2026/13/59/16 GET /v1/AUTH_0c8e2a92cd2b4a1b8fe78a5b1b80eeff/gnocchi.00c8bd49-ccfa-431d-875d-8b918284c34b/none_v3 HTTP/1.0 200 - python-swiftclient-3.11.1 gAAAAABqKBuotX25... - 46 - tx58ddf8332d2344208f298-006a281c34 - 0.0139 - - 1781013556.359580517 1781013556.373473644 0
Jun 9 13:59:16 standalone container-server[127231]: 172.20.0.100 - - [09/Jun/2026:13:59:16 +0000] "GET /d1/662/AUTH_0c8e2a92cd2b4a1b8fe78a5b1b80eeff/gnocchi.00c8bd49-ccfa-431d-875d-8b918284c34b" 200 357 "GET http://172.18.0.2:8080/v1/AUTH_0c8e2a92cd2b4a1b8fe78a5b1b80eeff/gnocchi.00c8bd49-ccfa-431d-875d-8b918284c34b?format=json&states=listing" "txb400c87c09c34d86b7dfd-006a281c34" "proxy-server 20" 0.0138 "-" 21 0
Jun 9 13:59:16 standalone proxy-server[129310]: 172.18.0.2 172.18.0.100 09/Jun/2026/13/59/16 GET /v1/AUTH_0c8e2a92cd2b4a1b8fe78a5b1b80eeff/gnocchi.00c8bd49-ccfa-431d-875d-8b918284c34b%3Fformat%3Djson%26states%3Dlisting HTTP/1.0 200 - python-swiftclient-3.11.1 gAAAAABqKBuotX25... - 357 - txb400c87c09c34d86b7dfd-006a281c34 - 0.0203 - - 1781013556.378292322 1781013556.398632288 0
Jun 9 13:59:16 standalone container-server[127206]: 172.20.0.100 - - [09/Jun/2026:13:59:16 +0000] "GET /d1/662/AUTH_0c8e2a92cd2b4a1b8fe78a5b1b80eeff/gnocchi.00c8bd49-ccfa-431d-875d-8b918284c34b" 200 2 "GET http://172.18.0.2:8080/v1/AUTH_0c8e2a92cd2b4a1b8fe78a5b1b80eeff/gnocchi.00c8bd49-ccfa-431d-875d-8b918284c34b?format=json&marker=none_v3&states=listing" "txe12c231788c747198617f-006a281c34" "proxy-server 20" 0.0019 "-" 20 0
Jun 9 13:59:16 standalone proxy-server[129310]: 172.18.0.2 172.18.0.100 09/Jun/2026/13/59/16 GET /v1/AUTH_0c8e2a92cd2b4a1b8fe78a5b1b80eeff/gnocchi.00c8bd49-ccfa-431d-875d-8b918284c34b%3Fformat%3Djson%26marker%3Dnone_v3%26states%3Dlisting HTTP/1.0 200 - python-swiftclient-3.11.1 gAAAAABqKBuotX25... - 2 - txe12c231788c747198617f-006a281c34 - 0.0109 - - 1781013556.403074265 1781013556.413928032 0
Jun 9 13:59:16 standalone object-server[127438]: 172.20.0.100 - - [09/Jun/2026:13:59:16 +0000] "GET /d1/788/AUTH_0c8e2a92cd2b4a1b8fe78a5b1b80eeff/gnocchi.00c8bd49-ccfa-431d-875d-8b918284c34b/1780920000.0_mean_300.0_v3" 200 16 "GET http://172.18.0.2:8080/v1/AUTH_0c8e2a92cd2b4a1b8fe78a5b1b80eeff/gnocchi.00c8bd49-ccfa-431d-875d-8b918284c34b/1780920000.0_mean_300.0_v3" "tx0350025d723c4abbaf449-006a281c34" "proxy-server 20" 0.0011 "-" 22 0
Jun 9 13:59:16 standalone proxy-server[129310]: 172.18.0.2 172.18.0.100 09/Jun/2026/13/59/16 GET /v1/AUTH_0c8e2a92cd2b4a1b8fe78a5b1b80eeff/gnocchi.00c8bd49-ccfa-431d-875d-8b918284c34b/1780920000.0_mean_300.0_v3 HTTP/1.0 200 - python-swiftclient-3.11.1 gAAAAABqKBuotX25... - 16 - tx0350025d723c4abbaf449-006a281c34 - 0.0147 - - 1781013556.420195580 1781013556.434884310 0
Jun 9 13:59:16 standalone container-server[127206]: 172.20.0.100 - - [09/Jun/2026:13:59:16 +0000] "PUT /d1/662/AUTH_0c8e2a92cd2b4a1b8fe78a5b1b80eeff/gnocchi.00c8bd49-ccfa-431d-875d-8b918284c34b/1780920000.0_mean_300.0_v3" 201 - "PUT http://172.18.0.2:8080/d1/788/AUTH_0c8e2a92cd2b4a1b8fe78a5b1b80eeff/gnocchi.00c8bd49-ccfa-431d-875d-8b918284c34b/1780920000.0_mean_300.0_v3" "tx18aacb0ab0e24366a9694-006a281c34" "object-server 25" 0.0005 "-" 20 0
Jun 9 13:59:16 standalone object-server[127455]: 172.20.0.100 - - [09/Jun/2026:13:59:16 +0000] "PUT /d1/788/AUTH_0c8e2a92cd2b4a1b8fe78a5b1b80eeff/gnocchi.00c8bd49-ccfa-431d-875d-8b918284c34b/1780920000.0_mean_300.0_v3" 201 - "PUT http://172.18.0.2:8080/v1/AUTH_0c8e2a92cd2b4a1b8fe78a5b1b80eeff/gnocchi.00c8bd49-ccfa-431d-875d-8b918284c34b/1780920000.0_mean_300.0_v3" "tx18aacb0ab0e24366a9694-006a281c34" "proxy-server 20" 0.0129 "-" 25 0
Jun 9 13:59:16 standalone proxy-server[129310]: 172.18.0.2 172.18.0.100 09/Jun/2026/13/59/16 PUT /v1/AUTH_0c8e2a92cd2b4a1b8fe78a5b1b80eeff/gnocchi.00c8bd49-ccfa-431d-875d-8b918284c34b/1780920000.0_mean_300.0_v3 HTTP/1.0 201 - python-swiftclient-3.11.1 gAAAAABqKBuotX25... 16 - - tx18aacb0ab0e24366a9694-006a281c34 - 0.0205 - - 1781013556.440050364 1781013556.460536242 0
Jun 9 13:59:16 standalone container-server[127231]: 172.20.0.100 - - [09/Jun/2026:13:59:16 +0000] "PUT /d1/662/AUTH_0c8e2a92cd2b4a1b8fe78a5b1b80eeff/gnocchi.00c8bd49-ccfa-431d-875d-8b918284c34b/none_v3" 201 - "PUT http://172.18.0.2:8080/d1/168/AUTH_0c8e2a92cd2b4a1b8fe78a5b1b80eeff/gnocchi.00c8bd49-ccfa-431d-875d-8b918284c34b/none_v3" "txd8ca5553ad5c458e9a8ad-006a281c34" "object-server 24" 0.0009 "-" 21 0
Jun 9 13:59:16 standalone object-server[127450]: 172.20.0.100 - - [09/Jun/2026:13:59:16 +0000] "PUT /d1/168/AUTH_0c8e2a92cd2b4a1b8fe78a5b1b80eeff/gnocchi.00c8bd49-ccfa-431d-875d-8b918284c34b/none_v3" 201 - "PUT http://172.18.0.2:8080/v1/AUTH_0c8e2a92cd2b4a1b8fe78a5b1b80eeff/gnocchi.00c8bd49-ccfa-431d-875d-8b918284c34b/none_v3" "txd8ca5553ad5c458e9a8ad-006a281c34" "proxy-server 20" 0.0142 "-" 24 0
Jun 9 13:59:16 standalone proxy-server[129310]: 172.18.0.2 172.18.0.100 09/Jun/2026/13/59/16 PUT /v1/AUTH_0c8e2a92cd2b4a1b8fe78a5b1b80eeff/gnocchi.00c8bd49-ccfa-431d-875d-8b918284c34b/none_v3 HTTP/1.0 201 - python-swiftclient-3.11.1 gAAAAABqKBuotX25... 51 - - txd8ca5553ad5c458e9a8ad-006a281c34 - 0.0227 - - 1781013556.463988543 1781013556.486689091 0
Jun 9 13:59:19 standalone container-server[127242]: 172.20.0.100 - - [09/Jun/2026:13:59:19 +0000] "HEAD /d1/709/AUTH_0c8e2a92cd2b4a1b8fe78a5b1b80eeff/gnocchi.a6ac1961-d028-445d-b244-1c07e0dd6d37" 404 - "HEAD http://172.18.0.2:8080/v1/AUTH_0c8e2a92cd2b4a1b8fe78a5b1b80eeff/gnocchi.a6ac1961-d028-445d-b244-1c07e0dd6d37?format=json&states=listing" "txdcf988eeca554e79bc5fd-006a281c37" "proxy-server 20" 0.0010 "-" 22 0
Jun 9 13:59:19 standalone object-server[127438]: 172.20.0.100 - - [09/Jun/2026:13:59:19 +0000] "GET /d1/415/AUTH_0c8e2a92cd2b4a1b8fe78a5b1b80eeff/gnocchi.a6ac1961-d028-445d-b244-1c07e0dd6d37/none_v3" 404 70 "GET http://172.18.0.2:8080/v1/AUTH_0c8e2a92cd2b4a1b8fe78a5b1b80eeff/gnocchi.a6ac1961-d028-445d-b244-1c07e0dd6d37/none_v3" "txdcf988eeca554e79bc5fd-006a281c37" "proxy-server 20" 0.0011 "-" 22 0
Jun 9 13:59:19 standalone proxy-server[129310]: 172.18.0.2 172.18.0.100 09/Jun/2026/13/59/19 GET /v1/AUTH_0c8e2a92cd2b4a1b8fe78a5b1b80eeff/gnocchi.a6ac1961-d028-445d-b244-1c07e0dd6d37/none_v3 HTTP/1.0 404 - python-swiftclient-3.11.1 gAAAAABqKBuotX25... - 70 - txdcf988eeca554e79bc5fd-006a281c37 - 0.0218 - - 1781013559.217540979 1781013559.239355326 0
Jun 9 13:59:19 standalone account-server[127205]: 172.20.0.100 - - [09/Jun/2026:13:59:19 +0000] "PUT /d1/506/AUTH_0c8e2a92cd2b4a1b8fe78a5b1b80eeff/gnocchi.a6ac1961-d028-445d-b244-1c07e0dd6d37" 201 - "PUT http://172.20.0.100:6001/d1/709/AUTH_0c8e2a92cd2b4a1b8fe78a5b1b80eeff/gnocchi.a6ac1961-d028-445d-b244-1c07e0dd6d37" "tx305b280df0844e96b5fae-006a281c37" "container-server 20" 0.0083 "-" 22 0
Jun 9 13:59:19 standalone container-server[127206]: 172.20.0.100 - - [09/Jun/2026:13:59:19 +0000] "PUT /d1/709/AUTH_0c8e2a92cd2b4a1b8fe78a5b1b80eeff/gnocchi.a6ac1961-d028-445d-b244-1c07e0dd6d37" 201 - "PUT http://172.18.0.2:8080/v1/AUTH_0c8e2a92cd2b4a1b8fe78a5b1b80eeff/gnocchi.a6ac1961-d028-445d-b244-1c07e0dd6d37" "tx305b280df0844e96b5fae-006a281c37" "proxy-server 20" 0.0305 "-" 20 0
Jun 9 13:59:19 standalone proxy-server[129310]: 172.18.0.2 172.18.0.100 09/Jun/2026/13/59/19 PUT /v1/AUTH_0c8e2a92cd2b4a1b8fe78a5b1b80eeff/gnocchi.a6ac1961-d028-445d-b244-1c07e0dd6d37 HTTP/1.0 201 - python-swiftclient-3.11.1 gAAAAABqKBuotX25... - - - tx305b280df0844e96b5fae-006a281c37 - 0.0407 - - 1781013559.243901968 1781013559.284587622 0
Jun 9 13:59:19 standalone container-server[127247]: 172.20.0.100 - - [09/Jun/2026:13:59:19 +0000] "HEAD /d1/709/AUTH_0c8e2a92cd2b4a1b8fe78a5b1b80eeff/gnocchi.a6ac1961-d028-445d-b244-1c07e0dd6d37" 204 - "HEAD http://172.18.0.2:8080/v1/AUTH_0c8e2a92cd2b4a1b8fe78a5b1b80eeff/gnocchi.a6ac1961-d028-445d-b244-1c07e0dd6d37?format=json&states=listing" "tx702cf83fe2fe4f5eace92-006a281c37" "proxy-server 20" 0.0024 "-" 23 0
Jun 9 13:59:19 standalone proxy-server[129310]: - - 09/Jun/2026/13/59/19 HEAD /v1/AUTH_0c8e2a92cd2b4a1b8fe78a5b1b80eeff/gnocchi.a6ac1961-d028-445d-b244-1c07e0dd6d37%3Fformat%3Djson%26states%3Dlisting HTTP/1.0 204 - Swift - - - - tx702cf83fe2fe4f5eace92-006a281c37 - 0.0093 RL - 1781013559.304589748 1781013559.313866377 0
Jun 9 13:59:19 standalone container-server[127247]: 172.20.0.100 - - [09/Jun/2026:13:59:19 +0000] "GET /d1/709/AUTH_0c8e2a92cd2b4a1b8fe78a5b1b80eeff/gnocchi.a6ac1961-d028-445d-b244-1c07e0dd6d37" 200 2 "GET http://172.18.0.2:8080/v1/AUTH_0c8e2a92cd2b4a1b8fe78a5b1b80eeff/gnocchi.a6ac1961-d028-445d-b244-1c07e0dd6d37?format=json&states=listing" "tx702cf83fe2fe4f5eace92-006a281c37" "proxy-server 20" 0.0037 "-" 23 0
Jun 9 13:59:19 standalone proxy-server[129310]: 172.18.0.2 172.18.0.100 09/Jun/2026/13/59/19 GET /v1/AUTH_0c8e2a92cd2b4a1b8fe78a5b1b80eeff/gnocchi.a6ac1961-d028-445d-b244-1c07e0dd6d37%3Fformat%3Djson%26states%3Dlisting HTTP/1.0 200 - python-swiftclient-3.11.1 gAAAAABqKBuotX25... - 2 - tx702cf83fe2fe4f5eace92-006a281c37 - 0.0268 - - 1781013559.301869631 1781013559.328637362 0
Jun 9 13:59:19 standalone object-server[127450]: 172.20.0.100 - - [09/Jun/2026:13:59:19 +0000] "GET /d1/52/AUTH_0c8e2a92cd2b4a1b8fe78a5b1b80eeff/gnocchi.a6ac1961-d028-445d-b244-1c07e0dd6d37/1780920000.0_mean_300.0_v3" 404 70 "GET http://172.18.0.2:8080/v1/AUTH_0c8e2a92cd2b4a1b8fe78a5b1b80eeff/gnocchi.a6ac1961-d028-445d-b244-1c07e0dd6d37/1780920000.0_mean_300.0_v3" "txa8381aaa99ab44d89b987-006a281c37" "proxy-server 20" 0.0008 "-" 24 0
Jun 9 13:59:19 standalone proxy-server[129310]: 172.18.0.2 172.18.0.100 09/Jun/2026/13/59/19 GET /v1/AUTH_0c8e2a92cd2b4a1b8fe78a5b1b80eeff/gnocchi.a6ac1961-d028-445d-b244-1c07e0dd6d37/1780920000.0_mean_300.0_v3 HTTP/1.0 404 - python-swiftclient-3.11.1 gAAAAABqKBuotX25... - 70 - txa8381aaa99ab44d89b987-006a281c37 - 0.0128 - - 1781013559.335949898 1781013559.348754644 0
Jun 9 13:59:19 standalone container-server[127247]: 172.20.0.100 - - [09/Jun/2026:13:59:19 +0000] "PUT /d1/709/AUTH_0c8e2a92cd2b4a1b8fe78a5b1b80eeff/gnocchi.a6ac1961-d028-445d-b244-1c07e0dd6d37/1780920000.0_mean_300.0_v3" 201 - "PUT http://172.18.0.2:8080/d1/52/AUTH_0c8e2a92cd2b4a1b8fe78a5b1b80eeff/gnocchi.a6ac1961-d028-445d-b244-1c07e0dd6d37/1780920000.0_mean_300.0_v3" "tx1887c444ffd940ba9e4f4-006a281c37" "object-server 25" 0.0011 "-" 23 0
Jun 9 13:59:19 standalone object-server[127455]: 172.20.0.100 - - [09/Jun/2026:13:59:19 +0000] "PUT /d1/52/AUTH_0c8e2a92cd2b4a1b8fe78a5b1b80eeff/gnocchi.a6ac1961-d028-445d-b244-1c07e0dd6d37/1780920000.0_mean_300.0_v3" 201 - "PUT http://172.18.0.2:8080/v1/AUTH_0c8e2a92cd2b4a1b8fe78a5b1b80eeff/gnocchi.a6ac1961-d028-445d-b244-1c07e0dd6d37/1780920000.0_mean_300.0_v3" "tx1887c444ffd940ba9e4f4-006a281c37" "proxy-server 20" 0.0181 "-" 25 0
Jun 9 13:59:19 standalone proxy-server[129310]: 172.18.0.2 172.18.0.100 09/Jun/2026/13/59/19 PUT /v1/AUTH_0c8e2a92cd2b4a1b8fe78a5b1b80eeff/gnocchi.a6ac1961-d028-445d-b244-1c07e0dd6d37/1780920000.0_mean_300.0_v3 HTTP/1.0 201 - python-swiftclient-3.11.1 gAAAAABqKBuotX25... 16 - - tx1887c444ffd940ba9e4f4-006a281c37 - 0.0297 - - 1781013559.354540586 1781013559.384228468 0
Jun 9 13:59:19 standalone container-server[127247]: 172.20.0.100 - - [09/Jun/2026:13:59:19 +0000] "PUT /d1/709/AUTH_0c8e2a92cd2b4a1b8fe78a5b1b80eeff/gnocchi.a6ac1961-d028-445d-b244-1c07e0dd6d37/none_v3" 201 - "PUT http://172.18.0.2:8080/d1/415/AUTH_0c8e2a92cd2b4a1b8fe78a5b1b80eeff/gnocchi.a6ac1961-d028-445d-b244-1c07e0dd6d37/none_v3" "tx6f28d97fb52d491ebd040-006a281c37" "object-server 25" 0.0007 "-" 23 0
Jun 9 13:59:19 standalone object-server[127455]: 172.20.0.100 - - [09/Jun/2026:13:59:19 +0000] "PUT /d1/415/AUTH_0c8e2a92cd2b4a1b8fe78a5b1b80eeff/gnocchi.a6ac1961-d028-445d-b244-1c07e0dd6d37/none_v3" 201 - "PUT http://172.18.0.2:8080/v1/AUTH_0c8e2a92cd2b4a1b8fe78a5b1b80eeff/gnocchi.a6ac1961-d028-445d-b244-1c07e0dd6d37/none_v3" "tx6f28d97fb52d491ebd040-006a281c37" "proxy-server 20" 0.0117 "-" 25 0
Jun 9 13:59:19 standalone proxy-server[129310]: 172.18.0.2 172.18.0.100 09/Jun/2026/13/59/19 PUT /v1/AUTH_0c8e2a92cd2b4a1b8fe78a5b1b80eeff/gnocchi.a6ac1961-d028-445d-b244-1c07e0dd6d37/none_v3 HTTP/1.0 201 - python-swiftclient-3.11.1 gAAAAABqKBuotX25... 22 - - tx6f28d97fb52d491ebd040-006a281c37 - 0.0192 - - 1781013559.388549805 1781013559.407721519 0
Jun 9 13:59:19 standalone container-server[127206]: 172.20.0.100 - - [09/Jun/2026:13:59:19 +0000] "HEAD /d1/25/AUTH_0c8e2a92cd2b4a1b8fe78a5b1b80eeff/gnocchi.3317e057-0556-48ea-af8d-4dbeb727837f" 404 - "HEAD http://172.18.0.2:8080/v1/AUTH_0c8e2a92cd2b4a1b8fe78a5b1b80eeff/gnocchi.3317e057-0556-48ea-af8d-4dbeb727837f?format=json&states=listing" "tx471bcbf089714d02bff8e-006a281c37" "proxy-server 20" 0.0008 "-" 20 0
Jun 9 13:59:19 standalone object-server[127450]: 172.20.0.100 - - [09/Jun/2026:13:59:19 +0000] "GET /d1/179/AUTH_0c8e2a92cd2b4a1b8fe78a5b1b80eeff/gnocchi.3317e057-0556-48ea-af8d-4dbeb727837f/none_v3" 404 70 "GET http://172.18.0.2:8080/v1/AUTH_0c8e2a92cd2b4a1b8fe78a5b1b80eeff/gnocchi.3317e057-0556-48ea-af8d-4dbeb727837f/none_v3" "tx471bcbf089714d02bff8e-006a281c37" "proxy-server 20" 0.0010 "-" 24 0
Jun 9 13:59:19 standalone proxy-server[129310]: 172.18.0.2 172.18.0.100 09/Jun/2026/13/59/19 GET /v1/AUTH_0c8e2a92cd2b4a1b8fe78a5b1b80eeff/gnocchi.3317e057-0556-48ea-af8d-4dbeb727837f/none_v3 HTTP/1.0 404 - python-swiftclient-3.11.1 gAAAAABqKBuotX25... - 70 - tx471bcbf089714d02bff8e-006a281c37 - 0.0184 - - 1781013559.425276756 1781013559.443631411 0
Jun 9 13:59:19 standalone account-server[127195]: 172.20.0.100 - - [09/Jun/2026:13:59:19 +0000] "PUT /d1/506/AUTH_0c8e2a92cd2b4a1b8fe78a5b1b80eeff/gnocchi.3317e057-0556-48ea-af8d-4dbeb727837f" 201 - "PUT http://172.20.0.100:6001/d1/25/AUTH_0c8e2a92cd2b4a1b8fe78a5b1b80eeff/gnocchi.3317e057-0556-48ea-af8d-4dbeb727837f" "txeda64835408d47228b7b8-006a281c37" "container-server 23" 0.0078 "-" 21 0
Jun 9 13:59:19 standalone container-server[127247]: 172.20.0.100 - - [09/Jun/2026:13:59:19 +0000] "PUT /d1/25/AUTH_0c8e2a92cd2b4a1b8fe78a5b1b80eeff/gnocchi.3317e057-0556-48ea-af8d-4dbeb727837f" 201 - "PUT http://172.18.0.2:8080/v1/AUTH_0c8e2a92cd2b4a1b8fe78a5b1b80eeff/gnocchi.3317e057-0556-48ea-af8d-4dbeb727837f" "txeda64835408d47228b7b8-006a281c37" "proxy-server 20" 0.0255 "-" 23 0
Jun 9 13:59:19 standalone proxy-server[129310]: 172.18.0.2 172.18.0.100 09/Jun/2026/13/59/19 PUT /v1/AUTH_0c8e2a92cd2b4a1b8fe78a5b1b80eeff/gnocchi.3317e057-0556-48ea-af8d-4dbeb727837f HTTP/1.0 201 - python-swiftclient-3.11.1 gAAAAABqKBuotX25... - - - txeda64835408d47228b7b8-006a281c37 - 0.0376 - - 1781013559.448338032 1781013559.485919952 0
Jun 9 13:59:19 standalone container-server[127247]: 172.20.0.100 - - [09/Jun/2026:13:59:19 +0000] "HEAD /d1/25/AUTH_0c8e2a92cd2b4a1b8fe78a5b1b80eeff/gnocchi.3317e057-0556-48ea-af8d-4dbeb727837f" 204 - "HEAD http://172.18.0.2:8080/v1/AUTH_0c8e2a92cd2b4a1b8fe78a5b1b80eeff/gnocchi.3317e057-0556-48ea-af8d-4dbeb727837f?format=json&states=listing" "txed1e8faa280b49a49fa68-006a281c37" "proxy-server 20" 0.0028 "-" 23 0
Jun 9 13:59:19 standalone proxy-server[129310]: - - 09/Jun/2026/13/59/19 HEAD /v1/AUTH_0c8e2a92cd2b4a1b8fe78a5b1b80eeff/gnocchi.3317e057-0556-48ea-af8d-4dbeb727837f%3Fformat%3Djson%26states%3Dlisting HTTP/1.0 204 - Swift - - - - txed1e8faa280b49a49fa68-006a281c37 - 0.0090 RL - 1781013559.493813038 1781013559.502850056 0
Jun 9 13:59:19 standalone container-server[127231]: 172.20.0.100 - - [09/Jun/2026:13:59:19 +0000] "GET /d1/25/AUTH_0c8e2a92cd2b4a1b8fe78a5b1b80eeff/gnocchi.3317e057-0556-48ea-af8d-4dbeb727837f" 200 2 "GET http://172.18.0.2:8080/v1/AUTH_0c8e2a92cd2b4a1b8fe78a5b1b80eeff/gnocchi.3317e057-0556-48ea-af8d-4dbeb727837f?format=json&states=listing" "txed1e8faa280b49a49fa68-006a281c37" "proxy-server 20" 0.0057 "-" 21 0
Jun 9 13:59:19 standalone proxy-server[129310]: 172.18.0.2 172.18.0.100 09/Jun/2026/13/59/19 GET /v1/AUTH_0c8e2a92cd2b4a1b8fe78a5b1b80eeff/gnocchi.3317e057-0556-48ea-af8d-4dbeb727837f%3Fformat%3Djson%26states%3Dlisting HTTP/1.0 200 - python-swiftclient-3.11.1 gAAAAABqKBuotX25... - 2 - txed1e8faa280b49a49fa68-006a281c37 - 0.0285 - - 1781013559.491714239 1781013559.520190954 0
Jun 9 13:59:19 standalone object-server[127455]: 172.20.0.100 - - [09/Jun/2026:13:59:19 +0000] "GET /d1/110/AUTH_0c8e2a92cd2b4a1b8fe78a5b1b80eeff/gnocchi.3317e057-0556-48ea-af8d-4dbeb727837f/1780920000.0_mean_300.0_v3" 404 70 "GET http://172.18.0.2:8080/v1/AUTH_0c8e2a92cd2b4a1b8fe78a5b1b80eeff/gnocchi.3317e057-0556-48ea-af8d-4dbeb727837f/1780920000.0_mean_300.0_v3" "tx5b9adce5f9c54245839d0-006a281c37" "proxy-server 20" 0.0009 "-" 25 0
Jun 9 13:59:19 standalone proxy-server[129310]: 172.18.0.2 172.18.0.100 09/Jun/2026/13/59/19 GET /v1/AUTH_0c8e2a92cd2b4a1b8fe78a5b1b80eeff/gnocchi.3317e057-0556-48ea-af8d-4dbeb727837f/1780920000.0_mean_300.0_v3 HTTP/1.0 404 - python-swiftclient-3.11.1 gAAAAABqKBuotX25... - 70 - tx5b9adce5f9c54245839d0-006a281c37 - 0.0109 - - 1781013559.526390076 1781013559.537257195 0
Jun 9 13:59:19 standalone container-server[127242]: 172.20.0.100 - - [09/Jun/2026:13:59:19 +0000] "PUT /d1/25/AUTH_0c8e2a92cd2b4a1b8fe78a5b1b80eeff/gnocchi.3317e057-0556-48ea-af8d-4dbeb727837f/1780920000.0_mean_300.0_v3" 201 - "PUT http://172.18.0.2:8080/d1/110/AUTH_0c8e2a92cd2b4a1b8fe78a5b1b80eeff/gnocchi.3317e057-0556-48ea-af8d-4dbeb727837f/1780920000.0_mean_300.0_v3" "txea0f79b13e794e41a4ba0-006a281c37" "object-server 25" 0.0013 "-" 22 0
Jun 9 13:59:19 standalone object-server[127455]: 172.20.0.100 - - [09/Jun/2026:13:59:19 +0000] "PUT /d1/110/AUTH_0c8e2a92cd2b4a1b8fe78a5b1b80eeff/gnocchi.3317e057-0556-48ea-af8d-4dbeb727837f/1780920000.0_mean_300.0_v3" 201 - "PUT http://172.18.0.2:8080/v1/AUTH_0c8e2a92cd2b4a1b8fe78a5b1b80eeff/gnocchi.3317e057-0556-48ea-af8d-4dbeb727837f/1780920000.0_mean_300.0_v3" "txea0f79b13e794e41a4ba0-006a281c37" "proxy-server 20" 0.0201 "-" 25 0
Jun 9 13:59:19 standalone proxy-server[129310]: 172.18.0.2 172.18.0.100 09/Jun/2026/13/59/19 PUT /v1/AUTH_0c8e2a92cd2b4a1b8fe78a5b1b80eeff/gnocchi.3317e057-0556-48ea-af8d-4dbeb727837f/1780920000.0_mean_300.0_v3 HTTP/1.0 201 - python-swiftclient-3.11.1 gAAAAABqKBuotX25... 16 - - txea0f79b13e794e41a4ba0-006a281c37 - 0.0303 - - 1781013559.542523623 1781013559.572819471 0
Jun 9 13:59:19 standalone container-server[127206]: 172.20.0.100 - - [09/Jun/2026:13:59:19 +0000] "PUT /d1/25/AUTH_0c8e2a92cd2b4a1b8fe78a5b1b80eeff/gnocchi.3317e057-0556-48ea-af8d-4dbeb727837f/none_v3" 201 - "PUT http://172.18.0.2:8080/d1/179/AUTH_0c8e2a92cd2b4a1b8fe78a5b1b80eeff/gnocchi.3317e057-0556-48ea-af8d-4dbeb727837f/none_v3" "tx71bf029e18e44148a2afe-006a281c37" "object-server 23" 0.0012 "-" 20 0
Jun 9 13:59:19 standalone object-server[127440]: 172.20.0.100 - - [09/Jun/2026:13:59:19 +0000] "PUT /d1/179/AUTH_0c8e2a92cd2b4a1b8fe78a5b1b80eeff/gnocchi.3317e057-0556-48ea-af8d-4dbeb727837f/none_v3" 201 - "PUT http://172.18.0.2:8080/v1/AUTH_0c8e2a92cd2b4a1b8fe78a5b1b80eeff/gnocchi.3317e057-0556-48ea-af8d-4dbeb727837f/none_v3" "tx71bf029e18e44148a2afe-006a281c37" "proxy-server 20" 0.0143 "-" 23 0
Jun 9 13:59:19 standalone proxy-server[129310]: 172.18.0.2 172.18.0.100 09/Jun/2026/13/59/19 PUT /v1/AUTH_0c8e2a92cd2b4a1b8fe78a5b1b80eeff/gnocchi.3317e057-0556-48ea-af8d-4dbeb727837f/none_v3 HTTP/1.0 201 - python-swiftclient-3.11.1 gAAAAABqKBuotX25... 22 - - tx71bf029e18e44148a2afe-006a281c37 - 0.0237 - - 1781013559.578199863 1781013559.601933002 0
Jun 9 13:59:19 standalone container-server[127206]: 172.20.0.100 - - [09/Jun/2026:13:59:19 +0000] "HEAD /d1/111/AUTH_0c8e2a92cd2b4a1b8fe78a5b1b80eeff/gnocchi.2c7f474e-1d2c-4b24-9aa1-9c095d586b10" 404 - "HEAD http://172.18.0.2:8080/v1/AUTH_0c8e2a92cd2b4a1b8fe78a5b1b80eeff/gnocchi.2c7f474e-1d2c-4b24-9aa1-9c095d586b10?format=json&states=listing" "tx07431a65d2064c2898c9a-006a281c37" "proxy-server 20" 0.0008 "-" 20 0
Jun 9 13:59:19 standalone object-server[127450]: 172.20.0.100 - - [09/Jun/2026:13:59:19 +0000] "GET /d1/117/AUTH_0c8e2a92cd2b4a1b8fe78a5b1b80eeff/gnocchi.2c7f474e-1d2c-4b24-9aa1-9c095d586b10/none_v3" 404 70 "GET http://172.18.0.2:8080/v1/AUTH_0c8e2a92cd2b4a1b8fe78a5b1b80eeff/gnocchi.2c7f474e-1d2c-4b24-9aa1-9c095d586b10/none_v3" "tx07431a65d2064c2898c9a-006a281c37" "proxy-server 20" 0.0007 "-" 24 0
Jun 9 13:59:19 standalone proxy-server[129310]: 172.18.0.2 172.18.0.100 09/Jun/2026/13/59/19 GET /v1/AUTH_0c8e2a92cd2b4a1b8fe78a5b1b80eeff/gnocchi.2c7f474e-1d2c-4b24-9aa1-9c095d586b10/none_v3 HTTP/1.0 404 - python-swiftclient-3.11.1 gAAAAABqKBuotX25... - 70 - tx07431a65d2064c2898c9a-006a281c37 - 0.0218 - - 1781013559.619984388 1781013559.641745567 0
Jun 9 13:59:19 standalone account-server[127205]: 172.20.0.100 - - [09/Jun/2026:13:59:19 +0000] "PUT /d1/506/AUTH_0c8e2a92cd2b4a1b8fe78a5b1b80eeff/gnocchi.2c7f474e-1d2c-4b24-9aa1-9c095d586b10" 201 - "PUT http://172.20.0.100:6001/d1/111/AUTH_0c8e2a92cd2b4a1b8fe78a5b1b80eeff/gnocchi.2c7f474e-1d2c-4b24-9aa1-9c095d586b10" "tx96fde9b6d7194b579c602-006a281c37" "container-server 23" 0.0074 "-" 22 0
Jun 9 13:59:19 standalone container-server[127247]: 172.20.0.100 - - [09/Jun/2026:13:59:19 +0000] "PUT /d1/111/AUTH_0c8e2a92cd2b4a1b8fe78a5b1b80eeff/gnocchi.2c7f474e-1d2c-4b24-9aa1-9c095d586b10" 201 - "PUT http://172.18.0.2:8080/v1/AUTH_0c8e2a92cd2b4a1b8fe78a5b1b80eeff/gnocchi.2c7f474e-1d2c-4b24-9aa1-9c095d586b10" "tx96fde9b6d7194b579c602-006a281c37" "proxy-server 20" 0.0244 "-" 23 0
Jun 9 13:59:19 standalone proxy-server[129310]: 172.18.0.2 172.18.0.100 09/Jun/2026/13/59/19 PUT /v1/AUTH_0c8e2a92cd2b4a1b8fe78a5b1b80eeff/gnocchi.2c7f474e-1d2c-4b24-9aa1-9c095d586b10 HTTP/1.0 201 - python-swiftclient-3.11.1 gAAAAABqKBuotX25... - - - tx96fde9b6d7194b579c602-006a281c37 - 0.0330 - - 1781013559.646372080 1781013559.679336548 0
Jun 9 13:59:19 standalone container-server[127242]: 172.20.0.100 - - [09/Jun/2026:13:59:19 +0000] "HEAD /d1/111/AUTH_0c8e2a92cd2b4a1b8fe78a5b1b80eeff/gnocchi.2c7f474e-1d2c-4b24-9aa1-9c095d586b10" 204 - "HEAD http://172.18.0.2:8080/v1/AUTH_0c8e2a92cd2b4a1b8fe78a5b1b80eeff/gnocchi.2c7f474e-1d2c-4b24-9aa1-9c095d586b10?format=json&states=listing" "tx94923b02f4a7494090348-006a281c37" "proxy-server 20" 0.0027 "-" 22 0
Jun 9 13:59:19 standalone proxy-server[129310]: - - 09/Jun/2026/13/59/19 HEAD /v1/AUTH_0c8e2a92cd2b4a1b8fe78a5b1b80eeff/gnocchi.2c7f474e-1d2c-4b24-9aa1-9c095d586b10%3Fformat%3Djson%26states%3Dlisting HTTP/1.0 204 - Swift - - - - tx94923b02f4a7494090348-006a281c37 - 0.0098 RL - 1781013559.686946392 1781013559.696719646 0
Jun 9 13:59:19 standalone container-server[127242]: 172.20.0.100 - - [09/Jun/2026:13:59:19 +0000] "GET /d1/111/AUTH_0c8e2a92cd2b4a1b8fe78a5b1b80eeff/gnocchi.2c7f474e-1d2c-4b24-9aa1-9c095d586b10" 200 2 "GET http://172.18.0.2:8080/v1/AUTH_0c8e2a92cd2b4a1b8fe78a5b1b80eeff/gnocchi.2c7f474e-1d2c-4b24-9aa1-9c095d586b10?format=json&states=listing" "tx94923b02f4a7494090348-006a281c37" "proxy-server 20" 0.0041 "-" 22 0
Jun 9 13:59:19 standalone proxy-server[129310]: 172.18.0.2 172.18.0.100 09/Jun/2026/13/59/19 GET /v1/AUTH_0c8e2a92cd2b4a1b8fe78a5b1b80eeff/gnocchi.2c7f474e-1d2c-4b24-9aa1-9c095d586b10%3Fformat%3Djson%26states%3Dlisting HTTP/1.0 200 - python-swiftclient-3.11.1 gAAAAABqKBuotX25... - 2 - tx94923b02f4a7494090348-006a281c37 - 0.0286 - - 1781013559.685001135 1781013559.713563681 0
Jun 9 13:59:19 standalone object-server[127440]: 172.20.0.100 - - [09/Jun/2026:13:59:19 +0000] "GET /d1/505/AUTH_0c8e2a92cd2b4a1b8fe78a5b1b80eeff/gnocchi.2c7f474e-1d2c-4b24-9aa1-9c095d586b10/1780920000.0_mean_300.0_v3" 404 70 "GET http://172.18.0.2:8080/v1/AUTH_0c8e2a92cd2b4a1b8fe78a5b1b80eeff/gnocchi.2c7f474e-1d2c-4b24-9aa1-9c095d586b10/1780920000.0_mean_300.0_v3" "txceef4d59749440eca893a-006a281c37" "proxy-server 20" 0.0004 "-" 23 0
Jun 9 13:59:19 standalone proxy-server[129310]: 172.18.0.2 172.18.0.100 09/Jun/2026/13/59/19 GET /v1/AUTH_0c8e2a92cd2b4a1b8fe78a5b1b80eeff/gnocchi.2c7f474e-1d2c-4b24-9aa1-9c095d586b10/1780920000.0_mean_300.0_v3 HTTP/1.0 404 - python-swiftclient-3.11.1 gAAAAABqKBuotX25... - 70 - txceef4d59749440eca893a-006a281c37 - 0.0088 - - 1781013559.719405890 1781013559.728165865 0
Jun 9 13:59:19 standalone container-server[127206]: 172.20.0.100 - - [09/Jun/2026:13:59:19 +0000] "PUT /d1/111/AUTH_0c8e2a92cd2b4a1b8fe78a5b1b80eeff/gnocchi.2c7f474e-1d2c-4b24-9aa1-9c095d586b10/1780920000.0_mean_300.0_v3" 201 - "PUT http://172.18.0.2:8080/d1/505/AUTH_0c8e2a92cd2b4a1b8fe78a5b1b80eeff/gnocchi.2c7f474e-1d2c-4b24-9aa1-9c095d586b10/1780920000.0_mean_300.0_v3" "tx035a2b8c4a1f4c1e99d57-006a281c37" "object-server 24" 0.0008 "-" 20 0
Jun 9 13:59:19 standalone object-server[127450]: 172.20.0.100 - - [09/Jun/2026:13:59:19 +0000] "PUT /d1/505/AUTH_0c8e2a92cd2b4a1b8fe78a5b1b80eeff/gnocchi.2c7f474e-1d2c-4b24-9aa1-9c095d586b10/1780920000.0_mean_300.0_v3" 201 - "PUT http://172.18.0.2:8080/v1/AUTH_0c8e2a92cd2b4a1b8fe78a5b1b80eeff/gnocchi.2c7f474e-1d2c-4b24-9aa1-9c095d586b10/1780920000.0_mean_300.0_v3" "tx035a2b8c4a1f4c1e99d57-006a281c37" "proxy-server 20" 0.0136 "-" 24 0
Jun 9 13:59:19 standalone proxy-server[129310]: 172.18.0.2 172.18.0.100 09/Jun/2026/13/59/19 PUT /v1/AUTH_0c8e2a92cd2b4a1b8fe78a5b1b80eeff/gnocchi.2c7f474e-1d2c-4b24-9aa1-9c095d586b10/1780920000.0_mean_300.0_v3 HTTP/1.0 201 - python-swiftclient-3.11.1 gAAAAABqKBuotX25... 16 - - tx035a2b8c4a1f4c1e99d57-006a281c37 - 0.0233 - - 1781013559.733476877 1781013559.756778955 0
