Jun 9 08:01:31 standalone account-server[114428]: Starting 2
Jun 9 08:01:32 standalone account-server[114625]: Started child 20 from parent 2
Jun 9 08:01:32 standalone account-server[114625]: Started child 21 from parent 2
Jun 9 08:01:32 standalone account-server[114625]: Started child 22 from parent 2
Jun 9 08:01:32 standalone account-server[114625]: Started child 23 from parent 2
Jun 9 08:01:32 standalone container-server[114739]: Starting 2
Jun 9 08:01:33 standalone container-server[114664]: Option allow_versions is deprecated. Configure the versioned_writes middleware in the proxy-server instead. This option will be ignored in a future release.
Jun 9 08:01:33 standalone container-server[114974]: Option allow_versions is deprecated. Configure the versioned_writes middleware in the proxy-server instead. This option will be ignored in a future release.
Jun 9 08:01:33 standalone container-server[114664]: Started child 20 from parent 2
Jun 9 08:01:33 standalone container-server[114977]: Option allow_versions is deprecated. Configure the versioned_writes middleware in the proxy-server instead. This option will be ignored in a future release.
Jun 9 08:01:33 standalone container-server[114664]: Started child 21 from parent 2
Jun 9 08:01:33 standalone container-server[114982]: Option allow_versions is deprecated. Configure the versioned_writes middleware in the proxy-server instead. This option will be ignored in a future release.
Jun 9 08:01:33 standalone container-server[114664]: Started child 22 from parent 2
Jun 9 08:01:33 standalone object-expirer[114805]: Starting 2
Jun 9 08:01:33 standalone object-expirer[114805]: Option auto_create_account_prefix is deprecated. Configure auto_create_account_prefix under the swift-constraints section of swift.conf. This option will be ignored in a future release.
Jun 9 08:01:33 standalone container-server[114985]: Option allow_versions is deprecated. Configure the versioned_writes middleware in the proxy-server instead. This option will be ignored in a future release.
Jun 9 08:01:33 standalone container-server[114664]: Started child 23 from parent 2
Jun 9 08:01:33 standalone object-server[114979]: Started child 22 from parent 2
Jun 9 08:01:33 standalone object-server[114979]: Started child 23 from parent 2
Jun 9 08:01:33 standalone object-server[114979]: Started child 24 from parent 2
Jun 9 08:01:33 standalone object-server[114979]: Started child 25 from parent 2
Jun 9 08:01:33 standalone object-server[115092]: Starting 2
Jun 9 08:01:39 standalone proxy-server[116690]: Starting Keystone auth_token middleware
Jun 9 08:01:39 standalone proxy-server[116690]: AuthToken middleware is set with keystone_authtoken.service_token_roles_required set to False. This is backwards compatible but deprecated behaviour. Please set this to True.
Jun 9 08:01:39 standalone proxy-server[116787]: Starting Keystone auth_token middleware
Jun 9 08:01:39 standalone proxy-server[116787]: STDERR: The option "bind_port" is not known to keystonemiddleware
Jun 9 08:01:39 standalone proxy-server[116787]: STDERR: The option "workers" is not known to keystonemiddleware
Jun 9 08:01:39 standalone proxy-server[116787]: STDERR: The option "user" is not known to keystonemiddleware
Jun 9 08:01:39 standalone proxy-server[116787]: STDERR: The option "bind_ip" is not known to keystonemiddleware
Jun 9 08:01:39 standalone proxy-server[116787]: STDERR: The option "log_name" is not known to keystonemiddleware
Jun 9 08:01:39 standalone proxy-server[116787]: STDERR: The option "log_facility" is not known to keystonemiddleware
Jun 9 08:01:39 standalone proxy-server[116787]: STDERR: The option "log_level" is not known to keystonemiddleware
Jun 9 08:01:39 standalone proxy-server[116787]: STDERR: The option "log_headers" is not known to keystonemiddleware
Jun 9 08:01:39 standalone proxy-server[116787]: STDERR: The option "log_address" is not known to keystonemiddleware
Jun 9 08:01:39 standalone proxy-server[116787]: STDERR: The option "project_name" is not known to keystonemiddleware
Jun 9 08:01:39 standalone proxy-server[116787]: STDERR: The option "username" is not known to keystonemiddleware
Jun 9 08:01:39 standalone proxy-server[116787]: STDERR: The option "password" is not known to keystonemiddleware
Jun 9 08:01:39 standalone proxy-server[116787]: STDERR: The option "auth_url" is not known to keystonemiddleware
Jun 9 08:01:39 standalone proxy-server[116787]: STDERR: The option "signing_dir" is not known to keystonemiddleware
Jun 9 08:01:39 standalone proxy-server[116787]: STDERR: The option "project_domain_id" is not known to keystonemiddleware
Jun 9 08:01:39 standalone proxy-server[116787]: STDERR: The option "user_domain_id" is not known to keystonemiddleware
Jun 9 08:01:39 standalone proxy-server[116787]: STDERR: The option "__name__" is not known to keystonemiddleware
Jun 9 08:01:39 standalone proxy-server[116787]: AuthToken middleware is set with keystone_authtoken.service_token_roles_required set to False. This is backwards compatible but deprecated behaviour. Please set this to True.
Jun 9 08:01:39 standalone proxy-server[116690]: Started child 21 from parent 2
Jun 9 08:02:58 standalone account-server[114795]: 172.20.0.100 - - [09/Jun/2026:08:02:58 +0000] "HEAD /d1/601/.expiring_objects" 404 - "HEAD http://localhost/v1/.expiring_objects?format=json" "txc5474b4edfc74771aff97-006a27c8b2" "proxy-server 2" 0.0019 "-" 20 -
Jun 9 08:02:58 standalone object-expirer[114805]: Pass completed in 0s; 0 objects expired (txn: txc5474b4edfc74771aff97-006a27c8b2)
Jun 9 08:03:51 standalone container-server[114739]: Begin container update sweep
Jun 9 08:03:51 standalone container-server[114739]: Container update sweep completed: 0.00s
Jun 9 08:04:36 standalone object-server[115092]: Begin object update sweep
Jun 9 08:04:36 standalone object-server[135223]: Object update sweep starting on /srv/node/d1 (pid: 11)
Jun 9 08:04:36 standalone object-server[135223]: Object update sweep completed on /srv/node/d1 in 0.00s seconds:, 0 successes, 0 failures, 0 quarantines, 0 unlinks, 0 errors, 0 redirects (pid: 11)
Jun 9 08:04:36 standalone object-server[135223]: Object update sweep of d1 completed: 0.00s, 0 successes, 0 failures, 0 quarantines, 0 unlinks, 0 errors, 0 redirects
Jun 9 08:04:36 standalone object-server[115092]: Object update sweep completed: 0.09s
Jun 9 08:05:10 standalone account-server[114795]: 172.20.0.100 - - [09/Jun/2026:08:05:10 +0000] "HEAD /d1/601/.expiring_objects" 404 - "HEAD http://localhost/v1/.expiring_objects?format=json" "tx9972777ebd934c61b2afd-006a27c936" "proxy-server 2" 0.0007 "-" 20 -
Jun 9 08:05:10 standalone object-expirer[114805]: Pass completed in 0s; 0 objects expired (txn: tx9972777ebd934c61b2afd-006a27c936)
Jun 9 08:06:07 standalone account-server[114803]: 172.20.0.100 - - [09/Jun/2026:08:06:07 +0000] "HEAD /d1/601/.expiring_objects" 404 - "HEAD http://localhost/v1/.expiring_objects?format=json" "tx6896356c631b44ea9ce4b-006a27c96f" "proxy-server 2" 0.0012 "-" 22 -
Jun 9 08:06:07 standalone object-expirer[114805]: Pass completed in 0s; 0 objects expired (txn: tx6896356c631b44ea9ce4b-006a27c96f)
Jun 9 08:07:32 standalone proxy-server[116787]: 172.21.0.2 ::1 09/Jun/2026/08/07/32 GET /info HTTP/1.0 200 - python-urllib3/1.26.5 gAAAAABqJ8nA0_N2... - 1671 - txdd1a7ca0ec4e472a9a99f-006a27c9c3 - 0.4547 - - 1780992451.677859306 1780992452.132583618 -
Jun 9 08:07:37 standalone account-server[114812]: 172.20.0.100 - - [09/Jun/2026:08:07:37 +0000] "HEAD /d1/496/AUTH_ce2daa5848f548f18609c268e0aefd63" 404 - "HEAD http://localhost:8080/v1/AUTH_ce2daa5848f548f18609c268e0aefd63?format=json" "tx14ad142ac73c4f0d8da90-006a27c9c9" "proxy-server 21" 0.0026 "-" 23 -
Jun 9 08:07:37 standalone proxy-server[116787]: - - 09/Jun/2026/08/07/37 HEAD /v1/AUTH_ce2daa5848f548f18609c268e0aefd63%3Fformat%3Djson HTTP/1.0 200 - Swift - - - - tx14ad142ac73c4f0d8da90-006a27c9c9 - 0.0092 RL - 1780992457.237179279 1780992457.246398211 -
Jun 9 08:07:37 standalone proxy-server[116787]: 172.18.0.2 ::1 09/Jun/2026/08/07/37 HEAD /v1/AUTH_ce2daa5848f548f18609c268e0aefd63/glance%3Fformat%3Djson HTTP/1.0 404 - python-swiftclient-3.11.1 gAAAAABqJ8nJGv9P... - - - tx14ad142ac73c4f0d8da90-006a27c9c9 - 0.1234 - - 1780992457.236159563 1780992457.359550476 -
Jun 9 08:07:37 standalone account-server[114803]: 172.20.0.100 - - [09/Jun/2026:08:07:37 +0000] "PUT /d1/496/AUTH_ce2daa5848f548f18609c268e0aefd63" 201 - "-" "txaa697de20c53447a940c9-006a27c9c9" "-" 0.0158 "-" 22 -
Jun 9 08:07:37 standalone proxy-server[116787]: autocreate account '/AUTH_ce2daa5848f548f18609c268e0aefd63' (txn: txaa697de20c53447a940c9-006a27c9c9)
Jun 9 08:07:37 standalone account-server[114795]: 172.20.0.100 - - [09/Jun/2026:08:07:37 +0000] "HEAD /d1/496/AUTH_ce2daa5848f548f18609c268e0aefd63" 204 - "HEAD http://localhost:8080/v1/AUTH_ce2daa5848f548f18609c268e0aefd63?format=json" "txaa697de20c53447a940c9-006a27c9c9" "proxy-server 21" 0.0030 "-" 20 -
Jun 9 08:07:37 standalone account-server[114812]: 172.20.0.100 - - [09/Jun/2026:08:07:37 +0000] "PUT /d1/496/AUTH_ce2daa5848f548f18609c268e0aefd63/glance" 201 - "PUT http://172.20.0.100:6001/d1/182/AUTH_ce2daa5848f548f18609c268e0aefd63/glance" "txaa697de20c53447a940c9-006a27c9c9" "container-server 21" 0.0026 "-" 23 0
Jun 9 08:07:37 standalone container-server[114977]: 172.20.0.100 - - [09/Jun/2026:08:07:37 +0000] "PUT /d1/182/AUTH_ce2daa5848f548f18609c268e0aefd63/glance" 201 - "PUT http://localhost:8080/v1/AUTH_ce2daa5848f548f18609c268e0aefd63/glance" "txaa697de20c53447a940c9-006a27c9c9" "proxy-server 21" 0.0166 "-" 21 0
Jun 9 08:07:37 standalone proxy-server[116787]: 172.18.0.2 ::1 09/Jun/2026/08/07/37 PUT /v1/AUTH_ce2daa5848f548f18609c268e0aefd63/glance HTTP/1.0 201 - python-swiftclient-3.11.1 gAAAAABqJ8nJGv9P... - - - txaa697de20c53447a940c9-006a27c9c9 - 0.0533 - - 1780992457.365933895 1780992457.419259071 0
Jun 9 08:07:37 standalone container-server[114985]: 172.20.0.100 - - [09/Jun/2026:08:07:37 +0000] "HEAD /d1/182/AUTH_ce2daa5848f548f18609c268e0aefd63/glance" 204 - "HEAD http://localhost:8080/v1/AUTH_ce2daa5848f548f18609c268e0aefd63/glance?format=json&states=listing" "tx5e009d22a5a9485f91b35-006a27c9c9" "proxy-server 21" 0.0031 "-" 23 0
Jun 9 08:07:37 standalone proxy-server[116787]: - - 09/Jun/2026/08/07/37 HEAD /v1/AUTH_ce2daa5848f548f18609c268e0aefd63/glance%3Fformat%3Djson%26states%3Dlisting HTTP/1.0 204 - Swift - - - - tx5e009d22a5a9485f91b35-006a27c9c9 - 0.0145 RL - 1780992457.430416107 1780992457.444946289 0
Jun 9 08:07:37 standalone container-server[114977]: 172.20.0.100 - - [09/Jun/2026:08:07:37 +0000] "PUT /d1/182/AUTH_ce2daa5848f548f18609c268e0aefd63/glance/9b3e2cde-32fc-4be3-98e2-80ad89c0f316-00001" 201 - "PUT http://localhost:8080/d1/729/AUTH_ce2daa5848f548f18609c268e0aefd63/glance/9b3e2cde-32fc-4be3-98e2-80ad89c0f316-00001" "tx5e009d22a5a9485f91b35-006a27c9c9" "object-server 22" 0.0007 "-" 21 0
Jun 9 08:07:37 standalone object-server[115120]: 172.20.0.100 - - [09/Jun/2026:08:07:37 +0000] "PUT /d1/729/AUTH_ce2daa5848f548f18609c268e0aefd63/glance/9b3e2cde-32fc-4be3-98e2-80ad89c0f316-00001" 201 - "PUT http://localhost:8080/v1/AUTH_ce2daa5848f548f18609c268e0aefd63/glance/9b3e2cde-32fc-4be3-98e2-80ad89c0f316-00001" "tx5e009d22a5a9485f91b35-006a27c9c9" "proxy-server 21" 0.1842 "-" 22 0
Jun 9 08:07:37 standalone proxy-server[116787]: 172.18.0.2 ::1 09/Jun/2026/08/07/37 PUT /v1/AUTH_ce2daa5848f548f18609c268e0aefd63/glance/9b3e2cde-32fc-4be3-98e2-80ad89c0f316-00001 HTTP/1.0 201 - python-swiftclient-3.11.1 gAAAAABqJ8nJGv9P... 16300544 - - tx5e009d22a5a9485f91b35-006a27c9c9 - 0.2114 - - 1780992457.428524256 1780992457.639959097 0
Jun 9 08:07:37 standalone container-server[114985]: 172.20.0.100 - - [09/Jun/2026:08:07:37 +0000] "PUT /d1/182/AUTH_ce2daa5848f548f18609c268e0aefd63/glance/9b3e2cde-32fc-4be3-98e2-80ad89c0f316" 201 - "PUT http://localhost:8080/d1/576/AUTH_ce2daa5848f548f18609c268e0aefd63/glance/9b3e2cde-32fc-4be3-98e2-80ad89c0f316" "tx84e0ab7801d5434d80106-006a27c9c9" "object-server 24" 0.0006 "-" 23 0
Jun 9 08:07:37 standalone object-server[115144]: 172.20.0.100 - - [09/Jun/2026:08:07:37 +0000] "PUT /d1/576/AUTH_ce2daa5848f548f18609c268e0aefd63/glance/9b3e2cde-32fc-4be3-98e2-80ad89c0f316" 201 - "PUT http://localhost:8080/v1/AUTH_ce2daa5848f548f18609c268e0aefd63/glance/9b3e2cde-32fc-4be3-98e2-80ad89c0f316" "tx84e0ab7801d5434d80106-006a27c9c9" "proxy-server 21" 0.0242 "-" 24 0
Jun 9 08:07:37 standalone proxy-server[116787]: 172.18.0.2 ::1 09/Jun/2026/08/07/37 PUT /v1/AUTH_ce2daa5848f548f18609c268e0aefd63/glance/9b3e2cde-32fc-4be3-98e2-80ad89c0f316 HTTP/1.0 201 - python-swiftclient-3.11.1 gAAAAABqJ8nJGv9P... - - - tx84e0ab7801d5434d80106-006a27c9c9 - 0.0302 - - 1780992457.644837856 1780992457.675001144 0
Jun 9 08:07:38 standalone container-server[114974]: 172.20.0.100 - - [09/Jun/2026:08:07:38 +0000] "HEAD /d1/182/AUTH_ce2daa5848f548f18609c268e0aefd63/glance" 204 - "HEAD http://localhost:8080/v1/AUTH_ce2daa5848f548f18609c268e0aefd63/glance?format=json&states=listing" "tx6c3edec026d743c9903c8-006a27c9ca" "proxy-server 21" 0.0282 "-" 20 0
Jun 9 08:07:38 standalone proxy-server[116787]: 172.18.0.2 ::1 09/Jun/2026/08/07/38 HEAD /v1/AUTH_ce2daa5848f548f18609c268e0aefd63/glance%3Fformat%3Djson%26states%3Dlisting HTTP/1.0 204 - python-swiftclient-3.11.1 gAAAAABqJ8nKuisq... - - - tx6c3edec026d743c9903c8-006a27c9ca - 0.0810 - - 1780992458.278772116 1780992458.359745264 0
Jun 9 08:07:38 standalone container-server[114982]: 172.20.0.100 - - [09/Jun/2026:08:07:38 +0000] "PUT /d1/182/AUTH_ce2daa5848f548f18609c268e0aefd63/glance/c1974172-d1c3-464f-b11e-9f4689e8fce8-00001" 201 - "PUT http://localhost:8080/d1/516/AUTH_ce2daa5848f548f18609c268e0aefd63/glance/c1974172-d1c3-464f-b11e-9f4689e8fce8-00001" "tx83c6f900a2484f60a47a2-006a27c9ca" "object-server 25" 0.0013 "-" 22 0
Jun 9 08:07:38 standalone object-server[115150]: 172.20.0.100 - - [09/Jun/2026:08:07:38 +0000] "PUT /d1/516/AUTH_ce2daa5848f548f18609c268e0aefd63/glance/c1974172-d1c3-464f-b11e-9f4689e8fce8-00001" 201 - "PUT http://localhost:8080/v1/AUTH_ce2daa5848f548f18609c268e0aefd63/glance/c1974172-d1c3-464f-b11e-9f4689e8fce8-00001" "tx83c6f900a2484f60a47a2-006a27c9ca" "proxy-server 21" 0.2074 "-" 25 0
Jun 9 08:07:38 standalone proxy-server[116787]: 172.18.0.2 ::1 09/Jun/2026/08/07/38 PUT /v1/AUTH_ce2daa5848f548f18609c268e0aefd63/glance/c1974172-d1c3-464f-b11e-9f4689e8fce8-00001 HTTP/1.0 201 - python-swiftclient-3.11.1 gAAAAABqJ8nKuisq... 16300544 - - tx83c6f900a2484f60a47a2-006a27c9ca - 0.2175 - - 1780992458.367890120 1780992458.585363626 0
Jun 9 08:07:38 standalone container-server[114985]: 172.20.0.100 - - [09/Jun/2026:08:07:38 +0000] "PUT /d1/182/AUTH_ce2daa5848f548f18609c268e0aefd63/glance/c1974172-d1c3-464f-b11e-9f4689e8fce8" 201 - "PUT http://localhost:8080/d1/290/AUTH_ce2daa5848f548f18609c268e0aefd63/glance/c1974172-d1c3-464f-b11e-9f4689e8fce8" "tx0e5f96618b3f4835815a2-006a27c9ca" "object-server 22" 0.0011 "-" 23 0
Jun 9 08:07:38 standalone object-server[115120]: 172.20.0.100 - - [09/Jun/2026:08:07:38 +0000] "PUT /d1/290/AUTH_ce2daa5848f548f18609c268e0aefd63/glance/c1974172-d1c3-464f-b11e-9f4689e8fce8" 201 - "PUT http://localhost:8080/v1/AUTH_ce2daa5848f548f18609c268e0aefd63/glance/c1974172-d1c3-464f-b11e-9f4689e8fce8" "tx0e5f96618b3f4835815a2-006a27c9ca" "proxy-server 21" 0.0097 "-" 22 0
Jun 9 08:07:38 standalone proxy-server[116787]: 172.18.0.2 ::1 09/Jun/2026/08/07/38 PUT /v1/AUTH_ce2daa5848f548f18609c268e0aefd63/glance/c1974172-d1c3-464f-b11e-9f4689e8fce8 HTTP/1.0 201 - python-swiftclient-3.11.1 gAAAAABqJ8nKuisq... - - - tx0e5f96618b3f4835815a2-006a27c9ca - 0.0161 - - 1780992458.590483189 1780992458.606593370 0
Jun 9 08:08:51 standalone container-server[114739]: Begin container update sweep
Jun 9 08:08:51 standalone account-server[114812]: 172.20.0.100 - - [09/Jun/2026:08:08:51 +0000] "PUT /d1/496/AUTH_ce2daa5848f548f18609c268e0aefd63/glance" 201 - "-" "-" "container-updater 2" 0.0009 "-" 23 0
Jun 9 08:08:52 standalone container-server[114739]: Container update sweep completed: 0.13s
Jun 9 08:09:36 standalone object-server[115092]: Begin object update sweep
Jun 9 08:09:36 standalone object-server[162414]: Object update sweep starting on /srv/node/d1 (pid: 13)
Jun 9 08:09:36 standalone object-server[162414]: Object update sweep completed on /srv/node/d1 in 0.00s seconds:, 0 successes, 0 failures, 0 quarantines, 0 unlinks, 0 errors, 0 redirects (pid: 13)
Jun 9 08:09:36 standalone object-server[162414]: Object update sweep of d1 completed: 0.00s, 0 successes, 0 failures, 0 quarantines, 0 unlinks, 0 errors, 0 redirects
Jun 9 08:09:36 standalone object-server[115092]: Object update sweep completed: 0.08s
Jun 9 08:09:44 standalone account-server[114797]: 172.20.0.100 - - [09/Jun/2026:08:09:44 +0000] "HEAD /d1/601/.expiring_objects" 404 - "HEAD http://localhost/v1/.expiring_objects?format=json" "tx9553ecd7a9274b40aafcb-006a27ca48" "proxy-server 2" 0.0018 "-" 21 -
Jun 9 08:09:44 standalone object-expirer[114805]: Pass completed in 0s; 0 objects expired (txn: tx9553ecd7a9274b40aafcb-006a27ca48)
Jun 9 08:12:15 standalone account-server[114803]: 172.20.0.100 - - [09/Jun/2026:08:12:15 +0000] "HEAD /d1/496/AUTH_ce2daa5848f548f18609c268e0aefd63" 204 - "HEAD http://localhost:8080/v1/AUTH_ce2daa5848f548f18609c268e0aefd63?format=json" "tx6817bcc2f5e741709a383-006a27cadf" "proxy-server 21" 0.0091 "-" 22 -
Jun 9 08:12:15 standalone proxy-server[116787]: - - 09/Jun/2026/08/12/15 HEAD /v1/AUTH_ce2daa5848f548f18609c268e0aefd63%3Fformat%3Djson HTTP/1.0 204 - Swift - - - - tx6817bcc2f5e741709a383-006a27cadf - 0.0144 RL - 1780992735.815610170 1780992735.830051422 -
Jun 9 08:12:15 standalone container-server[114977]: 172.20.0.100 - - [09/Jun/2026:08:12:15 +0000] "HEAD /d1/182/AUTH_ce2daa5848f548f18609c268e0aefd63/glance" 204 - "HEAD http://localhost:8080/v1/AUTH_ce2daa5848f548f18609c268e0aefd63/glance?format=json&states=listing" "tx6817bcc2f5e741709a383-006a27cadf" "proxy-server 21" 0.0036 "-" 21 0
Jun 9 08:12:15 standalone proxy-server[116787]: 172.18.0.2 ::1 09/Jun/2026/08/12/15 HEAD /v1/AUTH_ce2daa5848f548f18609c268e0aefd63/glance%3Fformat%3Djson%26states%3Dlisting HTTP/1.0 204 - python-swiftclient-3.11.1 gAAAAABqJ8rfIDA4... - - - tx6817bcc2f5e741709a383-006a27cadf - 0.1332 - - 1780992735.814655542 1780992735.947827339 0
Jun 9 08:12:16 standalone account-server[114795]: 172.20.0.100 - - [09/Jun/2026:08:12:16 +0000] "HEAD /d1/601/.expiring_objects" 404 - "HEAD http://localhost/v1/.expiring_objects?format=json" "tx213a179f68e84664adb43-006a27cae0" "proxy-server 2" 0.0005 "-" 20 -
Jun 9 08:12:16 standalone object-expirer[114805]: Pass completed in 0s; 0 objects expired (txn: tx213a179f68e84664adb43-006a27cae0)
Jun 9 08:12:23 standalone container-server[114977]: 172.20.0.100 - - [09/Jun/2026:08:12:23 +0000] "PUT /d1/182/AUTH_ce2daa5848f548f18609c268e0aefd63/glance/061ddf57-5f81-4805-a406-157556fc7e7d-00001" 201 - "PUT http://localhost:8080/d1/0/AUTH_ce2daa5848f548f18609c268e0aefd63/glance/061ddf57-5f81-4805-a406-157556fc7e7d-00001" "tx40aa84aedc354878be863-006a27cadf" "object-server 25" 0.0012 "-" 21 0
Jun 9 08:12:23 standalone object-server[115150]: 172.20.0.100 - - [09/Jun/2026:08:12:23 +0000] "PUT /d1/0/AUTH_ce2daa5848f548f18609c268e0aefd63/glance/061ddf57-5f81-4805-a406-157556fc7e7d-00001" 201 - "PUT http://localhost:8080/v1/AUTH_ce2daa5848f548f18609c268e0aefd63/glance/061ddf57-5f81-4805-a406-157556fc7e7d-00001" "tx40aa84aedc354878be863-006a27cadf" "proxy-server 21" 7.5079 "-" 25 0
Jun 9 08:12:23 standalone proxy-server[116787]: 172.18.0.2 ::1 09/Jun/2026/08/12/23 PUT /v1/AUTH_ce2daa5848f548f18609c268e0aefd63/glance/061ddf57-5f81-4805-a406-157556fc7e7d-00001 HTTP/1.0 201 - python-swiftclient-3.11.1 gAAAAABqJ8rfIDA4... 21692416 - - tx40aa84aedc354878be863-006a27cadf - 7.5134 - - 1780992735.952076197 1780992743.465474367 0
Jun 9 08:12:23 standalone container-server[114977]: 172.20.0.100 - - [09/Jun/2026:08:12:23 +0000] "PUT /d1/182/AUTH_ce2daa5848f548f18609c268e0aefd63/glance/061ddf57-5f81-4805-a406-157556fc7e7d" 201 - "PUT http://localhost:8080/d1/166/AUTH_ce2daa5848f548f18609c268e0aefd63/glance/061ddf57-5f81-4805-a406-157556fc7e7d" "txe3cc3c9a3c8148aaa91ae-006a27cae7" "object-server 22" 0.0007 "-" 21 0
Jun 9 08:12:23 standalone object-server[115120]: 172.20.0.100 - - [09/Jun/2026:08:12:23 +0000] "PUT /d1/166/AUTH_ce2daa5848f548f18609c268e0aefd63/glance/061ddf57-5f81-4805-a406-157556fc7e7d" 201 - "PUT http://localhost:8080/v1/AUTH_ce2daa5848f548f18609c268e0aefd63/glance/061ddf57-5f81-4805-a406-157556fc7e7d" "txe3cc3c9a3c8148aaa91ae-006a27cae7" "proxy-server 21" 0.0134 "-" 22 0
Jun 9 08:12:23 standalone proxy-server[116787]: 172.18.0.2 ::1 09/Jun/2026/08/12/23 PUT /v1/AUTH_ce2daa5848f548f18609c268e0aefd63/glance/061ddf57-5f81-4805-a406-157556fc7e7d HTTP/1.0 201 - python-swiftclient-3.11.1 gAAAAABqJ8rfIDA4... - - - txe3cc3c9a3c8148aaa91ae-006a27cae7 - 0.0192 - - 1780992743.471809864 1780992743.491014481 0
Jun 9 08:13:27 standalone account-server[114797]: 172.20.0.100 - - [09/Jun/2026:08:13:27 +0000] "HEAD /d1/496/AUTH_ce2daa5848f548f18609c268e0aefd63" 204 - "HEAD http://localhost:8080/v1/AUTH_ce2daa5848f548f18609c268e0aefd63?format=json" "tx00aae8b23e1640d9a6bcb-006a27cb27" "proxy-server 21" 0.0027 "-" 21 -
Jun 9 08:13:27 standalone proxy-server[116787]: - - 09/Jun/2026/08/13/27 HEAD /v1/AUTH_ce2daa5848f548f18609c268e0aefd63%3Fformat%3Djson HTTP/1.0 204 - Swift - - - - tx00aae8b23e1640d9a6bcb-006a27cb27 - 0.0070 RL - 1780992807.024255514 1780992807.031248331 -
Jun 9 08:13:27 standalone container-server[114982]: 172.20.0.100 - - [09/Jun/2026:08:13:27 +0000] "HEAD /d1/182/AUTH_ce2daa5848f548f18609c268e0aefd63/glance" 204 - "HEAD http://localhost:8080/v1/AUTH_ce2daa5848f548f18609c268e0aefd63/glance?format=json&states=listing" "tx00aae8b23e1640d9a6bcb-006a27cb27" "proxy-server 21" 0.0138 "-" 22 0
Jun 9 08:13:27 standalone object-server[115130]: 172.20.0.100 - - [09/Jun/2026:08:13:27 +0000] "GET /d1/166/AUTH_ce2daa5848f548f18609c268e0aefd63/glance/061ddf57-5f81-4805-a406-157556fc7e7d" 200 - "GET http://localhost:8080/v1/AUTH_ce2daa5848f548f18609c268e0aefd63/glance/061ddf57-5f81-4805-a406-157556fc7e7d" "tx00aae8b23e1640d9a6bcb-006a27cb27" "proxy-server 21" 0.0012 "-" 23 0
Jun 9 08:13:27 standalone container-server[114974]: 172.20.0.100 - - [09/Jun/2026:08:13:27 +0000] "GET /d1/182/AUTH_ce2daa5848f548f18609c268e0aefd63/glance" 200 210 "GET http://localhost:8080/v1/AUTH_ce2daa5848f548f18609c268e0aefd63/glance?prefix=061ddf57-5f81-4805-a406-157556fc7e7d-&format=json&states=listing" "tx00aae8b23e1640d9a6bcb-006a27cb27" "proxy-server 21" 0.0035 "-" 20 0
Jun 9 08:13:27 standalone proxy-server[116787]: - - 09/Jun/2026/08/13/27 GET /v1/AUTH_ce2daa5848f548f18609c268e0aefd63/glance%3Fprefix%3D061ddf57-5f81-4805-a406-157556fc7e7d-%26format%3Djson%26states%3Dlisting HTTP/1.0 200 - python-swiftclient-3.11.1%20DLO%20MultipartGET gAAAAABqJ8smvGYm... - 210 - tx00aae8b23e1640d9a6bcb-006a27cb27 - 0.0076 DLO - 1780992807.140238762 1780992807.147794247 0
Jun 9 08:13:27 standalone object-server[115150]: 172.20.0.100 - - [09/Jun/2026:08:13:27 +0000] "GET /d1/0/AUTH_ce2daa5848f548f18609c268e0aefd63/glance/061ddf57-5f81-4805-a406-157556fc7e7d-00001" 200 21692416 "GET http://localhost:8080/v1/AUTH_ce2daa5848f548f18609c268e0aefd63/glance/061ddf57-5f81-4805-a406-157556fc7e7d-00001?multipart-manifest=get" "tx00aae8b23e1640d9a6bcb-006a27cb27" "proxy-server 21" 0.0009 "-" 25 0
Jun 9 08:13:27 standalone proxy-server[116787]: - - 09/Jun/2026/08/13/27 GET /v1/AUTH_ce2daa5848f548f18609c268e0aefd63/glance/061ddf57-5f81-4805-a406-157556fc7e7d-00001%3Fmultipart-manifest%3Dget HTTP/1.0 200 - python-swiftclient-3.11.1%20%20DLO%20MultipartGET gAAAAABqJ8smvGYm... - 21692416 - tx00aae8b23e1640d9a6bcb-006a27cb27 - 0.1036 DLO - 1780992807.148495913 1780992807.252115011 0
Jun 9 08:13:27 standalone proxy-server[116787]: 172.18.0.2 ::1 09/Jun/2026/08/13/27 GET /v1/AUTH_ce2daa5848f548f18609c268e0aefd63/glance/061ddf57-5f81-4805-a406-157556fc7e7d HTTP/1.0 200 - python-swiftclient-3.11.1 gAAAAABqJ8smvGYm... - 21692416 - tx00aae8b23e1640d9a6bcb-006a27cb27 - 0.2293 - - 1780992807.023344278 1780992807.252664804 0
Jun 9 08:13:52 standalone container-server[114739]: Begin container update sweep
Jun 9 08:13:52 standalone account-server[114803]: 172.20.0.100 - - [09/Jun/2026:08:13:52 +0000] "PUT /d1/496/AUTH_ce2daa5848f548f18609c268e0aefd63/glance" 201 - "-" "-" "container-updater 2" 0.0013 "-" 22 0
Jun 9 08:13:52 standalone container-server[114739]: Container update sweep completed: 0.08s
Jun 9 08:14:36 standalone object-server[115092]: Begin object update sweep
Jun 9 08:14:36 standalone object-server[188991]: Object update sweep starting on /srv/node/d1 (pid: 14)
Jun 9 08:14:36 standalone object-server[188991]: Object update sweep completed on /srv/node/d1 in 0.00s seconds:, 0 successes, 0 failures, 0 quarantines, 0 unlinks, 0 errors, 0 redirects (pid: 14)
Jun 9 08:14:36 standalone object-server[188991]: Object update sweep of d1 completed: 0.00s, 0 successes, 0 failures, 0 quarantines, 0 unlinks, 0 errors, 0 redirects
Jun 9 08:14:36 standalone object-server[115092]: Object update sweep completed: 0.06s
Jun 9 08:15:35 standalone account-server[114812]: 172.20.0.100 - - [09/Jun/2026:08:15:35 +0000] "HEAD /d1/601/.expiring_objects" 404 - "HEAD http://localhost/v1/.expiring_objects?format=json" "tx0f09de90f145476c8465b-006a27cba7" "proxy-server 2" 0.0007 "-" 23 -
Jun 9 08:15:35 standalone object-expirer[114805]: Pass completed in 0s; 0 objects expired (txn: tx0f09de90f145476c8465b-006a27cba7)
Jun 9 08:16:40 standalone account-server[114795]: 172.20.0.100 - - [09/Jun/2026:08:16:40 +0000] "HEAD /d1/601/.expiring_objects" 404 - "HEAD http://localhost/v1/.expiring_objects?format=json" "tx7032a8639f694156a8f5b-006a27cbe8" "proxy-server 2" 0.0009 "-" 20 -
Jun 9 08:16:40 standalone object-expirer[114805]: Pass completed in 0s; 0 objects expired (txn: tx7032a8639f694156a8f5b-006a27cbe8)
Jun 9 08:18:52 standalone container-server[114739]: Begin container update sweep
Jun 9 08:18:52 standalone container-server[114739]: Container update sweep completed: 0.07s
Jun 9 08:19:09 standalone account-server[114428]: Devices pass completed: 0.00s
Jun 9 08:19:36 standalone object-server[115092]: Begin object update sweep
Jun 9 08:19:36 standalone object-server[215788]: Object update sweep starting on /srv/node/d1 (pid: 15)
Jun 9 08:19:36 standalone object-server[215788]: Object update sweep completed on /srv/node/d1 in 0.00s seconds:, 0 successes, 0 failures, 0 quarantines, 0 unlinks, 0 errors, 0 redirects (pid: 15)
Jun 9 08:19:36 standalone object-server[215788]: Object update sweep of d1 completed: 0.00s, 0 successes, 0 failures, 0 quarantines, 0 unlinks, 0 errors, 0 redirects
Jun 9 08:19:36 standalone object-server[115092]: Object update sweep completed: 0.08s
Jun 9 08:20:17 standalone account-server[114812]: 172.20.0.100 - - [09/Jun/2026:08:20:17 +0000] "HEAD /d1/601/.expiring_objects" 404 - "HEAD http://localhost/v1/.expiring_objects?format=json" "tx934e00230fc74ff5979d5-006a27ccc1" "proxy-server 2" 0.0006 "-" 23 -
Jun 9 08:20:17 standalone object-expirer[114805]: Pass completed in 0s; 0 objects expired (txn: tx934e00230fc74ff5979d5-006a27ccc1)
Jun 9 08:23:52 standalone container-server[114739]: Begin container update sweep
Jun 9 08:23:52 standalone container-server[114739]: Container update sweep completed: 0.07s
Jun 9 08:24:36 standalone object-server[115092]: Begin object update sweep
Jun 9 08:24:36 standalone object-server[235066]: Object update sweep starting on /srv/node/d1 (pid: 16)
Jun 9 08:24:36 standalone object-server[235066]: Object update sweep completed on /srv/node/d1 in 0.00s seconds:, 0 successes, 0 failures, 0 quarantines, 0 unlinks, 0 errors, 0 redirects (pid: 16)
Jun 9 08:24:36 standalone object-server[235066]: Object update sweep of d1 completed: 0.00s, 0 successes, 0 failures, 0 quarantines, 0 unlinks, 0 errors, 0 redirects
Jun 9 08:24:36 standalone object-server[115092]: Object update sweep completed: 0.06s
Jun 9 08:25:16 standalone account-server[114803]: 172.20.0.100 - - [09/Jun/2026:08:25:16 +0000] "HEAD /d1/601/.expiring_objects" 404 - "HEAD http://localhost/v1/.expiring_objects?format=json" "tx7efcaddfa6aa494bbc061-006a27cdec" "proxy-server 2" 0.0006 "-" 22 -
Jun 9 08:25:16 standalone object-expirer[114805]: Pass completed in 0s; 0 objects expired (txn: tx7efcaddfa6aa494bbc061-006a27cdec)
Jun 9 08:25:49 standalone account-server[114795]: 172.20.0.31 - - [09/Jun/2026:08:25:49 +0000] "HEAD /d1/491/AUTH_af82de09b2384ed68c6438a39237051d" 404 - "HEAD http://swift-public-openstack.apps-crc.testing/v1/AUTH_af82de09b2384ed68c6438a39237051d?format=json" "tx49a0bc0637f04223a9491-006a27ce0d" "proxy-server 6" 0.0008 "-" 20 -
Jun 9 08:25:50 standalone account-server[114797]: 172.20.0.31 - - [09/Jun/2026:08:25:50 +0000] "GET /d1/491/AUTH_af82de09b2384ed68c6438a39237051d" 404 - "GET http://swift-public-openstack.apps-crc.testing/v1/AUTH_af82de09b2384ed68c6438a39237051d?format=json" "tx49a0bc0637f04223a9491-006a27ce0d" "proxy-server 6" 0.0005 "-" 21 -
Jun 9 08:27:57 standalone account-server[114803]: 172.20.0.100 - - [09/Jun/2026:08:27:57 +0000] "HEAD /d1/601/.expiring_objects" 404 - "HEAD http://localhost/v1/.expiring_objects?format=json" "tx6ab6420261b4439495ab9-006a27ce8d" "proxy-server 2" 0.0008 "-" 22 -
Jun 9 08:27:57 standalone object-expirer[114805]: Pass completed in 0s; 0 objects expired (txn: tx6ab6420261b4439495ab9-006a27ce8d)
Jun 9 08:27:59 standalone account-server[114797]: 172.20.0.100 - - [09/Jun/2026:08:27:59 +0000] "HEAD /d1/601/.expiring_objects" 404 - "HEAD http://localhost/v1/.expiring_objects?format=json" "tx5e0d5aabf7b4411da1f2e-006a27ce8f" "proxy-server 2" 0.0005 "-" 21 -
Jun 9 08:27:59 standalone object-expirer[114805]: Pass completed in 0s; 0 objects expired (txn: tx5e0d5aabf7b4411da1f2e-006a27ce8f)
Jun 9 08:28:52 standalone container-server[114739]: Begin container update sweep
Jun 9 08:28:52 standalone container-server[114739]: Container update sweep completed: 0.11s
Jun 9 08:28:57 standalone account-server[114812]: 172.20.0.100 - - [09/Jun/2026:08:28:57 +0000] "HEAD /d1/601/.expiring_objects" 404 - "HEAD http://localhost/v1/.expiring_objects?format=json" "tx03590fc2c6974606a8bfb-006a27cec9" "proxy-server 2" 0.0006 "-" 23 -
Jun 9 08:28:57 standalone object-expirer[114805]: Pass completed in 0s; 0 objects expired (txn: tx03590fc2c6974606a8bfb-006a27cec9)
Jun 9 08:29:36 standalone object-server[115092]: Begin object update sweep
Jun 9 08:29:36 standalone object-server[254484]: Object update sweep starting on /srv/node/d1 (pid: 17)
Jun 9 08:29:36 standalone object-server[254484]: Object update sweep completed on /srv/node/d1 in 0.00s seconds:, 0 successes, 0 failures, 0 quarantines, 0 unlinks, 0 errors, 0 redirects (pid: 17)
Jun 9 08:29:36 standalone object-server[254484]: Object update sweep of d1 completed: 0.00s, 0 successes, 0 failures, 0 quarantines, 0 unlinks, 0 errors, 0 redirects
Jun 9 08:29:36 standalone object-server[115092]: Object update sweep completed: 0.08s
Jun 9 08:31:30 standalone account-server[114803]: 172.20.0.100 - - [09/Jun/2026:08:31:30 +0000] "HEAD /d1/601/.expiring_objects" 404 - "HEAD http://localhost/v1/.expiring_objects?format=json" "txe1e3242973e84282b182a-006a27cf62" "proxy-server 2" 0.0005 "-" 22 -
Jun 9 08:31:30 standalone object-expirer[114805]: Pass completed in 0s; 0 objects expired (txn: txe1e3242973e84282b182a-006a27cf62)
Jun 9 08:33:52 standalone container-server[114739]: Begin container update sweep
Jun 9 08:33:52 standalone container-server[114739]: Container update sweep completed: 0.08s
Jun 9 08:34:36 standalone object-server[115092]: Begin object update sweep
Jun 9 08:34:36 standalone object-server[273806]: Object update sweep starting on /srv/node/d1 (pid: 18)
Jun 9 08:34:36 standalone object-server[273806]: Object update sweep completed on /srv/node/d1 in 0.00s seconds:, 0 successes, 0 failures, 0 quarantines, 0 unlinks, 0 errors, 0 redirects (pid: 18)
Jun 9 08:34:36 standalone object-server[273806]: Object update sweep of d1 completed: 0.00s, 0 successes, 0 failures, 0 quarantines, 0 unlinks, 0 errors, 0 redirects
Jun 9 08:34:36 standalone object-server[115092]: Object update sweep completed: 0.06s
Jun 9 08:36:02 standalone account-server[114797]: 172.20.0.100 - - [09/Jun/2026:08:36:02 +0000] "HEAD /d1/601/.expiring_objects" 404 - "HEAD http://localhost/v1/.expiring_objects?format=json" "tx917d6b3d2c414b268bd8a-006a27d072" "proxy-server 2" 0.0006 "-" 21 -
Jun 9 08:36:02 standalone object-expirer[114805]: Pass completed in 0s; 0 objects expired (txn: tx917d6b3d2c414b268bd8a-006a27d072)
Jun 9 08:37:13 standalone account-server[114797]: 172.20.0.31 - - [09/Jun/2026:08:37:13 +0000] "HEAD /d1/898/AUTH_5dbe03b74cb8495399263bd45be118c8" 404 - "HEAD http://swift-internal.openstack.svc:8080/v1/AUTH_5dbe03b74cb8495399263bd45be118c8?format=json" "tx71e2a4d33d0c44459bd0a-006a27d0b8" "proxy-server 10" 0.0009 "-" 21 -
Jun 9 08:37:13 standalone account-server[114812]: 172.20.0.31 - - [09/Jun/2026:08:37:13 +0000] "GET /d1/898/AUTH_5dbe03b74cb8495399263bd45be118c8" 404 - "GET http://swift-internal.openstack.svc:8080/v1/AUTH_5dbe03b74cb8495399263bd45be118c8?format=json" "tx71e2a4d33d0c44459bd0a-006a27d0b8" "proxy-server 10" 0.0006 "-" 23 -
Jun 9 08:37:13 standalone account-server[114803]: 172.20.0.31 - - [09/Jun/2026:08:37:13 +0000] "HEAD /d1/491/AUTH_af82de09b2384ed68c6438a39237051d" 404 - "HEAD http://swift-internal.openstack.svc:8080/v1/AUTH_af82de09b2384ed68c6438a39237051d?format=json" "tx1b3955e6bfac401a8cb03-006a27d0b9" "proxy-server 10" 0.0003 "-" 22 -
Jun 9 08:37:13 standalone account-server[114797]: 172.20.0.31 - - [09/Jun/2026:08:37:13 +0000] "GET /d1/491/AUTH_af82de09b2384ed68c6438a39237051d" 404 - "GET http://swift-internal.openstack.svc:8080/v1/AUTH_af82de09b2384ed68c6438a39237051d?format=json" "tx1b3955e6bfac401a8cb03-006a27d0b9" "proxy-server 10" 0.0003 "-" 21 -
Jun 9 08:37:13 standalone account-server[114795]: 172.20.0.31 - - [09/Jun/2026:08:37:13 +0000] "HEAD /d1/730/AUTH_cdcbd67cf2994a39a5648e55cd84ae95" 404 - "HEAD http://swift-internal.openstack.svc:8080/v1/AUTH_cdcbd67cf2994a39a5648e55cd84ae95?format=json" "tx1061aecc1de94cec8703e-006a27d0b9" "proxy-server 10" 0.0006 "-" 20 -
Jun 9 08:37:13 standalone account-server[114797]: 172.20.0.31 - - [09/Jun/2026:08:37:13 +0000] "GET /d1/730/AUTH_cdcbd67cf2994a39a5648e55cd84ae95" 404 - "GET http://swift-internal.openstack.svc:8080/v1/AUTH_cdcbd67cf2994a39a5648e55cd84ae95?format=json" "tx1061aecc1de94cec8703e-006a27d0b9" "proxy-server 10" 0.0003 "-" 21 -
Jun 9 08:37:13 standalone account-server[114795]: 172.20.0.31 - - [09/Jun/2026:08:37:13 +0000] "HEAD /d1/496/AUTH_ce2daa5848f548f18609c268e0aefd63" 204 - "HEAD http://swift-internal.openstack.svc:8080/v1/AUTH_ce2daa5848f548f18609c268e0aefd63?format=json" "tx4d6701deca8a4f868cbf9-006a27d0b9" "proxy-server 8" 0.0070 "-" 20 -
Jun 9 08:37:14 standalone account-server[114797]: 172.20.0.31 - - [09/Jun/2026:08:37:14 +0000] "GET /d1/496/AUTH_ce2daa5848f548f18609c268e0aefd63" 200 98 "GET http://swift-internal.openstack.svc:8080/v1/AUTH_ce2daa5848f548f18609c268e0aefd63?format=json" "tx4d6701deca8a4f868cbf9-006a27d0b9" "proxy-server 8" 0.0019 "-" 21 -
Jun 9 08:37:14 standalone account-server[114812]: 172.20.0.31 - - [09/Jun/2026:08:37:14 +0000] "HEAD /d1/898/AUTH_5dbe03b74cb8495399263bd45be118c8" 404 - "HEAD http://swift-internal.openstack.svc:8080/v1/AUTH_5dbe03b74cb8495399263bd45be118c8?format=json" "tx44951850ebff45f7a978f-006a27d0ba" "proxy-server 9" 0.0005 "-" 23 -
Jun 9 08:37:14 standalone account-server[114797]: 172.20.0.31 - - [09/Jun/2026:08:37:14 +0000] "HEAD /d1/491/AUTH_af82de09b2384ed68c6438a39237051d" 404 - "HEAD http://swift-internal.openstack.svc:8080/v1/AUTH_af82de09b2384ed68c6438a39237051d?format=json" "txb339e7a13be14dcb9b546-006a27d0ba" "proxy-server 10" 0.0005 "-" 21 -
Jun 9 08:37:14 standalone account-server[114812]: 172.20.0.31 - - [09/Jun/2026:08:37:14 +0000] "HEAD /d1/730/AUTH_cdcbd67cf2994a39a5648e55cd84ae95" 404 - "HEAD http://swift-internal.openstack.svc:8080/v1/AUTH_cdcbd67cf2994a39a5648e55cd84ae95?format=json" "tx7ab6df5b0cd44e5eb86ec-006a27d0ba" "proxy-server 10" 0.0006 "-" 23 -
Jun 9 08:37:15 standalone account-server[114812]: 172.20.0.31 - - [09/Jun/2026:08:37:15 +0000] "HEAD /d1/496/AUTH_ce2daa5848f548f18609c268e0aefd63" 204 - "HEAD http://swift-internal.openstack.svc:8080/v1/AUTH_ce2daa5848f548f18609c268e0aefd63?format=json" "tx1ee3ba4030f64799aab95-006a27d0ba" "proxy-server 15" 0.0023 "-" 23 -
Jun 9 08:37:42 standalone account-server[114795]: 172.20.0.31 - - [09/Jun/2026:08:37:42 +0000] "GET /d1/898/AUTH_5dbe03b74cb8495399263bd45be118c8" 404 - "GET http://swift-internal.openstack.svc:8080/v1/AUTH_5dbe03b74cb8495399263bd45be118c8?format=json" "tx4aa6548f5e8a4e5bb5236-006a27d0d5" "proxy-server 15" 0.0006 "-" 20 -
Jun 9 08:37:42 standalone account-server[114812]: 172.20.0.31 - - [09/Jun/2026:08:37:42 +0000] "GET /d1/491/AUTH_af82de09b2384ed68c6438a39237051d" 404 - "GET http://swift-internal.openstack.svc:8080/v1/AUTH_af82de09b2384ed68c6438a39237051d?format=json" "txa4f09e072e8749c9af5c4-006a27d0d6" "proxy-server 9" 0.0003 "-" 23 -
Jun 9 08:37:42 standalone account-server[114803]: 172.20.0.31 - - [09/Jun/2026:08:37:42 +0000] "GET /d1/730/AUTH_cdcbd67cf2994a39a5648e55cd84ae95" 404 - "GET http://swift-internal.openstack.svc:8080/v1/AUTH_cdcbd67cf2994a39a5648e55cd84ae95?format=json" "tx4a5694ccbc234fdbbee60-006a27d0d6" "proxy-server 15" 0.0003 "-" 22 -
Jun 9 08:37:42 standalone account-server[114795]: 172.20.0.31 - - [09/Jun/2026:08:37:42 +0000] "GET /d1/496/AUTH_ce2daa5848f548f18609c268e0aefd63" 200 98 "GET http://swift-internal.openstack.svc:8080/v1/AUTH_ce2daa5848f548f18609c268e0aefd63?format=json" "tx3c6f8705674e4971ba5cf-006a27d0d6" "proxy-server 8" 0.0031 "-" 20 -
Jun 9 08:37:43 standalone account-server[114795]: 172.20.0.31 - - [09/Jun/2026:08:37:43 +0000] "HEAD /d1/898/AUTH_5dbe03b74cb8495399263bd45be118c8" 404 - "HEAD http://swift-internal.openstack.svc:8080/v1/AUTH_5dbe03b74cb8495399263bd45be118c8?format=json" "txdc5a9e7a41274c6fb1bec-006a27d0d7" "proxy-server 15" 0.0005 "-" 20 -
Jun 9 08:37:43 standalone account-server[114812]: 172.20.0.31 - - [09/Jun/2026:08:37:43 +0000] "HEAD /d1/491/AUTH_af82de09b2384ed68c6438a39237051d" 404 - "HEAD http://swift-internal.openstack.svc:8080/v1/AUTH_af82de09b2384ed68c6438a39237051d?format=json" "txca75a66e68f24613bbea1-006a27d0d7" "proxy-server 15" 0.0002 "-" 23 -
Jun 9 08:37:43 standalone account-server[114812]: 172.20.0.31 - - [09/Jun/2026:08:37:43 +0000] "HEAD /d1/730/AUTH_cdcbd67cf2994a39a5648e55cd84ae95" 404 - "HEAD http://swift-internal.openstack.svc:8080/v1/AUTH_cdcbd67cf2994a39a5648e55cd84ae95?format=json" "tx7408cec19ee243ef8b4b2-006a27d0d7" "proxy-server 15" 0.0003 "-" 23 -
Jun 9 08:37:43 standalone account-server[114812]: 172.20.0.31 - - [09/Jun/2026:08:37:43 +0000] "HEAD /d1/496/AUTH_ce2daa5848f548f18609c268e0aefd63" 204 - "HEAD http://swift-internal.openstack.svc:8080/v1/AUTH_ce2daa5848f548f18609c268e0aefd63?format=json" "tx75fc1628d7784805888f4-006a27d0d7" "proxy-server 8" 0.0016 "-" 23 -
Jun 9 08:37:49 standalone account-server[114803]: 172.20.0.31 - - [09/Jun/2026:08:37:49 +0000] "HEAD /d1/898/AUTH_5dbe03b74cb8495399263bd45be118c8" 404 - "HEAD http://swift-internal.openstack.svc:8080/v1/AUTH_5dbe03b74cb8495399263bd45be118c8?format=json" "tx3f10cdd7ce1b4eb7b5bf9-006a27d0dd" "proxy-server 8" 0.0005 "-" 22 -
Jun 9 08:37:49 standalone account-server[114803]: 172.20.0.31 - - [09/Jun/2026:08:37:49 +0000] "HEAD /d1/491/AUTH_af82de09b2384ed68c6438a39237051d" 404 - "HEAD http://swift-internal.openstack.svc:8080/v1/AUTH_af82de09b2384ed68c6438a39237051d?format=json" "txd3dff87104fb44de9dc42-006a27d0dd" "proxy-server 9" 0.0004 "-" 22 -
Jun 9 08:37:49 standalone account-server[114812]: 172.20.0.31 - - [09/Jun/2026:08:37:49 +0000] "HEAD /d1/730/AUTH_cdcbd67cf2994a39a5648e55cd84ae95" 404 - "HEAD http://swift-internal.openstack.svc:8080/v1/AUTH_cdcbd67cf2994a39a5648e55cd84ae95?format=json" "tx67b65972534e47cb967a1-006a27d0dd" "proxy-server 10" 0.0004 "-" 23 -
Jun 9 08:37:49 standalone account-server[114803]: 172.20.0.31 - - [09/Jun/2026:08:37:49 +0000] "HEAD /d1/496/AUTH_ce2daa5848f548f18609c268e0aefd63" 204 - "HEAD http://swift-internal.openstack.svc:8080/v1/AUTH_ce2daa5848f548f18609c268e0aefd63?format=json" "txe7f43c0a82514f609d697-006a27d0dd" "proxy-server 9" 0.0016 "-" 22 -
Jun 9 08:37:52 standalone account-server[114803]: 172.20.0.31 - - [09/Jun/2026:08:37:52 +0000] "GET /d1/898/AUTH_5dbe03b74cb8495399263bd45be118c8" 404 - "GET http://swift-internal.openstack.svc:8080/v1/AUTH_5dbe03b74cb8495399263bd45be118c8?format=json" "tx8abdebc62ab04bdb9f675-006a27d0e0" "proxy-server 9" 0.0008 "-" 22 -
Jun 9 08:37:52 standalone account-server[114803]: 172.20.0.31 - - [09/Jun/2026:08:37:52 +0000] "GET /d1/491/AUTH_af82de09b2384ed68c6438a39237051d" 404 - "GET http://swift-internal.openstack.svc:8080/v1/AUTH_af82de09b2384ed68c6438a39237051d?format=json" "tx8677e63b6ef44d0b9a52b-006a27d0e0" "proxy-server 10" 0.0004 "-" 22 -
Jun 9 08:37:52 standalone account-server[114795]: 172.20.0.31 - - [09/Jun/2026:08:37:52 +0000] "GET /d1/730/AUTH_cdcbd67cf2994a39a5648e55cd84ae95" 404 - "GET http://swift-internal.openstack.svc:8080/v1/AUTH_cdcbd67cf2994a39a5648e55cd84ae95?format=json" "txc49ca39a5a6944a3a6d93-006a27d0e0" "proxy-server 10" 0.0006 "-" 20 -
Jun 9 08:37:52 standalone account-server[114797]: 172.20.0.31 - - [09/Jun/2026:08:37:52 +0000] "GET /d1/496/AUTH_ce2daa5848f548f18609c268e0aefd63" 200 98 "GET http://swift-internal.openstack.svc:8080/v1/AUTH_ce2daa5848f548f18609c268e0aefd63?format=json" "txf244e8df38084beda85ea-006a27d0e0" "proxy-server 10" 0.0019 "-" 21 -
Jun 9 08:38:34 standalone account-server[114803]: 172.20.0.31 - - [09/Jun/2026:08:38:34 +0000] "GET /d1/898/AUTH_5dbe03b74cb8495399263bd45be118c8" 404 - "GET http://swift-internal.openstack.svc:8080/v1/AUTH_5dbe03b74cb8495399263bd45be118c8?format=json" "txeae155829b554683b9e18-006a27d10a" "proxy-server 10" 0.0006 "-" 22 -
Jun 9 08:38:34 standalone account-server[114812]: 172.20.0.31 - - [09/Jun/2026:08:38:34 +0000] "GET /d1/491/AUTH_af82de09b2384ed68c6438a39237051d" 404 - "GET http://swift-internal.openstack.svc:8080/v1/AUTH_af82de09b2384ed68c6438a39237051d?format=json" "txfa146405479543c68e0af-006a27d10a" "proxy-server 15" 0.0005 "-" 23 -
Jun 9 08:38:34 standalone account-server[114803]: 172.20.0.31 - - [09/Jun/2026:08:38:34 +0000] "GET /d1/730/AUTH_cdcbd67cf2994a39a5648e55cd84ae95" 404 - "GET http://swift-internal.openstack.svc:8080/v1/AUTH_cdcbd67cf2994a39a5648e55cd84ae95?format=json" "tx4dfa593c2fb34c7985303-006a27d10a" "proxy-server 15" 0.0004 "-" 22 -
Jun 9 08:38:34 standalone account-server[114795]: 172.20.0.31 - - [09/Jun/2026:08:38:34 +0000] "GET /d1/496/AUTH_ce2daa5848f548f18609c268e0aefd63" 200 98 "GET http://swift-internal.openstack.svc:8080/v1/AUTH_ce2daa5848f548f18609c268e0aefd63?format=json" "txf82f3650c80f42eeb5dab-006a27d10a" "proxy-server 9" 0.0032 "-" 20 -
Jun 9 08:38:35 standalone account-server[114797]: 172.20.0.31 - - [09/Jun/2026:08:38:35 +0000] "HEAD /d1/898/AUTH_5dbe03b74cb8495399263bd45be118c8" 404 - "HEAD http://swift-internal.openstack.svc:8080/v1/AUTH_5dbe03b74cb8495399263bd45be118c8?format=json" "txb2be4440be924e4883733-006a27d10b" "proxy-server 10" 0.0005 "-" 21 -
Jun 9 08:38:35 standalone account-server[114795]: 172.20.0.31 - - [09/Jun/2026:08:38:35 +0000] "HEAD /d1/491/AUTH_af82de09b2384ed68c6438a39237051d" 404 - "HEAD http://swift-internal.openstack.svc:8080/v1/AUTH_af82de09b2384ed68c6438a39237051d?format=json" "txfa95a805814b41f59ce49-006a27d10b" "proxy-server 10" 0.0005 "-" 20 -
Jun 9 08:38:35 standalone account-server[114797]: 172.20.0.31 - - [09/Jun/2026:08:38:35 +0000] "HEAD /d1/730/AUTH_cdcbd67cf2994a39a5648e55cd84ae95" 404 - "HEAD http://swift-internal.openstack.svc:8080/v1/AUTH_cdcbd67cf2994a39a5648e55cd84ae95?format=json" "txba9a981a2937431fb3b04-006a27d10b" "proxy-server 12" 0.0003 "-" 21 -
Jun 9 08:38:35 standalone account-server[114812]: 172.20.0.31 - - [09/Jun/2026:08:38:35 +0000] "HEAD /d1/496/AUTH_ce2daa5848f548f18609c268e0aefd63" 204 - "HEAD http://swift-internal.openstack.svc:8080/v1/AUTH_ce2daa5848f548f18609c268e0aefd63?format=json" "tx86f03fbea102462f84b07-006a27d10b" "proxy-server 10" 0.0022 "-" 23 -
Jun 9 08:38:52 standalone container-server[114739]: Begin container update sweep
Jun 9 08:38:52 standalone container-server[114739]: Container update sweep completed: 0.07s
Jun 9 08:39:36 standalone object-server[115092]: Begin object update sweep
Jun 9 08:39:36 standalone object-server[291064]: Object update sweep starting on /srv/node/d1 (pid: 19)
Jun 9 08:39:36 standalone object-server[291064]: Object update sweep completed on /srv/node/d1 in 0.00s seconds:, 0 successes, 0 failures, 0 quarantines, 0 unlinks, 0 errors, 0 redirects (pid: 19)
Jun 9 08:39:36 standalone object-server[291064]: Object update sweep of d1 completed: 0.00s, 0 successes, 0 failures, 0 quarantines, 0 unlinks, 0 errors, 0 redirects
Jun 9 08:39:36 standalone object-server[115092]: Object update sweep completed: 0.07s
Jun 9 08:39:50 standalone account-server[114812]: 172.20.0.100 - - [09/Jun/2026:08:39:50 +0000] "HEAD /d1/601/.expiring_objects" 404 - "HEAD http://localhost/v1/.expiring_objects?format=json" "tx58644e8e3e1f4aa78c9be-006a27d156" "proxy-server 2" 0.0008 "-" 23 -
Jun 9 08:39:50 standalone object-expirer[114805]: Pass completed in 0s; 0 objects expired (txn: tx58644e8e3e1f4aa78c9be-006a27d156)
Jun 9 08:43:34 standalone account-server[114803]: 172.20.0.31 - - [09/Jun/2026:08:43:34 +0000] "HEAD /d1/898/AUTH_5dbe03b74cb8495399263bd45be118c8" 404 - "HEAD http://swift-internal.openstack.svc:8080/v1/AUTH_5dbe03b74cb8495399263bd45be118c8?format=json" "tx9184f89fb44549a1924f2-006a27d236" "proxy-server 15" 0.0008 "-" 22 -
Jun 9 08:43:34 standalone account-server[114795]: 172.20.0.31 - - [09/Jun/2026:08:43:34 +0000] "HEAD /d1/898/AUTH_5dbe03b74cb8495399263bd45be118c8" 404 - "HEAD http://swift-internal.openstack.svc:8080/v1/AUTH_5dbe03b74cb8495399263bd45be118c8?format=json" "tx9184f89fb44549a1924f2-006a27d236" "proxy-server 15" 0.0006 "-" 20 -
Jun 9 08:43:34 standalone account-server[114803]: 172.20.0.31 - - [09/Jun/2026:08:43:34 +0000] "HEAD /d1/491/AUTH_af82de09b2384ed68c6438a39237051d" 404 - "HEAD http://swift-internal.openstack.svc:8080/v1/AUTH_af82de09b2384ed68c6438a39237051d?format=json" "tx413068fb6a0048cbb0ad8-006a27d236" "proxy-server 15" 0.0004 "-" 22 -
Jun 9 08:43:34 standalone account-server[114797]: 172.20.0.31 - - [09/Jun/2026:08:43:34 +0000] "HEAD /d1/491/AUTH_af82de09b2384ed68c6438a39237051d" 404 - "HEAD http://swift-internal.openstack.svc:8080/v1/AUTH_af82de09b2384ed68c6438a39237051d?format=json" "tx413068fb6a0048cbb0ad8-006a27d236" "proxy-server 15" 0.0003 "-" 21 -
Jun 9 08:43:34 standalone account-server[114803]: 172.20.0.31 - - [09/Jun/2026:08:43:34 +0000] "HEAD /d1/730/AUTH_cdcbd67cf2994a39a5648e55cd84ae95" 404 - "HEAD http://swift-internal.openstack.svc:8080/v1/AUTH_cdcbd67cf2994a39a5648e55cd84ae95?format=json" "tx74cda404f807497982e90-006a27d236" "proxy-server 10" 0.0005 "-" 22 -
Jun 9 08:43:34 standalone account-server[114795]: 172.20.0.31 - - [09/Jun/2026:08:43:34 +0000] "HEAD /d1/730/AUTH_cdcbd67cf2994a39a5648e55cd84ae95" 404 - "HEAD http://swift-internal.openstack.svc:8080/v1/AUTH_cdcbd67cf2994a39a5648e55cd84ae95?format=json" "tx74cda404f807497982e90-006a27d236" "proxy-server 10" 0.0004 "-" 20 -
Jun 9 08:43:34 standalone account-server[114803]: 172.20.0.31 - - [09/Jun/2026:08:43:34 +0000] "HEAD /d1/496/AUTH_ce2daa5848f548f18609c268e0aefd63" 204 - "HEAD http://swift-internal.openstack.svc:8080/v1/AUTH_ce2daa5848f548f18609c268e0aefd63?format=json" "txd3e994526af740a2b45c5-006a27d236" "proxy-server 10" 0.0023 "-" 22 -
Jun 9 08:43:34 standalone account-server[114803]: 172.20.0.31 - - [09/Jun/2026:08:43:34 +0000] "HEAD /d1/496/AUTH_ce2daa5848f548f18609c268e0aefd63" 204 - "HEAD http://swift-internal.openstack.svc:8080/v1/AUTH_ce2daa5848f548f18609c268e0aefd63?format=json" "txd3e994526af740a2b45c5-006a27d236" "proxy-server 10" 0.0019 "-" 22 -
Jun 9 08:43:35 standalone account-server[114803]: 172.20.0.31 - - [09/Jun/2026:08:43:35 +0000] "GET /d1/898/AUTH_5dbe03b74cb8495399263bd45be118c8" 404 - "GET http://swift-internal.openstack.svc:8080/v1/AUTH_5dbe03b74cb8495399263bd45be118c8?format=json" "tx9f4b5521d27347c9b83af-006a27d237" "proxy-server 10" 0.0005 "-" 22 -
Jun 9 08:43:35 standalone account-server[114795]: 172.20.0.31 - - [09/Jun/2026:08:43:35 +0000] "GET /d1/491/AUTH_af82de09b2384ed68c6438a39237051d" 404 - "GET http://swift-internal.openstack.svc:8080/v1/AUTH_af82de09b2384ed68c6438a39237051d?format=json" "tx235a42165c294743b13a6-006a27d237" "proxy-server 15" 0.0003 "-" 20 -
Jun 9 08:43:35 standalone account-server[114795]: 172.20.0.31 - - [09/Jun/2026:08:43:35 +0000] "GET /d1/730/AUTH_cdcbd67cf2994a39a5648e55cd84ae95" 404 - "GET http://swift-internal.openstack.svc:8080/v1/AUTH_cdcbd67cf2994a39a5648e55cd84ae95?format=json" "tx19e642fdb57b4be0bb314-006a27d237" "proxy-server 10" 0.0003 "-" 20 -
Jun 9 08:43:35 standalone account-server[114812]: 172.20.0.31 - - [09/Jun/2026:08:43:35 +0000] "GET /d1/496/AUTH_ce2daa5848f548f18609c268e0aefd63" 200 98 "GET http://swift-internal.openstack.svc:8080/v1/AUTH_ce2daa5848f548f18609c268e0aefd63?format=json" "tx9b438c3f55d54d5d8ea95-006a27d237" "proxy-server 10" 0.0029 "-" 23 -
Jun 9 08:43:49 standalone account-server[114803]: 172.20.0.100 - - [09/Jun/2026:08:43:49 +0000] "HEAD /d1/601/.expiring_objects" 404 - "HEAD http://localhost/v1/.expiring_objects?format=json" "txfa9e2b0992cf4f4d90187-006a27d245" "proxy-server 2" 0.0006 "-" 22 -
Jun 9 08:43:49 standalone object-expirer[114805]: Pass completed in 0s; 0 objects expired (txn: txfa9e2b0992cf4f4d90187-006a27d245)
Jun 9 08:43:52 standalone container-server[114739]: Begin container update sweep
Jun 9 08:43:52 standalone container-server[114739]: Container update sweep completed: 0.08s
