Jun 11 17:19:53 standalone container-server[128071]: 172.20.0.100 - - [11/Jun/2026:17:19:53 +0000] "HEAD /d1/434/AUTH_e169406919034ddc8a39593c0a9539f0/gnocchi.e0c30ab1-9239-478c-868b-8d684da3549b" 204 - "HEAD http://172.18.0.2:8080/v1/AUTH_e169406919034ddc8a39593c0a9539f0/gnocchi.e0c30ab1-9239-478c-868b-8d684da3549b?format=json&states=listing" "txc91f15c9ac134dbab6b56-006a2aee39" "proxy-server 20" 0.0012 "-" 21 0
Jun 11 17:19:53 standalone proxy-server[130048]: - - 11/Jun/2026/17/19/53 HEAD /v1/AUTH_e169406919034ddc8a39593c0a9539f0/gnocchi.e0c30ab1-9239-478c-868b-8d684da3549b%3Fformat%3Djson%26states%3Dlisting HTTP/1.0 204 - Swift - - - - txc91f15c9ac134dbab6b56-006a2aee39 - 0.0038 RL - 1781198393.372905731 1781198393.376745701 0
Jun 11 17:19:53 standalone container-server[128066]: 172.20.0.100 - - [11/Jun/2026:17:19:53 +0000] "GET /d1/434/AUTH_e169406919034ddc8a39593c0a9539f0/gnocchi.e0c30ab1-9239-478c-868b-8d684da3549b" 200 2 "GET http://172.18.0.2:8080/v1/AUTH_e169406919034ddc8a39593c0a9539f0/gnocchi.e0c30ab1-9239-478c-868b-8d684da3549b?format=json&states=listing" "txc91f15c9ac134dbab6b56-006a2aee39" "proxy-server 20" 0.0016 "-" 20 0
Jun 11 17:19:53 standalone proxy-server[130048]: 172.18.0.2 172.18.0.100 11/Jun/2026/17/19/53 GET /v1/AUTH_e169406919034ddc8a39593c0a9539f0/gnocchi.e0c30ab1-9239-478c-868b-8d684da3549b%3Fformat%3Djson%26states%3Dlisting HTTP/1.0 200 - python-swiftclient-3.11.1 gAAAAABqKu292LCK... - 2 - txc91f15c9ac134dbab6b56-006a2aee39 - 0.0108 - - 1781198393.371968508 1781198393.382785797 0
Jun 11 17:19:53 standalone object-server[128295]: 172.20.0.100 - - [11/Jun/2026:17:19:53 +0000] "GET /d1/210/AUTH_e169406919034ddc8a39593c0a9539f0/gnocchi.e0c30ab1-9239-478c-868b-8d684da3549b/1780920000.0_mean_300.0_v3" 404 70 "GET http://172.18.0.2:8080/v1/AUTH_e169406919034ddc8a39593c0a9539f0/gnocchi.e0c30ab1-9239-478c-868b-8d684da3549b/1780920000.0_mean_300.0_v3" "txc829a5b492a643cd8491f-006a2aee39" "proxy-server 20" 0.0032 "-" 22 0
Jun 11 17:19:53 standalone proxy-server[130048]: 172.18.0.2 172.18.0.100 11/Jun/2026/17/19/53 GET /v1/AUTH_e169406919034ddc8a39593c0a9539f0/gnocchi.e0c30ab1-9239-478c-868b-8d684da3549b/1780920000.0_mean_300.0_v3 HTTP/1.0 404 - python-swiftclient-3.11.1 gAAAAABqKu292LCK... - 70 - txc829a5b492a643cd8491f-006a2aee39 - 0.0118 - - 1781198393.386968613 1781198393.398808002 0
Jun 11 17:19:53 standalone container-server[128066]: 172.20.0.100 - - [11/Jun/2026:17:19:53 +0000] "PUT /d1/434/AUTH_e169406919034ddc8a39593c0a9539f0/gnocchi.e0c30ab1-9239-478c-868b-8d684da3549b/1780920000.0_mean_300.0_v3" 201 - "PUT http://172.18.0.2:8080/d1/210/AUTH_e169406919034ddc8a39593c0a9539f0/gnocchi.e0c30ab1-9239-478c-868b-8d684da3549b/1780920000.0_mean_300.0_v3" "tx5f5c229baf654a66bb8de-006a2aee39" "object-server 22" 0.0012 "-" 20 0
Jun 11 17:19:53 standalone object-server[128295]: 172.20.0.100 - - [11/Jun/2026:17:19:53 +0000] "PUT /d1/210/AUTH_e169406919034ddc8a39593c0a9539f0/gnocchi.e0c30ab1-9239-478c-868b-8d684da3549b/1780920000.0_mean_300.0_v3" 201 - "PUT http://172.18.0.2:8080/v1/AUTH_e169406919034ddc8a39593c0a9539f0/gnocchi.e0c30ab1-9239-478c-868b-8d684da3549b/1780920000.0_mean_300.0_v3" "tx5f5c229baf654a66bb8de-006a2aee39" "proxy-server 20" 0.0141 "-" 22 0
Jun 11 17:19:53 standalone proxy-server[130048]: 172.18.0.2 172.18.0.100 11/Jun/2026/17/19/53 PUT /v1/AUTH_e169406919034ddc8a39593c0a9539f0/gnocchi.e0c30ab1-9239-478c-868b-8d684da3549b/1780920000.0_mean_300.0_v3 HTTP/1.0 201 - python-swiftclient-3.11.1 gAAAAABqKu292LCK... 16 - - tx5f5c229baf654a66bb8de-006a2aee39 - 0.0192 - - 1781198393.401713610 1781198393.420873404 0
Jun 11 17:19:53 standalone container-server[128071]: 172.20.0.100 - - [11/Jun/2026:17:19:53 +0000] "PUT /d1/434/AUTH_e169406919034ddc8a39593c0a9539f0/gnocchi.e0c30ab1-9239-478c-868b-8d684da3549b/none_v3" 201 - "PUT http://172.18.0.2:8080/d1/126/AUTH_e169406919034ddc8a39593c0a9539f0/gnocchi.e0c30ab1-9239-478c-868b-8d684da3549b/none_v3" "tx1867bdbf3f474f109a78e-006a2aee39" "object-server 24" 0.0005 "-" 21 0
Jun 11 17:19:53 standalone object-server[128299]: 172.20.0.100 - - [11/Jun/2026:17:19:53 +0000] "PUT /d1/126/AUTH_e169406919034ddc8a39593c0a9539f0/gnocchi.e0c30ab1-9239-478c-868b-8d684da3549b/none_v3" 201 - "PUT http://172.18.0.2:8080/v1/AUTH_e169406919034ddc8a39593c0a9539f0/gnocchi.e0c30ab1-9239-478c-868b-8d684da3549b/none_v3" "tx1867bdbf3f474f109a78e-006a2aee39" "proxy-server 20" 0.0089 "-" 24 0
Jun 11 17:19:53 standalone proxy-server[130048]: 172.18.0.2 172.18.0.100 11/Jun/2026/17/19/53 PUT /v1/AUTH_e169406919034ddc8a39593c0a9539f0/gnocchi.e0c30ab1-9239-478c-868b-8d684da3549b/none_v3 HTTP/1.0 201 - python-swiftclient-3.11.1 gAAAAABqKu292LCK... 22 - - tx1867bdbf3f474f109a78e-006a2aee39 - 0.0131 - - 1781198393.424492598 1781198393.437641144 0
Jun 11 17:19:53 standalone object-server[128296]: 172.20.0.100 - - [11/Jun/2026:17:19:53 +0000] "GET /d1/617/AUTH_e169406919034ddc8a39593c0a9539f0/gnocchi.7dda01a1-b3eb-4be9-a06f-d03cdb0014f5/none_v3" 200 33 "GET http://172.18.0.2:8080/v1/AUTH_e169406919034ddc8a39593c0a9539f0/gnocchi.7dda01a1-b3eb-4be9-a06f-d03cdb0014f5/none_v3" "tx593b20e7b38d45768aa42-006a2aee39" "proxy-server 20" 0.0009 "-" 23 0
Jun 11 17:19:53 standalone proxy-server[130048]: 172.18.0.2 172.18.0.100 11/Jun/2026/17/19/53 GET /v1/AUTH_e169406919034ddc8a39593c0a9539f0/gnocchi.7dda01a1-b3eb-4be9-a06f-d03cdb0014f5/none_v3 HTTP/1.0 200 - python-swiftclient-3.11.1 gAAAAABqKu292LCK... - 33 - tx593b20e7b38d45768aa42-006a2aee39 - 0.0062 - - 1781198393.506894112 1781198393.513101816 0
Jun 11 17:19:53 standalone container-server[128139]: 172.20.0.100 - - [11/Jun/2026:17:19:53 +0000] "GET /d1/1000/AUTH_e169406919034ddc8a39593c0a9539f0/gnocchi.7dda01a1-b3eb-4be9-a06f-d03cdb0014f5" 200 357 "GET http://172.18.0.2:8080/v1/AUTH_e169406919034ddc8a39593c0a9539f0/gnocchi.7dda01a1-b3eb-4be9-a06f-d03cdb0014f5?format=json&states=listing" "tx9d711cfcac45453c87f6b-006a2aee39" "proxy-server 20" 0.0019 "-" 23 0
Jun 11 17:19:53 standalone proxy-server[130048]: 172.18.0.2 172.18.0.100 11/Jun/2026/17/19/53 GET /v1/AUTH_e169406919034ddc8a39593c0a9539f0/gnocchi.7dda01a1-b3eb-4be9-a06f-d03cdb0014f5%3Fformat%3Djson%26states%3Dlisting HTTP/1.0 200 - python-swiftclient-3.11.1 gAAAAABqKu292LCK... - 357 - tx9d711cfcac45453c87f6b-006a2aee39 - 0.0064 - - 1781198393.515853405 1781198393.522291899 0
Jun 11 17:19:53 standalone container-server[128066]: 172.20.0.100 - - [11/Jun/2026:17:19:53 +0000] "GET /d1/1000/AUTH_e169406919034ddc8a39593c0a9539f0/gnocchi.7dda01a1-b3eb-4be9-a06f-d03cdb0014f5" 200 2 "GET http://172.18.0.2:8080/v1/AUTH_e169406919034ddc8a39593c0a9539f0/gnocchi.7dda01a1-b3eb-4be9-a06f-d03cdb0014f5?format=json&marker=none_v3&states=listing" "tx4a149f2ddd7c493b88770-006a2aee39" "proxy-server 20" 0.0019 "-" 20 0
Jun 11 17:19:53 standalone proxy-server[130048]: 172.18.0.2 172.18.0.100 11/Jun/2026/17/19/53 GET /v1/AUTH_e169406919034ddc8a39593c0a9539f0/gnocchi.7dda01a1-b3eb-4be9-a06f-d03cdb0014f5%3Fformat%3Djson%26marker%3Dnone_v3%26states%3Dlisting HTTP/1.0 200 - python-swiftclient-3.11.1 gAAAAABqKu292LCK... - 2 - tx4a149f2ddd7c493b88770-006a2aee39 - 0.0061 - - 1781198393.524150848 1781198393.530241251 0
Jun 11 17:19:53 standalone object-server[128296]: 172.20.0.100 - - [11/Jun/2026:17:19:53 +0000] "GET /d1/569/AUTH_e169406919034ddc8a39593c0a9539f0/gnocchi.7dda01a1-b3eb-4be9-a06f-d03cdb0014f5/1780920000.0_mean_300.0_v3" 200 16 "GET http://172.18.0.2:8080/v1/AUTH_e169406919034ddc8a39593c0a9539f0/gnocchi.7dda01a1-b3eb-4be9-a06f-d03cdb0014f5/1780920000.0_mean_300.0_v3" "txe8c51ee7e5e044ce909ca-006a2aee39" "proxy-server 20" 0.0006 "-" 23 0
Jun 11 17:19:53 standalone proxy-server[130048]: 172.18.0.2 172.18.0.100 11/Jun/2026/17/19/53 GET /v1/AUTH_e169406919034ddc8a39593c0a9539f0/gnocchi.7dda01a1-b3eb-4be9-a06f-d03cdb0014f5/1780920000.0_mean_300.0_v3 HTTP/1.0 200 - python-swiftclient-3.11.1 gAAAAABqKu292LCK... - 16 - txe8c51ee7e5e044ce909ca-006a2aee39 - 0.0044 - - 1781198393.532582283 1781198393.536995173 0
Jun 11 17:19:53 standalone container-server[128112]: 172.20.0.100 - - [11/Jun/2026:17:19:53 +0000] "PUT /d1/1000/AUTH_e169406919034ddc8a39593c0a9539f0/gnocchi.7dda01a1-b3eb-4be9-a06f-d03cdb0014f5/1780920000.0_mean_300.0_v3" 201 - "PUT http://172.18.0.2:8080/d1/569/AUTH_e169406919034ddc8a39593c0a9539f0/gnocchi.7dda01a1-b3eb-4be9-a06f-d03cdb0014f5/1780920000.0_mean_300.0_v3" "tx3031763360eb4e63a6302-006a2aee39" "object-server 23" 0.0006 "-" 22 0
Jun 11 17:19:53 standalone object-server[128296]: 172.20.0.100 - - [11/Jun/2026:17:19:53 +0000] "PUT /d1/569/AUTH_e169406919034ddc8a39593c0a9539f0/gnocchi.7dda01a1-b3eb-4be9-a06f-d03cdb0014f5/1780920000.0_mean_300.0_v3" 201 - "PUT http://172.18.0.2:8080/v1/AUTH_e169406919034ddc8a39593c0a9539f0/gnocchi.7dda01a1-b3eb-4be9-a06f-d03cdb0014f5/1780920000.0_mean_300.0_v3" "tx3031763360eb4e63a6302-006a2aee39" "proxy-server 20" 0.0086 "-" 23 0
Jun 11 17:19:53 standalone proxy-server[130048]: 172.18.0.2 172.18.0.100 11/Jun/2026/17/19/53 PUT /v1/AUTH_e169406919034ddc8a39593c0a9539f0/gnocchi.7dda01a1-b3eb-4be9-a06f-d03cdb0014f5/1780920000.0_mean_300.0_v3 HTTP/1.0 201 - python-swiftclient-3.11.1 gAAAAABqKu292LCK... 16 - - tx3031763360eb4e63a6302-006a2aee39 - 0.0118 - - 1781198393.538835764 1781198393.550622940 0
Jun 11 17:19:53 standalone container-server[128071]: 172.20.0.100 - - [11/Jun/2026:17:19:53 +0000] "PUT /d1/1000/AUTH_e169406919034ddc8a39593c0a9539f0/gnocchi.7dda01a1-b3eb-4be9-a06f-d03cdb0014f5/none_v3" 201 - "PUT http://172.18.0.2:8080/d1/617/AUTH_e169406919034ddc8a39593c0a9539f0/gnocchi.7dda01a1-b3eb-4be9-a06f-d03cdb0014f5/none_v3" "txa6d7f32a5a904bc5a93cc-006a2aee39" "object-server 24" 0.0007 "-" 21 0
Jun 11 17:19:53 standalone object-server[128299]: 172.20.0.100 - - [11/Jun/2026:17:19:53 +0000] "PUT /d1/617/AUTH_e169406919034ddc8a39593c0a9539f0/gnocchi.7dda01a1-b3eb-4be9-a06f-d03cdb0014f5/none_v3" 201 - "PUT http://172.18.0.2:8080/v1/AUTH_e169406919034ddc8a39593c0a9539f0/gnocchi.7dda01a1-b3eb-4be9-a06f-d03cdb0014f5/none_v3" "txa6d7f32a5a904bc5a93cc-006a2aee39" "proxy-server 20" 0.0087 "-" 24 0
Jun 11 17:19:53 standalone proxy-server[130048]: 172.18.0.2 172.18.0.100 11/Jun/2026/17/19/53 PUT /v1/AUTH_e169406919034ddc8a39593c0a9539f0/gnocchi.7dda01a1-b3eb-4be9-a06f-d03cdb0014f5/none_v3 HTTP/1.0 201 - python-swiftclient-3.11.1 gAAAAABqKu292LCK... 48 - - txa6d7f32a5a904bc5a93cc-006a2aee39 - 0.0126 - - 1781198393.552322626 1781198393.564897537 0
Jun 11 17:19:53 standalone object-server[128300]: 172.20.0.100 - - [11/Jun/2026:17:19:53 +0000] "GET /d1/804/AUTH_e169406919034ddc8a39593c0a9539f0/gnocchi.fb180214-261d-473d-b73d-9270e59b4282/none_v3" 200 33 "GET http://172.18.0.2:8080/v1/AUTH_e169406919034ddc8a39593c0a9539f0/gnocchi.fb180214-261d-473d-b73d-9270e59b4282/none_v3" "tx758fb4d9a4354c2b92a40-006a2aee39" "proxy-server 20" 0.0011 "-" 25 0
Jun 11 17:19:53 standalone proxy-server[130048]: 172.18.0.2 172.18.0.100 11/Jun/2026/17/19/53 GET /v1/AUTH_e169406919034ddc8a39593c0a9539f0/gnocchi.fb180214-261d-473d-b73d-9270e59b4282/none_v3 HTTP/1.0 200 - python-swiftclient-3.11.1 gAAAAABqKu292LCK... - 33 - tx758fb4d9a4354c2b92a40-006a2aee39 - 0.0061 - - 1781198393.576517820 1781198393.582612753 0
Jun 11 17:19:53 standalone container-server[128071]: 172.20.0.100 - - [11/Jun/2026:17:19:53 +0000] "GET /d1/711/AUTH_e169406919034ddc8a39593c0a9539f0/gnocchi.fb180214-261d-473d-b73d-9270e59b4282" 200 357 "GET http://172.18.0.2:8080/v1/AUTH_e169406919034ddc8a39593c0a9539f0/gnocchi.fb180214-261d-473d-b73d-9270e59b4282?format=json&states=listing" "txba1776222a794018a7e28-006a2aee39" "proxy-server 20" 0.0036 "-" 21 0
Jun 11 17:19:53 standalone proxy-server[130048]: 172.18.0.2 172.18.0.100 11/Jun/2026/17/19/53 GET /v1/AUTH_e169406919034ddc8a39593c0a9539f0/gnocchi.fb180214-261d-473d-b73d-9270e59b4282%3Fformat%3Djson%26states%3Dlisting HTTP/1.0 200 - python-swiftclient-3.11.1 gAAAAABqKu292LCK... - 357 - txba1776222a794018a7e28-006a2aee39 - 0.0082 - - 1781198393.584790230 1781198393.592970610 0
Jun 11 17:19:53 standalone container-server[128112]: 172.20.0.100 - - [11/Jun/2026:17:19:53 +0000] "GET /d1/711/AUTH_e169406919034ddc8a39593c0a9539f0/gnocchi.fb180214-261d-473d-b73d-9270e59b4282" 200 2 "GET http://172.18.0.2:8080/v1/AUTH_e169406919034ddc8a39593c0a9539f0/gnocchi.fb180214-261d-473d-b73d-9270e59b4282?format=json&marker=none_v3&states=listing" "tx362e4bbe2cbc4db1863a9-006a2aee39" "proxy-server 20" 0.0024 "-" 22 0
Jun 11 17:19:53 standalone proxy-server[130048]: 172.18.0.2 172.18.0.100 11/Jun/2026/17/19/53 GET /v1/AUTH_e169406919034ddc8a39593c0a9539f0/gnocchi.fb180214-261d-473d-b73d-9270e59b4282%3Fformat%3Djson%26marker%3Dnone_v3%26states%3Dlisting HTTP/1.0 200 - python-swiftclient-3.11.1 gAAAAABqKu292LCK... - 2 - tx362e4bbe2cbc4db1863a9-006a2aee39 - 0.0068 - - 1781198393.594734430 1781198393.601493359 0
Jun 11 17:19:53 standalone object-server[128295]: 172.20.0.100 - - [11/Jun/2026:17:19:53 +0000] "GET /d1/332/AUTH_e169406919034ddc8a39593c0a9539f0/gnocchi.fb180214-261d-473d-b73d-9270e59b4282/1780920000.0_mean_300.0_v3" 200 16 "GET http://172.18.0.2:8080/v1/AUTH_e169406919034ddc8a39593c0a9539f0/gnocchi.fb180214-261d-473d-b73d-9270e59b4282/1780920000.0_mean_300.0_v3" "tx291fbffe894a458589627-006a2aee39" "proxy-server 20" 0.0013 "-" 22 0
Jun 11 17:19:53 standalone proxy-server[130048]: 172.18.0.2 172.18.0.100 11/Jun/2026/17/19/53 GET /v1/AUTH_e169406919034ddc8a39593c0a9539f0/gnocchi.fb180214-261d-473d-b73d-9270e59b4282/1780920000.0_mean_300.0_v3 HTTP/1.0 200 - python-swiftclient-3.11.1 gAAAAABqKu292LCK... - 16 - tx291fbffe894a458589627-006a2aee39 - 0.0068 - - 1781198393.603695154 1781198393.610450268 0
Jun 11 17:19:53 standalone container-server[128139]: 172.20.0.100 - - [11/Jun/2026:17:19:53 +0000] "PUT /d1/711/AUTH_e169406919034ddc8a39593c0a9539f0/gnocchi.fb180214-261d-473d-b73d-9270e59b4282/1780920000.0_mean_300.0_v3" 201 - "PUT http://172.18.0.2:8080/d1/332/AUTH_e169406919034ddc8a39593c0a9539f0/gnocchi.fb180214-261d-473d-b73d-9270e59b4282/1780920000.0_mean_300.0_v3" "tx68c08bc149c746d48c82e-006a2aee39" "object-server 22" 0.0009 "-" 23 0
Jun 11 17:19:53 standalone object-server[128295]: 172.20.0.100 - - [11/Jun/2026:17:19:53 +0000] "PUT /d1/332/AUTH_e169406919034ddc8a39593c0a9539f0/gnocchi.fb180214-261d-473d-b73d-9270e59b4282/1780920000.0_mean_300.0_v3" 201 - "PUT http://172.18.0.2:8080/v1/AUTH_e169406919034ddc8a39593c0a9539f0/gnocchi.fb180214-261d-473d-b73d-9270e59b4282/1780920000.0_mean_300.0_v3" "tx68c08bc149c746d48c82e-006a2aee39" "proxy-server 20" 0.0267 "-" 22 0
Jun 11 17:19:53 standalone proxy-server[130048]: 172.18.0.2 172.18.0.100 11/Jun/2026/17/19/53 PUT /v1/AUTH_e169406919034ddc8a39593c0a9539f0/gnocchi.fb180214-261d-473d-b73d-9270e59b4282/1780920000.0_mean_300.0_v3 HTTP/1.0 201 - python-swiftclient-3.11.1 gAAAAABqKu292LCK... 16 - - tx68c08bc149c746d48c82e-006a2aee39 - 0.0348 - - 1781198393.612298250 1781198393.647098303 0
Jun 11 17:19:53 standalone container-server[128139]: 172.20.0.100 - - [11/Jun/2026:17:19:53 +0000] "PUT /d1/711/AUTH_e169406919034ddc8a39593c0a9539f0/gnocchi.fb180214-261d-473d-b73d-9270e59b4282/none_v3" 201 - "PUT http://172.18.0.2:8080/d1/804/AUTH_e169406919034ddc8a39593c0a9539f0/gnocchi.fb180214-261d-473d-b73d-9270e59b4282/none_v3" "tx8d1d3f8c5ea44857a09f4-006a2aee39" "object-server 22" 0.0006 "-" 23 0
Jun 11 17:19:53 standalone object-server[128295]: 172.20.0.100 - - [11/Jun/2026:17:19:53 +0000] "PUT /d1/804/AUTH_e169406919034ddc8a39593c0a9539f0/gnocchi.fb180214-261d-473d-b73d-9270e59b4282/none_v3" 201 - "PUT http://172.18.0.2:8080/v1/AUTH_e169406919034ddc8a39593c0a9539f0/gnocchi.fb180214-261d-473d-b73d-9270e59b4282/none_v3" "tx8d1d3f8c5ea44857a09f4-006a2aee39" "proxy-server 20" 0.0129 "-" 22 0
Jun 11 17:19:53 standalone proxy-server[130048]: 172.18.0.2 172.18.0.100 11/Jun/2026/17/19/53 PUT /v1/AUTH_e169406919034ddc8a39593c0a9539f0/gnocchi.fb180214-261d-473d-b73d-9270e59b4282/none_v3 HTTP/1.0 201 - python-swiftclient-3.11.1 gAAAAABqKu292LCK... 48 - - tx8d1d3f8c5ea44857a09f4-006a2aee39 - 0.0229 - - 1781198393.651506901 1781198393.674407721 0
Jun 11 17:19:54 standalone object-server[128296]: 172.20.0.100 - - [11/Jun/2026:17:19:54 +0000] "GET /d1/126/AUTH_e169406919034ddc8a39593c0a9539f0/gnocchi.e0c30ab1-9239-478c-868b-8d684da3549b/none_v3" 200 22 "GET http://172.18.0.2:8080/v1/AUTH_e169406919034ddc8a39593c0a9539f0/gnocchi.e0c30ab1-9239-478c-868b-8d684da3549b/none_v3" "txf86aa73d73a84d248dd00-006a2aee3a" "proxy-server 20" 0.0007 "-" 23 0
Jun 11 17:19:54 standalone proxy-server[130048]: 172.18.0.2 172.18.0.100 11/Jun/2026/17/19/54 GET /v1/AUTH_e169406919034ddc8a39593c0a9539f0/gnocchi.e0c30ab1-9239-478c-868b-8d684da3549b/none_v3 HTTP/1.0 200 - python-swiftclient-3.11.1 gAAAAABqKu292LCK... - 22 - txf86aa73d73a84d248dd00-006a2aee3a - 0.0114 - - 1781198394.960370541 1781198394.971724987 0
Jun 11 17:19:54 standalone container-server[128066]: 172.20.0.100 - - [11/Jun/2026:17:19:54 +0000] "GET /d1/434/AUTH_e169406919034ddc8a39593c0a9539f0/gnocchi.e0c30ab1-9239-478c-868b-8d684da3549b" 200 357 "GET http://172.18.0.2:8080/v1/AUTH_e169406919034ddc8a39593c0a9539f0/gnocchi.e0c30ab1-9239-478c-868b-8d684da3549b?format=json&states=listing" "txd7f4a47af7a4412eb3102-006a2aee3a" "proxy-server 20" 0.0083 "-" 20 0
Jun 11 17:19:54 standalone proxy-server[130048]: 172.18.0.2 172.18.0.100 11/Jun/2026/17/19/54 GET /v1/AUTH_e169406919034ddc8a39593c0a9539f0/gnocchi.e0c30ab1-9239-478c-868b-8d684da3549b%3Fformat%3Djson%26states%3Dlisting HTTP/1.0 200 - python-swiftclient-3.11.1 gAAAAABqKu292LCK... - 357 - txd7f4a47af7a4412eb3102-006a2aee3a - 0.0165 - - 1781198394.976608992 1781198394.993110180 0
Jun 11 17:19:55 standalone container-server[128066]: 172.20.0.100 - - [11/Jun/2026:17:19:55 +0000] "GET /d1/434/AUTH_e169406919034ddc8a39593c0a9539f0/gnocchi.e0c30ab1-9239-478c-868b-8d684da3549b" 200 2 "GET http://172.18.0.2:8080/v1/AUTH_e169406919034ddc8a39593c0a9539f0/gnocchi.e0c30ab1-9239-478c-868b-8d684da3549b?format=json&marker=none_v3&states=listing" "tx365d74cde6f843bc90044-006a2aee3a" "proxy-server 20" 0.0017 "-" 20 0
Jun 11 17:19:55 standalone proxy-server[130048]: 172.18.0.2 172.18.0.100 11/Jun/2026/17/19/55 GET /v1/AUTH_e169406919034ddc8a39593c0a9539f0/gnocchi.e0c30ab1-9239-478c-868b-8d684da3549b%3Fformat%3Djson%26marker%3Dnone_v3%26states%3Dlisting HTTP/1.0 200 - python-swiftclient-3.11.1 gAAAAABqKu292LCK... - 2 - tx365d74cde6f843bc90044-006a2aee3a - 0.0095 - - 1781198394.996422052 1781198395.005876064 0
Jun 11 17:19:55 standalone object-server[128296]: 172.20.0.100 - - [11/Jun/2026:17:19:55 +0000] "GET /d1/210/AUTH_e169406919034ddc8a39593c0a9539f0/gnocchi.e0c30ab1-9239-478c-868b-8d684da3549b/1780920000.0_mean_300.0_v3" 200 16 "GET http://172.18.0.2:8080/v1/AUTH_e169406919034ddc8a39593c0a9539f0/gnocchi.e0c30ab1-9239-478c-868b-8d684da3549b/1780920000.0_mean_300.0_v3" "tx16bc493f7183496a86484-006a2aee3b" "proxy-server 20" 0.0006 "-" 23 0
Jun 11 17:19:55 standalone proxy-server[130048]: 172.18.0.2 172.18.0.100 11/Jun/2026/17/19/55 GET /v1/AUTH_e169406919034ddc8a39593c0a9539f0/gnocchi.e0c30ab1-9239-478c-868b-8d684da3549b/1780920000.0_mean_300.0_v3 HTTP/1.0 200 - python-swiftclient-3.11.1 gAAAAABqKu292LCK... - 16 - tx16bc493f7183496a86484-006a2aee3b - 0.0077 - - 1781198395.009196758 1781198395.016941786 0
Jun 11 17:19:55 standalone container-server[128139]: 172.20.0.100 - - [11/Jun/2026:17:19:55 +0000] "PUT /d1/434/AUTH_e169406919034ddc8a39593c0a9539f0/gnocchi.e0c30ab1-9239-478c-868b-8d684da3549b/1780920000.0_mean_300.0_v3" 201 - "PUT http://172.18.0.2:8080/d1/210/AUTH_e169406919034ddc8a39593c0a9539f0/gnocchi.e0c30ab1-9239-478c-868b-8d684da3549b/1780920000.0_mean_300.0_v3" "txb401df16e9ff4d44abeff-006a2aee3b" "object-server 22" 0.0005 "-" 23 0
Jun 11 17:19:55 standalone object-server[128295]: 172.20.0.100 - - [11/Jun/2026:17:19:55 +0000] "PUT /d1/210/AUTH_e169406919034ddc8a39593c0a9539f0/gnocchi.e0c30ab1-9239-478c-868b-8d684da3549b/1780920000.0_mean_300.0_v3" 201 - "PUT http://172.18.0.2:8080/v1/AUTH_e169406919034ddc8a39593c0a9539f0/gnocchi.e0c30ab1-9239-478c-868b-8d684da3549b/1780920000.0_mean_300.0_v3" "txb401df16e9ff4d44abeff-006a2aee3b" "proxy-server 20" 0.0114 "-" 22 0
Jun 11 17:19:55 standalone proxy-server[130048]: 172.18.0.2 172.18.0.100 11/Jun/2026/17/19/55 PUT /v1/AUTH_e169406919034ddc8a39593c0a9539f0/gnocchi.e0c30ab1-9239-478c-868b-8d684da3549b/1780920000.0_mean_300.0_v3 HTTP/1.0 201 - python-swiftclient-3.11.1 gAAAAABqKu292LCK... 16 - - txb401df16e9ff4d44abeff-006a2aee3b - 0.0191 - - 1781198395.020603657 1781198395.039715290 0
Jun 11 17:19:55 standalone container-server[128071]: 172.20.0.100 - - [11/Jun/2026:17:19:55 +0000] "PUT /d1/434/AUTH_e169406919034ddc8a39593c0a9539f0/gnocchi.e0c30ab1-9239-478c-868b-8d684da3549b/none_v3" 201 - "PUT http://172.18.0.2:8080/d1/126/AUTH_e169406919034ddc8a39593c0a9539f0/gnocchi.e0c30ab1-9239-478c-868b-8d684da3549b/none_v3" "tx2634d94011314e1098194-006a2aee3b" "object-server 24" 0.0008 "-" 21 0
Jun 11 17:19:55 standalone object-server[128299]: 172.20.0.100 - - [11/Jun/2026:17:19:55 +0000] "PUT /d1/126/AUTH_e169406919034ddc8a39593c0a9539f0/gnocchi.e0c30ab1-9239-478c-868b-8d684da3549b/none_v3" 201 - "PUT http://172.18.0.2:8080/v1/AUTH_e169406919034ddc8a39593c0a9539f0/gnocchi.e0c30ab1-9239-478c-868b-8d684da3549b/none_v3" "tx2634d94011314e1098194-006a2aee3b" "proxy-server 20" 0.0099 "-" 24 0
Jun 11 17:19:55 standalone proxy-server[130048]: 172.18.0.2 172.18.0.100 11/Jun/2026/17/19/55 PUT /v1/AUTH_e169406919034ddc8a39593c0a9539f0/gnocchi.e0c30ab1-9239-478c-868b-8d684da3549b/none_v3 HTTP/1.0 201 - python-swiftclient-3.11.1 gAAAAABqKu292LCK... 31 - - tx2634d94011314e1098194-006a2aee3b - 0.0169 - - 1781198395.042807341 1781198395.059663773 0
Jun 11 17:20:03 standalone account-server[127999]: 172.20.0.100 - - [11/Jun/2026:17:20:03 +0000] "HEAD /d1/246/AUTH_e169406919034ddc8a39593c0a9539f0" 204 - "HEAD http://172.18.0.2:8080/v1/AUTH_e169406919034ddc8a39593c0a9539f0?format=json" "tx6208330b12ed44a88103b-006a2aee43" "proxy-server 20" 0.0084 "-" 14 -
Jun 11 17:20:03 standalone proxy-server[130048]: - - 11/Jun/2026/17/20/03 HEAD /v1/AUTH_e169406919034ddc8a39593c0a9539f0%3Fformat%3Djson HTTP/1.0 204 - Swift - - - - tx6208330b12ed44a88103b-006a2aee43 - 0.0131 RL - 1781198403.234861612 1781198403.247997522 -
Jun 11 17:20:03 standalone object-server[128299]: 172.20.0.100 - - [11/Jun/2026:17:20:03 +0000] "GET /d1/126/AUTH_e169406919034ddc8a39593c0a9539f0/gnocchi.e0c30ab1-9239-478c-868b-8d684da3549b/none_v3" 200 31 "GET http://172.18.0.2:8080/v1/AUTH_e169406919034ddc8a39593c0a9539f0/gnocchi.e0c30ab1-9239-478c-868b-8d684da3549b/none_v3" "tx6208330b12ed44a88103b-006a2aee43" "proxy-server 20" 0.0019 "-" 24 0
Jun 11 17:20:03 standalone proxy-server[130048]: 172.18.0.2 172.18.0.100 11/Jun/2026/17/20/03 GET /v1/AUTH_e169406919034ddc8a39593c0a9539f0/gnocchi.e0c30ab1-9239-478c-868b-8d684da3549b/none_v3 HTTP/1.0 200 - python-swiftclient-3.11.1 gAAAAABqKu292LCK... - 31 - tx6208330b12ed44a88103b-006a2aee43 - 0.0263 - - 1781198403.233785152 1781198403.260067940 0
Jun 11 17:20:03 standalone container-server[128066]: 172.20.0.100 - - [11/Jun/2026:17:20:03 +0000] "GET /d1/434/AUTH_e169406919034ddc8a39593c0a9539f0/gnocchi.e0c30ab1-9239-478c-868b-8d684da3549b" 200 357 "GET http://172.18.0.2:8080/v1/AUTH_e169406919034ddc8a39593c0a9539f0/gnocchi.e0c30ab1-9239-478c-868b-8d684da3549b?format=json&states=listing" "tx1a82a2fdb8b64142904d1-006a2aee43" "proxy-server 20" 0.0071 "-" 20 0
Jun 11 17:20:03 standalone proxy-server[130048]: 172.18.0.2 172.18.0.100 11/Jun/2026/17/20/03 GET /v1/AUTH_e169406919034ddc8a39593c0a9539f0/gnocchi.e0c30ab1-9239-478c-868b-8d684da3549b%3Fformat%3Djson%26states%3Dlisting HTTP/1.0 200 - python-swiftclient-3.11.1 gAAAAABqKu292LCK... - 357 - tx1a82a2fdb8b64142904d1-006a2aee43 - 0.0185 - - 1781198403.264700413 1781198403.283159494 0
Jun 11 17:20:03 standalone container-server[128066]: 172.20.0.100 - - [11/Jun/2026:17:20:03 +0000] "GET /d1/434/AUTH_e169406919034ddc8a39593c0a9539f0/gnocchi.e0c30ab1-9239-478c-868b-8d684da3549b" 200 2 "GET http://172.18.0.2:8080/v1/AUTH_e169406919034ddc8a39593c0a9539f0/gnocchi.e0c30ab1-9239-478c-868b-8d684da3549b?format=json&marker=none_v3&states=listing" "tx09bc8bd1e32349a39aee2-006a2aee43" "proxy-server 20" 0.0022 "-" 20 0
Jun 11 17:20:03 standalone proxy-server[130048]: 172.18.0.2 172.18.0.100 11/Jun/2026/17/20/03 GET /v1/AUTH_e169406919034ddc8a39593c0a9539f0/gnocchi.e0c30ab1-9239-478c-868b-8d684da3549b%3Fformat%3Djson%26marker%3Dnone_v3%26states%3Dlisting HTTP/1.0 200 - python-swiftclient-3.11.1 gAAAAABqKu292LCK... - 2 - tx09bc8bd1e32349a39aee2-006a2aee43 - 0.0135 - - 1781198403.287511110 1781198403.301053524 0
Jun 11 17:20:03 standalone object-server[128295]: 172.20.0.100 - - [11/Jun/2026:17:20:03 +0000] "GET /d1/210/AUTH_e169406919034ddc8a39593c0a9539f0/gnocchi.e0c30ab1-9239-478c-868b-8d684da3549b/1780920000.0_mean_300.0_v3" 200 16 "GET http://172.18.0.2:8080/v1/AUTH_e169406919034ddc8a39593c0a9539f0/gnocchi.e0c30ab1-9239-478c-868b-8d684da3549b/1780920000.0_mean_300.0_v3" "tx86f9821ae73445d49a118-006a2aee43" "proxy-server 20" 0.0007 "-" 22 0
Jun 11 17:20:03 standalone proxy-server[130048]: 172.18.0.2 172.18.0.100 11/Jun/2026/17/20/03 GET /v1/AUTH_e169406919034ddc8a39593c0a9539f0/gnocchi.e0c30ab1-9239-478c-868b-8d684da3549b/1780920000.0_mean_300.0_v3 HTTP/1.0 200 - python-swiftclient-3.11.1 gAAAAABqKu292LCK... - 16 - tx86f9821ae73445d49a118-006a2aee43 - 0.0108 - - 1781198403.305855274 1781198403.316672325 0
Jun 11 17:20:03 standalone container-server[128139]: 172.20.0.100 - - [11/Jun/2026:17:20:03 +0000] "PUT /d1/434/AUTH_e169406919034ddc8a39593c0a9539f0/gnocchi.e0c30ab1-9239-478c-868b-8d684da3549b/1780920000.0_mean_300.0_v3" 201 - "PUT http://172.18.0.2:8080/d1/210/AUTH_e169406919034ddc8a39593c0a9539f0/gnocchi.e0c30ab1-9239-478c-868b-8d684da3549b/1780920000.0_mean_300.0_v3" "tx66404cf0a0dc4dcdbc79b-006a2aee43" "object-server 24" 0.0007 "-" 23 0
Jun 11 17:20:03 standalone object-server[128299]: 172.20.0.100 - - [11/Jun/2026:17:20:03 +0000] "PUT /d1/210/AUTH_e169406919034ddc8a39593c0a9539f0/gnocchi.e0c30ab1-9239-478c-868b-8d684da3549b/1780920000.0_mean_300.0_v3" 201 - "PUT http://172.18.0.2:8080/v1/AUTH_e169406919034ddc8a39593c0a9539f0/gnocchi.e0c30ab1-9239-478c-868b-8d684da3549b/1780920000.0_mean_300.0_v3" "tx66404cf0a0dc4dcdbc79b-006a2aee43" "proxy-server 20" 0.0161 "-" 24 0
Jun 11 17:20:03 standalone proxy-server[130048]: 172.18.0.2 172.18.0.100 11/Jun/2026/17/20/03 PUT /v1/AUTH_e169406919034ddc8a39593c0a9539f0/gnocchi.e0c30ab1-9239-478c-868b-8d684da3549b/1780920000.0_mean_300.0_v3 HTTP/1.0 201 - python-swiftclient-3.11.1 gAAAAABqKu292LCK... 23 - - tx66404cf0a0dc4dcdbc79b-006a2aee43 - 0.0258 - - 1781198403.320919275 1781198403.346733332 0
Jun 11 17:20:03 standalone container-server[128071]: 172.20.0.100 - - [11/Jun/2026:17:20:03 +0000] "PUT /d1/434/AUTH_e169406919034ddc8a39593c0a9539f0/gnocchi.e0c30ab1-9239-478c-868b-8d684da3549b/none_v3" 201 - "PUT http://172.18.0.2:8080/d1/126/AUTH_e169406919034ddc8a39593c0a9539f0/gnocchi.e0c30ab1-9239-478c-868b-8d684da3549b/none_v3" "tx588b58cd8e5f47839f583-006a2aee43" "object-server 24" 0.0005 "-" 21 0
Jun 11 17:20:03 standalone object-server[128299]: 172.20.0.100 - - [11/Jun/2026:17:20:03 +0000] "PUT /d1/126/AUTH_e169406919034ddc8a39593c0a9539f0/gnocchi.e0c30ab1-9239-478c-868b-8d684da3549b/none_v3" 201 - "PUT http://172.18.0.2:8080/v1/AUTH_e169406919034ddc8a39593c0a9539f0/gnocchi.e0c30ab1-9239-478c-868b-8d684da3549b/none_v3" "tx588b58cd8e5f47839f583-006a2aee43" "proxy-server 20" 0.0139 "-" 24 0
Jun 11 17:20:03 standalone proxy-server[130048]: 172.18.0.2 172.18.0.100 11/Jun/2026/17/20/03 PUT /v1/AUTH_e169406919034ddc8a39593c0a9539f0/gnocchi.e0c30ab1-9239-478c-868b-8d684da3549b/none_v3 HTTP/1.0 201 - python-swiftclient-3.11.1 gAAAAABqKu292LCK... 22 - - tx588b58cd8e5f47839f583-006a2aee43 - 0.0236 - - 1781198403.350048065 1781198403.373615503 0
Jun 11 17:20:03 standalone object-server[128296]: 172.20.0.100 - - [11/Jun/2026:17:20:03 +0000] "GET /d1/126/AUTH_e169406919034ddc8a39593c0a9539f0/gnocchi.e0c30ab1-9239-478c-868b-8d684da3549b/none_v3" 200 22 "GET http://172.18.0.2:8080/v1/AUTH_e169406919034ddc8a39593c0a9539f0/gnocchi.e0c30ab1-9239-478c-868b-8d684da3549b/none_v3" "tx755ccf4cc87c48398cb88-006a2aee43" "proxy-server 20" 0.0013 "-" 23 0
Jun 11 17:20:03 standalone proxy-server[130048]: 172.18.0.2 172.18.0.100 11/Jun/2026/17/20/03 GET /v1/AUTH_e169406919034ddc8a39593c0a9539f0/gnocchi.e0c30ab1-9239-478c-868b-8d684da3549b/none_v3 HTTP/1.0 200 - python-swiftclient-3.11.1 gAAAAABqKu292LCK... - 22 - tx755ccf4cc87c48398cb88-006a2aee43 - 0.0122 - - 1781198403.938333988 1781198403.950558186 0
Jun 11 17:20:03 standalone container-server[128112]: 172.20.0.100 - - [11/Jun/2026:17:20:03 +0000] "GET /d1/434/AUTH_e169406919034ddc8a39593c0a9539f0/gnocchi.e0c30ab1-9239-478c-868b-8d684da3549b" 200 357 "GET http://172.18.0.2:8080/v1/AUTH_e169406919034ddc8a39593c0a9539f0/gnocchi.e0c30ab1-9239-478c-868b-8d684da3549b?format=json&states=listing" "txdecc63149f8445a8906a9-006a2aee43" "proxy-server 20" 0.0081 "-" 22 0
Jun 11 17:20:03 standalone proxy-server[130048]: 172.18.0.2 172.18.0.100 11/Jun/2026/17/20/03 GET /v1/AUTH_e169406919034ddc8a39593c0a9539f0/gnocchi.e0c30ab1-9239-478c-868b-8d684da3549b%3Fformat%3Djson%26states%3Dlisting HTTP/1.0 200 - python-swiftclient-3.11.1 gAAAAABqKu292LCK... - 357 - txdecc63149f8445a8906a9-006a2aee43 - 0.0175 - - 1781198403.956445932 1781198403.973936319 0
Jun 11 17:20:03 standalone container-server[128066]: 172.20.0.100 - - [11/Jun/2026:17:20:03 +0000] "GET /d1/434/AUTH_e169406919034ddc8a39593c0a9539f0/gnocchi.e0c30ab1-9239-478c-868b-8d684da3549b" 200 2 "GET http://172.18.0.2:8080/v1/AUTH_e169406919034ddc8a39593c0a9539f0/gnocchi.e0c30ab1-9239-478c-868b-8d684da3549b?format=json&marker=none_v3&states=listing" "txea61de71e7e34953a6f5b-006a2aee43" "proxy-server 20" 0.0018 "-" 20 0
Jun 11 17:20:03 standalone proxy-server[130048]: 172.18.0.2 172.18.0.100 11/Jun/2026/17/20/03 GET /v1/AUTH_e169406919034ddc8a39593c0a9539f0/gnocchi.e0c30ab1-9239-478c-868b-8d684da3549b%3Fformat%3Djson%26marker%3Dnone_v3%26states%3Dlisting HTTP/1.0 200 - python-swiftclient-3.11.1 gAAAAABqKu292LCK... - 2 - txea61de71e7e34953a6f5b-006a2aee43 - 0.0064 - - 1781198403.977045774 1781198403.983489513 0
Jun 11 17:20:03 standalone object-server[128300]: 172.20.0.100 - - [11/Jun/2026:17:20:03 +0000] "GET /d1/210/AUTH_e169406919034ddc8a39593c0a9539f0/gnocchi.e0c30ab1-9239-478c-868b-8d684da3549b/1780920000.0_mean_300.0_v3" 200 23 "GET http://172.18.0.2:8080/v1/AUTH_e169406919034ddc8a39593c0a9539f0/gnocchi.e0c30ab1-9239-478c-868b-8d684da3549b/1780920000.0_mean_300.0_v3" "tx6b9399ed127641459c418-006a2aee43" "proxy-server 20" 0.0008 "-" 25 0
Jun 11 17:20:03 standalone proxy-server[130048]: 172.18.0.2 172.18.0.100 11/Jun/2026/17/20/03 GET /v1/AUTH_e169406919034ddc8a39593c0a9539f0/gnocchi.e0c30ab1-9239-478c-868b-8d684da3549b/1780920000.0_mean_300.0_v3 HTTP/1.0 200 - python-swiftclient-3.11.1 gAAAAABqKu292LCK... - 23 - tx6b9399ed127641459c418-006a2aee43 - 0.0054 - - 1781198403.986680984 1781198403.992119789 0
Jun 11 17:20:04 standalone container-server[128112]: 172.20.0.100 - - [11/Jun/2026:17:20:04 +0000] "PUT /d1/434/AUTH_e169406919034ddc8a39593c0a9539f0/gnocchi.e0c30ab1-9239-478c-868b-8d684da3549b/1780920000.0_mean_300.0_v3" 201 - "PUT http://172.18.0.2:8080/d1/210/AUTH_e169406919034ddc8a39593c0a9539f0/gnocchi.e0c30ab1-9239-478c-868b-8d684da3549b/1780920000.0_mean_300.0_v3" "tx61ea9257847f40a8a1c0d-006a2aee43" "object-server 22" 0.0008 "-" 22 0
Jun 11 17:20:04 standalone object-server[128295]: 172.20.0.100 - - [11/Jun/2026:17:20:04 +0000] "PUT /d1/210/AUTH_e169406919034ddc8a39593c0a9539f0/gnocchi.e0c30ab1-9239-478c-868b-8d684da3549b/1780920000.0_mean_300.0_v3" 201 - "PUT http://172.18.0.2:8080/v1/AUTH_e169406919034ddc8a39593c0a9539f0/gnocchi.e0c30ab1-9239-478c-868b-8d684da3549b/1780920000.0_mean_300.0_v3" "tx61ea9257847f40a8a1c0d-006a2aee43" "proxy-server 20" 0.0099 "-" 22 0
Jun 11 17:20:04 standalone proxy-server[130048]: 172.18.0.2 172.18.0.100 11/Jun/2026/17/20/04 PUT /v1/AUTH_e169406919034ddc8a39593c0a9539f0/gnocchi.e0c30ab1-9239-478c-868b-8d684da3549b/1780920000.0_mean_300.0_v3 HTTP/1.0 201 - python-swiftclient-3.11.1 gAAAAABqKu292LCK... 23 - - tx61ea9257847f40a8a1c0d-006a2aee43 - 0.0163 - - 1781198403.994591951 1781198404.010868788 0
Jun 11 17:20:04 standalone container-server[128066]: 172.20.0.100 - - [11/Jun/2026:17:20:04 +0000] "PUT /d1/434/AUTH_e169406919034ddc8a39593c0a9539f0/gnocchi.e0c30ab1-9239-478c-868b-8d684da3549b/none_v3" 201 - "PUT http://172.18.0.2:8080/d1/126/AUTH_e169406919034ddc8a39593c0a9539f0/gnocchi.e0c30ab1-9239-478c-868b-8d684da3549b/none_v3" "tx5bd67776a2bb40948064d-006a2aee44" "object-server 22" 0.0006 "-" 20 0
Jun 11 17:20:04 standalone object-server[128295]: 172.20.0.100 - - [11/Jun/2026:17:20:04 +0000] "PUT /d1/126/AUTH_e169406919034ddc8a39593c0a9539f0/gnocchi.e0c30ab1-9239-478c-868b-8d684da3549b/none_v3" 201 - "PUT http://172.18.0.2:8080/v1/AUTH_e169406919034ddc8a39593c0a9539f0/gnocchi.e0c30ab1-9239-478c-868b-8d684da3549b/none_v3" "tx5bd67776a2bb40948064d-006a2aee44" "proxy-server 20" 0.0111 "-" 22 0
Jun 11 17:20:04 standalone proxy-server[130048]: 172.18.0.2 172.18.0.100 11/Jun/2026/17/20/04 PUT /v1/AUTH_e169406919034ddc8a39593c0a9539f0/gnocchi.e0c30ab1-9239-478c-868b-8d684da3549b/none_v3 HTTP/1.0 201 - python-swiftclient-3.11.1 gAAAAABqKu292LCK... 31 - - tx5bd67776a2bb40948064d-006a2aee44 - 0.0177 - - 1781198404.013946295 1781198404.031611681 0
Jun 11 17:20:06 standalone container-server[128066]: 172.20.0.100 - - [11/Jun/2026:17:20:06 +0000] "HEAD /d1/234/AUTH_e169406919034ddc8a39593c0a9539f0/gnocchi.fadee577-fcc4-48db-8b34-5f692a5ee238" 404 - "HEAD http://172.18.0.2:8080/v1/AUTH_e169406919034ddc8a39593c0a9539f0/gnocchi.fadee577-fcc4-48db-8b34-5f692a5ee238?format=json&states=listing" "txfeef7b90d05647a8aa88a-006a2aee46" "proxy-server 20" 0.0008 "-" 20 0
Jun 11 17:20:06 standalone object-server[128296]: 172.20.0.100 - - [11/Jun/2026:17:20:06 +0000] "GET /d1/848/AUTH_e169406919034ddc8a39593c0a9539f0/gnocchi.fadee577-fcc4-48db-8b34-5f692a5ee238/none_v3" 404 70 "GET http://172.18.0.2:8080/v1/AUTH_e169406919034ddc8a39593c0a9539f0/gnocchi.fadee577-fcc4-48db-8b34-5f692a5ee238/none_v3" "txfeef7b90d05647a8aa88a-006a2aee46" "proxy-server 20" 0.0011 "-" 23 0
Jun 11 17:20:06 standalone proxy-server[130048]: 172.18.0.2 172.18.0.100 11/Jun/2026/17/20/06 GET /v1/AUTH_e169406919034ddc8a39593c0a9539f0/gnocchi.fadee577-fcc4-48db-8b34-5f692a5ee238/none_v3 HTTP/1.0 404 - python-swiftclient-3.11.1 gAAAAABqKu292LCK... - 70 - txfeef7b90d05647a8aa88a-006a2aee46 - 0.0126 - - 1781198406.662718534 1781198406.675358534 0
Jun 11 17:20:06 standalone account-server[128002]: 172.20.0.100 - - [11/Jun/2026:17:20:06 +0000] "PUT /d1/246/AUTH_e169406919034ddc8a39593c0a9539f0/gnocchi.fadee577-fcc4-48db-8b34-5f692a5ee238" 201 - "PUT http://172.20.0.100:6001/d1/234/AUTH_e169406919034ddc8a39593c0a9539f0/gnocchi.fadee577-fcc4-48db-8b34-5f692a5ee238" "txf4971c7ce6834a81b0fb0-006a2aee46" "container-server 20" 0.0014 "-" 15 0
Jun 11 17:20:06 standalone container-server[128066]: 172.20.0.100 - - [11/Jun/2026:17:20:06 +0000] "PUT /d1/234/AUTH_e169406919034ddc8a39593c0a9539f0/gnocchi.fadee577-fcc4-48db-8b34-5f692a5ee238" 201 - "PUT http://172.18.0.2:8080/v1/AUTH_e169406919034ddc8a39593c0a9539f0/gnocchi.fadee577-fcc4-48db-8b34-5f692a5ee238" "txf4971c7ce6834a81b0fb0-006a2aee46" "proxy-server 20" 0.0152 "-" 20 0
Jun 11 17:20:06 standalone proxy-server[130048]: 172.18.0.2 172.18.0.100 11/Jun/2026/17/20/06 PUT /v1/AUTH_e169406919034ddc8a39593c0a9539f0/gnocchi.fadee577-fcc4-48db-8b34-5f692a5ee238 HTTP/1.0 201 - python-swiftclient-3.11.1 gAAAAABqKu292LCK... - - - txf4971c7ce6834a81b0fb0-006a2aee46 - 0.0205 - - 1781198406.677824497 1781198406.698339939 0
Jun 11 17:20:06 standalone container-server[128112]: 172.20.0.100 - - [11/Jun/2026:17:20:06 +0000] "HEAD /d1/234/AUTH_e169406919034ddc8a39593c0a9539f0/gnocchi.fadee577-fcc4-48db-8b34-5f692a5ee238" 204 - "HEAD http://172.18.0.2:8080/v1/AUTH_e169406919034ddc8a39593c0a9539f0/gnocchi.fadee577-fcc4-48db-8b34-5f692a5ee238?format=json&states=listing" "txa10eb5ba005e47e0be310-006a2aee46" "proxy-server 20" 0.0021 "-" 22 0
Jun 11 17:20:06 standalone proxy-server[130048]: - - 11/Jun/2026/17/20/06 HEAD /v1/AUTH_e169406919034ddc8a39593c0a9539f0/gnocchi.fadee577-fcc4-48db-8b34-5f692a5ee238%3Fformat%3Djson%26states%3Dlisting HTTP/1.0 204 - Swift - - - - txa10eb5ba005e47e0be310-006a2aee46 - 0.0055 RL - 1781198406.705155373 1781198406.710635424 0
Jun 11 17:20:06 standalone container-server[128139]: 172.20.0.100 - - [11/Jun/2026:17:20:06 +0000] "GET /d1/234/AUTH_e169406919034ddc8a39593c0a9539f0/gnocchi.fadee577-fcc4-48db-8b34-5f692a5ee238" 200 2 "GET http://172.18.0.2:8080/v1/AUTH_e169406919034ddc8a39593c0a9539f0/gnocchi.fadee577-fcc4-48db-8b34-5f692a5ee238?format=json&states=listing" "txa10eb5ba005e47e0be310-006a2aee46" "proxy-server 20" 0.0024 "-" 23 0
Jun 11 17:20:06 standalone proxy-server[130048]: 172.18.0.2 172.18.0.100 11/Jun/2026/17/20/06 GET /v1/AUTH_e169406919034ddc8a39593c0a9539f0/gnocchi.fadee577-fcc4-48db-8b34-5f692a5ee238%3Fformat%3Djson%26states%3Dlisting HTTP/1.0 200 - python-swiftclient-3.11.1 gAAAAABqKu292LCK... - 2 - txa10eb5ba005e47e0be310-006a2aee46 - 0.0130 - - 1781198406.704478264 1781198406.717448235 0
Jun 11 17:20:06 standalone object-server[128299]: 172.20.0.100 - - [11/Jun/2026:17:20:06 +0000] "GET /d1/724/AUTH_e169406919034ddc8a39593c0a9539f0/gnocchi.fadee577-fcc4-48db-8b34-5f692a5ee238/1780920000.0_mean_300.0_v3" 404 70 "GET http://172.18.0.2:8080/v1/AUTH_e169406919034ddc8a39593c0a9539f0/gnocchi.fadee577-fcc4-48db-8b34-5f692a5ee238/1780920000.0_mean_300.0_v3" "tx2e72f36847944e9c8a1d2-006a2aee46" "proxy-server 20" 0.0005 "-" 24 0
Jun 11 17:20:06 standalone proxy-server[130048]: 172.18.0.2 172.18.0.100 11/Jun/2026/17/20/06 GET /v1/AUTH_e169406919034ddc8a39593c0a9539f0/gnocchi.fadee577-fcc4-48db-8b34-5f692a5ee238/1780920000.0_mean_300.0_v3 HTTP/1.0 404 - python-swiftclient-3.11.1 gAAAAABqKu292LCK... - 70 - tx2e72f36847944e9c8a1d2-006a2aee46 - 0.0047 - - 1781198406.720056295 1781198406.724731922 0
Jun 11 17:20:06 standalone container-server[128066]: 172.20.0.100 - - [11/Jun/2026:17:20:06 +0000] "PUT /d1/234/AUTH_e169406919034ddc8a39593c0a9539f0/gnocchi.fadee577-fcc4-48db-8b34-5f692a5ee238/1780920000.0_mean_300.0_v3" 201 - "PUT http://172.18.0.2:8080/d1/724/AUTH_e169406919034ddc8a39593c0a9539f0/gnocchi.fadee577-fcc4-48db-8b34-5f692a5ee238/1780920000.0_mean_300.0_v3" "txe99798b694bc4f93b57ea-006a2aee46" "object-server 24" 0.0009 "-" 20 0
Jun 11 17:20:06 standalone object-server[128299]: 172.20.0.100 - - [11/Jun/2026:17:20:06 +0000] "PUT /d1/724/AUTH_e169406919034ddc8a39593c0a9539f0/gnocchi.fadee577-fcc4-48db-8b34-5f692a5ee238/1780920000.0_mean_300.0_v3" 201 - "PUT http://172.18.0.2:8080/v1/AUTH_e169406919034ddc8a39593c0a9539f0/gnocchi.fadee577-fcc4-48db-8b34-5f692a5ee238/1780920000.0_mean_300.0_v3" "txe99798b694bc4f93b57ea-006a2aee46" "proxy-server 20" 0.0114 "-" 24 0
Jun 11 17:20:06 standalone proxy-server[130048]: 172.18.0.2 172.18.0.100 11/Jun/2026/17/20/06 PUT /v1/AUTH_e169406919034ddc8a39593c0a9539f0/gnocchi.fadee577-fcc4-48db-8b34-5f692a5ee238/1780920000.0_mean_300.0_v3 HTTP/1.0 201 - python-swiftclient-3.11.1 gAAAAABqKu292LCK... 16 - - txe99798b694bc4f93b57ea-006a2aee46 - 0.0163 - - 1781198406.726992607 1781198406.743336439 0
Jun 11 17:20:06 standalone container-server[128112]: 172.20.0.100 - - [11/Jun/2026:17:20:06 +0000] "PUT /d1/234/AUTH_e169406919034ddc8a39593c0a9539f0/gnocchi.fadee577-fcc4-48db-8b34-5f692a5ee238/none_v3" 201 - "PUT http://172.18.0.2:8080/d1/848/AUTH_e169406919034ddc8a39593c0a9539f0/gnocchi.fadee577-fcc4-48db-8b34-5f692a5ee238/none_v3" "txc89795c4ed0e4cea80244-006a2aee46" "object-server 22" 0.0007 "-" 22 0
Jun 11 17:20:06 standalone object-server[128295]: 172.20.0.100 - - [11/Jun/2026:17:20:06 +0000] "PUT /d1/848/AUTH_e169406919034ddc8a39593c0a9539f0/gnocchi.fadee577-fcc4-48db-8b34-5f692a5ee238/none_v3" 201 - "PUT http://172.18.0.2:8080/v1/AUTH_e169406919034ddc8a39593c0a9539f0/gnocchi.fadee577-fcc4-48db-8b34-5f692a5ee238/none_v3" "txc89795c4ed0e4cea80244-006a2aee46" "proxy-server 20" 0.0116 "-" 22 0
Jun 11 17:20:06 standalone proxy-server[130048]: 172.18.0.2 172.18.0.100 11/Jun/2026/17/20/06 PUT /v1/AUTH_e169406919034ddc8a39593c0a9539f0/gnocchi.fadee577-fcc4-48db-8b34-5f692a5ee238/none_v3 HTTP/1.0 201 - python-swiftclient-3.11.1 gAAAAABqKu292LCK... 22 - - txc89795c4ed0e4cea80244-006a2aee46 - 0.0172 - - 1781198406.745898247 1781198406.763106346 0
Jun 11 17:20:06 standalone container-server[128139]: 172.20.0.100 - - [11/Jun/2026:17:20:06 +0000] "HEAD /d1/338/AUTH_e169406919034ddc8a39593c0a9539f0/gnocchi.9b249140-522c-422f-9578-bc4323c25951" 404 - "HEAD http://172.18.0.2:8080/v1/AUTH_e169406919034ddc8a39593c0a9539f0/gnocchi.9b249140-522c-422f-9578-bc4323c25951?format=json&states=listing" "tx3058b879ef074246854eb-006a2aee46" "proxy-server 20" 0.0004 "-" 23 0
Jun 11 17:20:06 standalone object-server[128299]: 172.20.0.100 - - [11/Jun/2026:17:20:06 +0000] "GET /d1/686/AUTH_e169406919034ddc8a39593c0a9539f0/gnocchi.9b249140-522c-422f-9578-bc4323c25951/none_v3" 404 70 "GET http://172.18.0.2:8080/v1/AUTH_e169406919034ddc8a39593c0a9539f0/gnocchi.9b249140-522c-422f-9578-bc4323c25951/none_v3" "tx3058b879ef074246854eb-006a2aee46" "proxy-server 20" 0.0003 "-" 24 0
Jun 11 17:20:06 standalone proxy-server[130048]: 172.18.0.2 172.18.0.100 11/Jun/2026/17/20/06 GET /v1/AUTH_e169406919034ddc8a39593c0a9539f0/gnocchi.9b249140-522c-422f-9578-bc4323c25951/none_v3 HTTP/1.0 404 - python-swiftclient-3.11.1 gAAAAABqKu292LCK... - 70 - tx3058b879ef074246854eb-006a2aee46 - 0.0163 - - 1781198406.773063660 1781198406.789358616 0
Jun 11 17:20:06 standalone account-server[127999]: 172.20.0.100 - - [11/Jun/2026:17:20:06 +0000] "PUT /d1/246/AUTH_e169406919034ddc8a39593c0a9539f0/gnocchi.9b249140-522c-422f-9578-bc4323c25951" 201 - "PUT http://172.20.0.100:6001/d1/338/AUTH_e169406919034ddc8a39593c0a9539f0/gnocchi.9b249140-522c-422f-9578-bc4323c25951" "txabaeffcdac9c4d72bb2d3-006a2aee46" "container-server 20" 0.0077 "-" 14 0
Jun 11 17:20:06 standalone container-server[128066]: 172.20.0.100 - - [11/Jun/2026:17:20:06 +0000] "PUT /d1/338/AUTH_e169406919034ddc8a39593c0a9539f0/gnocchi.9b249140-522c-422f-9578-bc4323c25951" 201 - "PUT http://172.18.0.2:8080/v1/AUTH_e169406919034ddc8a39593c0a9539f0/gnocchi.9b249140-522c-422f-9578-bc4323c25951" "txabaeffcdac9c4d72bb2d3-006a2aee46" "proxy-server 20" 0.0248 "-" 20 0
Jun 11 17:20:06 standalone proxy-server[130048]: 172.18.0.2 172.18.0.100 11/Jun/2026/17/20/06 PUT /v1/AUTH_e169406919034ddc8a39593c0a9539f0/gnocchi.9b249140-522c-422f-9578-bc4323c25951 HTTP/1.0 201 - python-swiftclient-3.11.1 gAAAAABqKu292LCK... - - - txabaeffcdac9c4d72bb2d3-006a2aee46 - 0.0325 - - 1781198406.799661636 1781198406.832183123 0
Jun 11 17:20:06 standalone container-server[128071]: 172.20.0.100 - - [11/Jun/2026:17:20:06 +0000] "HEAD /d1/338/AUTH_e169406919034ddc8a39593c0a9539f0/gnocchi.9b249140-522c-422f-9578-bc4323c25951" 204 - "HEAD http://172.18.0.2:8080/v1/AUTH_e169406919034ddc8a39593c0a9539f0/gnocchi.9b249140-522c-422f-9578-bc4323c25951?format=json&states=listing" "txcefdbd2e341449ff9bb36-006a2aee46" "proxy-server 20" 0.0032 "-" 21 0
Jun 11 17:20:06 standalone proxy-server[130048]: - - 11/Jun/2026/17/20/06 HEAD /v1/AUTH_e169406919034ddc8a39593c0a9539f0/gnocchi.9b249140-522c-422f-9578-bc4323c25951%3Fformat%3Djson%26states%3Dlisting HTTP/1.0 204 - Swift - - - - txcefdbd2e341449ff9bb36-006a2aee46 - 0.0081 RL - 1781198406.835894585 1781198406.844012022 0
Jun 11 17:20:06 standalone container-server[128139]: 172.20.0.100 - - [11/Jun/2026:17:20:06 +0000] "GET /d1/338/AUTH_e169406919034ddc8a39593c0a9539f0/gnocchi.9b249140-522c-422f-9578-bc4323c25951" 200 2 "GET http://172.18.0.2:8080/v1/AUTH_e169406919034ddc8a39593c0a9539f0/gnocchi.9b249140-522c-422f-9578-bc4323c25951?format=json&states=listing" "txcefdbd2e341449ff9bb36-006a2aee46" "proxy-server 20" 0.0046 "-" 23 0
Jun 11 17:20:06 standalone proxy-server[130048]: 172.18.0.2 172.18.0.100 11/Jun/2026/17/20/06 GET /v1/AUTH_e169406919034ddc8a39593c0a9539f0/gnocchi.9b249140-522c-422f-9578-bc4323c25951%3Fformat%3Djson%26states%3Dlisting HTTP/1.0 200 - python-swiftclient-3.11.1 gAAAAABqKu292LCK... - 2 - txcefdbd2e341449ff9bb36-006a2aee46 - 0.0196 - - 1781198406.834993601 1781198406.854607582 0
Jun 11 17:20:06 standalone object-server[128299]: 172.20.0.100 - - [11/Jun/2026:17:20:06 +0000] "GET /d1/145/AUTH_e169406919034ddc8a39593c0a9539f0/gnocchi.9b249140-522c-422f-9578-bc4323c25951/1780920000.0_mean_300.0_v3" 404 70 "GET http://172.18.0.2:8080/v1/AUTH_e169406919034ddc8a39593c0a9539f0/gnocchi.9b249140-522c-422f-9578-bc4323c25951/1780920000.0_mean_300.0_v3" "txeddadd968bc84450a8a44-006a2aee46" "proxy-server 20" 0.0005 "-" 24 0
Jun 11 17:20:06 standalone proxy-server[130048]: 172.18.0.2 172.18.0.100 11/Jun/2026/17/20/06 GET /v1/AUTH_e169406919034ddc8a39593c0a9539f0/gnocchi.9b249140-522c-422f-9578-bc4323c25951/1780920000.0_mean_300.0_v3 HTTP/1.0 404 - python-swiftclient-3.11.1 gAAAAABqKu292LCK... - 70 - txeddadd968bc84450a8a44-006a2aee46 - 0.0065 - - 1781198406.860363245 1781198406.866900444 0
Jun 11 17:20:06 standalone container-server[128112]: 172.20.0.100 - - [11/Jun/2026:17:20:06 +0000] "PUT /d1/338/AUTH_e169406919034ddc8a39593c0a9539f0/gnocchi.9b249140-522c-422f-9578-bc4323c25951/1780920000.0_mean_300.0_v3" 201 - "PUT http://172.18.0.2:8080/d1/145/AUTH_e169406919034ddc8a39593c0a9539f0/gnocchi.9b249140-522c-422f-9578-bc4323c25951/1780920000.0_mean_300.0_v3" "txa7f46f985d1349b39ba58-006a2aee46" "object-server 23" 0.0012 "-" 22 0
Jun 11 17:20:06 standalone object-server[128296]: 172.20.0.100 - - [11/Jun/2026:17:20:06 +0000] "PUT /d1/145/AUTH_e169406919034ddc8a39593c0a9539f0/gnocchi.9b249140-522c-422f-9578-bc4323c25951/1780920000.0_mean_300.0_v3" 201 - "PUT http://172.18.0.2:8080/v1/AUTH_e169406919034ddc8a39593c0a9539f0/gnocchi.9b249140-522c-422f-9578-bc4323c25951/1780920000.0_mean_300.0_v3" "txa7f46f985d1349b39ba58-006a2aee46" "proxy-server 20" 0.0182 "-" 23 0
Jun 11 17:20:06 standalone proxy-server[130048]: 172.18.0.2 172.18.0.100 11/Jun/2026/17/20/06 PUT /v1/AUTH_e169406919034ddc8a39593c0a9539f0/gnocchi.9b249140-522c-422f-9578-bc4323c25951/1780920000.0_mean_300.0_v3 HTTP/1.0 201 - python-swiftclient-3.11.1 gAAAAABqKu292LCK... 16 - - txa7f46f985d1349b39ba58-006a2aee46 - 0.0247 - - 1781198406.869637489 1781198406.894296885 0
Jun 11 17:20:06 standalone container-server[128139]: 172.20.0.100 - - [11/Jun/2026:17:20:06 +0000] "PUT /d1/338/AUTH_e169406919034ddc8a39593c0a9539f0/gnocchi.9b249140-522c-422f-9578-bc4323c25951/none_v3" 201 - "PUT http://172.18.0.2:8080/d1/686/AUTH_e169406919034ddc8a39593c0a9539f0/gnocchi.9b249140-522c-422f-9578-bc4323c25951/none_v3" "txd1f4a7406eea4cf7a95b5-006a2aee46" "object-server 22" 0.0013 "-" 23 0
Jun 11 17:20:06 standalone object-server[128295]: 172.20.0.100 - - [11/Jun/2026:17:20:06 +0000] "PUT /d1/686/AUTH_e169406919034ddc8a39593c0a9539f0/gnocchi.9b249140-522c-422f-9578-bc4323c25951/none_v3" 201 - "PUT http://172.18.0.2:8080/v1/AUTH_e169406919034ddc8a39593c0a9539f0/gnocchi.9b249140-522c-422f-9578-bc4323c25951/none_v3" "txd1f4a7406eea4cf7a95b5-006a2aee46" "proxy-server 20" 0.0139 "-" 22 0
Jun 11 17:20:06 standalone proxy-server[130048]: 172.18.0.2 172.18.0.100 11/Jun/2026/17/20/06 PUT /v1/AUTH_e169406919034ddc8a39593c0a9539f0/gnocchi.9b249140-522c-422f-9578-bc4323c25951/none_v3 HTTP/1.0 201 - python-swiftclient-3.11.1 gAAAAABqKu292LCK... 22 - - txd1f4a7406eea4cf7a95b5-006a2aee46 - 0.0188 - - 1781198406.896581173 1781198406.915396452 0
Jun 11 17:20:06 standalone container-server[128066]: 172.20.0.100 - - [11/Jun/2026:17:20:06 +0000] "HEAD /d1/462/AUTH_e169406919034ddc8a39593c0a9539f0/gnocchi.cdc695cb-fa2d-47f3-8bb7-a68a016c9513" 404 - "HEAD http://172.18.0.2:8080/v1/AUTH_e169406919034ddc8a39593c0a9539f0/gnocchi.cdc695cb-fa2d-47f3-8bb7-a68a016c9513?format=json&states=listing" "txcf94a950f3e64f3889754-006a2aee46" "proxy-server 20" 0.0004 "-" 20 0
Jun 11 17:20:06 standalone object-server[128295]: 172.20.0.100 - - [11/Jun/2026:17:20:06 +0000] "GET /d1/760/AUTH_e169406919034ddc8a39593c0a9539f0/gnocchi.cdc695cb-fa2d-47f3-8bb7-a68a016c9513/none_v3" 404 70 "GET http://172.18.0.2:8080/v1/AUTH_e169406919034ddc8a39593c0a9539f0/gnocchi.cdc695cb-fa2d-47f3-8bb7-a68a016c9513/none_v3" "txcf94a950f3e64f3889754-006a2aee46" "proxy-server 20" 0.0003 "-" 22 0
Jun 11 17:20:06 standalone proxy-server[130048]: 172.18.0.2 172.18.0.100 11/Jun/2026/17/20/06 GET /v1/AUTH_e169406919034ddc8a39593c0a9539f0/gnocchi.cdc695cb-fa2d-47f3-8bb7-a68a016c9513/none_v3 HTTP/1.0 404 - python-swiftclient-3.11.1 gAAAAABqKu292LCK... - 70 - txcf94a950f3e64f3889754-006a2aee46 - 0.0080 - - 1781198406.925536871 1781198406.933572054 0
Jun 11 17:20:06 standalone account-server[128003]: 172.20.0.100 - - [11/Jun/2026:17:20:06 +0000] "PUT /d1/246/AUTH_e169406919034ddc8a39593c0a9539f0/gnocchi.cdc695cb-fa2d-47f3-8bb7-a68a016c9513" 201 - "PUT http://172.20.0.100:6001/d1/462/AUTH_e169406919034ddc8a39593c0a9539f0/gnocchi.cdc695cb-fa2d-47f3-8bb7-a68a016c9513" "txa07ee8f620864e83b4459-006a2aee46" "container-server 23" 0.0271 "-" 16 0
Jun 11 17:20:06 standalone container-server[128139]: 172.20.0.100 - - [11/Jun/2026:17:20:06 +0000] "PUT /d1/462/AUTH_e169406919034ddc8a39593c0a9539f0/gnocchi.cdc695cb-fa2d-47f3-8bb7-a68a016c9513" 201 - "PUT http://172.18.0.2:8080/v1/AUTH_e169406919034ddc8a39593c0a9539f0/gnocchi.cdc695cb-fa2d-47f3-8bb7-a68a016c9513" "txa07ee8f620864e83b4459-006a2aee46" "proxy-server 20" 0.0443 "-" 23 0
Jun 11 17:20:06 standalone proxy-server[130048]: 172.18.0.2 172.18.0.100 11/Jun/2026/17/20/06 PUT /v1/AUTH_e169406919034ddc8a39593c0a9539f0/gnocchi.cdc695cb-fa2d-47f3-8bb7-a68a016c9513 HTTP/1.0 201 - python-swiftclient-3.11.1 gAAAAABqKu292LCK... - - - txa07ee8f620864e83b4459-006a2aee46 - 0.0520 - - 1781198406.936026335 1781198406.988054514 0
