Jun 11 17:06:11 standalone account-server[127427]: Starting 2
Jun 11 17:06:12 standalone account-server[127727]: Started child 14 from parent 2
Jun 11 17:06:12 standalone account-server[127727]: Started child 15 from parent 2
Jun 11 17:06:12 standalone account-server[127727]: Started child 16 from parent 2
Jun 11 17:06:12 standalone account-server[127727]: Started child 17 from parent 2
Jun 11 17:06:12 standalone container-server[127941]: Starting 2
Jun 11 17:06:12 standalone container-server[127812]: Option allow_versions is deprecated. Configure the versioned_writes middleware in the proxy-server instead. This option will be ignored in a future release.
Jun 11 17:06:12 standalone container-server[128066]: Option allow_versions is deprecated. Configure the versioned_writes middleware in the proxy-server instead. This option will be ignored in a future release.
Jun 11 17:06:12 standalone container-server[127812]: Started child 20 from parent 2
Jun 11 17:06:12 standalone container-server[128071]: Option allow_versions is deprecated. Configure the versioned_writes middleware in the proxy-server instead. This option will be ignored in a future release.
Jun 11 17:06:12 standalone container-server[127812]: Started child 21 from parent 2
Jun 11 17:06:12 standalone container-server[128112]: Option allow_versions is deprecated. Configure the versioned_writes middleware in the proxy-server instead. This option will be ignored in a future release.
Jun 11 17:06:12 standalone container-server[127812]: Started child 22 from parent 2
Jun 11 17:06:12 standalone container-server[128139]: Option allow_versions is deprecated. Configure the versioned_writes middleware in the proxy-server instead. This option will be ignored in a future release.
Jun 11 17:06:12 standalone container-server[127812]: Started child 23 from parent 2
Jun 11 17:06:12 standalone object-expirer[128055]: Starting 2
Jun 11 17:06:12 standalone object-expirer[128055]: Option auto_create_account_prefix is deprecated. Configure auto_create_account_prefix under the swift-constraints section of swift.conf. This option will be ignored in a future release.
Jun 11 17:06:13 standalone object-server[128156]: Started child 22 from parent 2
Jun 11 17:06:13 standalone object-server[128156]: Started child 23 from parent 2
Jun 11 17:06:13 standalone object-server[128156]: Started child 24 from parent 2
Jun 11 17:06:13 standalone object-server[128156]: Started child 25 from parent 2
Jun 11 17:06:13 standalone object-server[128196]: Starting 2
Jun 11 17:06:18 standalone proxy-server[129783]: Starting Keystone auth_token middleware
Jun 11 17:06:18 standalone proxy-server[129783]: AuthToken middleware is set with keystone_authtoken.service_token_roles_required set to False. This is backwards compatible but deprecated behaviour. Please set this to True.
Jun 11 17:06:18 standalone proxy-server[130048]: Starting Keystone auth_token middleware
Jun 11 17:06:18 standalone proxy-server[130048]: STDERR: The option "bind_port" is not known to keystonemiddleware
Jun 11 17:06:18 standalone proxy-server[130048]: STDERR: The option "workers" is not known to keystonemiddleware
Jun 11 17:06:18 standalone proxy-server[130048]: STDERR: The option "user" is not known to keystonemiddleware
Jun 11 17:06:18 standalone proxy-server[130048]: STDERR: The option "bind_ip" is not known to keystonemiddleware
Jun 11 17:06:18 standalone proxy-server[130048]: STDERR: The option "log_name" is not known to keystonemiddleware
Jun 11 17:06:18 standalone proxy-server[130048]: STDERR: The option "log_facility" is not known to keystonemiddleware
Jun 11 17:06:18 standalone proxy-server[130048]: STDERR: The option "log_level" is not known to keystonemiddleware
Jun 11 17:06:18 standalone proxy-server[130048]: STDERR: The option "log_headers" is not known to keystonemiddleware
Jun 11 17:06:18 standalone proxy-server[130048]: STDERR: The option "log_address" is not known to keystonemiddleware
Jun 11 17:06:18 standalone proxy-server[130048]: STDERR: The option "project_name" is not known to keystonemiddleware
Jun 11 17:06:18 standalone proxy-server[130048]: STDERR: The option "username" is not known to keystonemiddleware
Jun 11 17:06:18 standalone proxy-server[130048]: STDERR: The option "password" is not known to keystonemiddleware
Jun 11 17:06:18 standalone proxy-server[130048]: STDERR: The option "auth_url" is not known to keystonemiddleware
Jun 11 17:06:18 standalone proxy-server[130048]: STDERR: The option "signing_dir" is not known to keystonemiddleware
Jun 11 17:06:18 standalone proxy-server[130048]: STDERR: The option "project_domain_id" is not known to keystonemiddleware
Jun 11 17:06:18 standalone proxy-server[130048]: STDERR: The option "user_domain_id" is not known to keystonemiddleware
Jun 11 17:06:18 standalone proxy-server[130048]: STDERR: The option "__name__" is not known to keystonemiddleware
Jun 11 17:06:18 standalone proxy-server[130048]: AuthToken middleware is set with keystone_authtoken.service_token_roles_required set to False. This is backwards compatible but deprecated behaviour. Please set this to True.
Jun 11 17:06:18 standalone proxy-server[129783]: Started child 20 from parent 2
Jun 11 17:06:30 standalone object-server[128196]: Begin object update sweep
Jun 11 17:06:30 standalone object-server[131379]: Object update sweep starting on /srv/node/d1 (pid: 11)
Jun 11 17:06:30 standalone object-server[131379]: Object update sweep completed on /srv/node/d1 in 0.00s seconds:, 0 successes, 0 failures, 0 quarantines, 0 unlinks, 0 errors, 0 redirects (pid: 11)
Jun 11 17:06:30 standalone object-server[131379]: Object update sweep of d1 completed: 0.00s, 0 successes, 0 failures, 0 quarantines, 0 unlinks, 0 errors, 0 redirects
Jun 11 17:06:30 standalone object-server[128196]: Object update sweep completed: 0.07s
Jun 11 17:08:56 standalone account-server[128002]: 172.20.0.100 - - [11/Jun/2026:17:08:56 +0000] "HEAD /d1/954/.expiring_objects" 404 - "HEAD http://localhost/v1/.expiring_objects?format=json" "tx52a358855084492189ca0-006a2aeba8" "proxy-server 2" 0.0017 "-" 15 -
Jun 11 17:08:56 standalone object-expirer[128055]: Pass completed in 0s; 0 objects expired (txn: tx52a358855084492189ca0-006a2aeba8)
Jun 11 17:09:06 standalone account-server[128020]: 172.20.0.100 - - [11/Jun/2026:17:09:06 +0000] "HEAD /d1/954/.expiring_objects" 404 - "HEAD http://localhost/v1/.expiring_objects?format=json" "txb3c293f149444b7fb8c10-006a2aebb2" "proxy-server 2" 0.0023 "-" 17 -
Jun 11 17:09:06 standalone object-expirer[128055]: Pass completed in 0s; 0 objects expired (txn: txb3c293f149444b7fb8c10-006a2aebb2)
Jun 11 17:09:20 standalone account-server[128003]: 172.20.0.100 - - [11/Jun/2026:17:09:20 +0000] "HEAD /d1/954/.expiring_objects" 404 - "HEAD http://localhost/v1/.expiring_objects?format=json" "tx9c02e7ed6d8d4c909c734-006a2aebc0" "proxy-server 2" 0.0016 "-" 16 -
Jun 11 17:09:20 standalone object-expirer[128055]: Pass completed in 0s; 0 objects expired (txn: tx9c02e7ed6d8d4c909c734-006a2aebc0)
Jun 11 17:09:46 standalone container-server[127941]: Begin container update sweep
Jun 11 17:09:46 standalone container-server[127941]: Container update sweep completed: 0.00s
Jun 11 17:11:16 standalone account-server[128020]: 172.20.0.100 - - [11/Jun/2026:17:11:16 +0000] "HEAD /d1/954/.expiring_objects" 404 - "HEAD http://localhost/v1/.expiring_objects?format=json" "tx90aa5861490a4bb5bb902-006a2aec34" "proxy-server 2" 0.0008 "-" 17 -
Jun 11 17:11:16 standalone object-expirer[128055]: Pass completed in 0s; 0 objects expired (txn: tx90aa5861490a4bb5bb902-006a2aec34)
Jun 11 17:11:30 standalone object-server[128196]: Begin object update sweep
Jun 11 17:11:30 standalone object-server[168080]: Object update sweep starting on /srv/node/d1 (pid: 13)
Jun 11 17:11:30 standalone object-server[168080]: Object update sweep completed on /srv/node/d1 in 0.00s seconds:, 0 successes, 0 failures, 0 quarantines, 0 unlinks, 0 errors, 0 redirects (pid: 13)
Jun 11 17:11:30 standalone object-server[168080]: Object update sweep of d1 completed: 0.00s, 0 successes, 0 failures, 0 quarantines, 0 unlinks, 0 errors, 0 redirects
Jun 11 17:11:30 standalone object-server[128196]: Object update sweep completed: 0.08s
Jun 11 17:12:07 standalone account-server[128020]: 172.20.0.100 - - [11/Jun/2026:17:12:07 +0000] "HEAD /d1/954/.expiring_objects" 404 - "HEAD http://localhost/v1/.expiring_objects?format=json" "tx7d31fa9e609a479094d48-006a2aec67" "proxy-server 2" 0.0007 "-" 17 -
Jun 11 17:12:07 standalone object-expirer[128055]: Pass completed in 0s; 0 objects expired (txn: tx7d31fa9e609a479094d48-006a2aec67)
Jun 11 17:12:57 standalone account-server[128002]: 172.20.0.100 - - [11/Jun/2026:17:12:57 +0000] "HEAD /d1/954/.expiring_objects" 404 - "HEAD http://localhost/v1/.expiring_objects?format=json" "txda21ee63c5d7422597dcf-006a2aec99" "proxy-server 2" 0.0006 "-" 15 -
Jun 11 17:12:57 standalone object-expirer[128055]: Pass completed in 0s; 0 objects expired (txn: txda21ee63c5d7422597dcf-006a2aec99)
Jun 11 17:14:47 standalone container-server[127941]: Begin container update sweep
Jun 11 17:14:47 standalone container-server[127941]: Container update sweep completed: 0.00s
Jun 11 17:16:08 standalone account-server[128020]: 172.20.0.100 - - [11/Jun/2026:17:16:08 +0000] "HEAD /d1/954/.expiring_objects" 404 - "HEAD http://localhost/v1/.expiring_objects?format=json" "txdb64a31c804f4ef68b4eb-006a2aed58" "proxy-server 2" 0.0009 "-" 17 -
Jun 11 17:16:08 standalone object-expirer[128055]: Pass completed in 0s; 0 objects expired (txn: txdb64a31c804f4ef68b4eb-006a2aed58)
Jun 11 17:16:30 standalone object-server[128196]: Begin object update sweep
Jun 11 17:16:30 standalone object-server[210841]: Object update sweep starting on /srv/node/d1 (pid: 14)
Jun 11 17:16:30 standalone object-server[210841]: Object update sweep completed on /srv/node/d1 in 0.00s seconds:, 0 successes, 0 failures, 0 quarantines, 0 unlinks, 0 errors, 0 redirects (pid: 14)
Jun 11 17:16:30 standalone object-server[210841]: Object update sweep of d1 completed: 0.00s, 0 successes, 0 failures, 0 quarantines, 0 unlinks, 0 errors, 0 redirects
Jun 11 17:16:30 standalone object-server[128196]: Object update sweep completed: 0.07s
Jun 11 17:16:38 standalone account-server[127999]: 172.20.0.100 - - [11/Jun/2026:17:16:38 +0000] "HEAD /d1/954/.expiring_objects" 404 - "HEAD http://localhost/v1/.expiring_objects?format=json" "tx0ffc0a74ac9e4a1ba35d2-006a2aed76" "proxy-server 2" 0.0017 "-" 14 -
Jun 11 17:16:38 standalone object-expirer[128055]: Pass completed in 0s; 0 objects expired (txn: tx0ffc0a74ac9e4a1ba35d2-006a2aed76)
Jun 11 17:17:49 standalone account-server[128003]: 172.20.0.100 - - [11/Jun/2026:17:17:49 +0000] "HEAD /d1/246/AUTH_e169406919034ddc8a39593c0a9539f0" 404 - "HEAD http://172.18.0.2:8080/v1/AUTH_e169406919034ddc8a39593c0a9539f0?format=json" "tx1b6400e75b49498c93851-006a2aedbd" "proxy-server 20" 0.0004 "-" 16 -
Jun 11 17:17:49 standalone proxy-server[130048]: - - 11/Jun/2026/17/17/49 HEAD /v1/AUTH_e169406919034ddc8a39593c0a9539f0%3Fformat%3Djson HTTP/1.0 200 - Swift - - - - tx1b6400e75b49498c93851-006a2aedbd - 0.0045 RL - 1781198269.898318052 1781198269.902822256 -
Jun 11 17:17:50 standalone object-server[128299]: 172.20.0.100 - - [11/Jun/2026:17:17:50 +0000] "GET /d1/236/AUTH_e169406919034ddc8a39593c0a9539f0/gnocchi.6cebd0d5-c769-495d-b2c2-6ff7644fc292/none_v3" 404 70 "GET http://172.18.0.2:8080/v1/AUTH_e169406919034ddc8a39593c0a9539f0/gnocchi.6cebd0d5-c769-495d-b2c2-6ff7644fc292/none_v3" "tx1b6400e75b49498c93851-006a2aedbd" "proxy-server 20" 0.0013 "-" 24 0
Jun 11 17:17:50 standalone proxy-server[130048]: 172.18.0.2 172.18.0.100 11/Jun/2026/17/17/50 GET /v1/AUTH_e169406919034ddc8a39593c0a9539f0/gnocchi.6cebd0d5-c769-495d-b2c2-6ff7644fc292/none_v3 HTTP/1.0 404 - python-swiftclient-3.11.1 gAAAAABqKu292LCK... - 70 - tx1b6400e75b49498c93851-006a2aedbd - 0.4276 - - 1781198269.888722897 1781198270.316318274 0
Jun 11 17:17:50 standalone account-server[127999]: 172.20.0.100 - - [11/Jun/2026:17:17:50 +0000] "PUT /d1/246/AUTH_e169406919034ddc8a39593c0a9539f0" 201 - "-" "tx9765ff77caf24b47a234a-006a2aedbe" "-" 0.0187 "-" 14 -
Jun 11 17:17:50 standalone proxy-server[130048]: autocreate account '/AUTH_e169406919034ddc8a39593c0a9539f0' (txn: tx9765ff77caf24b47a234a-006a2aedbe)
Jun 11 17:17:50 standalone account-server[128002]: 172.20.0.100 - - [11/Jun/2026:17:17:50 +0000] "HEAD /d1/246/AUTH_e169406919034ddc8a39593c0a9539f0" 204 - "HEAD http://172.18.0.2:8080/v1/AUTH_e169406919034ddc8a39593c0a9539f0?format=json" "tx9765ff77caf24b47a234a-006a2aedbe" "proxy-server 20" 0.0033 "-" 15 -
Jun 11 17:17:50 standalone account-server[128003]: 172.20.0.100 - - [11/Jun/2026:17:17:50 +0000] "PUT /d1/246/AUTH_e169406919034ddc8a39593c0a9539f0/gnocchi.6cebd0d5-c769-495d-b2c2-6ff7644fc292" 201 - "PUT http://172.20.0.100:6001/d1/990/AUTH_e169406919034ddc8a39593c0a9539f0/gnocchi.6cebd0d5-c769-495d-b2c2-6ff7644fc292" "tx9765ff77caf24b47a234a-006a2aedbe" "container-server 23" 0.0015 "-" 16 0
Jun 11 17:17:50 standalone container-server[128139]: 172.20.0.100 - - [11/Jun/2026:17:17:50 +0000] "PUT /d1/990/AUTH_e169406919034ddc8a39593c0a9539f0/gnocchi.6cebd0d5-c769-495d-b2c2-6ff7644fc292" 201 - "PUT http://172.18.0.2:8080/v1/AUTH_e169406919034ddc8a39593c0a9539f0/gnocchi.6cebd0d5-c769-495d-b2c2-6ff7644fc292" "tx9765ff77caf24b47a234a-006a2aedbe" "proxy-server 20" 0.0166 "-" 23 0
Jun 11 17:17:50 standalone proxy-server[130048]: 172.18.0.2 172.18.0.100 11/Jun/2026/17/17/50 PUT /v1/AUTH_e169406919034ddc8a39593c0a9539f0/gnocchi.6cebd0d5-c769-495d-b2c2-6ff7644fc292 HTTP/1.0 201 - python-swiftclient-3.11.1 gAAAAABqKu292LCK... - - - tx9765ff77caf24b47a234a-006a2aedbe - 0.0577 - - 1781198270.323801279 1781198270.381538391 0
Jun 11 17:17:50 standalone container-server[128112]: 172.20.0.100 - - [11/Jun/2026:17:17:50 +0000] "HEAD /d1/990/AUTH_e169406919034ddc8a39593c0a9539f0/gnocchi.6cebd0d5-c769-495d-b2c2-6ff7644fc292" 204 - "HEAD http://172.18.0.2:8080/v1/AUTH_e169406919034ddc8a39593c0a9539f0/gnocchi.6cebd0d5-c769-495d-b2c2-6ff7644fc292?format=json&states=listing" "tx300ec0c9679f400d8de61-006a2aedbe" "proxy-server 20" 0.0048 "-" 22 0
Jun 11 17:17:50 standalone proxy-server[130048]: - - 11/Jun/2026/17/17/50 HEAD /v1/AUTH_e169406919034ddc8a39593c0a9539f0/gnocchi.6cebd0d5-c769-495d-b2c2-6ff7644fc292%3Fformat%3Djson%26states%3Dlisting HTTP/1.0 204 - Swift - - - - tx300ec0c9679f400d8de61-006a2aedbe - 0.0122 RL - 1781198270.389520645 1781198270.401706457 0
Jun 11 17:17:50 standalone container-server[128066]: 172.20.0.100 - - [11/Jun/2026:17:17:50 +0000] "GET /d1/990/AUTH_e169406919034ddc8a39593c0a9539f0/gnocchi.6cebd0d5-c769-495d-b2c2-6ff7644fc292" 200 2 "GET http://172.18.0.2:8080/v1/AUTH_e169406919034ddc8a39593c0a9539f0/gnocchi.6cebd0d5-c769-495d-b2c2-6ff7644fc292?format=json&states=listing" "tx300ec0c9679f400d8de61-006a2aedbe" "proxy-server 20" 0.0031 "-" 20 0
Jun 11 17:17:50 standalone proxy-server[130048]: 172.18.0.2 172.18.0.100 11/Jun/2026/17/17/50 GET /v1/AUTH_e169406919034ddc8a39593c0a9539f0/gnocchi.6cebd0d5-c769-495d-b2c2-6ff7644fc292%3Fformat%3Djson%26states%3Dlisting HTTP/1.0 200 - python-swiftclient-3.11.1 gAAAAABqKu292LCK... - 2 - tx300ec0c9679f400d8de61-006a2aedbe - 0.0248 - - 1781198270.387566328 1781198270.412346363 0
Jun 11 17:17:50 standalone object-server[128296]: 172.20.0.100 - - [11/Jun/2026:17:17:50 +0000] "GET /d1/293/AUTH_e169406919034ddc8a39593c0a9539f0/gnocchi.6cebd0d5-c769-495d-b2c2-6ff7644fc292/1780920000.0_mean_300.0_v3" 404 70 "GET http://172.18.0.2:8080/v1/AUTH_e169406919034ddc8a39593c0a9539f0/gnocchi.6cebd0d5-c769-495d-b2c2-6ff7644fc292/1780920000.0_mean_300.0_v3" "txeb8f7874d1cb44eca2fc4-006a2aedbe" "proxy-server 20" 0.0006 "-" 23 0
Jun 11 17:17:50 standalone proxy-server[130048]: 172.18.0.2 172.18.0.100 11/Jun/2026/17/17/50 GET /v1/AUTH_e169406919034ddc8a39593c0a9539f0/gnocchi.6cebd0d5-c769-495d-b2c2-6ff7644fc292/1780920000.0_mean_300.0_v3 HTTP/1.0 404 - python-swiftclient-3.11.1 gAAAAABqKu292LCK... - 70 - txeb8f7874d1cb44eca2fc4-006a2aedbe - 0.0068 - - 1781198270.418455362 1781198270.425304174 0
Jun 11 17:17:50 standalone container-server[128071]: 172.20.0.100 - - [11/Jun/2026:17:17:50 +0000] "PUT /d1/990/AUTH_e169406919034ddc8a39593c0a9539f0/gnocchi.6cebd0d5-c769-495d-b2c2-6ff7644fc292/1780920000.0_mean_300.0_v3" 201 - "PUT http://172.18.0.2:8080/d1/293/AUTH_e169406919034ddc8a39593c0a9539f0/gnocchi.6cebd0d5-c769-495d-b2c2-6ff7644fc292/1780920000.0_mean_300.0_v3" "txde3cf4e28b85488db0ee1-006a2aedbe" "object-server 22" 0.0019 "-" 21 0
Jun 11 17:17:50 standalone object-server[128295]: 172.20.0.100 - - [11/Jun/2026:17:17:50 +0000] "PUT /d1/293/AUTH_e169406919034ddc8a39593c0a9539f0/gnocchi.6cebd0d5-c769-495d-b2c2-6ff7644fc292/1780920000.0_mean_300.0_v3" 201 - "PUT http://172.18.0.2:8080/v1/AUTH_e169406919034ddc8a39593c0a9539f0/gnocchi.6cebd0d5-c769-495d-b2c2-6ff7644fc292/1780920000.0_mean_300.0_v3" "txde3cf4e28b85488db0ee1-006a2aedbe" "proxy-server 20" 0.0401 "-" 22 0
Jun 11 17:17:50 standalone proxy-server[130048]: 172.18.0.2 172.18.0.100 11/Jun/2026/17/17/50 PUT /v1/AUTH_e169406919034ddc8a39593c0a9539f0/gnocchi.6cebd0d5-c769-495d-b2c2-6ff7644fc292/1780920000.0_mean_300.0_v3 HTTP/1.0 201 - python-swiftclient-3.11.1 gAAAAABqKu292LCK... 16 - - txde3cf4e28b85488db0ee1-006a2aedbe - 0.0537 - - 1781198270.429167271 1781198270.482839823 0
Jun 11 17:17:50 standalone container-server[128139]: 172.20.0.100 - - [11/Jun/2026:17:17:50 +0000] "PUT /d1/990/AUTH_e169406919034ddc8a39593c0a9539f0/gnocchi.6cebd0d5-c769-495d-b2c2-6ff7644fc292/none_v3" 201 - "PUT http://172.18.0.2:8080/d1/236/AUTH_e169406919034ddc8a39593c0a9539f0/gnocchi.6cebd0d5-c769-495d-b2c2-6ff7644fc292/none_v3" "txa07fd82c21e344b2a354c-006a2aedbe" "object-server 24" 0.0007 "-" 23 0
Jun 11 17:17:50 standalone object-server[128299]: 172.20.0.100 - - [11/Jun/2026:17:17:50 +0000] "PUT /d1/236/AUTH_e169406919034ddc8a39593c0a9539f0/gnocchi.6cebd0d5-c769-495d-b2c2-6ff7644fc292/none_v3" 201 - "PUT http://172.18.0.2:8080/v1/AUTH_e169406919034ddc8a39593c0a9539f0/gnocchi.6cebd0d5-c769-495d-b2c2-6ff7644fc292/none_v3" "txa07fd82c21e344b2a354c-006a2aedbe" "proxy-server 20" 0.0295 "-" 24 0
Jun 11 17:17:50 standalone proxy-server[130048]: 172.18.0.2 172.18.0.100 11/Jun/2026/17/17/50 PUT /v1/AUTH_e169406919034ddc8a39593c0a9539f0/gnocchi.6cebd0d5-c769-495d-b2c2-6ff7644fc292/none_v3 HTTP/1.0 201 - python-swiftclient-3.11.1 gAAAAABqKu292LCK... 22 - - txa07fd82c21e344b2a354c-006a2aedbe - 0.0353 - - 1781198270.486315489 1781198270.521652937 0
Jun 11 17:18:19 standalone object-server[128296]: 172.20.0.100 - - [11/Jun/2026:17:18:19 +0000] "GET /d1/236/AUTH_e169406919034ddc8a39593c0a9539f0/gnocchi.6cebd0d5-c769-495d-b2c2-6ff7644fc292/none_v3" 200 22 "GET http://172.18.0.2:8080/v1/AUTH_e169406919034ddc8a39593c0a9539f0/gnocchi.6cebd0d5-c769-495d-b2c2-6ff7644fc292/none_v3" "txf2810e80806d43738b84a-006a2aeddb" "proxy-server 20" 0.0010 "-" 23 0
Jun 11 17:18:19 standalone proxy-server[130048]: 172.18.0.2 172.18.0.100 11/Jun/2026/17/18/19 GET /v1/AUTH_e169406919034ddc8a39593c0a9539f0/gnocchi.6cebd0d5-c769-495d-b2c2-6ff7644fc292/none_v3 HTTP/1.0 200 - python-swiftclient-3.11.1 gAAAAABqKu292LCK... - 22 - txf2810e80806d43738b84a-006a2aeddb - 0.0163 - - 1781198299.481476068 1781198299.497736692 0
Jun 11 17:18:19 standalone container-server[128071]: 172.20.0.100 - - [11/Jun/2026:17:18:19 +0000] "GET /d1/990/AUTH_e169406919034ddc8a39593c0a9539f0/gnocchi.6cebd0d5-c769-495d-b2c2-6ff7644fc292" 200 357 "GET http://172.18.0.2:8080/v1/AUTH_e169406919034ddc8a39593c0a9539f0/gnocchi.6cebd0d5-c769-495d-b2c2-6ff7644fc292?format=json&states=listing" "txd7249120b3e641ffa3fea-006a2aeddb" "proxy-server 20" 0.0206 "-" 21 0
Jun 11 17:18:19 standalone proxy-server[130048]: 172.18.0.2 172.18.0.100 11/Jun/2026/17/18/19 GET /v1/AUTH_e169406919034ddc8a39593c0a9539f0/gnocchi.6cebd0d5-c769-495d-b2c2-6ff7644fc292%3Fformat%3Djson%26states%3Dlisting HTTP/1.0 200 - python-swiftclient-3.11.1 gAAAAABqKu292LCK... - 357 - txd7249120b3e641ffa3fea-006a2aeddb - 0.0318 - - 1781198299.502169847 1781198299.533978939 0
Jun 11 17:18:19 standalone container-server[128066]: 172.20.0.100 - - [11/Jun/2026:17:18:19 +0000] "GET /d1/990/AUTH_e169406919034ddc8a39593c0a9539f0/gnocchi.6cebd0d5-c769-495d-b2c2-6ff7644fc292" 200 2 "GET http://172.18.0.2:8080/v1/AUTH_e169406919034ddc8a39593c0a9539f0/gnocchi.6cebd0d5-c769-495d-b2c2-6ff7644fc292?format=json&marker=none_v3&states=listing" "txc1bfc6d6efd646f2a8e6c-006a2aeddb" "proxy-server 20" 0.0020 "-" 20 0
Jun 11 17:18:19 standalone proxy-server[130048]: 172.18.0.2 172.18.0.100 11/Jun/2026/17/18/19 GET /v1/AUTH_e169406919034ddc8a39593c0a9539f0/gnocchi.6cebd0d5-c769-495d-b2c2-6ff7644fc292%3Fformat%3Djson%26marker%3Dnone_v3%26states%3Dlisting HTTP/1.0 200 - python-swiftclient-3.11.1 gAAAAABqKu292LCK... - 2 - txc1bfc6d6efd646f2a8e6c-006a2aeddb - 0.0098 - - 1781198299.537336349 1781198299.547139406 0
Jun 11 17:18:19 standalone object-server[128296]: 172.20.0.100 - - [11/Jun/2026:17:18:19 +0000] "GET /d1/293/AUTH_e169406919034ddc8a39593c0a9539f0/gnocchi.6cebd0d5-c769-495d-b2c2-6ff7644fc292/1780920000.0_mean_300.0_v3" 200 16 "GET http://172.18.0.2:8080/v1/AUTH_e169406919034ddc8a39593c0a9539f0/gnocchi.6cebd0d5-c769-495d-b2c2-6ff7644fc292/1780920000.0_mean_300.0_v3" "txfa24a6605a5b464e97521-006a2aeddb" "proxy-server 20" 0.0007 "-" 23 0
Jun 11 17:18:19 standalone proxy-server[130048]: 172.18.0.2 172.18.0.100 11/Jun/2026/17/18/19 GET /v1/AUTH_e169406919034ddc8a39593c0a9539f0/gnocchi.6cebd0d5-c769-495d-b2c2-6ff7644fc292/1780920000.0_mean_300.0_v3 HTTP/1.0 200 - python-swiftclient-3.11.1 gAAAAABqKu292LCK... - 16 - txfa24a6605a5b464e97521-006a2aeddb - 0.0077 - - 1781198299.550419092 1781198299.558117628 0
Jun 11 17:18:19 standalone container-server[128139]: 172.20.0.100 - - [11/Jun/2026:17:18:19 +0000] "PUT /d1/990/AUTH_e169406919034ddc8a39593c0a9539f0/gnocchi.6cebd0d5-c769-495d-b2c2-6ff7644fc292/1780920000.0_mean_300.0_v3" 201 - "PUT http://172.18.0.2:8080/d1/293/AUTH_e169406919034ddc8a39593c0a9539f0/gnocchi.6cebd0d5-c769-495d-b2c2-6ff7644fc292/1780920000.0_mean_300.0_v3" "tx85490be781924d2f95bc1-006a2aeddb" "object-server 22" 0.0010 "-" 23 0
Jun 11 17:18:19 standalone object-server[128295]: 172.20.0.100 - - [11/Jun/2026:17:18:19 +0000] "PUT /d1/293/AUTH_e169406919034ddc8a39593c0a9539f0/gnocchi.6cebd0d5-c769-495d-b2c2-6ff7644fc292/1780920000.0_mean_300.0_v3" 201 - "PUT http://172.18.0.2:8080/v1/AUTH_e169406919034ddc8a39593c0a9539f0/gnocchi.6cebd0d5-c769-495d-b2c2-6ff7644fc292/1780920000.0_mean_300.0_v3" "tx85490be781924d2f95bc1-006a2aeddb" "proxy-server 20" 0.0147 "-" 22 0
Jun 11 17:18:19 standalone proxy-server[130048]: 172.18.0.2 172.18.0.100 11/Jun/2026/17/18/19 PUT /v1/AUTH_e169406919034ddc8a39593c0a9539f0/gnocchi.6cebd0d5-c769-495d-b2c2-6ff7644fc292/1780920000.0_mean_300.0_v3 HTTP/1.0 201 - python-swiftclient-3.11.1 gAAAAABqKu292LCK... 16 - - tx85490be781924d2f95bc1-006a2aeddb - 0.0240 - - 1781198299.562715054 1781198299.586745024 0
Jun 11 17:18:19 standalone container-server[128071]: 172.20.0.100 - - [11/Jun/2026:17:18:19 +0000] "PUT /d1/990/AUTH_e169406919034ddc8a39593c0a9539f0/gnocchi.6cebd0d5-c769-495d-b2c2-6ff7644fc292/none_v3" 201 - "PUT http://172.18.0.2:8080/d1/236/AUTH_e169406919034ddc8a39593c0a9539f0/gnocchi.6cebd0d5-c769-495d-b2c2-6ff7644fc292/none_v3" "tx711c3f28f9344c908f39c-006a2aeddb" "object-server 22" 0.0009 "-" 21 0
Jun 11 17:18:19 standalone object-server[128295]: 172.20.0.100 - - [11/Jun/2026:17:18:19 +0000] "PUT /d1/236/AUTH_e169406919034ddc8a39593c0a9539f0/gnocchi.6cebd0d5-c769-495d-b2c2-6ff7644fc292/none_v3" 201 - "PUT http://172.18.0.2:8080/v1/AUTH_e169406919034ddc8a39593c0a9539f0/gnocchi.6cebd0d5-c769-495d-b2c2-6ff7644fc292/none_v3" "tx711c3f28f9344c908f39c-006a2aeddb" "proxy-server 20" 0.0129 "-" 22 0
Jun 11 17:18:19 standalone proxy-server[130048]: 172.18.0.2 172.18.0.100 11/Jun/2026/17/18/19 PUT /v1/AUTH_e169406919034ddc8a39593c0a9539f0/gnocchi.6cebd0d5-c769-495d-b2c2-6ff7644fc292/none_v3 HTTP/1.0 201 - python-swiftclient-3.11.1 gAAAAABqKu292LCK... 32 - - tx711c3f28f9344c908f39c-006a2aeddb - 0.0206 - - 1781198299.596690655 1781198299.617315292 0
Jun 11 17:18:48 standalone container-server[128066]: 172.20.0.100 - - [11/Jun/2026:17:18:48 +0000] "HEAD /d1/711/AUTH_e169406919034ddc8a39593c0a9539f0/gnocchi.fb180214-261d-473d-b73d-9270e59b4282" 404 - "HEAD http://172.18.0.2:8080/v1/AUTH_e169406919034ddc8a39593c0a9539f0/gnocchi.fb180214-261d-473d-b73d-9270e59b4282?format=json&states=listing" "tx7cb3d96bc8554bf08dddb-006a2aedf8" "proxy-server 20" 0.0007 "-" 20 0
Jun 11 17:18:48 standalone object-server[128295]: 172.20.0.100 - - [11/Jun/2026:17:18:48 +0000] "GET /d1/804/AUTH_e169406919034ddc8a39593c0a9539f0/gnocchi.fb180214-261d-473d-b73d-9270e59b4282/none_v3" 404 70 "GET http://172.18.0.2:8080/v1/AUTH_e169406919034ddc8a39593c0a9539f0/gnocchi.fb180214-261d-473d-b73d-9270e59b4282/none_v3" "tx7cb3d96bc8554bf08dddb-006a2aedf8" "proxy-server 20" 0.0004 "-" 22 0
Jun 11 17:18:48 standalone proxy-server[130048]: 172.18.0.2 172.18.0.100 11/Jun/2026/17/18/48 GET /v1/AUTH_e169406919034ddc8a39593c0a9539f0/gnocchi.fb180214-261d-473d-b73d-9270e59b4282/none_v3 HTTP/1.0 404 - python-swiftclient-3.11.1 gAAAAABqKu292LCK... - 70 - tx7cb3d96bc8554bf08dddb-006a2aedf8 - 0.0118 - - 1781198328.732591391 1781198328.744378090 0
Jun 11 17:18:48 standalone account-server[128003]: 172.20.0.100 - - [11/Jun/2026:17:18:48 +0000] "PUT /d1/246/AUTH_e169406919034ddc8a39593c0a9539f0/gnocchi.fb180214-261d-473d-b73d-9270e59b4282" 201 - "PUT http://172.20.0.100:6001/d1/711/AUTH_e169406919034ddc8a39593c0a9539f0/gnocchi.fb180214-261d-473d-b73d-9270e59b4282" "txb2cc37c582254e6bbbe31-006a2aedf8" "container-server 23" 0.0074 "-" 16 0
Jun 11 17:18:48 standalone container-server[128139]: 172.20.0.100 - - [11/Jun/2026:17:18:48 +0000] "PUT /d1/711/AUTH_e169406919034ddc8a39593c0a9539f0/gnocchi.fb180214-261d-473d-b73d-9270e59b4282" 201 - "PUT http://172.18.0.2:8080/v1/AUTH_e169406919034ddc8a39593c0a9539f0/gnocchi.fb180214-261d-473d-b73d-9270e59b4282" "txb2cc37c582254e6bbbe31-006a2aedf8" "proxy-server 20" 0.0222 "-" 23 0
Jun 11 17:18:48 standalone proxy-server[130048]: 172.18.0.2 172.18.0.100 11/Jun/2026/17/18/48 PUT /v1/AUTH_e169406919034ddc8a39593c0a9539f0/gnocchi.fb180214-261d-473d-b73d-9270e59b4282 HTTP/1.0 201 - python-swiftclient-3.11.1 gAAAAABqKu292LCK... - - - txb2cc37c582254e6bbbe31-006a2aedf8 - 0.0295 - - 1781198328.758889437 1781198328.788379192 0
Jun 11 17:18:48 standalone container-server[128139]: 172.20.0.100 - - [11/Jun/2026:17:18:48 +0000] "HEAD /d1/711/AUTH_e169406919034ddc8a39593c0a9539f0/gnocchi.fb180214-261d-473d-b73d-9270e59b4282" 204 - "HEAD http://172.18.0.2:8080/v1/AUTH_e169406919034ddc8a39593c0a9539f0/gnocchi.fb180214-261d-473d-b73d-9270e59b4282?format=json&states=listing" "tx33c1fe88651d43f4b1530-006a2aedf8" "proxy-server 20" 0.0023 "-" 23 0
Jun 11 17:18:48 standalone proxy-server[130048]: - - 11/Jun/2026/17/18/48 HEAD /v1/AUTH_e169406919034ddc8a39593c0a9539f0/gnocchi.fb180214-261d-473d-b73d-9270e59b4282%3Fformat%3Djson%26states%3Dlisting HTTP/1.0 204 - Swift - - - - tx33c1fe88651d43f4b1530-006a2aedf8 - 0.0060 RL - 1781198328.793627739 1781198328.799581766 0
Jun 11 17:18:48 standalone container-server[128066]: 172.20.0.100 - - [11/Jun/2026:17:18:48 +0000] "GET /d1/711/AUTH_e169406919034ddc8a39593c0a9539f0/gnocchi.fb180214-261d-473d-b73d-9270e59b4282" 200 2 "GET http://172.18.0.2:8080/v1/AUTH_e169406919034ddc8a39593c0a9539f0/gnocchi.fb180214-261d-473d-b73d-9270e59b4282?format=json&states=listing" "tx33c1fe88651d43f4b1530-006a2aedf8" "proxy-server 20" 0.0021 "-" 20 0
Jun 11 17:18:48 standalone proxy-server[130048]: 172.18.0.2 172.18.0.100 11/Jun/2026/17/18/48 GET /v1/AUTH_e169406919034ddc8a39593c0a9539f0/gnocchi.fb180214-261d-473d-b73d-9270e59b4282%3Fformat%3Djson%26states%3Dlisting HTTP/1.0 200 - python-swiftclient-3.11.1 gAAAAABqKu292LCK... - 2 - tx33c1fe88651d43f4b1530-006a2aedf8 - 0.0177 - - 1781198328.792424440 1781198328.810168505 0
Jun 11 17:18:48 standalone object-server[128300]: 172.20.0.100 - - [11/Jun/2026:17:18:48 +0000] "GET /d1/332/AUTH_e169406919034ddc8a39593c0a9539f0/gnocchi.fb180214-261d-473d-b73d-9270e59b4282/1780920000.0_mean_300.0_v3" 404 70 "GET http://172.18.0.2:8080/v1/AUTH_e169406919034ddc8a39593c0a9539f0/gnocchi.fb180214-261d-473d-b73d-9270e59b4282/1780920000.0_mean_300.0_v3" "tx22cf685d12f242719ca40-006a2aedf8" "proxy-server 20" 0.0012 "-" 25 0
Jun 11 17:18:48 standalone proxy-server[130048]: 172.18.0.2 172.18.0.100 11/Jun/2026/17/18/48 GET /v1/AUTH_e169406919034ddc8a39593c0a9539f0/gnocchi.fb180214-261d-473d-b73d-9270e59b4282/1780920000.0_mean_300.0_v3 HTTP/1.0 404 - python-swiftclient-3.11.1 gAAAAABqKu292LCK... - 70 - tx22cf685d12f242719ca40-006a2aedf8 - 0.0116 - - 1781198328.815969944 1781198328.827588558 0
Jun 11 17:18:48 standalone container-server[128139]: 172.20.0.100 - - [11/Jun/2026:17:18:48 +0000] "PUT /d1/711/AUTH_e169406919034ddc8a39593c0a9539f0/gnocchi.fb180214-261d-473d-b73d-9270e59b4282/1780920000.0_mean_300.0_v3" 201 - "PUT http://172.18.0.2:8080/d1/332/AUTH_e169406919034ddc8a39593c0a9539f0/gnocchi.fb180214-261d-473d-b73d-9270e59b4282/1780920000.0_mean_300.0_v3" "txf8fd400cbab74b53b9724-006a2aedf8" "object-server 24" 0.0007 "-" 23 0
Jun 11 17:18:48 standalone object-server[128299]: 172.20.0.100 - - [11/Jun/2026:17:18:48 +0000] "PUT /d1/332/AUTH_e169406919034ddc8a39593c0a9539f0/gnocchi.fb180214-261d-473d-b73d-9270e59b4282/1780920000.0_mean_300.0_v3" 201 - "PUT http://172.18.0.2:8080/v1/AUTH_e169406919034ddc8a39593c0a9539f0/gnocchi.fb180214-261d-473d-b73d-9270e59b4282/1780920000.0_mean_300.0_v3" "txf8fd400cbab74b53b9724-006a2aedf8" "proxy-server 20" 0.0099 "-" 24 0
Jun 11 17:18:48 standalone proxy-server[130048]: 172.18.0.2 172.18.0.100 11/Jun/2026/17/18/48 PUT /v1/AUTH_e169406919034ddc8a39593c0a9539f0/gnocchi.fb180214-261d-473d-b73d-9270e59b4282/1780920000.0_mean_300.0_v3 HTTP/1.0 201 - python-swiftclient-3.11.1 gAAAAABqKu292LCK... 16 - - txf8fd400cbab74b53b9724-006a2aedf8 - 0.0177 - - 1781198328.831901550 1781198328.849601746 0
Jun 11 17:18:48 standalone container-server[128139]: 172.20.0.100 - - [11/Jun/2026:17:18:48 +0000] "PUT /d1/711/AUTH_e169406919034ddc8a39593c0a9539f0/gnocchi.fb180214-261d-473d-b73d-9270e59b4282/none_v3" 201 - "PUT http://172.18.0.2:8080/d1/804/AUTH_e169406919034ddc8a39593c0a9539f0/gnocchi.fb180214-261d-473d-b73d-9270e59b4282/none_v3" "txa4a6d20336924748b8776-006a2aedf8" "object-server 22" 0.0005 "-" 23 0
Jun 11 17:18:48 standalone object-server[128295]: 172.20.0.100 - - [11/Jun/2026:17:18:48 +0000] "PUT /d1/804/AUTH_e169406919034ddc8a39593c0a9539f0/gnocchi.fb180214-261d-473d-b73d-9270e59b4282/none_v3" 201 - "PUT http://172.18.0.2:8080/v1/AUTH_e169406919034ddc8a39593c0a9539f0/gnocchi.fb180214-261d-473d-b73d-9270e59b4282/none_v3" "txa4a6d20336924748b8776-006a2aedf8" "proxy-server 20" 0.0144 "-" 22 0
Jun 11 17:18:48 standalone proxy-server[130048]: 172.18.0.2 172.18.0.100 11/Jun/2026/17/18/48 PUT /v1/AUTH_e169406919034ddc8a39593c0a9539f0/gnocchi.fb180214-261d-473d-b73d-9270e59b4282/none_v3 HTTP/1.0 201 - python-swiftclient-3.11.1 gAAAAABqKu292LCK... 22 - - txa4a6d20336924748b8776-006a2aedf8 - 0.0221 - - 1781198328.853723764 1781198328.875797749 0
Jun 11 17:18:48 standalone container-server[128071]: 172.20.0.100 - - [11/Jun/2026:17:18:48 +0000] "HEAD /d1/1000/AUTH_e169406919034ddc8a39593c0a9539f0/gnocchi.7dda01a1-b3eb-4be9-a06f-d03cdb0014f5" 404 - "HEAD http://172.18.0.2:8080/v1/AUTH_e169406919034ddc8a39593c0a9539f0/gnocchi.7dda01a1-b3eb-4be9-a06f-d03cdb0014f5?format=json&states=listing" "txe10c4892e71b4caab35f6-006a2aedf8" "proxy-server 20" 0.0004 "-" 21 0
Jun 11 17:18:48 standalone object-server[128300]: 172.20.0.100 - - [11/Jun/2026:17:18:48 +0000] "GET /d1/617/AUTH_e169406919034ddc8a39593c0a9539f0/gnocchi.7dda01a1-b3eb-4be9-a06f-d03cdb0014f5/none_v3" 404 70 "GET http://172.18.0.2:8080/v1/AUTH_e169406919034ddc8a39593c0a9539f0/gnocchi.7dda01a1-b3eb-4be9-a06f-d03cdb0014f5/none_v3" "txe10c4892e71b4caab35f6-006a2aedf8" "proxy-server 20" 0.0004 "-" 25 0
Jun 11 17:18:48 standalone proxy-server[130048]: 172.18.0.2 172.18.0.100 11/Jun/2026/17/18/48 GET /v1/AUTH_e169406919034ddc8a39593c0a9539f0/gnocchi.7dda01a1-b3eb-4be9-a06f-d03cdb0014f5/none_v3 HTTP/1.0 404 - python-swiftclient-3.11.1 gAAAAABqKu292LCK... - 70 - txe10c4892e71b4caab35f6-006a2aedf8 - 0.0125 - - 1781198328.888444901 1781198328.900976181 0
Jun 11 17:18:48 standalone account-server[127999]: 172.20.0.100 - - [11/Jun/2026:17:18:48 +0000] "PUT /d1/246/AUTH_e169406919034ddc8a39593c0a9539f0/gnocchi.7dda01a1-b3eb-4be9-a06f-d03cdb0014f5" 201 - "PUT http://172.20.0.100:6001/d1/1000/AUTH_e169406919034ddc8a39593c0a9539f0/gnocchi.7dda01a1-b3eb-4be9-a06f-d03cdb0014f5" "txf76def4da33b4c2d9ddaa-006a2aedf8" "container-server 21" 0.0195 "-" 14 0
Jun 11 17:18:48 standalone container-server[128071]: 172.20.0.100 - - [11/Jun/2026:17:18:48 +0000] "PUT /d1/1000/AUTH_e169406919034ddc8a39593c0a9539f0/gnocchi.7dda01a1-b3eb-4be9-a06f-d03cdb0014f5" 201 - "PUT http://172.18.0.2:8080/v1/AUTH_e169406919034ddc8a39593c0a9539f0/gnocchi.7dda01a1-b3eb-4be9-a06f-d03cdb0014f5" "txf76def4da33b4c2d9ddaa-006a2aedf8" "proxy-server 20" 0.0407 "-" 21 0
Jun 11 17:18:48 standalone proxy-server[130048]: 172.18.0.2 172.18.0.100 11/Jun/2026/17/18/48 PUT /v1/AUTH_e169406919034ddc8a39593c0a9539f0/gnocchi.7dda01a1-b3eb-4be9-a06f-d03cdb0014f5 HTTP/1.0 201 - python-swiftclient-3.11.1 gAAAAABqKu292LCK... - - - txf76def4da33b4c2d9ddaa-006a2aedf8 - 0.0464 - - 1781198328.904752970 1781198328.951198578 0
Jun 11 17:18:48 standalone container-server[128112]: 172.20.0.100 - - [11/Jun/2026:17:18:48 +0000] "HEAD /d1/1000/AUTH_e169406919034ddc8a39593c0a9539f0/gnocchi.7dda01a1-b3eb-4be9-a06f-d03cdb0014f5" 204 - "HEAD http://172.18.0.2:8080/v1/AUTH_e169406919034ddc8a39593c0a9539f0/gnocchi.7dda01a1-b3eb-4be9-a06f-d03cdb0014f5?format=json&states=listing" "tx9249980924fe46cd8c9e5-006a2aedf8" "proxy-server 20" 0.0022 "-" 22 0
Jun 11 17:18:48 standalone proxy-server[130048]: - - 11/Jun/2026/17/18/48 HEAD /v1/AUTH_e169406919034ddc8a39593c0a9539f0/gnocchi.7dda01a1-b3eb-4be9-a06f-d03cdb0014f5%3Fformat%3Djson%26states%3Dlisting HTTP/1.0 204 - Swift - - - - tx9249980924fe46cd8c9e5-006a2aedf8 - 0.0070 RL - 1781198328.959892511 1781198328.966853619 0
Jun 11 17:18:48 standalone container-server[128139]: 172.20.0.100 - - [11/Jun/2026:17:18:48 +0000] "GET /d1/1000/AUTH_e169406919034ddc8a39593c0a9539f0/gnocchi.7dda01a1-b3eb-4be9-a06f-d03cdb0014f5" 200 2 "GET http://172.18.0.2:8080/v1/AUTH_e169406919034ddc8a39593c0a9539f0/gnocchi.7dda01a1-b3eb-4be9-a06f-d03cdb0014f5?format=json&states=listing" "tx9249980924fe46cd8c9e5-006a2aedf8" "proxy-server 20" 0.0025 "-" 23 0
Jun 11 17:18:48 standalone proxy-server[130048]: 172.18.0.2 172.18.0.100 11/Jun/2026/17/18/48 GET /v1/AUTH_e169406919034ddc8a39593c0a9539f0/gnocchi.7dda01a1-b3eb-4be9-a06f-d03cdb0014f5%3Fformat%3Djson%26states%3Dlisting HTTP/1.0 200 - python-swiftclient-3.11.1 gAAAAABqKu292LCK... - 2 - tx9249980924fe46cd8c9e5-006a2aedf8 - 0.0183 - - 1781198328.957508326 1781198328.975831747 0
Jun 11 17:18:48 standalone object-server[128295]: 172.20.0.100 - - [11/Jun/2026:17:18:48 +0000] "GET /d1/569/AUTH_e169406919034ddc8a39593c0a9539f0/gnocchi.7dda01a1-b3eb-4be9-a06f-d03cdb0014f5/1780920000.0_mean_300.0_v3" 404 70 "GET http://172.18.0.2:8080/v1/AUTH_e169406919034ddc8a39593c0a9539f0/gnocchi.7dda01a1-b3eb-4be9-a06f-d03cdb0014f5/1780920000.0_mean_300.0_v3" "txb28191e325da4d01a381d-006a2aedf8" "proxy-server 20" 0.0006 "-" 22 0
Jun 11 17:18:48 standalone proxy-server[130048]: 172.18.0.2 172.18.0.100 11/Jun/2026/17/18/48 GET /v1/AUTH_e169406919034ddc8a39593c0a9539f0/gnocchi.7dda01a1-b3eb-4be9-a06f-d03cdb0014f5/1780920000.0_mean_300.0_v3 HTTP/1.0 404 - python-swiftclient-3.11.1 gAAAAABqKu292LCK... - 70 - txb28191e325da4d01a381d-006a2aedf8 - 0.0060 - - 1781198328.980129480 1781198328.986174822 0
Jun 11 17:18:49 standalone container-server[128071]: 172.20.0.100 - - [11/Jun/2026:17:18:49 +0000] "PUT /d1/1000/AUTH_e169406919034ddc8a39593c0a9539f0/gnocchi.7dda01a1-b3eb-4be9-a06f-d03cdb0014f5/1780920000.0_mean_300.0_v3" 201 - "PUT http://172.18.0.2:8080/d1/569/AUTH_e169406919034ddc8a39593c0a9539f0/gnocchi.7dda01a1-b3eb-4be9-a06f-d03cdb0014f5/1780920000.0_mean_300.0_v3" "txd0172ce26ab44ef0ad1f4-006a2aedf8" "object-server 24" 0.0009 "-" 21 0
Jun 11 17:18:49 standalone object-server[128299]: 172.20.0.100 - - [11/Jun/2026:17:18:49 +0000] "PUT /d1/569/AUTH_e169406919034ddc8a39593c0a9539f0/gnocchi.7dda01a1-b3eb-4be9-a06f-d03cdb0014f5/1780920000.0_mean_300.0_v3" 201 - "PUT http://172.18.0.2:8080/v1/AUTH_e169406919034ddc8a39593c0a9539f0/gnocchi.7dda01a1-b3eb-4be9-a06f-d03cdb0014f5/1780920000.0_mean_300.0_v3" "txd0172ce26ab44ef0ad1f4-006a2aedf8" "proxy-server 20" 0.0221 "-" 24 0
Jun 11 17:18:49 standalone proxy-server[130048]: 172.18.0.2 172.18.0.100 11/Jun/2026/17/18/49 PUT /v1/AUTH_e169406919034ddc8a39593c0a9539f0/gnocchi.7dda01a1-b3eb-4be9-a06f-d03cdb0014f5/1780920000.0_mean_300.0_v3 HTTP/1.0 201 - python-swiftclient-3.11.1 gAAAAABqKu292LCK... 16 - - txd0172ce26ab44ef0ad1f4-006a2aedf8 - 0.0274 - - 1781198328.989669323 1781198329.017078161 0
Jun 11 17:18:49 standalone container-server[128139]: 172.20.0.100 - - [11/Jun/2026:17:18:49 +0000] "PUT /d1/1000/AUTH_e169406919034ddc8a39593c0a9539f0/gnocchi.7dda01a1-b3eb-4be9-a06f-d03cdb0014f5/none_v3" 201 - "PUT http://172.18.0.2:8080/d1/617/AUTH_e169406919034ddc8a39593c0a9539f0/gnocchi.7dda01a1-b3eb-4be9-a06f-d03cdb0014f5/none_v3" "txd301eedf262046728498e-006a2aedf9" "object-server 25" 0.0005 "-" 23 0
Jun 11 17:18:49 standalone object-server[128300]: 172.20.0.100 - - [11/Jun/2026:17:18:49 +0000] "PUT /d1/617/AUTH_e169406919034ddc8a39593c0a9539f0/gnocchi.7dda01a1-b3eb-4be9-a06f-d03cdb0014f5/none_v3" 201 - "PUT http://172.18.0.2:8080/v1/AUTH_e169406919034ddc8a39593c0a9539f0/gnocchi.7dda01a1-b3eb-4be9-a06f-d03cdb0014f5/none_v3" "txd301eedf262046728498e-006a2aedf9" "proxy-server 20" 0.0387 "-" 25 0
Jun 11 17:18:49 standalone proxy-server[130048]: 172.18.0.2 172.18.0.100 11/Jun/2026/17/18/49 PUT /v1/AUTH_e169406919034ddc8a39593c0a9539f0/gnocchi.7dda01a1-b3eb-4be9-a06f-d03cdb0014f5/none_v3 HTTP/1.0 201 - python-swiftclient-3.11.1 gAAAAABqKu292LCK... 22 - - txd301eedf262046728498e-006a2aedf9 - 0.0452 - - 1781198329.020324707 1781198329.065544605 0
Jun 11 17:18:56 standalone account-server[127999]: 172.20.0.100 - - [11/Jun/2026:17:18:56 +0000] "HEAD /d1/246/AUTH_e169406919034ddc8a39593c0a9539f0" 204 - "HEAD http://172.18.0.2:8080/v1/AUTH_e169406919034ddc8a39593c0a9539f0?format=json" "txf48e4320bde14e438ffc3-006a2aee00" "proxy-server 20" 0.0086 "-" 14 -
Jun 11 17:18:56 standalone proxy-server[130048]: - - 11/Jun/2026/17/18/56 HEAD /v1/AUTH_e169406919034ddc8a39593c0a9539f0%3Fformat%3Djson HTTP/1.0 204 - Swift - - - - txf48e4320bde14e438ffc3-006a2aee00 - 0.0133 RL - 1781198336.460199833 1781198336.473521233 -
Jun 11 17:18:56 standalone container-server[128071]: 172.20.0.100 - - [11/Jun/2026:17:18:56 +0000] "HEAD /d1/392/AUTH_e169406919034ddc8a39593c0a9539f0/gnocchi.ce3ce1cb-15b8-4ecc-a3f4-54dc274e1607" 404 - "HEAD http://172.18.0.2:8080/v1/AUTH_e169406919034ddc8a39593c0a9539f0/gnocchi.ce3ce1cb-15b8-4ecc-a3f4-54dc274e1607?format=json&states=listing" "txf48e4320bde14e438ffc3-006a2aee00" "proxy-server 20" 0.0008 "-" 21 0
Jun 11 17:18:56 standalone object-server[128300]: 172.20.0.100 - - [11/Jun/2026:17:18:56 +0000] "GET /d1/702/AUTH_e169406919034ddc8a39593c0a9539f0/gnocchi.ce3ce1cb-15b8-4ecc-a3f4-54dc274e1607/none_v3" 404 70 "GET http://172.18.0.2:8080/v1/AUTH_e169406919034ddc8a39593c0a9539f0/gnocchi.ce3ce1cb-15b8-4ecc-a3f4-54dc274e1607/none_v3" "txf48e4320bde14e438ffc3-006a2aee00" "proxy-server 20" 0.0006 "-" 25 0
Jun 11 17:18:56 standalone proxy-server[130048]: 172.18.0.2 172.18.0.100 11/Jun/2026/17/18/56 GET /v1/AUTH_e169406919034ddc8a39593c0a9539f0/gnocchi.ce3ce1cb-15b8-4ecc-a3f4-54dc274e1607/none_v3 HTTP/1.0 404 - python-swiftclient-3.11.1 gAAAAABqKu292LCK... - 70 - txf48e4320bde14e438ffc3-006a2aee00 - 0.0283 - - 1781198336.459320545 1781198336.487588406 0
Jun 11 17:18:56 standalone account-server[128020]: 172.20.0.100 - - [11/Jun/2026:17:18:56 +0000] "PUT /d1/246/AUTH_e169406919034ddc8a39593c0a9539f0/gnocchi.ce3ce1cb-15b8-4ecc-a3f4-54dc274e1607" 201 - "PUT http://172.20.0.100:6001/d1/392/AUTH_e169406919034ddc8a39593c0a9539f0/gnocchi.ce3ce1cb-15b8-4ecc-a3f4-54dc274e1607" "tx3f867a7246d840df866e0-006a2aee00" "container-server 21" 0.0028 "-" 17 0
Jun 11 17:18:56 standalone container-server[128071]: 172.20.0.100 - - [11/Jun/2026:17:18:56 +0000] "PUT /d1/392/AUTH_e169406919034ddc8a39593c0a9539f0/gnocchi.ce3ce1cb-15b8-4ecc-a3f4-54dc274e1607" 201 - "PUT http://172.18.0.2:8080/v1/AUTH_e169406919034ddc8a39593c0a9539f0/gnocchi.ce3ce1cb-15b8-4ecc-a3f4-54dc274e1607" "tx3f867a7246d840df866e0-006a2aee00" "proxy-server 20" 0.0166 "-" 21 0
Jun 11 17:18:56 standalone proxy-server[130048]: 172.18.0.2 172.18.0.100 11/Jun/2026/17/18/56 PUT /v1/AUTH_e169406919034ddc8a39593c0a9539f0/gnocchi.ce3ce1cb-15b8-4ecc-a3f4-54dc274e1607 HTTP/1.0 201 - python-swiftclient-3.11.1 gAAAAABqKu292LCK... - - - tx3f867a7246d840df866e0-006a2aee00 - 0.0264 - - 1781198336.491070986 1781198336.517504215 0
Jun 11 17:18:56 standalone container-server[128112]: 172.20.0.100 - - [11/Jun/2026:17:18:56 +0000] "HEAD /d1/392/AUTH_e169406919034ddc8a39593c0a9539f0/gnocchi.ce3ce1cb-15b8-4ecc-a3f4-54dc274e1607" 204 - "HEAD http://172.18.0.2:8080/v1/AUTH_e169406919034ddc8a39593c0a9539f0/gnocchi.ce3ce1cb-15b8-4ecc-a3f4-54dc274e1607?format=json&states=listing" "txe9aa6502b1c248a396488-006a2aee00" "proxy-server 20" 0.0015 "-" 22 0
Jun 11 17:18:56 standalone proxy-server[130048]: - - 11/Jun/2026/17/18/56 HEAD /v1/AUTH_e169406919034ddc8a39593c0a9539f0/gnocchi.ce3ce1cb-15b8-4ecc-a3f4-54dc274e1607%3Fformat%3Djson%26states%3Dlisting HTTP/1.0 204 - Swift - - - - txe9aa6502b1c248a396488-006a2aee00 - 0.0064 RL - 1781198336.525187254 1781198336.531623602 0
Jun 11 17:18:56 standalone container-server[128112]: 172.20.0.100 - - [11/Jun/2026:17:18:56 +0000] "GET /d1/392/AUTH_e169406919034ddc8a39593c0a9539f0/gnocchi.ce3ce1cb-15b8-4ecc-a3f4-54dc274e1607" 200 2 "GET http://172.18.0.2:8080/v1/AUTH_e169406919034ddc8a39593c0a9539f0/gnocchi.ce3ce1cb-15b8-4ecc-a3f4-54dc274e1607?format=json&states=listing" "txe9aa6502b1c248a396488-006a2aee00" "proxy-server 20" 0.0026 "-" 22 0
Jun 11 17:18:56 standalone proxy-server[130048]: 172.18.0.2 172.18.0.100 11/Jun/2026/17/18/56 GET /v1/AUTH_e169406919034ddc8a39593c0a9539f0/gnocchi.ce3ce1cb-15b8-4ecc-a3f4-54dc274e1607%3Fformat%3Djson%26states%3Dlisting HTTP/1.0 200 - python-swiftclient-3.11.1 gAAAAABqKu292LCK... - 2 - txe9aa6502b1c248a396488-006a2aee00 - 0.0257 - - 1781198336.521690369 1781198336.547368288 0
Jun 11 17:18:56 standalone object-server[128300]: 172.20.0.100 - - [11/Jun/2026:17:18:56 +0000] "GET /d1/896/AUTH_e169406919034ddc8a39593c0a9539f0/gnocchi.ce3ce1cb-15b8-4ecc-a3f4-54dc274e1607/1780920000.0_mean_300.0_v3" 404 70 "GET http://172.18.0.2:8080/v1/AUTH_e169406919034ddc8a39593c0a9539f0/gnocchi.ce3ce1cb-15b8-4ecc-a3f4-54dc274e1607/1780920000.0_mean_300.0_v3" "tx9cb11cc6350c425faadd9-006a2aee00" "proxy-server 20" 0.0003 "-" 25 0
Jun 11 17:18:56 standalone proxy-server[130048]: 172.18.0.2 172.18.0.100 11/Jun/2026/17/18/56 GET /v1/AUTH_e169406919034ddc8a39593c0a9539f0/gnocchi.ce3ce1cb-15b8-4ecc-a3f4-54dc274e1607/1780920000.0_mean_300.0_v3 HTTP/1.0 404 - python-swiftclient-3.11.1 gAAAAABqKu292LCK... - 70 - tx9cb11cc6350c425faadd9-006a2aee00 - 0.0118 - - 1781198336.554913998 1781198336.566687822 0
Jun 11 17:18:56 standalone container-server[128112]: 172.20.0.100 - - [11/Jun/2026:17:18:56 +0000] "PUT /d1/392/AUTH_e169406919034ddc8a39593c0a9539f0/gnocchi.ce3ce1cb-15b8-4ecc-a3f4-54dc274e1607/1780920000.0_mean_300.0_v3" 201 - "PUT http://172.18.0.2:8080/d1/896/AUTH_e169406919034ddc8a39593c0a9539f0/gnocchi.ce3ce1cb-15b8-4ecc-a3f4-54dc274e1607/1780920000.0_mean_300.0_v3" "txd1a1c65620d44823baf06-006a2aee00" "object-server 24" 0.0009 "-" 22 0
Jun 11 17:18:56 standalone object-server[128299]: 172.20.0.100 - - [11/Jun/2026:17:18:56 +0000] "PUT /d1/896/AUTH_e169406919034ddc8a39593c0a9539f0/gnocchi.ce3ce1cb-15b8-4ecc-a3f4-54dc274e1607/1780920000.0_mean_300.0_v3" 201 - "PUT http://172.18.0.2:8080/v1/AUTH_e169406919034ddc8a39593c0a9539f0/gnocchi.ce3ce1cb-15b8-4ecc-a3f4-54dc274e1607/1780920000.0_mean_300.0_v3" "txd1a1c65620d44823baf06-006a2aee00" "proxy-server 20" 0.0112 "-" 24 0
Jun 11 17:18:56 standalone proxy-server[130048]: 172.18.0.2 172.18.0.100 11/Jun/2026/17/18/56 PUT /v1/AUTH_e169406919034ddc8a39593c0a9539f0/gnocchi.ce3ce1cb-15b8-4ecc-a3f4-54dc274e1607/1780920000.0_mean_300.0_v3 HTTP/1.0 201 - python-swiftclient-3.11.1 gAAAAABqKu292LCK... 16 - - txd1a1c65620d44823baf06-006a2aee00 - 0.0209 - - 1781198336.570835114 1781198336.591733217 0
Jun 11 17:18:56 standalone container-server[128112]: 172.20.0.100 - - [11/Jun/2026:17:18:56 +0000] "PUT /d1/392/AUTH_e169406919034ddc8a39593c0a9539f0/gnocchi.ce3ce1cb-15b8-4ecc-a3f4-54dc274e1607/none_v3" 201 - "PUT http://172.18.0.2:8080/d1/702/AUTH_e169406919034ddc8a39593c0a9539f0/gnocchi.ce3ce1cb-15b8-4ecc-a3f4-54dc274e1607/none_v3" "tx5aca73cabb3d4e66b894d-006a2aee00" "object-server 24" 0.0005 "-" 22 0
Jun 11 17:18:56 standalone object-server[128299]: 172.20.0.100 - - [11/Jun/2026:17:18:56 +0000] "PUT /d1/702/AUTH_e169406919034ddc8a39593c0a9539f0/gnocchi.ce3ce1cb-15b8-4ecc-a3f4-54dc274e1607/none_v3" 201 - "PUT http://172.18.0.2:8080/v1/AUTH_e169406919034ddc8a39593c0a9539f0/gnocchi.ce3ce1cb-15b8-4ecc-a3f4-54dc274e1607/none_v3" "tx5aca73cabb3d4e66b894d-006a2aee00" "proxy-server 20" 0.0092 "-" 24 0
Jun 11 17:18:56 standalone proxy-server[130048]: 172.18.0.2 172.18.0.100 11/Jun/2026/17/18/56 PUT /v1/AUTH_e169406919034ddc8a39593c0a9539f0/gnocchi.ce3ce1cb-15b8-4ecc-a3f4-54dc274e1607/none_v3 HTTP/1.0 201 - python-swiftclient-3.11.1 gAAAAABqKu292LCK... 22 - - tx5aca73cabb3d4e66b894d-006a2aee00 - 0.0209 - - 1781198336.594771147 1781198336.615653038 0
Jun 11 17:18:56 standalone container-server[128066]: 172.20.0.100 - - [11/Jun/2026:17:18:56 +0000] "HEAD /d1/831/AUTH_e169406919034ddc8a39593c0a9539f0/gnocchi.152ccfe5-398f-4084-9892-d60ae4000511" 404 - "HEAD http://172.18.0.2:8080/v1/AUTH_e169406919034ddc8a39593c0a9539f0/gnocchi.152ccfe5-398f-4084-9892-d60ae4000511?format=json&states=listing" "txa6d8d60ec3694a72aa8b8-006a2aee00" "proxy-server 20" 0.0009 "-" 20 0
Jun 11 17:18:56 standalone object-server[128299]: 172.20.0.100 - - [11/Jun/2026:17:18:56 +0000] "GET /d1/122/AUTH_e169406919034ddc8a39593c0a9539f0/gnocchi.152ccfe5-398f-4084-9892-d60ae4000511/none_v3" 404 70 "GET http://172.18.0.2:8080/v1/AUTH_e169406919034ddc8a39593c0a9539f0/gnocchi.152ccfe5-398f-4084-9892-d60ae4000511/none_v3" "txa6d8d60ec3694a72aa8b8-006a2aee00" "proxy-server 20" 0.0004 "-" 24 0
Jun 11 17:18:56 standalone proxy-server[130048]: 172.18.0.2 172.18.0.100 11/Jun/2026/17/18/56 GET /v1/AUTH_e169406919034ddc8a39593c0a9539f0/gnocchi.152ccfe5-398f-4084-9892-d60ae4000511/none_v3 HTTP/1.0 404 - python-swiftclient-3.11.1 gAAAAABqKu292LCK... - 70 - txa6d8d60ec3694a72aa8b8-006a2aee00 - 0.0166 - - 1781198336.642951012 1781198336.659503937 0
Jun 11 17:18:56 standalone account-server[128003]: 172.20.0.100 - - [11/Jun/2026:17:18:56 +0000] "PUT /d1/246/AUTH_e169406919034ddc8a39593c0a9539f0/gnocchi.152ccfe5-398f-4084-9892-d60ae4000511" 201 - "PUT http://172.20.0.100:6001/d1/831/AUTH_e169406919034ddc8a39593c0a9539f0/gnocchi.152ccfe5-398f-4084-9892-d60ae4000511" "tx5877df806990408085627-006a2aee00" "container-server 23" 0.0071 "-" 16 0
Jun 11 17:18:56 standalone container-server[128139]: 172.20.0.100 - - [11/Jun/2026:17:18:56 +0000] "PUT /d1/831/AUTH_e169406919034ddc8a39593c0a9539f0/gnocchi.152ccfe5-398f-4084-9892-d60ae4000511" 201 - "PUT http://172.18.0.2:8080/v1/AUTH_e169406919034ddc8a39593c0a9539f0/gnocchi.152ccfe5-398f-4084-9892-d60ae4000511" "tx5877df806990408085627-006a2aee00" "proxy-server 20" 0.0200 "-" 23 0
Jun 11 17:18:56 standalone proxy-server[130048]: 172.18.0.2 172.18.0.100 11/Jun/2026/17/18/56 PUT /v1/AUTH_e169406919034ddc8a39593c0a9539f0/gnocchi.152ccfe5-398f-4084-9892-d60ae4000511 HTTP/1.0 201 - python-swiftclient-3.11.1 gAAAAABqKu292LCK... - - - tx5877df806990408085627-006a2aee00 - 0.0269 - - 1781198336.663002968 1781198336.689935207 0
Jun 11 17:18:56 standalone container-server[128139]: 172.20.0.100 - - [11/Jun/2026:17:18:56 +0000] "HEAD /d1/831/AUTH_e169406919034ddc8a39593c0a9539f0/gnocchi.152ccfe5-398f-4084-9892-d60ae4000511" 204 - "HEAD http://172.18.0.2:8080/v1/AUTH_e169406919034ddc8a39593c0a9539f0/gnocchi.152ccfe5-398f-4084-9892-d60ae4000511?format=json&states=listing" "tx3cd9e9c4a27143489d082-006a2aee00" "proxy-server 20" 0.0013 "-" 23 0
Jun 11 17:18:56 standalone proxy-server[130048]: - - 11/Jun/2026/17/18/56 HEAD /v1/AUTH_e169406919034ddc8a39593c0a9539f0/gnocchi.152ccfe5-398f-4084-9892-d60ae4000511%3Fformat%3Djson%26states%3Dlisting HTTP/1.0 204 - Swift - - - - tx3cd9e9c4a27143489d082-006a2aee00 - 0.0074 RL - 1781198336.696390629 1781198336.703830242 0
Jun 11 17:18:56 standalone container-server[128112]: 172.20.0.100 - - [11/Jun/2026:17:18:56 +0000] "GET /d1/831/AUTH_e169406919034ddc8a39593c0a9539f0/gnocchi.152ccfe5-398f-4084-9892-d60ae4000511" 200 2 "GET http://172.18.0.2:8080/v1/AUTH_e169406919034ddc8a39593c0a9539f0/gnocchi.152ccfe5-398f-4084-9892-d60ae4000511?format=json&states=listing" "tx3cd9e9c4a27143489d082-006a2aee00" "proxy-server 20" 0.0029 "-" 22 0
Jun 11 17:18:56 standalone proxy-server[130048]: 172.18.0.2 172.18.0.100 11/Jun/2026/17/18/56 GET /v1/AUTH_e169406919034ddc8a39593c0a9539f0/gnocchi.152ccfe5-398f-4084-9892-d60ae4000511%3Fformat%3Djson%26states%3Dlisting HTTP/1.0 200 - python-swiftclient-3.11.1 gAAAAABqKu292LCK... - 2 - tx3cd9e9c4a27143489d082-006a2aee00 - 0.0233 - - 1781198336.694366217 1781198336.717705965 0
