Jun 11 17:20:06 standalone container-server[128139]: 172.20.0.100 - - [11/Jun/2026:17:20:06 +0000] "HEAD /d1/462/AUTH_e169406919034ddc8a39593c0a9539f0/gnocchi.cdc695cb-fa2d-47f3-8bb7-a68a016c9513" 204 - "HEAD http://172.18.0.2:8080/v1/AUTH_e169406919034ddc8a39593c0a9539f0/gnocchi.cdc695cb-fa2d-47f3-8bb7-a68a016c9513?format=json&states=listing" "txe20292a74fa04d4ba7559-006a2aee46" "proxy-server 20" 0.0022 "-" 23 0
Jun 11 17:20:06 standalone proxy-server[130048]: - - 11/Jun/2026/17/20/06 HEAD /v1/AUTH_e169406919034ddc8a39593c0a9539f0/gnocchi.cdc695cb-fa2d-47f3-8bb7-a68a016c9513%3Fformat%3Djson%26states%3Dlisting HTTP/1.0 204 - Swift - - - - txe20292a74fa04d4ba7559-006a2aee46 - 0.0056 RL - 1781198406.992060900 1781198406.997694731 0
Jun 11 17:20:07 standalone container-server[128066]: 172.20.0.100 - - [11/Jun/2026:17:20:07 +0000] "GET /d1/462/AUTH_e169406919034ddc8a39593c0a9539f0/gnocchi.cdc695cb-fa2d-47f3-8bb7-a68a016c9513" 200 2 "GET http://172.18.0.2:8080/v1/AUTH_e169406919034ddc8a39593c0a9539f0/gnocchi.cdc695cb-fa2d-47f3-8bb7-a68a016c9513?format=json&states=listing" "txe20292a74fa04d4ba7559-006a2aee46" "proxy-server 20" 0.0024 "-" 20 0
Jun 11 17:20:07 standalone proxy-server[130048]: 172.18.0.2 172.18.0.100 11/Jun/2026/17/20/07 GET /v1/AUTH_e169406919034ddc8a39593c0a9539f0/gnocchi.cdc695cb-fa2d-47f3-8bb7-a68a016c9513%3Fformat%3Djson%26states%3Dlisting HTTP/1.0 200 - python-swiftclient-3.11.1 gAAAAABqKu292LCK... - 2 - txe20292a74fa04d4ba7559-006a2aee46 - 0.0166 - - 1781198406.991274834 1781198407.007913828 0
Jun 11 17:20:07 standalone object-server[128295]: 172.20.0.100 - - [11/Jun/2026:17:20:07 +0000] "GET /d1/920/AUTH_e169406919034ddc8a39593c0a9539f0/gnocchi.cdc695cb-fa2d-47f3-8bb7-a68a016c9513/1780920000.0_mean_300.0_v3" 404 70 "GET http://172.18.0.2:8080/v1/AUTH_e169406919034ddc8a39593c0a9539f0/gnocchi.cdc695cb-fa2d-47f3-8bb7-a68a016c9513/1780920000.0_mean_300.0_v3" "tx6ec112e9d27f4c04a3513-006a2aee47" "proxy-server 20" 0.0004 "-" 22 0
Jun 11 17:20:07 standalone proxy-server[130048]: 172.18.0.2 172.18.0.100 11/Jun/2026/17/20/07 GET /v1/AUTH_e169406919034ddc8a39593c0a9539f0/gnocchi.cdc695cb-fa2d-47f3-8bb7-a68a016c9513/1780920000.0_mean_300.0_v3 HTTP/1.0 404 - python-swiftclient-3.11.1 gAAAAABqKu292LCK... - 70 - tx6ec112e9d27f4c04a3513-006a2aee47 - 0.0074 - - 1781198407.011642218 1781198407.019071817 0
Jun 11 17:20:07 standalone container-server[128112]: 172.20.0.100 - - [11/Jun/2026:17:20:07 +0000] "PUT /d1/462/AUTH_e169406919034ddc8a39593c0a9539f0/gnocchi.cdc695cb-fa2d-47f3-8bb7-a68a016c9513/1780920000.0_mean_300.0_v3" 201 - "PUT http://172.18.0.2:8080/d1/920/AUTH_e169406919034ddc8a39593c0a9539f0/gnocchi.cdc695cb-fa2d-47f3-8bb7-a68a016c9513/1780920000.0_mean_300.0_v3" "tx2c10d3513d544530b3945-006a2aee47" "object-server 23" 0.0009 "-" 22 0
Jun 11 17:20:07 standalone object-server[128296]: 172.20.0.100 - - [11/Jun/2026:17:20:07 +0000] "PUT /d1/920/AUTH_e169406919034ddc8a39593c0a9539f0/gnocchi.cdc695cb-fa2d-47f3-8bb7-a68a016c9513/1780920000.0_mean_300.0_v3" 201 - "PUT http://172.18.0.2:8080/v1/AUTH_e169406919034ddc8a39593c0a9539f0/gnocchi.cdc695cb-fa2d-47f3-8bb7-a68a016c9513/1780920000.0_mean_300.0_v3" "tx2c10d3513d544530b3945-006a2aee47" "proxy-server 20" 0.0154 "-" 23 0
Jun 11 17:20:07 standalone proxy-server[130048]: 172.18.0.2 172.18.0.100 11/Jun/2026/17/20/07 PUT /v1/AUTH_e169406919034ddc8a39593c0a9539f0/gnocchi.cdc695cb-fa2d-47f3-8bb7-a68a016c9513/1780920000.0_mean_300.0_v3 HTTP/1.0 201 - python-swiftclient-3.11.1 gAAAAABqKu292LCK... 16 - - tx2c10d3513d544530b3945-006a2aee47 - 0.0244 - - 1781198407.022020817 1781198407.046404839 0
Jun 11 17:20:07 standalone container-server[128066]: 172.20.0.100 - - [11/Jun/2026:17:20:07 +0000] "PUT /d1/462/AUTH_e169406919034ddc8a39593c0a9539f0/gnocchi.cdc695cb-fa2d-47f3-8bb7-a68a016c9513/none_v3" 201 - "PUT http://172.18.0.2:8080/d1/760/AUTH_e169406919034ddc8a39593c0a9539f0/gnocchi.cdc695cb-fa2d-47f3-8bb7-a68a016c9513/none_v3" "tx696c713cccf747b2a2011-006a2aee47" "object-server 23" 0.0007 "-" 20 0
Jun 11 17:20:07 standalone object-server[128296]: 172.20.0.100 - - [11/Jun/2026:17:20:07 +0000] "PUT /d1/760/AUTH_e169406919034ddc8a39593c0a9539f0/gnocchi.cdc695cb-fa2d-47f3-8bb7-a68a016c9513/none_v3" 201 - "PUT http://172.18.0.2:8080/v1/AUTH_e169406919034ddc8a39593c0a9539f0/gnocchi.cdc695cb-fa2d-47f3-8bb7-a68a016c9513/none_v3" "tx696c713cccf747b2a2011-006a2aee47" "proxy-server 20" 0.0292 "-" 23 0
Jun 11 17:20:07 standalone proxy-server[130048]: 172.18.0.2 172.18.0.100 11/Jun/2026/17/20/07 PUT /v1/AUTH_e169406919034ddc8a39593c0a9539f0/gnocchi.cdc695cb-fa2d-47f3-8bb7-a68a016c9513/none_v3 HTTP/1.0 201 - python-swiftclient-3.11.1 gAAAAABqKu292LCK... 22 - - tx696c713cccf747b2a2011-006a2aee47 - 0.0364 - - 1781198407.048467636 1781198407.084831476 0
Jun 11 17:20:07 standalone container-server[128066]: 172.20.0.100 - - [11/Jun/2026:17:20:07 +0000] "HEAD /d1/443/AUTH_e169406919034ddc8a39593c0a9539f0/gnocchi.c9ff24c9-1ff1-491c-aec0-32a3cce96d90" 404 - "HEAD http://172.18.0.2:8080/v1/AUTH_e169406919034ddc8a39593c0a9539f0/gnocchi.c9ff24c9-1ff1-491c-aec0-32a3cce96d90?format=json&states=listing" "tx643a2548cf234c6cb174f-006a2aee47" "proxy-server 20" 0.0004 "-" 20 0
Jun 11 17:20:07 standalone object-server[128300]: 172.20.0.100 - - [11/Jun/2026:17:20:07 +0000] "GET /d1/328/AUTH_e169406919034ddc8a39593c0a9539f0/gnocchi.c9ff24c9-1ff1-491c-aec0-32a3cce96d90/none_v3" 404 70 "GET http://172.18.0.2:8080/v1/AUTH_e169406919034ddc8a39593c0a9539f0/gnocchi.c9ff24c9-1ff1-491c-aec0-32a3cce96d90/none_v3" "tx643a2548cf234c6cb174f-006a2aee47" "proxy-server 20" 0.0005 "-" 25 0
Jun 11 17:20:07 standalone proxy-server[130048]: 172.18.0.2 172.18.0.100 11/Jun/2026/17/20/07 GET /v1/AUTH_e169406919034ddc8a39593c0a9539f0/gnocchi.c9ff24c9-1ff1-491c-aec0-32a3cce96d90/none_v3 HTTP/1.0 404 - python-swiftclient-3.11.1 gAAAAABqKu292LCK... - 70 - tx643a2548cf234c6cb174f-006a2aee47 - 0.0135 - - 1781198407.098125935 1781198407.111587286 0
Jun 11 17:20:07 standalone account-server[128003]: 172.20.0.100 - - [11/Jun/2026:17:20:07 +0000] "PUT /d1/246/AUTH_e169406919034ddc8a39593c0a9539f0/gnocchi.c9ff24c9-1ff1-491c-aec0-32a3cce96d90" 201 - "PUT http://172.20.0.100:6001/d1/443/AUTH_e169406919034ddc8a39593c0a9539f0/gnocchi.c9ff24c9-1ff1-491c-aec0-32a3cce96d90" "tx04b193c5f2a34d33bc9b5-006a2aee47" "container-server 23" 0.0063 "-" 16 0
Jun 11 17:20:07 standalone container-server[128139]: 172.20.0.100 - - [11/Jun/2026:17:20:07 +0000] "PUT /d1/443/AUTH_e169406919034ddc8a39593c0a9539f0/gnocchi.c9ff24c9-1ff1-491c-aec0-32a3cce96d90" 201 - "PUT http://172.18.0.2:8080/v1/AUTH_e169406919034ddc8a39593c0a9539f0/gnocchi.c9ff24c9-1ff1-491c-aec0-32a3cce96d90" "tx04b193c5f2a34d33bc9b5-006a2aee47" "proxy-server 20" 0.0225 "-" 23 0
Jun 11 17:20:07 standalone proxy-server[130048]: 172.18.0.2 172.18.0.100 11/Jun/2026/17/20/07 PUT /v1/AUTH_e169406919034ddc8a39593c0a9539f0/gnocchi.c9ff24c9-1ff1-491c-aec0-32a3cce96d90 HTTP/1.0 201 - python-swiftclient-3.11.1 gAAAAABqKu292LCK... - - - tx04b193c5f2a34d33bc9b5-006a2aee47 - 0.0284 - - 1781198407.114420176 1781198407.142846823 0
Jun 11 17:20:07 standalone container-server[128066]: 172.20.0.100 - - [11/Jun/2026:17:20:07 +0000] "HEAD /d1/443/AUTH_e169406919034ddc8a39593c0a9539f0/gnocchi.c9ff24c9-1ff1-491c-aec0-32a3cce96d90" 204 - "HEAD http://172.18.0.2:8080/v1/AUTH_e169406919034ddc8a39593c0a9539f0/gnocchi.c9ff24c9-1ff1-491c-aec0-32a3cce96d90?format=json&states=listing" "tx3116d198d6a445279736c-006a2aee47" "proxy-server 20" 0.0030 "-" 20 0
Jun 11 17:20:07 standalone proxy-server[130048]: - - 11/Jun/2026/17/20/07 HEAD /v1/AUTH_e169406919034ddc8a39593c0a9539f0/gnocchi.c9ff24c9-1ff1-491c-aec0-32a3cce96d90%3Fformat%3Djson%26states%3Dlisting HTTP/1.0 204 - Swift - - - - tx3116d198d6a445279736c-006a2aee47 - 0.0095 RL - 1781198407.147790432 1781198407.157275677 0
Jun 11 17:20:07 standalone container-server[128139]: 172.20.0.100 - - [11/Jun/2026:17:20:07 +0000] "GET /d1/443/AUTH_e169406919034ddc8a39593c0a9539f0/gnocchi.c9ff24c9-1ff1-491c-aec0-32a3cce96d90" 200 2 "GET http://172.18.0.2:8080/v1/AUTH_e169406919034ddc8a39593c0a9539f0/gnocchi.c9ff24c9-1ff1-491c-aec0-32a3cce96d90?format=json&states=listing" "tx3116d198d6a445279736c-006a2aee47" "proxy-server 20" 0.0048 "-" 23 0
Jun 11 17:20:07 standalone proxy-server[130048]: 172.18.0.2 172.18.0.100 11/Jun/2026/17/20/07 GET /v1/AUTH_e169406919034ddc8a39593c0a9539f0/gnocchi.c9ff24c9-1ff1-491c-aec0-32a3cce96d90%3Fformat%3Djson%26states%3Dlisting HTTP/1.0 200 - python-swiftclient-3.11.1 gAAAAABqKu292LCK... - 2 - tx3116d198d6a445279736c-006a2aee47 - 0.0232 - - 1781198407.146116972 1781198407.169338703 0
Jun 11 17:20:07 standalone object-server[128295]: 172.20.0.100 - - [11/Jun/2026:17:20:07 +0000] "GET /d1/666/AUTH_e169406919034ddc8a39593c0a9539f0/gnocchi.c9ff24c9-1ff1-491c-aec0-32a3cce96d90/1780920000.0_mean_300.0_v3" 404 70 "GET http://172.18.0.2:8080/v1/AUTH_e169406919034ddc8a39593c0a9539f0/gnocchi.c9ff24c9-1ff1-491c-aec0-32a3cce96d90/1780920000.0_mean_300.0_v3" "txc191df37488740ae9676b-006a2aee47" "proxy-server 20" 0.0007 "-" 22 0
Jun 11 17:20:07 standalone proxy-server[130048]: 172.18.0.2 172.18.0.100 11/Jun/2026/17/20/07 GET /v1/AUTH_e169406919034ddc8a39593c0a9539f0/gnocchi.c9ff24c9-1ff1-491c-aec0-32a3cce96d90/1780920000.0_mean_300.0_v3 HTTP/1.0 404 - python-swiftclient-3.11.1 gAAAAABqKu292LCK... - 70 - txc191df37488740ae9676b-006a2aee47 - 0.0071 - - 1781198407.172500849 1781198407.179617167 0
Jun 11 17:20:07 standalone container-server[128071]: 172.20.0.100 - - [11/Jun/2026:17:20:07 +0000] "PUT /d1/443/AUTH_e169406919034ddc8a39593c0a9539f0/gnocchi.c9ff24c9-1ff1-491c-aec0-32a3cce96d90/1780920000.0_mean_300.0_v3" 201 - "PUT http://172.18.0.2:8080/d1/666/AUTH_e169406919034ddc8a39593c0a9539f0/gnocchi.c9ff24c9-1ff1-491c-aec0-32a3cce96d90/1780920000.0_mean_300.0_v3" "tx157356c986eb4edaa842f-006a2aee47" "object-server 23" 0.0009 "-" 21 0
Jun 11 17:20:07 standalone object-server[128296]: 172.20.0.100 - - [11/Jun/2026:17:20:07 +0000] "PUT /d1/666/AUTH_e169406919034ddc8a39593c0a9539f0/gnocchi.c9ff24c9-1ff1-491c-aec0-32a3cce96d90/1780920000.0_mean_300.0_v3" 201 - "PUT http://172.18.0.2:8080/v1/AUTH_e169406919034ddc8a39593c0a9539f0/gnocchi.c9ff24c9-1ff1-491c-aec0-32a3cce96d90/1780920000.0_mean_300.0_v3" "tx157356c986eb4edaa842f-006a2aee47" "proxy-server 20" 0.0104 "-" 23 0
Jun 11 17:20:07 standalone proxy-server[130048]: 172.18.0.2 172.18.0.100 11/Jun/2026/17/20/07 PUT /v1/AUTH_e169406919034ddc8a39593c0a9539f0/gnocchi.c9ff24c9-1ff1-491c-aec0-32a3cce96d90/1780920000.0_mean_300.0_v3 HTTP/1.0 201 - python-swiftclient-3.11.1 gAAAAABqKu292LCK... 16 - - tx157356c986eb4edaa842f-006a2aee47 - 0.0157 - - 1781198407.181741476 1781198407.197403193 0
Jun 11 17:20:07 standalone container-server[128112]: 172.20.0.100 - - [11/Jun/2026:17:20:07 +0000] "PUT /d1/443/AUTH_e169406919034ddc8a39593c0a9539f0/gnocchi.c9ff24c9-1ff1-491c-aec0-32a3cce96d90/none_v3" 201 - "PUT http://172.18.0.2:8080/d1/328/AUTH_e169406919034ddc8a39593c0a9539f0/gnocchi.c9ff24c9-1ff1-491c-aec0-32a3cce96d90/none_v3" "tx33b11760edf8406bbdcd4-006a2aee47" "object-server 22" 0.0007 "-" 22 0
Jun 11 17:20:07 standalone object-server[128295]: 172.20.0.100 - - [11/Jun/2026:17:20:07 +0000] "PUT /d1/328/AUTH_e169406919034ddc8a39593c0a9539f0/gnocchi.c9ff24c9-1ff1-491c-aec0-32a3cce96d90/none_v3" 201 - "PUT http://172.18.0.2:8080/v1/AUTH_e169406919034ddc8a39593c0a9539f0/gnocchi.c9ff24c9-1ff1-491c-aec0-32a3cce96d90/none_v3" "tx33b11760edf8406bbdcd4-006a2aee47" "proxy-server 20" 0.0115 "-" 22 0
Jun 11 17:20:07 standalone proxy-server[130048]: 172.18.0.2 172.18.0.100 11/Jun/2026/17/20/07 PUT /v1/AUTH_e169406919034ddc8a39593c0a9539f0/gnocchi.c9ff24c9-1ff1-491c-aec0-32a3cce96d90/none_v3 HTTP/1.0 201 - python-swiftclient-3.11.1 gAAAAABqKu292LCK... 22 - - tx33b11760edf8406bbdcd4-006a2aee47 - 0.0163 - - 1781198407.199758291 1781198407.216057539 0
Jun 11 17:20:07 standalone container-server[128139]: 172.20.0.100 - - [11/Jun/2026:17:20:07 +0000] "HEAD /d1/315/AUTH_e169406919034ddc8a39593c0a9539f0/gnocchi.82b3aec1-11d3-489a-a5f2-9ef9e9ab59b1" 404 - "HEAD http://172.18.0.2:8080/v1/AUTH_e169406919034ddc8a39593c0a9539f0/gnocchi.82b3aec1-11d3-489a-a5f2-9ef9e9ab59b1?format=json&states=listing" "tx687fc18bacb140b6b0d06-006a2aee47" "proxy-server 20" 0.0004 "-" 23 0
Jun 11 17:20:07 standalone object-server[128300]: 172.20.0.100 - - [11/Jun/2026:17:20:07 +0000] "GET /d1/405/AUTH_e169406919034ddc8a39593c0a9539f0/gnocchi.82b3aec1-11d3-489a-a5f2-9ef9e9ab59b1/none_v3" 404 70 "GET http://172.18.0.2:8080/v1/AUTH_e169406919034ddc8a39593c0a9539f0/gnocchi.82b3aec1-11d3-489a-a5f2-9ef9e9ab59b1/none_v3" "tx687fc18bacb140b6b0d06-006a2aee47" "proxy-server 20" 0.0004 "-" 25 0
Jun 11 17:20:07 standalone proxy-server[130048]: 172.18.0.2 172.18.0.100 11/Jun/2026/17/20/07 GET /v1/AUTH_e169406919034ddc8a39593c0a9539f0/gnocchi.82b3aec1-11d3-489a-a5f2-9ef9e9ab59b1/none_v3 HTTP/1.0 404 - python-swiftclient-3.11.1 gAAAAABqKu292LCK... - 70 - tx687fc18bacb140b6b0d06-006a2aee47 - 0.0125 - - 1781198407.227633715 1781198407.240181446 0
Jun 11 17:20:07 standalone account-server[128020]: 172.20.0.100 - - [11/Jun/2026:17:20:07 +0000] "PUT /d1/246/AUTH_e169406919034ddc8a39593c0a9539f0/gnocchi.82b3aec1-11d3-489a-a5f2-9ef9e9ab59b1" 201 - "PUT http://172.20.0.100:6001/d1/315/AUTH_e169406919034ddc8a39593c0a9539f0/gnocchi.82b3aec1-11d3-489a-a5f2-9ef9e9ab59b1" "tx2635907de5ae4e7b8aaf9-006a2aee47" "container-server 22" 0.0087 "-" 17 0
Jun 11 17:20:07 standalone container-server[128112]: 172.20.0.100 - - [11/Jun/2026:17:20:07 +0000] "PUT /d1/315/AUTH_e169406919034ddc8a39593c0a9539f0/gnocchi.82b3aec1-11d3-489a-a5f2-9ef9e9ab59b1" 201 - "PUT http://172.18.0.2:8080/v1/AUTH_e169406919034ddc8a39593c0a9539f0/gnocchi.82b3aec1-11d3-489a-a5f2-9ef9e9ab59b1" "tx2635907de5ae4e7b8aaf9-006a2aee47" "proxy-server 20" 0.0206 "-" 22 0
Jun 11 17:20:07 standalone proxy-server[130048]: 172.18.0.2 172.18.0.100 11/Jun/2026/17/20/07 PUT /v1/AUTH_e169406919034ddc8a39593c0a9539f0/gnocchi.82b3aec1-11d3-489a-a5f2-9ef9e9ab59b1 HTTP/1.0 201 - python-swiftclient-3.11.1 gAAAAABqKu292LCK... - - - tx2635907de5ae4e7b8aaf9-006a2aee47 - 0.0268 - - 1781198407.243282318 1781198407.270088911 0
Jun 11 17:20:07 standalone container-server[128066]: 172.20.0.100 - - [11/Jun/2026:17:20:07 +0000] "HEAD /d1/315/AUTH_e169406919034ddc8a39593c0a9539f0/gnocchi.82b3aec1-11d3-489a-a5f2-9ef9e9ab59b1" 204 - "HEAD http://172.18.0.2:8080/v1/AUTH_e169406919034ddc8a39593c0a9539f0/gnocchi.82b3aec1-11d3-489a-a5f2-9ef9e9ab59b1?format=json&states=listing" "tx50696ec0e9a24ed3b29a4-006a2aee47" "proxy-server 20" 0.0020 "-" 20 0
Jun 11 17:20:07 standalone proxy-server[130048]: - - 11/Jun/2026/17/20/07 HEAD /v1/AUTH_e169406919034ddc8a39593c0a9539f0/gnocchi.82b3aec1-11d3-489a-a5f2-9ef9e9ab59b1%3Fformat%3Djson%26states%3Dlisting HTTP/1.0 204 - Swift - - - - tx50696ec0e9a24ed3b29a4-006a2aee47 - 0.0078 RL - 1781198407.275665998 1781198407.283490896 0
Jun 11 17:20:07 standalone container-server[128139]: 172.20.0.100 - - [11/Jun/2026:17:20:07 +0000] "GET /d1/315/AUTH_e169406919034ddc8a39593c0a9539f0/gnocchi.82b3aec1-11d3-489a-a5f2-9ef9e9ab59b1" 200 2 "GET http://172.18.0.2:8080/v1/AUTH_e169406919034ddc8a39593c0a9539f0/gnocchi.82b3aec1-11d3-489a-a5f2-9ef9e9ab59b1?format=json&states=listing" "tx50696ec0e9a24ed3b29a4-006a2aee47" "proxy-server 20" 0.0036 "-" 23 0
Jun 11 17:20:07 standalone proxy-server[130048]: 172.18.0.2 172.18.0.100 11/Jun/2026/17/20/07 GET /v1/AUTH_e169406919034ddc8a39593c0a9539f0/gnocchi.82b3aec1-11d3-489a-a5f2-9ef9e9ab59b1%3Fformat%3Djson%26states%3Dlisting HTTP/1.0 200 - python-swiftclient-3.11.1 gAAAAABqKu292LCK... - 2 - tx50696ec0e9a24ed3b29a4-006a2aee47 - 0.0229 - - 1781198407.273757696 1781198407.296627760 0
Jun 11 17:20:07 standalone object-server[128296]: 172.20.0.100 - - [11/Jun/2026:17:20:07 +0000] "GET /d1/502/AUTH_e169406919034ddc8a39593c0a9539f0/gnocchi.82b3aec1-11d3-489a-a5f2-9ef9e9ab59b1/1780920000.0_mean_300.0_v3" 404 70 "GET http://172.18.0.2:8080/v1/AUTH_e169406919034ddc8a39593c0a9539f0/gnocchi.82b3aec1-11d3-489a-a5f2-9ef9e9ab59b1/1780920000.0_mean_300.0_v3" "tx25e8a5d5eace4b47b5979-006a2aee47" "proxy-server 20" 0.0004 "-" 23 0
Jun 11 17:20:07 standalone proxy-server[130048]: 172.18.0.2 172.18.0.100 11/Jun/2026/17/20/07 GET /v1/AUTH_e169406919034ddc8a39593c0a9539f0/gnocchi.82b3aec1-11d3-489a-a5f2-9ef9e9ab59b1/1780920000.0_mean_300.0_v3 HTTP/1.0 404 - python-swiftclient-3.11.1 gAAAAABqKu292LCK... - 70 - tx25e8a5d5eace4b47b5979-006a2aee47 - 0.0104 - - 1781198407.301943541 1781198407.312393188 0
Jun 11 17:20:07 standalone container-server[128066]: 172.20.0.100 - - [11/Jun/2026:17:20:07 +0000] "PUT /d1/315/AUTH_e169406919034ddc8a39593c0a9539f0/gnocchi.82b3aec1-11d3-489a-a5f2-9ef9e9ab59b1/1780920000.0_mean_300.0_v3" 201 - "PUT http://172.18.0.2:8080/d1/502/AUTH_e169406919034ddc8a39593c0a9539f0/gnocchi.82b3aec1-11d3-489a-a5f2-9ef9e9ab59b1/1780920000.0_mean_300.0_v3" "tx6d859bc45b094e02a353e-006a2aee47" "object-server 24" 0.0007 "-" 20 0
Jun 11 17:20:07 standalone object-server[128299]: 172.20.0.100 - - [11/Jun/2026:17:20:07 +0000] "PUT /d1/502/AUTH_e169406919034ddc8a39593c0a9539f0/gnocchi.82b3aec1-11d3-489a-a5f2-9ef9e9ab59b1/1780920000.0_mean_300.0_v3" 201 - "PUT http://172.18.0.2:8080/v1/AUTH_e169406919034ddc8a39593c0a9539f0/gnocchi.82b3aec1-11d3-489a-a5f2-9ef9e9ab59b1/1780920000.0_mean_300.0_v3" "tx6d859bc45b094e02a353e-006a2aee47" "proxy-server 20" 0.0114 "-" 24 0
Jun 11 17:20:07 standalone proxy-server[130048]: 172.18.0.2 172.18.0.100 11/Jun/2026/17/20/07 PUT /v1/AUTH_e169406919034ddc8a39593c0a9539f0/gnocchi.82b3aec1-11d3-489a-a5f2-9ef9e9ab59b1/1780920000.0_mean_300.0_v3 HTTP/1.0 201 - python-swiftclient-3.11.1 gAAAAABqKu292LCK... 16 - - tx6d859bc45b094e02a353e-006a2aee47 - 0.0219 - - 1781198407.316866636 1781198407.338760853 0
Jun 11 17:20:07 standalone container-server[128071]: 172.20.0.100 - - [11/Jun/2026:17:20:07 +0000] "PUT /d1/315/AUTH_e169406919034ddc8a39593c0a9539f0/gnocchi.82b3aec1-11d3-489a-a5f2-9ef9e9ab59b1/none_v3" 201 - "PUT http://172.18.0.2:8080/d1/405/AUTH_e169406919034ddc8a39593c0a9539f0/gnocchi.82b3aec1-11d3-489a-a5f2-9ef9e9ab59b1/none_v3" "txed668218f77b4d3484689-006a2aee47" "object-server 23" 0.0020 "-" 21 0
Jun 11 17:20:07 standalone object-server[128296]: 172.20.0.100 - - [11/Jun/2026:17:20:07 +0000] "PUT /d1/405/AUTH_e169406919034ddc8a39593c0a9539f0/gnocchi.82b3aec1-11d3-489a-a5f2-9ef9e9ab59b1/none_v3" 201 - "PUT http://172.18.0.2:8080/v1/AUTH_e169406919034ddc8a39593c0a9539f0/gnocchi.82b3aec1-11d3-489a-a5f2-9ef9e9ab59b1/none_v3" "txed668218f77b4d3484689-006a2aee47" "proxy-server 20" 0.0164 "-" 23 0
Jun 11 17:20:07 standalone proxy-server[130048]: 172.18.0.2 172.18.0.100 11/Jun/2026/17/20/07 PUT /v1/AUTH_e169406919034ddc8a39593c0a9539f0/gnocchi.82b3aec1-11d3-489a-a5f2-9ef9e9ab59b1/none_v3 HTTP/1.0 201 - python-swiftclient-3.11.1 gAAAAABqKu292LCK... 22 - - txed668218f77b4d3484689-006a2aee47 - 0.0276 - - 1781198407.341548681 1781198407.369132519 0
Jun 11 17:20:13 standalone container-server[128112]: 172.20.0.100 - - [11/Jun/2026:17:20:13 +0000] "HEAD /d1/717/AUTH_e169406919034ddc8a39593c0a9539f0/gnocchi.80de05bf-6a4c-4c28-9269-9d50d519178e" 404 - "HEAD http://172.18.0.2:8080/v1/AUTH_e169406919034ddc8a39593c0a9539f0/gnocchi.80de05bf-6a4c-4c28-9269-9d50d519178e?format=json&states=listing" "tx032df30e1b9a42a383b61-006a2aee4d" "proxy-server 20" 0.0008 "-" 22 0
Jun 11 17:20:13 standalone object-server[128300]: 172.20.0.100 - - [11/Jun/2026:17:20:13 +0000] "GET /d1/524/AUTH_e169406919034ddc8a39593c0a9539f0/gnocchi.80de05bf-6a4c-4c28-9269-9d50d519178e/none_v3" 404 70 "GET http://172.18.0.2:8080/v1/AUTH_e169406919034ddc8a39593c0a9539f0/gnocchi.80de05bf-6a4c-4c28-9269-9d50d519178e/none_v3" "tx032df30e1b9a42a383b61-006a2aee4d" "proxy-server 20" 0.0006 "-" 25 0
Jun 11 17:20:13 standalone proxy-server[130048]: 172.18.0.2 172.18.0.100 11/Jun/2026/17/20/13 GET /v1/AUTH_e169406919034ddc8a39593c0a9539f0/gnocchi.80de05bf-6a4c-4c28-9269-9d50d519178e/none_v3 HTTP/1.0 404 - python-swiftclient-3.11.1 gAAAAABqKu292LCK... - 70 - tx032df30e1b9a42a383b61-006a2aee4d - 0.0115 - - 1781198413.184066057 1781198413.195537329 0
Jun 11 17:20:13 standalone account-server[128003]: 172.20.0.100 - - [11/Jun/2026:17:20:13 +0000] "PUT /d1/246/AUTH_e169406919034ddc8a39593c0a9539f0/gnocchi.80de05bf-6a4c-4c28-9269-9d50d519178e" 201 - "PUT http://172.20.0.100:6001/d1/717/AUTH_e169406919034ddc8a39593c0a9539f0/gnocchi.80de05bf-6a4c-4c28-9269-9d50d519178e" "txf28d1c79c6f747e5bb732-006a2aee4d" "container-server 20" 0.0138 "-" 16 0
Jun 11 17:20:13 standalone container-server[128066]: 172.20.0.100 - - [11/Jun/2026:17:20:13 +0000] "PUT /d1/717/AUTH_e169406919034ddc8a39593c0a9539f0/gnocchi.80de05bf-6a4c-4c28-9269-9d50d519178e" 201 - "PUT http://172.18.0.2:8080/v1/AUTH_e169406919034ddc8a39593c0a9539f0/gnocchi.80de05bf-6a4c-4c28-9269-9d50d519178e" "txf28d1c79c6f747e5bb732-006a2aee4d" "proxy-server 20" 0.0281 "-" 20 0
Jun 11 17:20:13 standalone proxy-server[130048]: 172.18.0.2 172.18.0.100 11/Jun/2026/17/20/13 PUT /v1/AUTH_e169406919034ddc8a39593c0a9539f0/gnocchi.80de05bf-6a4c-4c28-9269-9d50d519178e HTTP/1.0 201 - python-swiftclient-3.11.1 gAAAAABqKu292LCK... - - - txf28d1c79c6f747e5bb732-006a2aee4d - 0.0332 - - 1781198413.199254036 1781198413.232476711 0
Jun 11 17:20:13 standalone container-server[128112]: 172.20.0.100 - - [11/Jun/2026:17:20:13 +0000] "HEAD /d1/717/AUTH_e169406919034ddc8a39593c0a9539f0/gnocchi.80de05bf-6a4c-4c28-9269-9d50d519178e" 204 - "HEAD http://172.18.0.2:8080/v1/AUTH_e169406919034ddc8a39593c0a9539f0/gnocchi.80de05bf-6a4c-4c28-9269-9d50d519178e?format=json&states=listing" "txf36809fc57f644048ec07-006a2aee4d" "proxy-server 20" 0.0020 "-" 22 0
Jun 11 17:20:13 standalone proxy-server[130048]: - - 11/Jun/2026/17/20/13 HEAD /v1/AUTH_e169406919034ddc8a39593c0a9539f0/gnocchi.80de05bf-6a4c-4c28-9269-9d50d519178e%3Fformat%3Djson%26states%3Dlisting HTTP/1.0 204 - Swift - - - - txf36809fc57f644048ec07-006a2aee4d - 0.0051 RL - 1781198413.236843348 1781198413.241906404 0
Jun 11 17:20:13 standalone container-server[128066]: 172.20.0.100 - - [11/Jun/2026:17:20:13 +0000] "GET /d1/717/AUTH_e169406919034ddc8a39593c0a9539f0/gnocchi.80de05bf-6a4c-4c28-9269-9d50d519178e" 200 2 "GET http://172.18.0.2:8080/v1/AUTH_e169406919034ddc8a39593c0a9539f0/gnocchi.80de05bf-6a4c-4c28-9269-9d50d519178e?format=json&states=listing" "txf36809fc57f644048ec07-006a2aee4d" "proxy-server 20" 0.0032 "-" 20 0
Jun 11 17:20:13 standalone proxy-server[130048]: 172.18.0.2 172.18.0.100 11/Jun/2026/17/20/13 GET /v1/AUTH_e169406919034ddc8a39593c0a9539f0/gnocchi.80de05bf-6a4c-4c28-9269-9d50d519178e%3Fformat%3Djson%26states%3Dlisting HTTP/1.0 200 - python-swiftclient-3.11.1 gAAAAABqKu292LCK... - 2 - txf36809fc57f644048ec07-006a2aee4d - 0.0140 - - 1781198413.236003637 1781198413.249996185 0
Jun 11 17:20:13 standalone object-server[128300]: 172.20.0.100 - - [11/Jun/2026:17:20:13 +0000] "GET /d1/738/AUTH_e169406919034ddc8a39593c0a9539f0/gnocchi.80de05bf-6a4c-4c28-9269-9d50d519178e/1780920000.0_mean_300.0_v3" 404 70 "GET http://172.18.0.2:8080/v1/AUTH_e169406919034ddc8a39593c0a9539f0/gnocchi.80de05bf-6a4c-4c28-9269-9d50d519178e/1780920000.0_mean_300.0_v3" "tx7f7dae49795a496fbad5d-006a2aee4d" "proxy-server 20" 0.0005 "-" 25 0
Jun 11 17:20:13 standalone proxy-server[130048]: 172.18.0.2 172.18.0.100 11/Jun/2026/17/20/13 GET /v1/AUTH_e169406919034ddc8a39593c0a9539f0/gnocchi.80de05bf-6a4c-4c28-9269-9d50d519178e/1780920000.0_mean_300.0_v3 HTTP/1.0 404 - python-swiftclient-3.11.1 gAAAAABqKu292LCK... - 70 - tx7f7dae49795a496fbad5d-006a2aee4d - 0.0049 - - 1781198413.253736019 1781198413.258632898 0
Jun 11 17:20:13 standalone container-server[128139]: 172.20.0.100 - - [11/Jun/2026:17:20:13 +0000] "PUT /d1/717/AUTH_e169406919034ddc8a39593c0a9539f0/gnocchi.80de05bf-6a4c-4c28-9269-9d50d519178e/1780920000.0_mean_300.0_v3" 201 - "PUT http://172.18.0.2:8080/d1/738/AUTH_e169406919034ddc8a39593c0a9539f0/gnocchi.80de05bf-6a4c-4c28-9269-9d50d519178e/1780920000.0_mean_300.0_v3" "txeb0b9932d75b4865be813-006a2aee4d" "object-server 25" 0.0010 "-" 23 0
Jun 11 17:20:13 standalone object-server[128300]: 172.20.0.100 - - [11/Jun/2026:17:20:13 +0000] "PUT /d1/738/AUTH_e169406919034ddc8a39593c0a9539f0/gnocchi.80de05bf-6a4c-4c28-9269-9d50d519178e/1780920000.0_mean_300.0_v3" 201 - "PUT http://172.18.0.2:8080/v1/AUTH_e169406919034ddc8a39593c0a9539f0/gnocchi.80de05bf-6a4c-4c28-9269-9d50d519178e/1780920000.0_mean_300.0_v3" "txeb0b9932d75b4865be813-006a2aee4d" "proxy-server 20" 0.0165 "-" 25 0
Jun 11 17:20:13 standalone proxy-server[130048]: 172.18.0.2 172.18.0.100 11/Jun/2026/17/20/13 PUT /v1/AUTH_e169406919034ddc8a39593c0a9539f0/gnocchi.80de05bf-6a4c-4c28-9269-9d50d519178e/1780920000.0_mean_300.0_v3 HTTP/1.0 201 - python-swiftclient-3.11.1 gAAAAABqKu292LCK... 16 - - txeb0b9932d75b4865be813-006a2aee4d - 0.0214 - - 1781198413.262087345 1781198413.283471346 0
Jun 11 17:20:13 standalone container-server[128066]: 172.20.0.100 - - [11/Jun/2026:17:20:13 +0000] "PUT /d1/717/AUTH_e169406919034ddc8a39593c0a9539f0/gnocchi.80de05bf-6a4c-4c28-9269-9d50d519178e/none_v3" 201 - "PUT http://172.18.0.2:8080/d1/524/AUTH_e169406919034ddc8a39593c0a9539f0/gnocchi.80de05bf-6a4c-4c28-9269-9d50d519178e/none_v3" "tx014bc69bc0c541d68efd5-006a2aee4d" "object-server 23" 0.0022 "-" 20 0
Jun 11 17:20:13 standalone object-server[128296]: 172.20.0.100 - - [11/Jun/2026:17:20:13 +0000] "PUT /d1/524/AUTH_e169406919034ddc8a39593c0a9539f0/gnocchi.80de05bf-6a4c-4c28-9269-9d50d519178e/none_v3" 201 - "PUT http://172.18.0.2:8080/v1/AUTH_e169406919034ddc8a39593c0a9539f0/gnocchi.80de05bf-6a4c-4c28-9269-9d50d519178e/none_v3" "tx014bc69bc0c541d68efd5-006a2aee4d" "proxy-server 20" 0.0109 "-" 23 0
Jun 11 17:20:13 standalone proxy-server[130048]: 172.18.0.2 172.18.0.100 11/Jun/2026/17/20/13 PUT /v1/AUTH_e169406919034ddc8a39593c0a9539f0/gnocchi.80de05bf-6a4c-4c28-9269-9d50d519178e/none_v3 HTTP/1.0 201 - python-swiftclient-3.11.1 gAAAAABqKu292LCK... 22 - - tx014bc69bc0c541d68efd5-006a2aee4d - 0.0164 - - 1781198413.292886019 1781198413.309291601 0
Jun 11 17:20:18 standalone object-server[128299]: 172.20.0.100 - - [11/Jun/2026:17:20:18 +0000] "GET /d1/524/AUTH_e169406919034ddc8a39593c0a9539f0/gnocchi.80de05bf-6a4c-4c28-9269-9d50d519178e/none_v3" 200 22 "GET http://172.18.0.2:8080/v1/AUTH_e169406919034ddc8a39593c0a9539f0/gnocchi.80de05bf-6a4c-4c28-9269-9d50d519178e/none_v3" "txfc201ff2ad604c349ab01-006a2aee52" "proxy-server 20" 0.0015 "-" 24 0
Jun 11 17:20:18 standalone proxy-server[130048]: 172.18.0.2 172.18.0.100 11/Jun/2026/17/20/18 GET /v1/AUTH_e169406919034ddc8a39593c0a9539f0/gnocchi.80de05bf-6a4c-4c28-9269-9d50d519178e/none_v3 HTTP/1.0 200 - python-swiftclient-3.11.1 gAAAAABqKu292LCK... - 22 - txfc201ff2ad604c349ab01-006a2aee52 - 0.0113 - - 1781198418.710396767 1781198418.721743584 0
Jun 11 17:20:18 standalone container-server[128066]: 172.20.0.100 - - [11/Jun/2026:17:20:18 +0000] "GET /d1/717/AUTH_e169406919034ddc8a39593c0a9539f0/gnocchi.80de05bf-6a4c-4c28-9269-9d50d519178e" 200 357 "GET http://172.18.0.2:8080/v1/AUTH_e169406919034ddc8a39593c0a9539f0/gnocchi.80de05bf-6a4c-4c28-9269-9d50d519178e?format=json&states=listing" "tx2820cf2381ad4ac096c39-006a2aee52" "proxy-server 20" 0.0114 "-" 20 0
Jun 11 17:20:18 standalone proxy-server[130048]: 172.18.0.2 172.18.0.100 11/Jun/2026/17/20/18 GET /v1/AUTH_e169406919034ddc8a39593c0a9539f0/gnocchi.80de05bf-6a4c-4c28-9269-9d50d519178e%3Fformat%3Djson%26states%3Dlisting HTTP/1.0 200 - python-swiftclient-3.11.1 gAAAAABqKu292LCK... - 357 - tx2820cf2381ad4ac096c39-006a2aee52 - 0.0207 - - 1781198418.726580143 1781198418.747292757 0
Jun 11 17:20:18 standalone container-server[128139]: 172.20.0.100 - - [11/Jun/2026:17:20:18 +0000] "GET /d1/717/AUTH_e169406919034ddc8a39593c0a9539f0/gnocchi.80de05bf-6a4c-4c28-9269-9d50d519178e" 200 2 "GET http://172.18.0.2:8080/v1/AUTH_e169406919034ddc8a39593c0a9539f0/gnocchi.80de05bf-6a4c-4c28-9269-9d50d519178e?format=json&marker=none_v3&states=listing" "tx29d76a710a4142399b81b-006a2aee52" "proxy-server 20" 0.0041 "-" 23 0
Jun 11 17:20:18 standalone proxy-server[130048]: 172.18.0.2 172.18.0.100 11/Jun/2026/17/20/18 GET /v1/AUTH_e169406919034ddc8a39593c0a9539f0/gnocchi.80de05bf-6a4c-4c28-9269-9d50d519178e%3Fformat%3Djson%26marker%3Dnone_v3%26states%3Dlisting HTTP/1.0 200 - python-swiftclient-3.11.1 gAAAAABqKu292LCK... - 2 - tx29d76a710a4142399b81b-006a2aee52 - 0.0143 - - 1781198418.751380920 1781198418.765671730 0
Jun 11 17:20:18 standalone object-server[128300]: 172.20.0.100 - - [11/Jun/2026:17:20:18 +0000] "GET /d1/738/AUTH_e169406919034ddc8a39593c0a9539f0/gnocchi.80de05bf-6a4c-4c28-9269-9d50d519178e/1780920000.0_mean_300.0_v3" 200 16 "GET http://172.18.0.2:8080/v1/AUTH_e169406919034ddc8a39593c0a9539f0/gnocchi.80de05bf-6a4c-4c28-9269-9d50d519178e/1780920000.0_mean_300.0_v3" "tx7cd9e27c111f4a97b71c6-006a2aee52" "proxy-server 20" 0.0011 "-" 25 0
Jun 11 17:20:18 standalone proxy-server[130048]: 172.18.0.2 172.18.0.100 11/Jun/2026/17/20/18 GET /v1/AUTH_e169406919034ddc8a39593c0a9539f0/gnocchi.80de05bf-6a4c-4c28-9269-9d50d519178e/1780920000.0_mean_300.0_v3 HTTP/1.0 200 - python-swiftclient-3.11.1 gAAAAABqKu292LCK... - 16 - tx7cd9e27c111f4a97b71c6-006a2aee52 - 0.0101 - - 1781198418.770837545 1781198418.780966997 0
Jun 11 17:20:18 standalone container-server[128071]: 172.20.0.100 - - [11/Jun/2026:17:20:18 +0000] "PUT /d1/717/AUTH_e169406919034ddc8a39593c0a9539f0/gnocchi.80de05bf-6a4c-4c28-9269-9d50d519178e/1780920000.0_mean_300.0_v3" 201 - "PUT http://172.18.0.2:8080/d1/738/AUTH_e169406919034ddc8a39593c0a9539f0/gnocchi.80de05bf-6a4c-4c28-9269-9d50d519178e/1780920000.0_mean_300.0_v3" "tx8b77dfbd2d68451bb1ae9-006a2aee52" "object-server 23" 0.0008 "-" 21 0
Jun 11 17:20:18 standalone object-server[128296]: 172.20.0.100 - - [11/Jun/2026:17:20:18 +0000] "PUT /d1/738/AUTH_e169406919034ddc8a39593c0a9539f0/gnocchi.80de05bf-6a4c-4c28-9269-9d50d519178e/1780920000.0_mean_300.0_v3" 201 - "PUT http://172.18.0.2:8080/v1/AUTH_e169406919034ddc8a39593c0a9539f0/gnocchi.80de05bf-6a4c-4c28-9269-9d50d519178e/1780920000.0_mean_300.0_v3" "tx8b77dfbd2d68451bb1ae9-006a2aee52" "proxy-server 20" 0.0136 "-" 23 0
Jun 11 17:20:18 standalone proxy-server[130048]: 172.18.0.2 172.18.0.100 11/Jun/2026/17/20/18 PUT /v1/AUTH_e169406919034ddc8a39593c0a9539f0/gnocchi.80de05bf-6a4c-4c28-9269-9d50d519178e/1780920000.0_mean_300.0_v3 HTTP/1.0 201 - python-swiftclient-3.11.1 gAAAAABqKu292LCK... 16 - - tx8b77dfbd2d68451bb1ae9-006a2aee52 - 0.0219 - - 1781198418.785367727 1781198418.807247400 0
Jun 11 17:20:18 standalone container-server[128066]: 172.20.0.100 - - [11/Jun/2026:17:20:18 +0000] "PUT /d1/717/AUTH_e169406919034ddc8a39593c0a9539f0/gnocchi.80de05bf-6a4c-4c28-9269-9d50d519178e/none_v3" 201 - "PUT http://172.18.0.2:8080/d1/524/AUTH_e169406919034ddc8a39593c0a9539f0/gnocchi.80de05bf-6a4c-4c28-9269-9d50d519178e/none_v3" "txb1c3fcd490da473d9c31a-006a2aee52" "object-server 24" 0.0008 "-" 20 0
Jun 11 17:20:18 standalone object-server[128299]: 172.20.0.100 - - [11/Jun/2026:17:20:18 +0000] "PUT /d1/524/AUTH_e169406919034ddc8a39593c0a9539f0/gnocchi.80de05bf-6a4c-4c28-9269-9d50d519178e/none_v3" 201 - "PUT http://172.18.0.2:8080/v1/AUTH_e169406919034ddc8a39593c0a9539f0/gnocchi.80de05bf-6a4c-4c28-9269-9d50d519178e/none_v3" "txb1c3fcd490da473d9c31a-006a2aee52" "proxy-server 20" 0.0120 "-" 24 0
Jun 11 17:20:18 standalone proxy-server[130048]: 172.18.0.2 172.18.0.100 11/Jun/2026/17/20/18 PUT /v1/AUTH_e169406919034ddc8a39593c0a9539f0/gnocchi.80de05bf-6a4c-4c28-9269-9d50d519178e/none_v3 HTTP/1.0 201 - python-swiftclient-3.11.1 gAAAAABqKu292LCK... 32 - - txb1c3fcd490da473d9c31a-006a2aee52 - 0.0201 - - 1781198418.811193705 1781198418.831336498 0
Jun 11 17:21:09 standalone account-server[128020]: 172.20.0.100 - - [11/Jun/2026:17:21:09 +0000] "HEAD /d1/246/AUTH_e169406919034ddc8a39593c0a9539f0" 204 - "HEAD http://172.18.0.2:8080/v1/AUTH_e169406919034ddc8a39593c0a9539f0?format=json" "txa4aa4c7ef59c4c84aec7d-006a2aee85" "proxy-server 20" 0.0078 "-" 17 -
Jun 11 17:21:09 standalone proxy-server[130048]: - - 11/Jun/2026/17/21/09 HEAD /v1/AUTH_e169406919034ddc8a39593c0a9539f0%3Fformat%3Djson HTTP/1.0 204 - Swift - - - - txa4aa4c7ef59c4c84aec7d-006a2aee85 - 0.0162 RL - 1781198469.412606478 1781198469.428817749 -
Jun 11 17:21:09 standalone container-server[128139]: 172.20.0.100 - - [11/Jun/2026:17:21:09 +0000] "HEAD /d1/992/AUTH_e169406919034ddc8a39593c0a9539f0/gnocchi.b7de2264-79bc-4823-aedf-3f7f5378a471" 404 - "HEAD http://172.18.0.2:8080/v1/AUTH_e169406919034ddc8a39593c0a9539f0/gnocchi.b7de2264-79bc-4823-aedf-3f7f5378a471?format=json&states=listing" "txa4aa4c7ef59c4c84aec7d-006a2aee85" "proxy-server 20" 0.0010 "-" 23 0
Jun 11 17:21:09 standalone object-server[128300]: 172.20.0.100 - - [11/Jun/2026:17:21:09 +0000] "GET /d1/1011/AUTH_e169406919034ddc8a39593c0a9539f0/gnocchi.b7de2264-79bc-4823-aedf-3f7f5378a471/none_v3" 404 70 "GET http://172.18.0.2:8080/v1/AUTH_e169406919034ddc8a39593c0a9539f0/gnocchi.b7de2264-79bc-4823-aedf-3f7f5378a471/none_v3" "txa4aa4c7ef59c4c84aec7d-006a2aee85" "proxy-server 20" 0.0007 "-" 25 0
Jun 11 17:21:09 standalone proxy-server[130048]: 172.18.0.2 172.18.0.100 11/Jun/2026/17/21/09 GET /v1/AUTH_e169406919034ddc8a39593c0a9539f0/gnocchi.b7de2264-79bc-4823-aedf-3f7f5378a471/none_v3 HTTP/1.0 404 - python-swiftclient-3.11.1 gAAAAABqKu292LCK... - 70 - txa4aa4c7ef59c4c84aec7d-006a2aee85 - 0.0420 - - 1781198469.411201477 1781198469.453204632 0
Jun 11 17:21:09 standalone account-server[128002]: 172.20.0.100 - - [11/Jun/2026:17:21:09 +0000] "PUT /d1/246/AUTH_e169406919034ddc8a39593c0a9539f0/gnocchi.b7de2264-79bc-4823-aedf-3f7f5378a471" 201 - "PUT http://172.20.0.100:6001/d1/992/AUTH_e169406919034ddc8a39593c0a9539f0/gnocchi.b7de2264-79bc-4823-aedf-3f7f5378a471" "txd594c8c247c04707a4e5c-006a2aee85" "container-server 22" 0.0021 "-" 15 0
Jun 11 17:21:09 standalone container-server[128112]: 172.20.0.100 - - [11/Jun/2026:17:21:09 +0000] "PUT /d1/992/AUTH_e169406919034ddc8a39593c0a9539f0/gnocchi.b7de2264-79bc-4823-aedf-3f7f5378a471" 201 - "PUT http://172.18.0.2:8080/v1/AUTH_e169406919034ddc8a39593c0a9539f0/gnocchi.b7de2264-79bc-4823-aedf-3f7f5378a471" "txd594c8c247c04707a4e5c-006a2aee85" "proxy-server 20" 0.0182 "-" 22 0
Jun 11 17:21:09 standalone proxy-server[130048]: 172.18.0.2 172.18.0.100 11/Jun/2026/17/21/09 PUT /v1/AUTH_e169406919034ddc8a39593c0a9539f0/gnocchi.b7de2264-79bc-4823-aedf-3f7f5378a471 HTTP/1.0 201 - python-swiftclient-3.11.1 gAAAAABqKu292LCK... - - - txd594c8c247c04707a4e5c-006a2aee85 - 0.0308 - - 1781198469.457578421 1781198469.488426447 0
Jun 11 17:21:09 standalone container-server[128071]: 172.20.0.100 - - [11/Jun/2026:17:21:09 +0000] "HEAD /d1/992/AUTH_e169406919034ddc8a39593c0a9539f0/gnocchi.b7de2264-79bc-4823-aedf-3f7f5378a471" 204 - "HEAD http://172.18.0.2:8080/v1/AUTH_e169406919034ddc8a39593c0a9539f0/gnocchi.b7de2264-79bc-4823-aedf-3f7f5378a471?format=json&states=listing" "tx38768e5fdc514b17a4872-006a2aee85" "proxy-server 20" 0.0015 "-" 21 0
Jun 11 17:21:09 standalone proxy-server[130048]: - - 11/Jun/2026/17/21/09 HEAD /v1/AUTH_e169406919034ddc8a39593c0a9539f0/gnocchi.b7de2264-79bc-4823-aedf-3f7f5378a471%3Fformat%3Djson%26states%3Dlisting HTTP/1.0 204 - Swift - - - - tx38768e5fdc514b17a4872-006a2aee85 - 0.0084 RL - 1781198469.498714447 1781198469.507102728 0
Jun 11 17:21:09 standalone container-server[128066]: 172.20.0.100 - - [11/Jun/2026:17:21:09 +0000] "GET /d1/992/AUTH_e169406919034ddc8a39593c0a9539f0/gnocchi.b7de2264-79bc-4823-aedf-3f7f5378a471" 200 2 "GET http://172.18.0.2:8080/v1/AUTH_e169406919034ddc8a39593c0a9539f0/gnocchi.b7de2264-79bc-4823-aedf-3f7f5378a471?format=json&states=listing" "tx38768e5fdc514b17a4872-006a2aee85" "proxy-server 20" 0.0017 "-" 20 0
Jun 11 17:21:09 standalone proxy-server[130048]: 172.18.0.2 172.18.0.100 11/Jun/2026/17/21/09 GET /v1/AUTH_e169406919034ddc8a39593c0a9539f0/gnocchi.b7de2264-79bc-4823-aedf-3f7f5378a471%3Fformat%3Djson%26states%3Dlisting HTTP/1.0 200 - python-swiftclient-3.11.1 gAAAAABqKu292LCK... - 2 - tx38768e5fdc514b17a4872-006a2aee85 - 0.0237 - - 1781198469.496896744 1781198469.520547628 0
Jun 11 17:21:09 standalone object-server[128295]: 172.20.0.100 - - [11/Jun/2026:17:21:09 +0000] "GET /d1/242/AUTH_e169406919034ddc8a39593c0a9539f0/gnocchi.b7de2264-79bc-4823-aedf-3f7f5378a471/1780920000.0_mean_300.0_v3" 404 70 "GET http://172.18.0.2:8080/v1/AUTH_e169406919034ddc8a39593c0a9539f0/gnocchi.b7de2264-79bc-4823-aedf-3f7f5378a471/1780920000.0_mean_300.0_v3" "tx1462338a485d432abff46-006a2aee85" "proxy-server 20" 0.0005 "-" 22 0
Jun 11 17:21:09 standalone proxy-server[130048]: 172.18.0.2 172.18.0.100 11/Jun/2026/17/21/09 GET /v1/AUTH_e169406919034ddc8a39593c0a9539f0/gnocchi.b7de2264-79bc-4823-aedf-3f7f5378a471/1780920000.0_mean_300.0_v3 HTTP/1.0 404 - python-swiftclient-3.11.1 gAAAAABqKu292LCK... - 70 - tx1462338a485d432abff46-006a2aee85 - 0.0095 - - 1781198469.524935722 1781198469.534389019 0
Jun 11 17:21:09 standalone container-server[128071]: 172.20.0.100 - - [11/Jun/2026:17:21:09 +0000] "PUT /d1/992/AUTH_e169406919034ddc8a39593c0a9539f0/gnocchi.b7de2264-79bc-4823-aedf-3f7f5378a471/1780920000.0_mean_300.0_v3" 201 - "PUT http://172.18.0.2:8080/d1/242/AUTH_e169406919034ddc8a39593c0a9539f0/gnocchi.b7de2264-79bc-4823-aedf-3f7f5378a471/1780920000.0_mean_300.0_v3" "tx099cde17e5d74ec696283-006a2aee85" "object-server 24" 0.0006 "-" 21 0
Jun 11 17:21:09 standalone object-server[128299]: 172.20.0.100 - - [11/Jun/2026:17:21:09 +0000] "PUT /d1/242/AUTH_e169406919034ddc8a39593c0a9539f0/gnocchi.b7de2264-79bc-4823-aedf-3f7f5378a471/1780920000.0_mean_300.0_v3" 201 - "PUT http://172.18.0.2:8080/v1/AUTH_e169406919034ddc8a39593c0a9539f0/gnocchi.b7de2264-79bc-4823-aedf-3f7f5378a471/1780920000.0_mean_300.0_v3" "tx099cde17e5d74ec696283-006a2aee85" "proxy-server 20" 0.0108 "-" 24 0
Jun 11 17:21:09 standalone proxy-server[130048]: 172.18.0.2 172.18.0.100 11/Jun/2026/17/21/09 PUT /v1/AUTH_e169406919034ddc8a39593c0a9539f0/gnocchi.b7de2264-79bc-4823-aedf-3f7f5378a471/1780920000.0_mean_300.0_v3 HTTP/1.0 201 - python-swiftclient-3.11.1 gAAAAABqKu292LCK... 16 - - tx099cde17e5d74ec696283-006a2aee85 - 0.0216 - - 1781198469.537947893 1781198469.559587955 0
Jun 11 17:21:09 standalone container-server[128071]: 172.20.0.100 - - [11/Jun/2026:17:21:09 +0000] "PUT /d1/992/AUTH_e169406919034ddc8a39593c0a9539f0/gnocchi.b7de2264-79bc-4823-aedf-3f7f5378a471/none_v3" 201 - "PUT http://172.18.0.2:8080/d1/1011/AUTH_e169406919034ddc8a39593c0a9539f0/gnocchi.b7de2264-79bc-4823-aedf-3f7f5378a471/none_v3" "tx38b59ed1253d47adb8f33-006a2aee85" "object-server 24" 0.0005 "-" 21 0
Jun 11 17:21:09 standalone object-server[128299]: 172.20.0.100 - - [11/Jun/2026:17:21:09 +0000] "PUT /d1/1011/AUTH_e169406919034ddc8a39593c0a9539f0/gnocchi.b7de2264-79bc-4823-aedf-3f7f5378a471/none_v3" 201 - "PUT http://172.18.0.2:8080/v1/AUTH_e169406919034ddc8a39593c0a9539f0/gnocchi.b7de2264-79bc-4823-aedf-3f7f5378a471/none_v3" "tx38b59ed1253d47adb8f33-006a2aee85" "proxy-server 20" 0.0108 "-" 24 0
Jun 11 17:21:09 standalone proxy-server[130048]: 172.18.0.2 172.18.0.100 11/Jun/2026/17/21/09 PUT /v1/AUTH_e169406919034ddc8a39593c0a9539f0/gnocchi.b7de2264-79bc-4823-aedf-3f7f5378a471/none_v3 HTTP/1.0 201 - python-swiftclient-3.11.1 gAAAAABqKu292LCK... 22 - - tx38b59ed1253d47adb8f33-006a2aee85 - 0.0198 - - 1781198469.563318491 1781198469.583158255 0
Jun 11 17:21:09 standalone container-server[128066]: 172.20.0.100 - - [11/Jun/2026:17:21:09 +0000] "HEAD /d1/447/AUTH_e169406919034ddc8a39593c0a9539f0/gnocchi.ea5b2dd0-3c03-4cea-9a25-2a34040aa13d" 404 - "HEAD http://172.18.0.2:8080/v1/AUTH_e169406919034ddc8a39593c0a9539f0/gnocchi.ea5b2dd0-3c03-4cea-9a25-2a34040aa13d?format=json&states=listing" "txb0a60b7c118148f9afbc5-006a2aee85" "proxy-server 20" 0.0003 "-" 20 0
Jun 11 17:21:09 standalone object-server[128296]: 172.20.0.100 - - [11/Jun/2026:17:21:09 +0000] "GET /d1/667/AUTH_e169406919034ddc8a39593c0a9539f0/gnocchi.ea5b2dd0-3c03-4cea-9a25-2a34040aa13d/none_v3" 404 70 "GET http://172.18.0.2:8080/v1/AUTH_e169406919034ddc8a39593c0a9539f0/gnocchi.ea5b2dd0-3c03-4cea-9a25-2a34040aa13d/none_v3" "txb0a60b7c118148f9afbc5-006a2aee85" "proxy-server 20" 0.0006 "-" 23 0
Jun 11 17:21:09 standalone proxy-server[130048]: 172.18.0.2 172.18.0.100 11/Jun/2026/17/21/09 GET /v1/AUTH_e169406919034ddc8a39593c0a9539f0/gnocchi.ea5b2dd0-3c03-4cea-9a25-2a34040aa13d/none_v3 HTTP/1.0 404 - python-swiftclient-3.11.1 gAAAAABqKu292LCK... - 70 - txb0a60b7c118148f9afbc5-006a2aee85 - 0.0095 - - 1781198469.594037771 1781198469.603530407 0
Jun 11 17:21:09 standalone account-server[128003]: 172.20.0.100 - - [11/Jun/2026:17:21:09 +0000] "PUT /d1/246/AUTH_e169406919034ddc8a39593c0a9539f0/gnocchi.ea5b2dd0-3c03-4cea-9a25-2a34040aa13d" 201 - "PUT http://172.20.0.100:6001/d1/447/AUTH_e169406919034ddc8a39593c0a9539f0/gnocchi.ea5b2dd0-3c03-4cea-9a25-2a34040aa13d" "tx8a3769f5d7644efda6a85-006a2aee85" "container-server 22" 0.0049 "-" 16 0
Jun 11 17:21:09 standalone container-server[128112]: 172.20.0.100 - - [11/Jun/2026:17:21:09 +0000] "PUT /d1/447/AUTH_e169406919034ddc8a39593c0a9539f0/gnocchi.ea5b2dd0-3c03-4cea-9a25-2a34040aa13d" 201 - "PUT http://172.18.0.2:8080/v1/AUTH_e169406919034ddc8a39593c0a9539f0/gnocchi.ea5b2dd0-3c03-4cea-9a25-2a34040aa13d" "tx8a3769f5d7644efda6a85-006a2aee85" "proxy-server 20" 0.0188 "-" 22 0
Jun 11 17:21:09 standalone proxy-server[130048]: 172.18.0.2 172.18.0.100 11/Jun/2026/17/21/09 PUT /v1/AUTH_e169406919034ddc8a39593c0a9539f0/gnocchi.ea5b2dd0-3c03-4cea-9a25-2a34040aa13d HTTP/1.0 201 - python-swiftclient-3.11.1 gAAAAABqKu292LCK... - - - tx8a3769f5d7644efda6a85-006a2aee85 - 0.0246 - - 1781198469.606230736 1781198469.630840063 0
Jun 11 17:21:09 standalone container-server[128066]: 172.20.0.100 - - [11/Jun/2026:17:21:09 +0000] "HEAD /d1/447/AUTH_e169406919034ddc8a39593c0a9539f0/gnocchi.ea5b2dd0-3c03-4cea-9a25-2a34040aa13d" 204 - "HEAD http://172.18.0.2:8080/v1/AUTH_e169406919034ddc8a39593c0a9539f0/gnocchi.ea5b2dd0-3c03-4cea-9a25-2a34040aa13d?format=json&states=listing" "tx4bc1ed62902844ef92abc-006a2aee85" "proxy-server 20" 0.0011 "-" 20 0
Jun 11 17:21:09 standalone proxy-server[130048]: - - 11/Jun/2026/17/21/09 HEAD /v1/AUTH_e169406919034ddc8a39593c0a9539f0/gnocchi.ea5b2dd0-3c03-4cea-9a25-2a34040aa13d%3Fformat%3Djson%26states%3Dlisting HTTP/1.0 204 - Swift - - - - tx4bc1ed62902844ef92abc-006a2aee85 - 0.0040 RL - 1781198469.635133743 1781198469.639089346 0
Jun 11 17:21:09 standalone container-server[128066]: 172.20.0.100 - - [11/Jun/2026:17:21:09 +0000] "GET /d1/447/AUTH_e169406919034ddc8a39593c0a9539f0/gnocchi.ea5b2dd0-3c03-4cea-9a25-2a34040aa13d" 200 2 "GET http://172.18.0.2:8080/v1/AUTH_e169406919034ddc8a39593c0a9539f0/gnocchi.ea5b2dd0-3c03-4cea-9a25-2a34040aa13d?format=json&states=listing" "tx4bc1ed62902844ef92abc-006a2aee85" "proxy-server 20" 0.0015 "-" 20 0
Jun 11 17:21:09 standalone proxy-server[130048]: 172.18.0.2 172.18.0.100 11/Jun/2026/17/21/09 GET /v1/AUTH_e169406919034ddc8a39593c0a9539f0/gnocchi.ea5b2dd0-3c03-4cea-9a25-2a34040aa13d%3Fformat%3Djson%26states%3Dlisting HTTP/1.0 200 - python-swiftclient-3.11.1 gAAAAABqKu292LCK... - 2 - tx4bc1ed62902844ef92abc-006a2aee85 - 0.0115 - - 1781198469.633929729 1781198469.645432234 0
Jun 11 17:21:09 standalone object-server[128295]: 172.20.0.100 - - [11/Jun/2026:17:21:09 +0000] "GET /d1/996/AUTH_e169406919034ddc8a39593c0a9539f0/gnocchi.ea5b2dd0-3c03-4cea-9a25-2a34040aa13d/1780920000.0_mean_300.0_v3" 404 70 "GET http://172.18.0.2:8080/v1/AUTH_e169406919034ddc8a39593c0a9539f0/gnocchi.ea5b2dd0-3c03-4cea-9a25-2a34040aa13d/1780920000.0_mean_300.0_v3" "txf46ca7e6b10e47c78d754-006a2aee85" "proxy-server 20" 0.0003 "-" 22 0
Jun 11 17:21:09 standalone proxy-server[130048]: 172.18.0.2 172.18.0.100 11/Jun/2026/17/21/09 GET /v1/AUTH_e169406919034ddc8a39593c0a9539f0/gnocchi.ea5b2dd0-3c03-4cea-9a25-2a34040aa13d/1780920000.0_mean_300.0_v3 HTTP/1.0 404 - python-swiftclient-3.11.1 gAAAAABqKu292LCK... - 70 - txf46ca7e6b10e47c78d754-006a2aee85 - 0.0052 - - 1781198469.648277044 1781198469.653486013 0
Jun 11 17:21:09 standalone container-server[128066]: 172.20.0.100 - - [11/Jun/2026:17:21:09 +0000] "PUT /d1/447/AUTH_e169406919034ddc8a39593c0a9539f0/gnocchi.ea5b2dd0-3c03-4cea-9a25-2a34040aa13d/1780920000.0_mean_300.0_v3" 201 - "PUT http://172.18.0.2:8080/d1/996/AUTH_e169406919034ddc8a39593c0a9539f0/gnocchi.ea5b2dd0-3c03-4cea-9a25-2a34040aa13d/1780920000.0_mean_300.0_v3" "txcad664f876414d0daf6f6-006a2aee85" "object-server 23" 0.0005 "-" 20 0
Jun 11 17:21:09 standalone object-server[128296]: 172.20.0.100 - - [11/Jun/2026:17:21:09 +0000] "PUT /d1/996/AUTH_e169406919034ddc8a39593c0a9539f0/gnocchi.ea5b2dd0-3c03-4cea-9a25-2a34040aa13d/1780920000.0_mean_300.0_v3" 201 - "PUT http://172.18.0.2:8080/v1/AUTH_e169406919034ddc8a39593c0a9539f0/gnocchi.ea5b2dd0-3c03-4cea-9a25-2a34040aa13d/1780920000.0_mean_300.0_v3" "txcad664f876414d0daf6f6-006a2aee85" "proxy-server 20" 0.0092 "-" 23 0
Jun 11 17:21:09 standalone proxy-server[130048]: 172.18.0.2 172.18.0.100 11/Jun/2026/17/21/09 PUT /v1/AUTH_e169406919034ddc8a39593c0a9539f0/gnocchi.ea5b2dd0-3c03-4cea-9a25-2a34040aa13d/1780920000.0_mean_300.0_v3 HTTP/1.0 201 - python-swiftclient-3.11.1 gAAAAABqKu292LCK... 16 - - txcad664f876414d0daf6f6-006a2aee85 - 0.0148 - - 1781198469.656262398 1781198469.671051979 0
Jun 11 17:21:09 standalone container-server[128112]: 172.20.0.100 - - [11/Jun/2026:17:21:09 +0000] "PUT /d1/447/AUTH_e169406919034ddc8a39593c0a9539f0/gnocchi.ea5b2dd0-3c03-4cea-9a25-2a34040aa13d/none_v3" 201 - "PUT http://172.18.0.2:8080/d1/667/AUTH_e169406919034ddc8a39593c0a9539f0/gnocchi.ea5b2dd0-3c03-4cea-9a25-2a34040aa13d/none_v3" "txb9b740a15fe849f099c44-006a2aee85" "object-server 24" 0.0008 "-" 22 0
Jun 11 17:21:09 standalone object-server[128299]: 172.20.0.100 - - [11/Jun/2026:17:21:09 +0000] "PUT /d1/667/AUTH_e169406919034ddc8a39593c0a9539f0/gnocchi.ea5b2dd0-3c03-4cea-9a25-2a34040aa13d/none_v3" 201 - "PUT http://172.18.0.2:8080/v1/AUTH_e169406919034ddc8a39593c0a9539f0/gnocchi.ea5b2dd0-3c03-4cea-9a25-2a34040aa13d/none_v3" "txb9b740a15fe849f099c44-006a2aee85" "proxy-server 20" 0.0121 "-" 24 0
Jun 11 17:21:09 standalone proxy-server[130048]: 172.18.0.2 172.18.0.100 11/Jun/2026/17/21/09 PUT /v1/AUTH_e169406919034ddc8a39593c0a9539f0/gnocchi.ea5b2dd0-3c03-4cea-9a25-2a34040aa13d/none_v3 HTTP/1.0 201 - python-swiftclient-3.11.1 gAAAAABqKu292LCK... 22 - - txb9b740a15fe849f099c44-006a2aee85 - 0.0182 - - 1781198469.673207045 1781198469.691407681 0
Jun 11 17:21:09 standalone container-server[128139]: 172.20.0.100 - - [11/Jun/2026:17:21:09 +0000] "HEAD /d1/532/AUTH_e169406919034ddc8a39593c0a9539f0/gnocchi.ecf14d9a-7a72-4e47-9271-1164a1925b67" 404 - "HEAD http://172.18.0.2:8080/v1/AUTH_e169406919034ddc8a39593c0a9539f0/gnocchi.ecf14d9a-7a72-4e47-9271-1164a1925b67?format=json&states=listing" "txb5f18d9b86654f03aedaf-006a2aee85" "proxy-server 20" 0.0003 "-" 23 0
Jun 11 17:21:09 standalone object-server[128295]: 172.20.0.100 - - [11/Jun/2026:17:21:09 +0000] "GET /d1/773/AUTH_e169406919034ddc8a39593c0a9539f0/gnocchi.ecf14d9a-7a72-4e47-9271-1164a1925b67/none_v3" 404 70 "GET http://172.18.0.2:8080/v1/AUTH_e169406919034ddc8a39593c0a9539f0/gnocchi.ecf14d9a-7a72-4e47-9271-1164a1925b67/none_v3" "txb5f18d9b86654f03aedaf-006a2aee85" "proxy-server 20" 0.0003 "-" 22 0
Jun 11 17:21:09 standalone proxy-server[130048]: 172.18.0.2 172.18.0.100 11/Jun/2026/17/21/09 GET /v1/AUTH_e169406919034ddc8a39593c0a9539f0/gnocchi.ecf14d9a-7a72-4e47-9271-1164a1925b67/none_v3 HTTP/1.0 404 - python-swiftclient-3.11.1 gAAAAABqKu292LCK... - 70 - txb5f18d9b86654f03aedaf-006a2aee85 - 0.0138 - - 1781198469.715953588 1781198469.729799271 0
Jun 11 17:21:09 standalone account-server[128002]: 172.20.0.100 - - [11/Jun/2026:17:21:09 +0000] "PUT /d1/246/AUTH_e169406919034ddc8a39593c0a9539f0/gnocchi.ecf14d9a-7a72-4e47-9271-1164a1925b67" 201 - "PUT http://172.20.0.100:6001/d1/532/AUTH_e169406919034ddc8a39593c0a9539f0/gnocchi.ecf14d9a-7a72-4e47-9271-1164a1925b67" "txa04f0a7831ab48d58b318-006a2aee85" "container-server 20" 0.0048 "-" 15 0
Jun 11 17:21:09 standalone container-server[128066]: 172.20.0.100 - - [11/Jun/2026:17:21:09 +0000] "PUT /d1/532/AUTH_e169406919034ddc8a39593c0a9539f0/gnocchi.ecf14d9a-7a72-4e47-9271-1164a1925b67" 201 - "PUT http://172.18.0.2:8080/v1/AUTH_e169406919034ddc8a39593c0a9539f0/gnocchi.ecf14d9a-7a72-4e47-9271-1164a1925b67" "txa04f0a7831ab48d58b318-006a2aee85" "proxy-server 20" 0.0163 "-" 20 0
Jun 11 17:21:09 standalone proxy-server[130048]: 172.18.0.2 172.18.0.100 11/Jun/2026/17/21/09 PUT /v1/AUTH_e169406919034ddc8a39593c0a9539f0/gnocchi.ecf14d9a-7a72-4e47-9271-1164a1925b67 HTTP/1.0 201 - python-swiftclient-3.11.1 gAAAAABqKu292LCK... - - - txa04f0a7831ab48d58b318-006a2aee85 - 0.0244 - - 1781198469.732914686 1781198469.757299185 0
Jun 11 17:21:09 standalone container-server[128071]: 172.20.0.100 - - [11/Jun/2026:17:21:09 +0000] "HEAD /d1/532/AUTH_e169406919034ddc8a39593c0a9539f0/gnocchi.ecf14d9a-7a72-4e47-9271-1164a1925b67" 204 - "HEAD http://172.18.0.2:8080/v1/AUTH_e169406919034ddc8a39593c0a9539f0/gnocchi.ecf14d9a-7a72-4e47-9271-1164a1925b67?format=json&states=listing" "tx2175909dd9bd4e4ca91ff-006a2aee85" "proxy-server 20" 0.0012 "-" 21 0
Jun 11 17:21:09 standalone proxy-server[130048]: - - 11/Jun/2026/17/21/09 HEAD /v1/AUTH_e169406919034ddc8a39593c0a9539f0/gnocchi.ecf14d9a-7a72-4e47-9271-1164a1925b67%3Fformat%3Djson%26states%3Dlisting HTTP/1.0 204 - Swift - - - - tx2175909dd9bd4e4ca91ff-006a2aee85 - 0.0040 RL - 1781198469.761927605 1781198469.765898705 0
Jun 11 17:21:09 standalone container-server[128071]: 172.20.0.100 - - [11/Jun/2026:17:21:09 +0000] "GET /d1/532/AUTH_e169406919034ddc8a39593c0a9539f0/gnocchi.ecf14d9a-7a72-4e47-9271-1164a1925b67" 200 2 "GET http://172.18.0.2:8080/v1/AUTH_e169406919034ddc8a39593c0a9539f0/gnocchi.ecf14d9a-7a72-4e47-9271-1164a1925b67?format=json&states=listing" "tx2175909dd9bd4e4ca91ff-006a2aee85" "proxy-server 20" 0.0013 "-" 21 0
