Jun 11 17:19:39 standalone container-server[128066]: 172.20.0.100 - - [11/Jun/2026:17:19:39 +0000] "PUT /d1/637/AUTH_e169406919034ddc8a39593c0a9539f0/gnocchi.e3b992f5-bc1a-4f4a-afb7-f78ce0e36c26" 201 - "PUT http://172.18.0.2:8080/v1/AUTH_e169406919034ddc8a39593c0a9539f0/gnocchi.e3b992f5-bc1a-4f4a-afb7-f78ce0e36c26" "txb0814e4a3bbd44be86b05-006a2aee2b" "proxy-server 20" 0.0175 "-" 20 0
Jun 11 17:19:39 standalone proxy-server[130048]: 172.18.0.2 172.18.0.100 11/Jun/2026/17/19/39 PUT /v1/AUTH_e169406919034ddc8a39593c0a9539f0/gnocchi.e3b992f5-bc1a-4f4a-afb7-f78ce0e36c26 HTTP/1.0 201 - python-swiftclient-3.11.1 gAAAAABqKu292LCK... - - - txb0814e4a3bbd44be86b05-006a2aee2b - 0.0245 - - 1781198379.396997929 1781198379.421531916 0
Jun 11 17:19:39 standalone container-server[128139]: 172.20.0.100 - - [11/Jun/2026:17:19:39 +0000] "HEAD /d1/637/AUTH_e169406919034ddc8a39593c0a9539f0/gnocchi.e3b992f5-bc1a-4f4a-afb7-f78ce0e36c26" 204 - "HEAD http://172.18.0.2:8080/v1/AUTH_e169406919034ddc8a39593c0a9539f0/gnocchi.e3b992f5-bc1a-4f4a-afb7-f78ce0e36c26?format=json&states=listing" "txe1ef0b2fbff74e6a8112e-006a2aee2b" "proxy-server 20" 0.0022 "-" 23 0
Jun 11 17:19:39 standalone proxy-server[130048]: - - 11/Jun/2026/17/19/39 HEAD /v1/AUTH_e169406919034ddc8a39593c0a9539f0/gnocchi.e3b992f5-bc1a-4f4a-afb7-f78ce0e36c26%3Fformat%3Djson%26states%3Dlisting HTTP/1.0 204 - Swift - - - - txe1ef0b2fbff74e6a8112e-006a2aee2b - 0.0085 RL - 1781198379.429037809 1781198379.437544107 0
Jun 11 17:19:39 standalone container-server[128071]: 172.20.0.100 - - [11/Jun/2026:17:19:39 +0000] "GET /d1/637/AUTH_e169406919034ddc8a39593c0a9539f0/gnocchi.e3b992f5-bc1a-4f4a-afb7-f78ce0e36c26" 200 2 "GET http://172.18.0.2:8080/v1/AUTH_e169406919034ddc8a39593c0a9539f0/gnocchi.e3b992f5-bc1a-4f4a-afb7-f78ce0e36c26?format=json&states=listing" "txe1ef0b2fbff74e6a8112e-006a2aee2b" "proxy-server 20" 0.0031 "-" 21 0
Jun 11 17:19:39 standalone proxy-server[130048]: 172.18.0.2 172.18.0.100 11/Jun/2026/17/19/39 GET /v1/AUTH_e169406919034ddc8a39593c0a9539f0/gnocchi.e3b992f5-bc1a-4f4a-afb7-f78ce0e36c26%3Fformat%3Djson%26states%3Dlisting HTTP/1.0 200 - python-swiftclient-3.11.1 gAAAAABqKu292LCK... - 2 - txe1ef0b2fbff74e6a8112e-006a2aee2b - 0.0232 - - 1781198379.426110268 1781198379.449274063 0
Jun 11 17:19:39 standalone object-server[128299]: 172.20.0.100 - - [11/Jun/2026:17:19:39 +0000] "GET /d1/189/AUTH_e169406919034ddc8a39593c0a9539f0/gnocchi.e3b992f5-bc1a-4f4a-afb7-f78ce0e36c26/1780920000.0_mean_300.0_v3" 404 70 "GET http://172.18.0.2:8080/v1/AUTH_e169406919034ddc8a39593c0a9539f0/gnocchi.e3b992f5-bc1a-4f4a-afb7-f78ce0e36c26/1780920000.0_mean_300.0_v3" "tx70c0f0563e0145c2b8310-006a2aee2b" "proxy-server 20" 0.0004 "-" 24 0
Jun 11 17:19:39 standalone proxy-server[130048]: 172.18.0.2 172.18.0.100 11/Jun/2026/17/19/39 GET /v1/AUTH_e169406919034ddc8a39593c0a9539f0/gnocchi.e3b992f5-bc1a-4f4a-afb7-f78ce0e36c26/1780920000.0_mean_300.0_v3 HTTP/1.0 404 - python-swiftclient-3.11.1 gAAAAABqKu292LCK... - 70 - tx70c0f0563e0145c2b8310-006a2aee2b - 0.0070 - - 1781198379.452997446 1781198379.459993839 0
Jun 11 17:19:39 standalone container-server[128112]: 172.20.0.100 - - [11/Jun/2026:17:19:39 +0000] "PUT /d1/637/AUTH_e169406919034ddc8a39593c0a9539f0/gnocchi.e3b992f5-bc1a-4f4a-afb7-f78ce0e36c26/1780920000.0_mean_300.0_v3" 201 - "PUT http://172.18.0.2:8080/d1/189/AUTH_e169406919034ddc8a39593c0a9539f0/gnocchi.e3b992f5-bc1a-4f4a-afb7-f78ce0e36c26/1780920000.0_mean_300.0_v3" "txfdb7294b5292490ba08f3-006a2aee2b" "object-server 25" 0.0007 "-" 22 0
Jun 11 17:19:39 standalone object-server[128300]: 172.20.0.100 - - [11/Jun/2026:17:19:39 +0000] "PUT /d1/189/AUTH_e169406919034ddc8a39593c0a9539f0/gnocchi.e3b992f5-bc1a-4f4a-afb7-f78ce0e36c26/1780920000.0_mean_300.0_v3" 201 - "PUT http://172.18.0.2:8080/v1/AUTH_e169406919034ddc8a39593c0a9539f0/gnocchi.e3b992f5-bc1a-4f4a-afb7-f78ce0e36c26/1780920000.0_mean_300.0_v3" "txfdb7294b5292490ba08f3-006a2aee2b" "proxy-server 20" 0.0096 "-" 25 0
Jun 11 17:19:39 standalone proxy-server[130048]: 172.18.0.2 172.18.0.100 11/Jun/2026/17/19/39 PUT /v1/AUTH_e169406919034ddc8a39593c0a9539f0/gnocchi.e3b992f5-bc1a-4f4a-afb7-f78ce0e36c26/1780920000.0_mean_300.0_v3 HTTP/1.0 201 - python-swiftclient-3.11.1 gAAAAABqKu292LCK... 16 - - txfdb7294b5292490ba08f3-006a2aee2b - 0.0168 - - 1781198379.463034630 1781198379.479850054 0
Jun 11 17:19:39 standalone container-server[128066]: 172.20.0.100 - - [11/Jun/2026:17:19:39 +0000] "PUT /d1/637/AUTH_e169406919034ddc8a39593c0a9539f0/gnocchi.e3b992f5-bc1a-4f4a-afb7-f78ce0e36c26/none_v3" 201 - "PUT http://172.18.0.2:8080/d1/475/AUTH_e169406919034ddc8a39593c0a9539f0/gnocchi.e3b992f5-bc1a-4f4a-afb7-f78ce0e36c26/none_v3" "txda4f32dd981946c69ace4-006a2aee2b" "object-server 23" 0.0007 "-" 20 0
Jun 11 17:19:39 standalone object-server[128296]: 172.20.0.100 - - [11/Jun/2026:17:19:39 +0000] "PUT /d1/475/AUTH_e169406919034ddc8a39593c0a9539f0/gnocchi.e3b992f5-bc1a-4f4a-afb7-f78ce0e36c26/none_v3" 201 - "PUT http://172.18.0.2:8080/v1/AUTH_e169406919034ddc8a39593c0a9539f0/gnocchi.e3b992f5-bc1a-4f4a-afb7-f78ce0e36c26/none_v3" "txda4f32dd981946c69ace4-006a2aee2b" "proxy-server 20" 0.0110 "-" 23 0
Jun 11 17:19:39 standalone proxy-server[130048]: 172.18.0.2 172.18.0.100 11/Jun/2026/17/19/39 PUT /v1/AUTH_e169406919034ddc8a39593c0a9539f0/gnocchi.e3b992f5-bc1a-4f4a-afb7-f78ce0e36c26/none_v3 HTTP/1.0 201 - python-swiftclient-3.11.1 gAAAAABqKu292LCK... 22 - - txda4f32dd981946c69ace4-006a2aee2b - 0.0206 - - 1781198379.483100653 1781198379.503704786 0
Jun 11 17:19:39 standalone object-server[128300]: 172.20.0.100 - - [11/Jun/2026:17:19:39 +0000] "GET /d1/475/AUTH_e169406919034ddc8a39593c0a9539f0/gnocchi.e3b992f5-bc1a-4f4a-afb7-f78ce0e36c26/none_v3" 200 22 "GET http://172.18.0.2:8080/v1/AUTH_e169406919034ddc8a39593c0a9539f0/gnocchi.e3b992f5-bc1a-4f4a-afb7-f78ce0e36c26/none_v3" "tx7a802f4b390942e0ab7d0-006a2aee2b" "proxy-server 20" 0.0015 "-" 25 0
Jun 11 17:19:39 standalone proxy-server[130048]: 172.18.0.2 172.18.0.100 11/Jun/2026/17/19/39 GET /v1/AUTH_e169406919034ddc8a39593c0a9539f0/gnocchi.e3b992f5-bc1a-4f4a-afb7-f78ce0e36c26/none_v3 HTTP/1.0 200 - python-swiftclient-3.11.1 gAAAAABqKu292LCK... - 22 - tx7a802f4b390942e0ab7d0-006a2aee2b - 0.0113 - - 1781198379.576718330 1781198379.588058472 0
Jun 11 17:19:39 standalone container-server[128112]: 172.20.0.100 - - [11/Jun/2026:17:19:39 +0000] "GET /d1/637/AUTH_e169406919034ddc8a39593c0a9539f0/gnocchi.e3b992f5-bc1a-4f4a-afb7-f78ce0e36c26" 200 357 "GET http://172.18.0.2:8080/v1/AUTH_e169406919034ddc8a39593c0a9539f0/gnocchi.e3b992f5-bc1a-4f4a-afb7-f78ce0e36c26?format=json&states=listing" "txa1854859f133427ea6ade-006a2aee2b" "proxy-server 20" 0.0233 "-" 22 0
Jun 11 17:19:39 standalone proxy-server[130048]: 172.18.0.2 172.18.0.100 11/Jun/2026/17/19/39 GET /v1/AUTH_e169406919034ddc8a39593c0a9539f0/gnocchi.e3b992f5-bc1a-4f4a-afb7-f78ce0e36c26%3Fformat%3Djson%26states%3Dlisting HTTP/1.0 200 - python-swiftclient-3.11.1 gAAAAABqKu292LCK... - 357 - txa1854859f133427ea6ade-006a2aee2b - 0.0340 - - 1781198379.592034817 1781198379.626015663 0
Jun 11 17:19:39 standalone container-server[128066]: 172.20.0.100 - - [11/Jun/2026:17:19:39 +0000] "GET /d1/637/AUTH_e169406919034ddc8a39593c0a9539f0/gnocchi.e3b992f5-bc1a-4f4a-afb7-f78ce0e36c26" 200 2 "GET http://172.18.0.2:8080/v1/AUTH_e169406919034ddc8a39593c0a9539f0/gnocchi.e3b992f5-bc1a-4f4a-afb7-f78ce0e36c26?format=json&marker=none_v3&states=listing" "tx3b19fd8ad81e4d5db3298-006a2aee2b" "proxy-server 20" 0.0026 "-" 20 0
Jun 11 17:19:39 standalone proxy-server[130048]: 172.18.0.2 172.18.0.100 11/Jun/2026/17/19/39 GET /v1/AUTH_e169406919034ddc8a39593c0a9539f0/gnocchi.e3b992f5-bc1a-4f4a-afb7-f78ce0e36c26%3Fformat%3Djson%26marker%3Dnone_v3%26states%3Dlisting HTTP/1.0 200 - python-swiftclient-3.11.1 gAAAAABqKu292LCK... - 2 - tx3b19fd8ad81e4d5db3298-006a2aee2b - 0.0110 - - 1781198379.629596949 1781198379.640591621 0
Jun 11 17:19:39 standalone object-server[128296]: 172.20.0.100 - - [11/Jun/2026:17:19:39 +0000] "GET /d1/189/AUTH_e169406919034ddc8a39593c0a9539f0/gnocchi.e3b992f5-bc1a-4f4a-afb7-f78ce0e36c26/1780920000.0_mean_300.0_v3" 200 16 "GET http://172.18.0.2:8080/v1/AUTH_e169406919034ddc8a39593c0a9539f0/gnocchi.e3b992f5-bc1a-4f4a-afb7-f78ce0e36c26/1780920000.0_mean_300.0_v3" "tx89ee1256ad944b468b676-006a2aee2b" "proxy-server 20" 0.0012 "-" 23 0
Jun 11 17:19:39 standalone proxy-server[130048]: 172.18.0.2 172.18.0.100 11/Jun/2026/17/19/39 GET /v1/AUTH_e169406919034ddc8a39593c0a9539f0/gnocchi.e3b992f5-bc1a-4f4a-afb7-f78ce0e36c26/1780920000.0_mean_300.0_v3 HTTP/1.0 200 - python-swiftclient-3.11.1 gAAAAABqKu292LCK... - 16 - tx89ee1256ad944b468b676-006a2aee2b - 0.0095 - - 1781198379.644501686 1781198379.654015541 0
Jun 11 17:19:39 standalone container-server[128112]: 172.20.0.100 - - [11/Jun/2026:17:19:39 +0000] "PUT /d1/637/AUTH_e169406919034ddc8a39593c0a9539f0/gnocchi.e3b992f5-bc1a-4f4a-afb7-f78ce0e36c26/1780920000.0_mean_300.0_v3" 201 - "PUT http://172.18.0.2:8080/d1/189/AUTH_e169406919034ddc8a39593c0a9539f0/gnocchi.e3b992f5-bc1a-4f4a-afb7-f78ce0e36c26/1780920000.0_mean_300.0_v3" "txd597376b6bc44c999444d-006a2aee2b" "object-server 25" 0.0010 "-" 22 0
Jun 11 17:19:39 standalone object-server[128300]: 172.20.0.100 - - [11/Jun/2026:17:19:39 +0000] "PUT /d1/189/AUTH_e169406919034ddc8a39593c0a9539f0/gnocchi.e3b992f5-bc1a-4f4a-afb7-f78ce0e36c26/1780920000.0_mean_300.0_v3" 201 - "PUT http://172.18.0.2:8080/v1/AUTH_e169406919034ddc8a39593c0a9539f0/gnocchi.e3b992f5-bc1a-4f4a-afb7-f78ce0e36c26/1780920000.0_mean_300.0_v3" "txd597376b6bc44c999444d-006a2aee2b" "proxy-server 20" 0.0138 "-" 25 0
Jun 11 17:19:39 standalone proxy-server[130048]: 172.18.0.2 172.18.0.100 11/Jun/2026/17/19/39 PUT /v1/AUTH_e169406919034ddc8a39593c0a9539f0/gnocchi.e3b992f5-bc1a-4f4a-afb7-f78ce0e36c26/1780920000.0_mean_300.0_v3 HTTP/1.0 201 - python-swiftclient-3.11.1 gAAAAABqKu292LCK... 16 - - txd597376b6bc44c999444d-006a2aee2b - 0.0219 - - 1781198379.657101154 1781198379.678977489 0
Jun 11 17:19:39 standalone container-server[128066]: 172.20.0.100 - - [11/Jun/2026:17:19:39 +0000] "PUT /d1/637/AUTH_e169406919034ddc8a39593c0a9539f0/gnocchi.e3b992f5-bc1a-4f4a-afb7-f78ce0e36c26/none_v3" 201 - "PUT http://172.18.0.2:8080/d1/475/AUTH_e169406919034ddc8a39593c0a9539f0/gnocchi.e3b992f5-bc1a-4f4a-afb7-f78ce0e36c26/none_v3" "txc7a7f37734f443baa09ea-006a2aee2b" "object-server 23" 0.0006 "-" 20 0
Jun 11 17:19:39 standalone object-server[128296]: 172.20.0.100 - - [11/Jun/2026:17:19:39 +0000] "PUT /d1/475/AUTH_e169406919034ddc8a39593c0a9539f0/gnocchi.e3b992f5-bc1a-4f4a-afb7-f78ce0e36c26/none_v3" 201 - "PUT http://172.18.0.2:8080/v1/AUTH_e169406919034ddc8a39593c0a9539f0/gnocchi.e3b992f5-bc1a-4f4a-afb7-f78ce0e36c26/none_v3" "txc7a7f37734f443baa09ea-006a2aee2b" "proxy-server 20" 0.0115 "-" 23 0
Jun 11 17:19:39 standalone proxy-server[130048]: 172.18.0.2 172.18.0.100 11/Jun/2026/17/19/39 PUT /v1/AUTH_e169406919034ddc8a39593c0a9539f0/gnocchi.e3b992f5-bc1a-4f4a-afb7-f78ce0e36c26/none_v3 HTTP/1.0 201 - python-swiftclient-3.11.1 gAAAAABqKu292LCK... 31 - - txc7a7f37734f443baa09ea-006a2aee2b - 0.0207 - - 1781198379.682762146 1781198379.703441143 0
Jun 11 17:19:47 standalone container-server[127941]: Begin container update sweep
Jun 11 17:19:47 standalone account-server[128003]: 172.20.0.100 - - [11/Jun/2026:17:19:47 +0000] "PUT /d1/246/AUTH_e169406919034ddc8a39593c0a9539f0/gnocchi.f9396a24-bf99-47d5-bcc3-25acb6c39784" 201 - "-" "-" "container-updater 2" 0.0007 "-" 16 0
Jun 11 17:19:47 standalone account-server[128003]: 172.20.0.100 - - [11/Jun/2026:17:19:47 +0000] "PUT /d1/246/AUTH_e169406919034ddc8a39593c0a9539f0/gnocchi.7dda01a1-b3eb-4be9-a06f-d03cdb0014f5" 201 - "-" "-" "container-updater 2" 0.0004 "-" 16 0
Jun 11 17:19:47 standalone account-server[128002]: 172.20.0.100 - - [11/Jun/2026:17:19:47 +0000] "PUT /d1/246/AUTH_e169406919034ddc8a39593c0a9539f0/gnocchi.3dd58f13-e5ce-41b6-84db-085d75f7e655" 201 - "-" "-" "container-updater 2" 0.0007 "-" 15 0
Jun 11 17:19:47 standalone account-server[128020]: 172.20.0.100 - - [11/Jun/2026:17:19:47 +0000] "PUT /d1/246/AUTH_e169406919034ddc8a39593c0a9539f0/gnocchi.ce3ce1cb-15b8-4ecc-a3f4-54dc274e1607" 201 - "-" "-" "container-updater 2" 0.0006 "-" 17 0
Jun 11 17:19:47 standalone account-server[128002]: 172.20.0.100 - - [11/Jun/2026:17:19:47 +0000] "PUT /d1/246/AUTH_e169406919034ddc8a39593c0a9539f0/gnocchi.7b4ee2ef-1bc1-49e5-b16c-3444882f3da0" 201 - "-" "-" "container-updater 2" 0.0005 "-" 15 0
Jun 11 17:19:47 standalone account-server[128002]: 172.20.0.100 - - [11/Jun/2026:17:19:47 +0000] "PUT /d1/246/AUTH_e169406919034ddc8a39593c0a9539f0/gnocchi.e3b992f5-bc1a-4f4a-afb7-f78ce0e36c26" 201 - "-" "-" "container-updater 2" 0.0004 "-" 15 0
Jun 11 17:19:47 standalone account-server[128002]: 172.20.0.100 - - [11/Jun/2026:17:19:47 +0000] "PUT /d1/246/AUTH_e169406919034ddc8a39593c0a9539f0/gnocchi.fb180214-261d-473d-b73d-9270e59b4282" 201 - "-" "-" "container-updater 2" 0.0005 "-" 15 0
Jun 11 17:19:47 standalone account-server[127999]: 172.20.0.100 - - [11/Jun/2026:17:19:47 +0000] "PUT /d1/246/AUTH_e169406919034ddc8a39593c0a9539f0/gnocchi.152ccfe5-398f-4084-9892-d60ae4000511" 201 - "-" "-" "container-updater 2" 0.0004 "-" 14 0
Jun 11 17:19:47 standalone account-server[128020]: 172.20.0.100 - - [11/Jun/2026:17:19:47 +0000] "PUT /d1/246/AUTH_e169406919034ddc8a39593c0a9539f0/gnocchi.e5dad60e-b4ba-43ca-b3d9-667fba358f71" 201 - "-" "-" "container-updater 2" 0.0005 "-" 17 0
Jun 11 17:19:47 standalone account-server[127999]: 172.20.0.100 - - [11/Jun/2026:17:19:47 +0000] "PUT /d1/246/AUTH_e169406919034ddc8a39593c0a9539f0/gnocchi.6cebd0d5-c769-495d-b2c2-6ff7644fc292" 201 - "-" "-" "container-updater 2" 0.0005 "-" 14 0
Jun 11 17:19:47 standalone container-server[127941]: Container update sweep completed: 0.79s
Jun 11 17:19:48 standalone object-server[128295]: 172.20.0.100 - - [11/Jun/2026:17:19:48 +0000] "GET /d1/248/AUTH_e169406919034ddc8a39593c0a9539f0/gnocchi.f9396a24-bf99-47d5-bcc3-25acb6c39784/none_v3" 200 32 "GET http://172.18.0.2:8080/v1/AUTH_e169406919034ddc8a39593c0a9539f0/gnocchi.f9396a24-bf99-47d5-bcc3-25acb6c39784/none_v3" "txb85c5634ca98497bb8c3c-006a2aee34" "proxy-server 20" 0.0015 "-" 22 0
Jun 11 17:19:48 standalone proxy-server[130048]: 172.18.0.2 172.18.0.100 11/Jun/2026/17/19/48 GET /v1/AUTH_e169406919034ddc8a39593c0a9539f0/gnocchi.f9396a24-bf99-47d5-bcc3-25acb6c39784/none_v3 HTTP/1.0 200 - python-swiftclient-3.11.1 gAAAAABqKu292LCK... - 32 - txb85c5634ca98497bb8c3c-006a2aee34 - 0.0125 - - 1781198388.652096033 1781198388.664597273 0
Jun 11 17:19:48 standalone container-server[128071]: 172.20.0.100 - - [11/Jun/2026:17:19:48 +0000] "GET /d1/492/AUTH_e169406919034ddc8a39593c0a9539f0/gnocchi.f9396a24-bf99-47d5-bcc3-25acb6c39784" 200 357 "GET http://172.18.0.2:8080/v1/AUTH_e169406919034ddc8a39593c0a9539f0/gnocchi.f9396a24-bf99-47d5-bcc3-25acb6c39784?format=json&states=listing" "tx9336bbf75ff54b8586cbc-006a2aee34" "proxy-server 20" 0.0028 "-" 21 0
Jun 11 17:19:48 standalone proxy-server[130048]: 172.18.0.2 172.18.0.100 11/Jun/2026/17/19/48 GET /v1/AUTH_e169406919034ddc8a39593c0a9539f0/gnocchi.f9396a24-bf99-47d5-bcc3-25acb6c39784%3Fformat%3Djson%26states%3Dlisting HTTP/1.0 200 - python-swiftclient-3.11.1 gAAAAABqKu292LCK... - 357 - tx9336bbf75ff54b8586cbc-006a2aee34 - 0.0141 - - 1781198388.668460608 1781198388.682595015 0
Jun 11 17:19:48 standalone container-server[128066]: 172.20.0.100 - - [11/Jun/2026:17:19:48 +0000] "GET /d1/492/AUTH_e169406919034ddc8a39593c0a9539f0/gnocchi.f9396a24-bf99-47d5-bcc3-25acb6c39784" 200 2 "GET http://172.18.0.2:8080/v1/AUTH_e169406919034ddc8a39593c0a9539f0/gnocchi.f9396a24-bf99-47d5-bcc3-25acb6c39784?format=json&marker=none_v3&states=listing" "txb4d015090f2044dc99e13-006a2aee34" "proxy-server 20" 0.0036 "-" 20 0
Jun 11 17:19:48 standalone proxy-server[130048]: 172.18.0.2 172.18.0.100 11/Jun/2026/17/19/48 GET /v1/AUTH_e169406919034ddc8a39593c0a9539f0/gnocchi.f9396a24-bf99-47d5-bcc3-25acb6c39784%3Fformat%3Djson%26marker%3Dnone_v3%26states%3Dlisting HTTP/1.0 200 - python-swiftclient-3.11.1 gAAAAABqKu292LCK... - 2 - txb4d015090f2044dc99e13-006a2aee34 - 0.0101 - - 1781198388.684948921 1781198388.695018530 0
Jun 11 17:19:48 standalone object-server[128295]: 172.20.0.100 - - [11/Jun/2026:17:19:48 +0000] "GET /d1/1021/AUTH_e169406919034ddc8a39593c0a9539f0/gnocchi.f9396a24-bf99-47d5-bcc3-25acb6c39784/1780920000.0_mean_300.0_v3" 200 16 "GET http://172.18.0.2:8080/v1/AUTH_e169406919034ddc8a39593c0a9539f0/gnocchi.f9396a24-bf99-47d5-bcc3-25acb6c39784/1780920000.0_mean_300.0_v3" "tx249f7bc6629e42b8a2949-006a2aee34" "proxy-server 20" 0.0008 "-" 22 0
Jun 11 17:19:48 standalone proxy-server[130048]: 172.18.0.2 172.18.0.100 11/Jun/2026/17/19/48 GET /v1/AUTH_e169406919034ddc8a39593c0a9539f0/gnocchi.f9396a24-bf99-47d5-bcc3-25acb6c39784/1780920000.0_mean_300.0_v3 HTTP/1.0 200 - python-swiftclient-3.11.1 gAAAAABqKu292LCK... - 16 - tx249f7bc6629e42b8a2949-006a2aee34 - 0.0055 - - 1781198388.698588610 1781198388.704059124 0
Jun 11 17:19:48 standalone container-server[128139]: 172.20.0.100 - - [11/Jun/2026:17:19:48 +0000] "PUT /d1/492/AUTH_e169406919034ddc8a39593c0a9539f0/gnocchi.f9396a24-bf99-47d5-bcc3-25acb6c39784/1780920000.0_mean_300.0_v3" 201 - "PUT http://172.18.0.2:8080/d1/1021/AUTH_e169406919034ddc8a39593c0a9539f0/gnocchi.f9396a24-bf99-47d5-bcc3-25acb6c39784/1780920000.0_mean_300.0_v3" "txc50f73059f4f460dbff6a-006a2aee34" "object-server 23" 0.0005 "-" 23 0
Jun 11 17:19:48 standalone object-server[128296]: 172.20.0.100 - - [11/Jun/2026:17:19:48 +0000] "PUT /d1/1021/AUTH_e169406919034ddc8a39593c0a9539f0/gnocchi.f9396a24-bf99-47d5-bcc3-25acb6c39784/1780920000.0_mean_300.0_v3" 201 - "PUT http://172.18.0.2:8080/v1/AUTH_e169406919034ddc8a39593c0a9539f0/gnocchi.f9396a24-bf99-47d5-bcc3-25acb6c39784/1780920000.0_mean_300.0_v3" "txc50f73059f4f460dbff6a-006a2aee34" "proxy-server 20" 0.0076 "-" 23 0
Jun 11 17:19:48 standalone proxy-server[130048]: 172.18.0.2 172.18.0.100 11/Jun/2026/17/19/48 PUT /v1/AUTH_e169406919034ddc8a39593c0a9539f0/gnocchi.f9396a24-bf99-47d5-bcc3-25acb6c39784/1780920000.0_mean_300.0_v3 HTTP/1.0 201 - python-swiftclient-3.11.1 gAAAAABqKu292LCK... 16 - - txc50f73059f4f460dbff6a-006a2aee34 - 0.0123 - - 1781198388.706118584 1781198388.718437195 0
Jun 11 17:19:48 standalone container-server[128071]: 172.20.0.100 - - [11/Jun/2026:17:19:48 +0000] "PUT /d1/492/AUTH_e169406919034ddc8a39593c0a9539f0/gnocchi.f9396a24-bf99-47d5-bcc3-25acb6c39784/none_v3" 201 - "PUT http://172.18.0.2:8080/d1/248/AUTH_e169406919034ddc8a39593c0a9539f0/gnocchi.f9396a24-bf99-47d5-bcc3-25acb6c39784/none_v3" "txc10d0cc3a60f4d57b21ed-006a2aee34" "object-server 23" 0.0007 "-" 21 0
Jun 11 17:19:48 standalone object-server[128296]: 172.20.0.100 - - [11/Jun/2026:17:19:48 +0000] "PUT /d1/248/AUTH_e169406919034ddc8a39593c0a9539f0/gnocchi.f9396a24-bf99-47d5-bcc3-25acb6c39784/none_v3" 201 - "PUT http://172.18.0.2:8080/v1/AUTH_e169406919034ddc8a39593c0a9539f0/gnocchi.f9396a24-bf99-47d5-bcc3-25acb6c39784/none_v3" "txc10d0cc3a60f4d57b21ed-006a2aee34" "proxy-server 20" 0.0081 "-" 23 0
Jun 11 17:19:48 standalone proxy-server[130048]: 172.18.0.2 172.18.0.100 11/Jun/2026/17/19/48 PUT /v1/AUTH_e169406919034ddc8a39593c0a9539f0/gnocchi.f9396a24-bf99-47d5-bcc3-25acb6c39784/none_v3 HTTP/1.0 201 - python-swiftclient-3.11.1 gAAAAABqKu292LCK... 46 - - txc10d0cc3a60f4d57b21ed-006a2aee34 - 0.0122 - - 1781198388.720512152 1781198388.732752800 0
Jun 11 17:19:49 standalone object-server[128300]: 172.20.0.100 - - [11/Jun/2026:17:19:49 +0000] "GET /d1/248/AUTH_e169406919034ddc8a39593c0a9539f0/gnocchi.f9396a24-bf99-47d5-bcc3-25acb6c39784/none_v3" 200 46 "GET http://172.18.0.2:8080/v1/AUTH_e169406919034ddc8a39593c0a9539f0/gnocchi.f9396a24-bf99-47d5-bcc3-25acb6c39784/none_v3" "txf644694512a74acf9c71a-006a2aee35" "proxy-server 20" 0.0012 "-" 25 0
Jun 11 17:19:49 standalone proxy-server[130048]: 172.18.0.2 172.18.0.100 11/Jun/2026/17/19/49 GET /v1/AUTH_e169406919034ddc8a39593c0a9539f0/gnocchi.f9396a24-bf99-47d5-bcc3-25acb6c39784/none_v3 HTTP/1.0 200 - python-swiftclient-3.11.1 gAAAAABqKu292LCK... - 46 - txf644694512a74acf9c71a-006a2aee35 - 0.0119 - - 1781198389.580439806 1781198389.592305422 0
Jun 11 17:19:49 standalone container-server[128066]: 172.20.0.100 - - [11/Jun/2026:17:19:49 +0000] "GET /d1/492/AUTH_e169406919034ddc8a39593c0a9539f0/gnocchi.f9396a24-bf99-47d5-bcc3-25acb6c39784" 200 357 "GET http://172.18.0.2:8080/v1/AUTH_e169406919034ddc8a39593c0a9539f0/gnocchi.f9396a24-bf99-47d5-bcc3-25acb6c39784?format=json&states=listing" "tx55f6e451f54847749e681-006a2aee35" "proxy-server 20" 0.0109 "-" 20 0
Jun 11 17:19:49 standalone proxy-server[130048]: 172.18.0.2 172.18.0.100 11/Jun/2026/17/19/49 GET /v1/AUTH_e169406919034ddc8a39593c0a9539f0/gnocchi.f9396a24-bf99-47d5-bcc3-25acb6c39784%3Fformat%3Djson%26states%3Dlisting HTTP/1.0 200 - python-swiftclient-3.11.1 gAAAAABqKu292LCK... - 357 - tx55f6e451f54847749e681-006a2aee35 - 0.0224 - - 1781198389.596156359 1781198389.618548155 0
Jun 11 17:19:49 standalone container-server[128139]: 172.20.0.100 - - [11/Jun/2026:17:19:49 +0000] "GET /d1/492/AUTH_e169406919034ddc8a39593c0a9539f0/gnocchi.f9396a24-bf99-47d5-bcc3-25acb6c39784" 200 2 "GET http://172.18.0.2:8080/v1/AUTH_e169406919034ddc8a39593c0a9539f0/gnocchi.f9396a24-bf99-47d5-bcc3-25acb6c39784?format=json&marker=none_v3&states=listing" "tx9f94f7c4766249f4b0445-006a2aee35" "proxy-server 20" 0.0035 "-" 23 0
Jun 11 17:19:49 standalone proxy-server[130048]: 172.18.0.2 172.18.0.100 11/Jun/2026/17/19/49 GET /v1/AUTH_e169406919034ddc8a39593c0a9539f0/gnocchi.f9396a24-bf99-47d5-bcc3-25acb6c39784%3Fformat%3Djson%26marker%3Dnone_v3%26states%3Dlisting HTTP/1.0 200 - python-swiftclient-3.11.1 gAAAAABqKu292LCK... - 2 - tx9f94f7c4766249f4b0445-006a2aee35 - 0.0127 - - 1781198389.623939514 1781198389.636622190 0
Jun 11 17:19:49 standalone object-server[128299]: 172.20.0.100 - - [11/Jun/2026:17:19:49 +0000] "GET /d1/1021/AUTH_e169406919034ddc8a39593c0a9539f0/gnocchi.f9396a24-bf99-47d5-bcc3-25acb6c39784/1780920000.0_mean_300.0_v3" 200 16 "GET http://172.18.0.2:8080/v1/AUTH_e169406919034ddc8a39593c0a9539f0/gnocchi.f9396a24-bf99-47d5-bcc3-25acb6c39784/1780920000.0_mean_300.0_v3" "txe86dfc581e9f42eb98932-006a2aee35" "proxy-server 20" 0.0011 "-" 24 0
Jun 11 17:19:49 standalone proxy-server[130048]: 172.18.0.2 172.18.0.100 11/Jun/2026/17/19/49 GET /v1/AUTH_e169406919034ddc8a39593c0a9539f0/gnocchi.f9396a24-bf99-47d5-bcc3-25acb6c39784/1780920000.0_mean_300.0_v3 HTTP/1.0 200 - python-swiftclient-3.11.1 gAAAAABqKu292LCK... - 16 - txe86dfc581e9f42eb98932-006a2aee35 - 0.0091 - - 1781198389.640329361 1781198389.649446964 0
Jun 11 17:19:49 standalone container-server[128139]: 172.20.0.100 - - [11/Jun/2026:17:19:49 +0000] "PUT /d1/492/AUTH_e169406919034ddc8a39593c0a9539f0/gnocchi.f9396a24-bf99-47d5-bcc3-25acb6c39784/1780920000.0_mean_300.0_v3" 201 - "PUT http://172.18.0.2:8080/d1/1021/AUTH_e169406919034ddc8a39593c0a9539f0/gnocchi.f9396a24-bf99-47d5-bcc3-25acb6c39784/1780920000.0_mean_300.0_v3" "tx3b99e17c3b854a9f9edf7-006a2aee35" "object-server 24" 0.0008 "-" 23 0
Jun 11 17:19:49 standalone object-server[128299]: 172.20.0.100 - - [11/Jun/2026:17:19:49 +0000] "PUT /d1/1021/AUTH_e169406919034ddc8a39593c0a9539f0/gnocchi.f9396a24-bf99-47d5-bcc3-25acb6c39784/1780920000.0_mean_300.0_v3" 201 - "PUT http://172.18.0.2:8080/v1/AUTH_e169406919034ddc8a39593c0a9539f0/gnocchi.f9396a24-bf99-47d5-bcc3-25acb6c39784/1780920000.0_mean_300.0_v3" "tx3b99e17c3b854a9f9edf7-006a2aee35" "proxy-server 20" 0.0157 "-" 24 0
Jun 11 17:19:49 standalone proxy-server[130048]: 172.18.0.2 172.18.0.100 11/Jun/2026/17/19/49 PUT /v1/AUTH_e169406919034ddc8a39593c0a9539f0/gnocchi.f9396a24-bf99-47d5-bcc3-25acb6c39784/1780920000.0_mean_300.0_v3 HTTP/1.0 201 - python-swiftclient-3.11.1 gAAAAABqKu292LCK... 16 - - tx3b99e17c3b854a9f9edf7-006a2aee35 - 0.0243 - - 1781198389.652625561 1781198389.676961899 0
Jun 11 17:19:49 standalone container-server[128066]: 172.20.0.100 - - [11/Jun/2026:17:19:49 +0000] "PUT /d1/492/AUTH_e169406919034ddc8a39593c0a9539f0/gnocchi.f9396a24-bf99-47d5-bcc3-25acb6c39784/none_v3" 201 - "PUT http://172.18.0.2:8080/d1/248/AUTH_e169406919034ddc8a39593c0a9539f0/gnocchi.f9396a24-bf99-47d5-bcc3-25acb6c39784/none_v3" "tx10216d3c8a17431883379-006a2aee35" "object-server 23" 0.0010 "-" 20 0
Jun 11 17:19:49 standalone object-server[128296]: 172.20.0.100 - - [11/Jun/2026:17:19:49 +0000] "PUT /d1/248/AUTH_e169406919034ddc8a39593c0a9539f0/gnocchi.f9396a24-bf99-47d5-bcc3-25acb6c39784/none_v3" 201 - "PUT http://172.18.0.2:8080/v1/AUTH_e169406919034ddc8a39593c0a9539f0/gnocchi.f9396a24-bf99-47d5-bcc3-25acb6c39784/none_v3" "tx10216d3c8a17431883379-006a2aee35" "proxy-server 20" 0.0127 "-" 23 0
Jun 11 17:19:49 standalone proxy-server[130048]: 172.18.0.2 172.18.0.100 11/Jun/2026/17/19/49 PUT /v1/AUTH_e169406919034ddc8a39593c0a9539f0/gnocchi.f9396a24-bf99-47d5-bcc3-25acb6c39784/none_v3 HTTP/1.0 201 - python-swiftclient-3.11.1 gAAAAABqKu292LCK... 51 - - tx10216d3c8a17431883379-006a2aee35 - 0.0210 - - 1781198389.680910349 1781198389.701941729 0
Jun 11 17:19:49 standalone object-server[128295]: 172.20.0.100 - - [11/Jun/2026:17:19:49 +0000] "GET /d1/205/AUTH_e169406919034ddc8a39593c0a9539f0/gnocchi.7b4ee2ef-1bc1-49e5-b16c-3444882f3da0/none_v3" 200 22 "GET http://172.18.0.2:8080/v1/AUTH_e169406919034ddc8a39593c0a9539f0/gnocchi.7b4ee2ef-1bc1-49e5-b16c-3444882f3da0/none_v3" "txfa4d080ed0ea429682de3-006a2aee35" "proxy-server 20" 0.0008 "-" 22 0
Jun 11 17:19:49 standalone proxy-server[130048]: 172.18.0.2 172.18.0.100 11/Jun/2026/17/19/49 GET /v1/AUTH_e169406919034ddc8a39593c0a9539f0/gnocchi.7b4ee2ef-1bc1-49e5-b16c-3444882f3da0/none_v3 HTTP/1.0 200 - python-swiftclient-3.11.1 gAAAAABqKu292LCK... - 22 - txfa4d080ed0ea429682de3-006a2aee35 - 0.0095 - - 1781198389.714009523 1781198389.723539829 0
Jun 11 17:19:49 standalone container-server[128139]: 172.20.0.100 - - [11/Jun/2026:17:19:49 +0000] "GET /d1/562/AUTH_e169406919034ddc8a39593c0a9539f0/gnocchi.7b4ee2ef-1bc1-49e5-b16c-3444882f3da0" 200 357 "GET http://172.18.0.2:8080/v1/AUTH_e169406919034ddc8a39593c0a9539f0/gnocchi.7b4ee2ef-1bc1-49e5-b16c-3444882f3da0?format=json&states=listing" "txe2b14e81ae7e4360a49d5-006a2aee35" "proxy-server 20" 0.0036 "-" 23 0
Jun 11 17:19:49 standalone proxy-server[130048]: 172.18.0.2 172.18.0.100 11/Jun/2026/17/19/49 GET /v1/AUTH_e169406919034ddc8a39593c0a9539f0/gnocchi.7b4ee2ef-1bc1-49e5-b16c-3444882f3da0%3Fformat%3Djson%26states%3Dlisting HTTP/1.0 200 - python-swiftclient-3.11.1 gAAAAABqKu292LCK... - 357 - txe2b14e81ae7e4360a49d5-006a2aee35 - 0.0125 - - 1781198389.728120804 1781198389.740652084 0
Jun 11 17:19:49 standalone container-server[128066]: 172.20.0.100 - - [11/Jun/2026:17:19:49 +0000] "GET /d1/562/AUTH_e169406919034ddc8a39593c0a9539f0/gnocchi.7b4ee2ef-1bc1-49e5-b16c-3444882f3da0" 200 2 "GET http://172.18.0.2:8080/v1/AUTH_e169406919034ddc8a39593c0a9539f0/gnocchi.7b4ee2ef-1bc1-49e5-b16c-3444882f3da0?format=json&marker=none_v3&states=listing" "txf9897a2285b14e338552b-006a2aee35" "proxy-server 20" 0.0035 "-" 20 0
Jun 11 17:19:49 standalone proxy-server[130048]: 172.18.0.2 172.18.0.100 11/Jun/2026/17/19/49 GET /v1/AUTH_e169406919034ddc8a39593c0a9539f0/gnocchi.7b4ee2ef-1bc1-49e5-b16c-3444882f3da0%3Fformat%3Djson%26marker%3Dnone_v3%26states%3Dlisting HTTP/1.0 200 - python-swiftclient-3.11.1 gAAAAABqKu292LCK... - 2 - txf9897a2285b14e338552b-006a2aee35 - 0.0124 - - 1781198389.745680571 1781198389.758048773 0
Jun 11 17:19:49 standalone object-server[128295]: 172.20.0.100 - - [11/Jun/2026:17:19:49 +0000] "GET /d1/673/AUTH_e169406919034ddc8a39593c0a9539f0/gnocchi.7b4ee2ef-1bc1-49e5-b16c-3444882f3da0/1780920000.0_mean_300.0_v3" 200 16 "GET http://172.18.0.2:8080/v1/AUTH_e169406919034ddc8a39593c0a9539f0/gnocchi.7b4ee2ef-1bc1-49e5-b16c-3444882f3da0/1780920000.0_mean_300.0_v3" "tx6cf5eeb45a2643a39b1c1-006a2aee35" "proxy-server 20" 0.0007 "-" 22 0
Jun 11 17:19:49 standalone proxy-server[130048]: 172.18.0.2 172.18.0.100 11/Jun/2026/17/19/49 GET /v1/AUTH_e169406919034ddc8a39593c0a9539f0/gnocchi.7b4ee2ef-1bc1-49e5-b16c-3444882f3da0/1780920000.0_mean_300.0_v3 HTTP/1.0 200 - python-swiftclient-3.11.1 gAAAAABqKu292LCK... - 16 - tx6cf5eeb45a2643a39b1c1-006a2aee35 - 0.0080 - - 1781198389.762394905 1781198389.770376921 0
Jun 11 17:19:49 standalone container-server[128066]: 172.20.0.100 - - [11/Jun/2026:17:19:49 +0000] "PUT /d1/562/AUTH_e169406919034ddc8a39593c0a9539f0/gnocchi.7b4ee2ef-1bc1-49e5-b16c-3444882f3da0/1780920000.0_mean_300.0_v3" 201 - "PUT http://172.18.0.2:8080/d1/673/AUTH_e169406919034ddc8a39593c0a9539f0/gnocchi.7b4ee2ef-1bc1-49e5-b16c-3444882f3da0/1780920000.0_mean_300.0_v3" "txe782c74f04df476ca299b-006a2aee35" "object-server 24" 0.0008 "-" 20 0
Jun 11 17:19:49 standalone object-server[128299]: 172.20.0.100 - - [11/Jun/2026:17:19:49 +0000] "PUT /d1/673/AUTH_e169406919034ddc8a39593c0a9539f0/gnocchi.7b4ee2ef-1bc1-49e5-b16c-3444882f3da0/1780920000.0_mean_300.0_v3" 201 - "PUT http://172.18.0.2:8080/v1/AUTH_e169406919034ddc8a39593c0a9539f0/gnocchi.7b4ee2ef-1bc1-49e5-b16c-3444882f3da0/1780920000.0_mean_300.0_v3" "txe782c74f04df476ca299b-006a2aee35" "proxy-server 20" 0.0128 "-" 24 0
Jun 11 17:19:49 standalone proxy-server[130048]: 172.18.0.2 172.18.0.100 11/Jun/2026/17/19/49 PUT /v1/AUTH_e169406919034ddc8a39593c0a9539f0/gnocchi.7b4ee2ef-1bc1-49e5-b16c-3444882f3da0/1780920000.0_mean_300.0_v3 HTTP/1.0 201 - python-swiftclient-3.11.1 gAAAAABqKu292LCK... 16 - - txe782c74f04df476ca299b-006a2aee35 - 0.0221 - - 1781198389.780253649 1781198389.802390814 0
Jun 11 17:19:49 standalone container-server[128071]: 172.20.0.100 - - [11/Jun/2026:17:19:49 +0000] "PUT /d1/562/AUTH_e169406919034ddc8a39593c0a9539f0/gnocchi.7b4ee2ef-1bc1-49e5-b16c-3444882f3da0/none_v3" 201 - "PUT http://172.18.0.2:8080/d1/205/AUTH_e169406919034ddc8a39593c0a9539f0/gnocchi.7b4ee2ef-1bc1-49e5-b16c-3444882f3da0/none_v3" "txa10f99c5f7764225be75d-006a2aee35" "object-server 23" 0.0008 "-" 21 0
Jun 11 17:19:49 standalone object-server[128296]: 172.20.0.100 - - [11/Jun/2026:17:19:49 +0000] "PUT /d1/205/AUTH_e169406919034ddc8a39593c0a9539f0/gnocchi.7b4ee2ef-1bc1-49e5-b16c-3444882f3da0/none_v3" 201 - "PUT http://172.18.0.2:8080/v1/AUTH_e169406919034ddc8a39593c0a9539f0/gnocchi.7b4ee2ef-1bc1-49e5-b16c-3444882f3da0/none_v3" "txa10f99c5f7764225be75d-006a2aee35" "proxy-server 20" 0.0114 "-" 23 0
Jun 11 17:19:49 standalone proxy-server[130048]: 172.18.0.2 172.18.0.100 11/Jun/2026/17/19/49 PUT /v1/AUTH_e169406919034ddc8a39593c0a9539f0/gnocchi.7b4ee2ef-1bc1-49e5-b16c-3444882f3da0/none_v3 HTTP/1.0 201 - python-swiftclient-3.11.1 gAAAAABqKu292LCK... 32 - - txa10f99c5f7764225be75d-006a2aee35 - 0.0205 - - 1781198389.810346127 1781198389.830825806 0
Jun 11 17:19:49 standalone object-server[128299]: 172.20.0.100 - - [11/Jun/2026:17:19:49 +0000] "GET /d1/702/AUTH_e169406919034ddc8a39593c0a9539f0/gnocchi.ce3ce1cb-15b8-4ecc-a3f4-54dc274e1607/none_v3" 200 22 "GET http://172.18.0.2:8080/v1/AUTH_e169406919034ddc8a39593c0a9539f0/gnocchi.ce3ce1cb-15b8-4ecc-a3f4-54dc274e1607/none_v3" "txdb4948e726684455a60e2-006a2aee35" "proxy-server 20" 0.0007 "-" 24 0
Jun 11 17:19:49 standalone proxy-server[130048]: 172.18.0.2 172.18.0.100 11/Jun/2026/17/19/49 GET /v1/AUTH_e169406919034ddc8a39593c0a9539f0/gnocchi.ce3ce1cb-15b8-4ecc-a3f4-54dc274e1607/none_v3 HTTP/1.0 200 - python-swiftclient-3.11.1 gAAAAABqKu292LCK... - 22 - txdb4948e726684455a60e2-006a2aee35 - 0.0090 - - 1781198389.851116180 1781198389.860113382 0
Jun 11 17:19:49 standalone container-server[128112]: 172.20.0.100 - - [11/Jun/2026:17:19:49 +0000] "GET /d1/392/AUTH_e169406919034ddc8a39593c0a9539f0/gnocchi.ce3ce1cb-15b8-4ecc-a3f4-54dc274e1607" 200 357 "GET http://172.18.0.2:8080/v1/AUTH_e169406919034ddc8a39593c0a9539f0/gnocchi.ce3ce1cb-15b8-4ecc-a3f4-54dc274e1607?format=json&states=listing" "tx61d6bf87f7664ac2a5b19-006a2aee35" "proxy-server 20" 0.0038 "-" 22 0
Jun 11 17:19:49 standalone proxy-server[130048]: 172.18.0.2 172.18.0.100 11/Jun/2026/17/19/49 GET /v1/AUTH_e169406919034ddc8a39593c0a9539f0/gnocchi.ce3ce1cb-15b8-4ecc-a3f4-54dc274e1607%3Fformat%3Djson%26states%3Dlisting HTTP/1.0 200 - python-swiftclient-3.11.1 gAAAAABqKu292LCK... - 357 - tx61d6bf87f7664ac2a5b19-006a2aee35 - 0.0129 - - 1781198389.864630222 1781198389.877503633 0
Jun 11 17:19:49 standalone container-server[128066]: 172.20.0.100 - - [11/Jun/2026:17:19:49 +0000] "GET /d1/392/AUTH_e169406919034ddc8a39593c0a9539f0/gnocchi.ce3ce1cb-15b8-4ecc-a3f4-54dc274e1607" 200 2 "GET http://172.18.0.2:8080/v1/AUTH_e169406919034ddc8a39593c0a9539f0/gnocchi.ce3ce1cb-15b8-4ecc-a3f4-54dc274e1607?format=json&marker=none_v3&states=listing" "tx0cedcf0768d04974a74cd-006a2aee35" "proxy-server 20" 0.0021 "-" 20 0
Jun 11 17:19:49 standalone proxy-server[130048]: 172.18.0.2 172.18.0.100 11/Jun/2026/17/19/49 GET /v1/AUTH_e169406919034ddc8a39593c0a9539f0/gnocchi.ce3ce1cb-15b8-4ecc-a3f4-54dc274e1607%3Fformat%3Djson%26marker%3Dnone_v3%26states%3Dlisting HTTP/1.0 200 - python-swiftclient-3.11.1 gAAAAABqKu292LCK... - 2 - tx0cedcf0768d04974a74cd-006a2aee35 - 0.0102 - - 1781198389.881307364 1781198389.891523361 0
Jun 11 17:19:49 standalone object-server[128299]: 172.20.0.100 - - [11/Jun/2026:17:19:49 +0000] "GET /d1/896/AUTH_e169406919034ddc8a39593c0a9539f0/gnocchi.ce3ce1cb-15b8-4ecc-a3f4-54dc274e1607/1780920000.0_mean_300.0_v3" 200 16 "GET http://172.18.0.2:8080/v1/AUTH_e169406919034ddc8a39593c0a9539f0/gnocchi.ce3ce1cb-15b8-4ecc-a3f4-54dc274e1607/1780920000.0_mean_300.0_v3" "tx3c6ae9db9cfc418aae0b6-006a2aee35" "proxy-server 20" 0.0006 "-" 24 0
Jun 11 17:19:49 standalone proxy-server[130048]: 172.18.0.2 172.18.0.100 11/Jun/2026/17/19/49 GET /v1/AUTH_e169406919034ddc8a39593c0a9539f0/gnocchi.ce3ce1cb-15b8-4ecc-a3f4-54dc274e1607/1780920000.0_mean_300.0_v3 HTTP/1.0 200 - python-swiftclient-3.11.1 gAAAAABqKu292LCK... - 16 - tx3c6ae9db9cfc418aae0b6-006a2aee35 - 0.0073 - - 1781198389.896407843 1781198389.903757811 0
Jun 11 17:19:49 standalone container-server[128071]: 172.20.0.100 - - [11/Jun/2026:17:19:49 +0000] "PUT /d1/392/AUTH_e169406919034ddc8a39593c0a9539f0/gnocchi.ce3ce1cb-15b8-4ecc-a3f4-54dc274e1607/1780920000.0_mean_300.0_v3" 201 - "PUT http://172.18.0.2:8080/d1/896/AUTH_e169406919034ddc8a39593c0a9539f0/gnocchi.ce3ce1cb-15b8-4ecc-a3f4-54dc274e1607/1780920000.0_mean_300.0_v3" "txfac9fc915450436b8541a-006a2aee35" "object-server 22" 0.0007 "-" 21 0
Jun 11 17:19:49 standalone object-server[128295]: 172.20.0.100 - - [11/Jun/2026:17:19:49 +0000] "PUT /d1/896/AUTH_e169406919034ddc8a39593c0a9539f0/gnocchi.ce3ce1cb-15b8-4ecc-a3f4-54dc274e1607/1780920000.0_mean_300.0_v3" 201 - "PUT http://172.18.0.2:8080/v1/AUTH_e169406919034ddc8a39593c0a9539f0/gnocchi.ce3ce1cb-15b8-4ecc-a3f4-54dc274e1607/1780920000.0_mean_300.0_v3" "txfac9fc915450436b8541a-006a2aee35" "proxy-server 20" 0.0109 "-" 22 0
Jun 11 17:19:49 standalone proxy-server[130048]: 172.18.0.2 172.18.0.100 11/Jun/2026/17/19/49 PUT /v1/AUTH_e169406919034ddc8a39593c0a9539f0/gnocchi.ce3ce1cb-15b8-4ecc-a3f4-54dc274e1607/1780920000.0_mean_300.0_v3 HTTP/1.0 201 - python-swiftclient-3.11.1 gAAAAABqKu292LCK... 16 - - txfac9fc915450436b8541a-006a2aee35 - 0.0192 - - 1781198389.907665730 1781198389.926828146 0
Jun 11 17:19:49 standalone container-server[128112]: 172.20.0.100 - - [11/Jun/2026:17:19:49 +0000] "PUT /d1/392/AUTH_e169406919034ddc8a39593c0a9539f0/gnocchi.ce3ce1cb-15b8-4ecc-a3f4-54dc274e1607/none_v3" 201 - "PUT http://172.18.0.2:8080/d1/702/AUTH_e169406919034ddc8a39593c0a9539f0/gnocchi.ce3ce1cb-15b8-4ecc-a3f4-54dc274e1607/none_v3" "tx978861dd3fc34030bee12-006a2aee35" "object-server 24" 0.0008 "-" 22 0
Jun 11 17:19:49 standalone object-server[128299]: 172.20.0.100 - - [11/Jun/2026:17:19:49 +0000] "PUT /d1/702/AUTH_e169406919034ddc8a39593c0a9539f0/gnocchi.ce3ce1cb-15b8-4ecc-a3f4-54dc274e1607/none_v3" 201 - "PUT http://172.18.0.2:8080/v1/AUTH_e169406919034ddc8a39593c0a9539f0/gnocchi.ce3ce1cb-15b8-4ecc-a3f4-54dc274e1607/none_v3" "tx978861dd3fc34030bee12-006a2aee35" "proxy-server 20" 0.0099 "-" 24 0
Jun 11 17:19:49 standalone proxy-server[130048]: 172.18.0.2 172.18.0.100 11/Jun/2026/17/19/49 PUT /v1/AUTH_e169406919034ddc8a39593c0a9539f0/gnocchi.ce3ce1cb-15b8-4ecc-a3f4-54dc274e1607/none_v3 HTTP/1.0 201 - python-swiftclient-3.11.1 gAAAAABqKu292LCK... 32 - - tx978861dd3fc34030bee12-006a2aee35 - 0.0173 - - 1781198389.937603235 1781198389.954919338 0
Jun 11 17:19:49 standalone object-server[128296]: 172.20.0.100 - - [11/Jun/2026:17:19:49 +0000] "GET /d1/554/AUTH_e169406919034ddc8a39593c0a9539f0/gnocchi.3dd58f13-e5ce-41b6-84db-085d75f7e655/none_v3" 200 22 "GET http://172.18.0.2:8080/v1/AUTH_e169406919034ddc8a39593c0a9539f0/gnocchi.3dd58f13-e5ce-41b6-84db-085d75f7e655/none_v3" "tx06fc0a6701e443268763e-006a2aee35" "proxy-server 20" 0.0012 "-" 23 0
Jun 11 17:19:49 standalone proxy-server[130048]: 172.18.0.2 172.18.0.100 11/Jun/2026/17/19/49 GET /v1/AUTH_e169406919034ddc8a39593c0a9539f0/gnocchi.3dd58f13-e5ce-41b6-84db-085d75f7e655/none_v3 HTTP/1.0 200 - python-swiftclient-3.11.1 gAAAAABqKu292LCK... - 22 - tx06fc0a6701e443268763e-006a2aee35 - 0.0100 - - 1781198389.969156504 1781198389.979131937 0
Jun 11 17:19:49 standalone container-server[128112]: 172.20.0.100 - - [11/Jun/2026:17:19:49 +0000] "GET /d1/444/AUTH_e169406919034ddc8a39593c0a9539f0/gnocchi.3dd58f13-e5ce-41b6-84db-085d75f7e655" 200 357 "GET http://172.18.0.2:8080/v1/AUTH_e169406919034ddc8a39593c0a9539f0/gnocchi.3dd58f13-e5ce-41b6-84db-085d75f7e655?format=json&states=listing" "tx2661df53f84e416a8054e-006a2aee35" "proxy-server 20" 0.0035 "-" 22 0
Jun 11 17:19:49 standalone proxy-server[130048]: 172.18.0.2 172.18.0.100 11/Jun/2026/17/19/49 GET /v1/AUTH_e169406919034ddc8a39593c0a9539f0/gnocchi.3dd58f13-e5ce-41b6-84db-085d75f7e655%3Fformat%3Djson%26states%3Dlisting HTTP/1.0 200 - python-swiftclient-3.11.1 gAAAAABqKu292LCK... - 357 - tx2661df53f84e416a8054e-006a2aee35 - 0.0129 - - 1781198389.984275818 1781198389.997168064 0
Jun 11 17:19:50 standalone container-server[128139]: 172.20.0.100 - - [11/Jun/2026:17:19:50 +0000] "GET /d1/444/AUTH_e169406919034ddc8a39593c0a9539f0/gnocchi.3dd58f13-e5ce-41b6-84db-085d75f7e655" 200 2 "GET http://172.18.0.2:8080/v1/AUTH_e169406919034ddc8a39593c0a9539f0/gnocchi.3dd58f13-e5ce-41b6-84db-085d75f7e655?format=json&marker=none_v3&states=listing" "tx5806632f1c7c4d5bb39e1-006a2aee35" "proxy-server 20" 0.0051 "-" 23 0
Jun 11 17:19:50 standalone proxy-server[130048]: 172.18.0.2 172.18.0.100 11/Jun/2026/17/19/50 GET /v1/AUTH_e169406919034ddc8a39593c0a9539f0/gnocchi.3dd58f13-e5ce-41b6-84db-085d75f7e655%3Fformat%3Djson%26marker%3Dnone_v3%26states%3Dlisting HTTP/1.0 200 - python-swiftclient-3.11.1 gAAAAABqKu292LCK... - 2 - tx5806632f1c7c4d5bb39e1-006a2aee35 - 0.0120 - - 1781198389.999842644 1781198390.011879921 0
Jun 11 17:19:50 standalone object-server[128295]: 172.20.0.100 - - [11/Jun/2026:17:19:50 +0000] "GET /d1/865/AUTH_e169406919034ddc8a39593c0a9539f0/gnocchi.3dd58f13-e5ce-41b6-84db-085d75f7e655/1780920000.0_mean_300.0_v3" 200 16 "GET http://172.18.0.2:8080/v1/AUTH_e169406919034ddc8a39593c0a9539f0/gnocchi.3dd58f13-e5ce-41b6-84db-085d75f7e655/1780920000.0_mean_300.0_v3" "tx0ffe48dd447e4a3989326-006a2aee36" "proxy-server 20" 0.0009 "-" 22 0
Jun 11 17:19:50 standalone proxy-server[130048]: 172.18.0.2 172.18.0.100 11/Jun/2026/17/19/50 GET /v1/AUTH_e169406919034ddc8a39593c0a9539f0/gnocchi.3dd58f13-e5ce-41b6-84db-085d75f7e655/1780920000.0_mean_300.0_v3 HTTP/1.0 200 - python-swiftclient-3.11.1 gAAAAABqKu292LCK... - 16 - tx0ffe48dd447e4a3989326-006a2aee36 - 0.0069 - - 1781198390.015709639 1781198390.022562504 0
Jun 11 17:19:50 standalone container-server[128112]: 172.20.0.100 - - [11/Jun/2026:17:19:50 +0000] "PUT /d1/444/AUTH_e169406919034ddc8a39593c0a9539f0/gnocchi.3dd58f13-e5ce-41b6-84db-085d75f7e655/1780920000.0_mean_300.0_v3" 201 - "PUT http://172.18.0.2:8080/d1/865/AUTH_e169406919034ddc8a39593c0a9539f0/gnocchi.3dd58f13-e5ce-41b6-84db-085d75f7e655/1780920000.0_mean_300.0_v3" "tx6ba9d5ef63354c47bb4b3-006a2aee36" "object-server 22" 0.0009 "-" 22 0
Jun 11 17:19:50 standalone object-server[128295]: 172.20.0.100 - - [11/Jun/2026:17:19:50 +0000] "PUT /d1/865/AUTH_e169406919034ddc8a39593c0a9539f0/gnocchi.3dd58f13-e5ce-41b6-84db-085d75f7e655/1780920000.0_mean_300.0_v3" 201 - "PUT http://172.18.0.2:8080/v1/AUTH_e169406919034ddc8a39593c0a9539f0/gnocchi.3dd58f13-e5ce-41b6-84db-085d75f7e655/1780920000.0_mean_300.0_v3" "tx6ba9d5ef63354c47bb4b3-006a2aee36" "proxy-server 20" 0.0099 "-" 22 0
Jun 11 17:19:50 standalone proxy-server[130048]: 172.18.0.2 172.18.0.100 11/Jun/2026/17/19/50 PUT /v1/AUTH_e169406919034ddc8a39593c0a9539f0/gnocchi.3dd58f13-e5ce-41b6-84db-085d75f7e655/1780920000.0_mean_300.0_v3 HTTP/1.0 201 - python-swiftclient-3.11.1 gAAAAABqKu292LCK... 16 - - tx6ba9d5ef63354c47bb4b3-006a2aee36 - 0.0147 - - 1781198390.025142431 1781198390.039826632 0
Jun 11 17:19:50 standalone container-server[128112]: 172.20.0.100 - - [11/Jun/2026:17:19:50 +0000] "PUT /d1/444/AUTH_e169406919034ddc8a39593c0a9539f0/gnocchi.3dd58f13-e5ce-41b6-84db-085d75f7e655/none_v3" 201 - "PUT http://172.18.0.2:8080/d1/554/AUTH_e169406919034ddc8a39593c0a9539f0/gnocchi.3dd58f13-e5ce-41b6-84db-085d75f7e655/none_v3" "tx5eefbf1f0df74eb1ae3a1-006a2aee36" "object-server 24" 0.0004 "-" 22 0
Jun 11 17:19:50 standalone object-server[128299]: 172.20.0.100 - - [11/Jun/2026:17:19:50 +0000] "PUT /d1/554/AUTH_e169406919034ddc8a39593c0a9539f0/gnocchi.3dd58f13-e5ce-41b6-84db-085d75f7e655/none_v3" 201 - "PUT http://172.18.0.2:8080/v1/AUTH_e169406919034ddc8a39593c0a9539f0/gnocchi.3dd58f13-e5ce-41b6-84db-085d75f7e655/none_v3" "tx5eefbf1f0df74eb1ae3a1-006a2aee36" "proxy-server 20" 0.0115 "-" 24 0
Jun 11 17:19:50 standalone proxy-server[130048]: 172.18.0.2 172.18.0.100 11/Jun/2026/17/19/50 PUT /v1/AUTH_e169406919034ddc8a39593c0a9539f0/gnocchi.3dd58f13-e5ce-41b6-84db-085d75f7e655/none_v3 HTTP/1.0 201 - python-swiftclient-3.11.1 gAAAAABqKu292LCK... 32 - - tx5eefbf1f0df74eb1ae3a1-006a2aee36 - 0.0170 - - 1781198390.042179823 1781198390.059138060 0
Jun 11 17:19:50 standalone object-server[128300]: 172.20.0.100 - - [11/Jun/2026:17:19:50 +0000] "GET /d1/122/AUTH_e169406919034ddc8a39593c0a9539f0/gnocchi.152ccfe5-398f-4084-9892-d60ae4000511/none_v3" 200 22 "GET http://172.18.0.2:8080/v1/AUTH_e169406919034ddc8a39593c0a9539f0/gnocchi.152ccfe5-398f-4084-9892-d60ae4000511/none_v3" "tx1a41d112e5dd44dd823b5-006a2aee36" "proxy-server 20" 0.0008 "-" 25 0
Jun 11 17:19:50 standalone proxy-server[130048]: 172.18.0.2 172.18.0.100 11/Jun/2026/17/19/50 GET /v1/AUTH_e169406919034ddc8a39593c0a9539f0/gnocchi.152ccfe5-398f-4084-9892-d60ae4000511/none_v3 HTTP/1.0 200 - python-swiftclient-3.11.1 gAAAAABqKu292LCK... - 22 - tx1a41d112e5dd44dd823b5-006a2aee36 - 0.0069 - - 1781198390.068460226 1781198390.075349092 0
Jun 11 17:19:50 standalone container-server[128112]: 172.20.0.100 - - [11/Jun/2026:17:19:50 +0000] "GET /d1/831/AUTH_e169406919034ddc8a39593c0a9539f0/gnocchi.152ccfe5-398f-4084-9892-d60ae4000511" 200 357 "GET http://172.18.0.2:8080/v1/AUTH_e169406919034ddc8a39593c0a9539f0/gnocchi.152ccfe5-398f-4084-9892-d60ae4000511?format=json&states=listing" "tx5393b91a3d6047e3b1c02-006a2aee36" "proxy-server 20" 0.0038 "-" 22 0
Jun 11 17:19:50 standalone proxy-server[130048]: 172.18.0.2 172.18.0.100 11/Jun/2026/17/19/50 GET /v1/AUTH_e169406919034ddc8a39593c0a9539f0/gnocchi.152ccfe5-398f-4084-9892-d60ae4000511%3Fformat%3Djson%26states%3Dlisting HTTP/1.0 200 - python-swiftclient-3.11.1 gAAAAABqKu292LCK... - 357 - tx5393b91a3d6047e3b1c02-006a2aee36 - 0.0124 - - 1781198390.078231573 1781198390.090607166 0
Jun 11 17:19:50 standalone container-server[128139]: 172.20.0.100 - - [11/Jun/2026:17:19:50 +0000] "GET /d1/831/AUTH_e169406919034ddc8a39593c0a9539f0/gnocchi.152ccfe5-398f-4084-9892-d60ae4000511" 200 2 "GET http://172.18.0.2:8080/v1/AUTH_e169406919034ddc8a39593c0a9539f0/gnocchi.152ccfe5-398f-4084-9892-d60ae4000511?format=json&marker=none_v3&states=listing" "tx5ff81b0eac2d4459a8253-006a2aee36" "proxy-server 20" 0.0036 "-" 23 0
Jun 11 17:19:50 standalone proxy-server[130048]: 172.18.0.2 172.18.0.100 11/Jun/2026/17/19/50 GET /v1/AUTH_e169406919034ddc8a39593c0a9539f0/gnocchi.152ccfe5-398f-4084-9892-d60ae4000511%3Fformat%3Djson%26marker%3Dnone_v3%26states%3Dlisting HTTP/1.0 200 - python-swiftclient-3.11.1 gAAAAABqKu292LCK... - 2 - tx5ff81b0eac2d4459a8253-006a2aee36 - 0.0158 - - 1781198390.094105005 1781198390.109939575 0
Jun 11 17:19:50 standalone object-server[128299]: 172.20.0.100 - - [11/Jun/2026:17:19:50 +0000] "GET /d1/826/AUTH_e169406919034ddc8a39593c0a9539f0/gnocchi.152ccfe5-398f-4084-9892-d60ae4000511/1780920000.0_mean_300.0_v3" 200 16 "GET http://172.18.0.2:8080/v1/AUTH_e169406919034ddc8a39593c0a9539f0/gnocchi.152ccfe5-398f-4084-9892-d60ae4000511/1780920000.0_mean_300.0_v3" "txce8ad9ce44dc490881169-006a2aee36" "proxy-server 20" 0.0008 "-" 24 0
Jun 11 17:19:50 standalone proxy-server[130048]: 172.18.0.2 172.18.0.100 11/Jun/2026/17/19/50 GET /v1/AUTH_e169406919034ddc8a39593c0a9539f0/gnocchi.152ccfe5-398f-4084-9892-d60ae4000511/1780920000.0_mean_300.0_v3 HTTP/1.0 200 - python-swiftclient-3.11.1 gAAAAABqKu292LCK... - 16 - txce8ad9ce44dc490881169-006a2aee36 - 0.0080 - - 1781198390.114514112 1781198390.122533560 0
Jun 11 17:19:50 standalone container-server[128071]: 172.20.0.100 - - [11/Jun/2026:17:19:50 +0000] "PUT /d1/831/AUTH_e169406919034ddc8a39593c0a9539f0/gnocchi.152ccfe5-398f-4084-9892-d60ae4000511/1780920000.0_mean_300.0_v3" 201 - "PUT http://172.18.0.2:8080/d1/826/AUTH_e169406919034ddc8a39593c0a9539f0/gnocchi.152ccfe5-398f-4084-9892-d60ae4000511/1780920000.0_mean_300.0_v3" "tx8860e18a1462482989f68-006a2aee36" "object-server 22" 0.0006 "-" 21 0
Jun 11 17:19:50 standalone object-server[128295]: 172.20.0.100 - - [11/Jun/2026:17:19:50 +0000] "PUT /d1/826/AUTH_e169406919034ddc8a39593c0a9539f0/gnocchi.152ccfe5-398f-4084-9892-d60ae4000511/1780920000.0_mean_300.0_v3" 201 - "PUT http://172.18.0.2:8080/v1/AUTH_e169406919034ddc8a39593c0a9539f0/gnocchi.152ccfe5-398f-4084-9892-d60ae4000511/1780920000.0_mean_300.0_v3" "tx8860e18a1462482989f68-006a2aee36" "proxy-server 20" 0.0103 "-" 22 0
Jun 11 17:19:50 standalone proxy-server[130048]: 172.18.0.2 172.18.0.100 11/Jun/2026/17/19/50 PUT /v1/AUTH_e169406919034ddc8a39593c0a9539f0/gnocchi.152ccfe5-398f-4084-9892-d60ae4000511/1780920000.0_mean_300.0_v3 HTTP/1.0 201 - python-swiftclient-3.11.1 gAAAAABqKu292LCK... 16 - - tx8860e18a1462482989f68-006a2aee36 - 0.0163 - - 1781198390.125081301 1781198390.141368866 0
Jun 11 17:19:50 standalone container-server[128112]: 172.20.0.100 - - [11/Jun/2026:17:19:50 +0000] "PUT /d1/831/AUTH_e169406919034ddc8a39593c0a9539f0/gnocchi.152ccfe5-398f-4084-9892-d60ae4000511/none_v3" 201 - "PUT http://172.18.0.2:8080/d1/122/AUTH_e169406919034ddc8a39593c0a9539f0/gnocchi.152ccfe5-398f-4084-9892-d60ae4000511/none_v3" "tx6a2778fe819b42f0b1e7c-006a2aee36" "object-server 23" 0.0007 "-" 22 0
Jun 11 17:19:50 standalone object-server[128296]: 172.20.0.100 - - [11/Jun/2026:17:19:50 +0000] "PUT /d1/122/AUTH_e169406919034ddc8a39593c0a9539f0/gnocchi.152ccfe5-398f-4084-9892-d60ae4000511/none_v3" 201 - "PUT http://172.18.0.2:8080/v1/AUTH_e169406919034ddc8a39593c0a9539f0/gnocchi.152ccfe5-398f-4084-9892-d60ae4000511/none_v3" "tx6a2778fe819b42f0b1e7c-006a2aee36" "proxy-server 20" 0.0108 "-" 23 0
Jun 11 17:19:50 standalone proxy-server[130048]: 172.18.0.2 172.18.0.100 11/Jun/2026/17/19/50 PUT /v1/AUTH_e169406919034ddc8a39593c0a9539f0/gnocchi.152ccfe5-398f-4084-9892-d60ae4000511/none_v3 HTTP/1.0 201 - python-swiftclient-3.11.1 gAAAAABqKu292LCK... 32 - - tx6a2778fe819b42f0b1e7c-006a2aee36 - 0.0171 - - 1781198390.144607782 1781198390.161682129 0
Jun 11 17:19:53 standalone container-server[128139]: 172.20.0.100 - - [11/Jun/2026:17:19:53 +0000] "HEAD /d1/434/AUTH_e169406919034ddc8a39593c0a9539f0/gnocchi.e0c30ab1-9239-478c-868b-8d684da3549b" 404 - "HEAD http://172.18.0.2:8080/v1/AUTH_e169406919034ddc8a39593c0a9539f0/gnocchi.e0c30ab1-9239-478c-868b-8d684da3549b?format=json&states=listing" "txe410594506e84e92b1bfd-006a2aee39" "proxy-server 20" 0.0005 "-" 23 0
Jun 11 17:19:53 standalone object-server[128295]: 172.20.0.100 - - [11/Jun/2026:17:19:53 +0000] "GET /d1/126/AUTH_e169406919034ddc8a39593c0a9539f0/gnocchi.e0c30ab1-9239-478c-868b-8d684da3549b/none_v3" 404 70 "GET http://172.18.0.2:8080/v1/AUTH_e169406919034ddc8a39593c0a9539f0/gnocchi.e0c30ab1-9239-478c-868b-8d684da3549b/none_v3" "txe410594506e84e92b1bfd-006a2aee39" "proxy-server 20" 0.0018 "-" 22 0
Jun 11 17:19:53 standalone proxy-server[130048]: 172.18.0.2 172.18.0.100 11/Jun/2026/17/19/53 GET /v1/AUTH_e169406919034ddc8a39593c0a9539f0/gnocchi.e0c30ab1-9239-478c-868b-8d684da3549b/none_v3 HTTP/1.0 404 - python-swiftclient-3.11.1 gAAAAABqKu292LCK... - 70 - txe410594506e84e92b1bfd-006a2aee39 - 0.0150 - - 1781198393.323060989 1781198393.338035822 0
Jun 11 17:19:53 standalone account-server[128002]: 172.20.0.100 - - [11/Jun/2026:17:19:53 +0000] "PUT /d1/246/AUTH_e169406919034ddc8a39593c0a9539f0/gnocchi.e0c30ab1-9239-478c-868b-8d684da3549b" 201 - "PUT http://172.20.0.100:6001/d1/434/AUTH_e169406919034ddc8a39593c0a9539f0/gnocchi.e0c30ab1-9239-478c-868b-8d684da3549b" "tx78ea31c01e5d4310957d4-006a2aee39" "container-server 20" 0.0097 "-" 15 0
Jun 11 17:19:53 standalone container-server[128066]: 172.20.0.100 - - [11/Jun/2026:17:19:53 +0000] "PUT /d1/434/AUTH_e169406919034ddc8a39593c0a9539f0/gnocchi.e0c30ab1-9239-478c-868b-8d684da3549b" 201 - "PUT http://172.18.0.2:8080/v1/AUTH_e169406919034ddc8a39593c0a9539f0/gnocchi.e0c30ab1-9239-478c-868b-8d684da3549b" "tx78ea31c01e5d4310957d4-006a2aee39" "proxy-server 20" 0.0226 "-" 20 0
Jun 11 17:19:53 standalone proxy-server[130048]: 172.18.0.2 172.18.0.100 11/Jun/2026/17/19/53 PUT /v1/AUTH_e169406919034ddc8a39593c0a9539f0/gnocchi.e0c30ab1-9239-478c-868b-8d684da3549b HTTP/1.0 201 - python-swiftclient-3.11.1 gAAAAABqKu292LCK... - - - tx78ea31c01e5d4310957d4-006a2aee39 - 0.0265 - - 1781198393.341306925 1781198393.367845297 0
