Jun 11 17:21:11 standalone proxy-server[130048]: 172.18.0.2 172.18.0.100 11/Jun/2026/17/21/11 PUT /v1/AUTH_e169406919034ddc8a39593c0a9539f0/gnocchi.e6a03acf-f3b6-406b-a263-9a7492964d68 HTTP/1.0 201 - python-swiftclient-3.11.1 gAAAAABqKu292LCK... - - - txfe6a86e5916a48aab3265-006a2aee87 - 0.0281 - - 1781198471.602200985 1781198471.630335808 0
Jun 11 17:21:11 standalone container-server[128066]: 172.20.0.100 - - [11/Jun/2026:17:21:11 +0000] "HEAD /d1/752/AUTH_e169406919034ddc8a39593c0a9539f0/gnocchi.d7d57a19-620a-4056-8387-c95637daa2e8" 204 - "HEAD http://172.18.0.2:8080/v1/AUTH_e169406919034ddc8a39593c0a9539f0/gnocchi.d7d57a19-620a-4056-8387-c95637daa2e8?format=json&states=listing" "tx2850e1a8aea049fc8d3e0-006a2aee87" "proxy-server 20" 0.0025 "-" 20 0
Jun 11 17:21:11 standalone proxy-server[130048]: - - 11/Jun/2026/17/21/11 HEAD /v1/AUTH_e169406919034ddc8a39593c0a9539f0/gnocchi.d7d57a19-620a-4056-8387-c95637daa2e8%3Fformat%3Djson%26states%3Dlisting HTTP/1.0 204 - Swift - - - - tx2850e1a8aea049fc8d3e0-006a2aee87 - 0.0071 RL - 1781198471.637310505 1781198471.644452095 0
Jun 11 17:21:11 standalone container-server[128139]: 172.20.0.100 - - [11/Jun/2026:17:21:11 +0000] "GET /d1/752/AUTH_e169406919034ddc8a39593c0a9539f0/gnocchi.d7d57a19-620a-4056-8387-c95637daa2e8" 200 2 "GET http://172.18.0.2:8080/v1/AUTH_e169406919034ddc8a39593c0a9539f0/gnocchi.d7d57a19-620a-4056-8387-c95637daa2e8?format=json&states=listing" "tx2850e1a8aea049fc8d3e0-006a2aee87" "proxy-server 20" 0.0014 "-" 23 0
Jun 11 17:21:11 standalone proxy-server[130048]: 172.18.0.2 172.18.0.100 11/Jun/2026/17/21/11 GET /v1/AUTH_e169406919034ddc8a39593c0a9539f0/gnocchi.d7d57a19-620a-4056-8387-c95637daa2e8%3Fformat%3Djson%26states%3Dlisting HTTP/1.0 200 - python-swiftclient-3.11.1 gAAAAABqKu292LCK... - 2 - tx2850e1a8aea049fc8d3e0-006a2aee87 - 0.0174 - - 1781198471.635696888 1781198471.653067827 0
Jun 11 17:21:11 standalone container-server[128071]: 172.20.0.100 - - [11/Jun/2026:17:21:11 +0000] "HEAD /d1/235/AUTH_e169406919034ddc8a39593c0a9539f0/gnocchi.e6a03acf-f3b6-406b-a263-9a7492964d68" 204 - "HEAD http://172.18.0.2:8080/v1/AUTH_e169406919034ddc8a39593c0a9539f0/gnocchi.e6a03acf-f3b6-406b-a263-9a7492964d68?format=json&states=listing" "tx677e3a245e404051a660e-006a2aee87" "proxy-server 20" 0.0021 "-" 21 0
Jun 11 17:21:11 standalone proxy-server[130048]: - - 11/Jun/2026/17/21/11 HEAD /v1/AUTH_e169406919034ddc8a39593c0a9539f0/gnocchi.e6a03acf-f3b6-406b-a263-9a7492964d68%3Fformat%3Djson%26states%3Dlisting HTTP/1.0 204 - Swift - - - - tx677e3a245e404051a660e-006a2aee87 - 0.0068 RL - 1781198471.660323620 1781198471.667083502 0
Jun 11 17:21:11 standalone container-server[128071]: 172.20.0.100 - - [11/Jun/2026:17:21:11 +0000] "GET /d1/235/AUTH_e169406919034ddc8a39593c0a9539f0/gnocchi.e6a03acf-f3b6-406b-a263-9a7492964d68" 200 2 "GET http://172.18.0.2:8080/v1/AUTH_e169406919034ddc8a39593c0a9539f0/gnocchi.e6a03acf-f3b6-406b-a263-9a7492964d68?format=json&states=listing" "tx677e3a245e404051a660e-006a2aee87" "proxy-server 20" 0.0029 "-" 21 0
Jun 11 17:21:11 standalone proxy-server[130048]: 172.18.0.2 172.18.0.100 11/Jun/2026/17/21/11 GET /v1/AUTH_e169406919034ddc8a39593c0a9539f0/gnocchi.e6a03acf-f3b6-406b-a263-9a7492964d68%3Fformat%3Djson%26states%3Dlisting HTTP/1.0 200 - python-swiftclient-3.11.1 gAAAAABqKu292LCK... - 2 - tx677e3a245e404051a660e-006a2aee87 - 0.0190 - - 1781198471.658798218 1781198471.677785635 0
Jun 11 17:21:11 standalone object-server[128300]: 172.20.0.100 - - [11/Jun/2026:17:21:11 +0000] "GET /d1/526/AUTH_e169406919034ddc8a39593c0a9539f0/gnocchi.d7d57a19-620a-4056-8387-c95637daa2e8/1780920000.0_mean_300.0_v3" 404 70 "GET http://172.18.0.2:8080/v1/AUTH_e169406919034ddc8a39593c0a9539f0/gnocchi.d7d57a19-620a-4056-8387-c95637daa2e8/1780920000.0_mean_300.0_v3" "txcc30dc2d82cb4ff2808da-006a2aee87" "proxy-server 20" 0.0007 "-" 25 0
Jun 11 17:21:11 standalone proxy-server[130048]: 172.18.0.2 172.18.0.100 11/Jun/2026/17/21/11 GET /v1/AUTH_e169406919034ddc8a39593c0a9539f0/gnocchi.d7d57a19-620a-4056-8387-c95637daa2e8/1780920000.0_mean_300.0_v3 HTTP/1.0 404 - python-swiftclient-3.11.1 gAAAAABqKu292LCK... - 70 - txcc30dc2d82cb4ff2808da-006a2aee87 - 0.0098 - - 1781198471.682586193 1781198471.692388535 0
Jun 11 17:21:11 standalone object-server[128296]: 172.20.0.100 - - [11/Jun/2026:17:21:11 +0000] "GET /d1/22/AUTH_e169406919034ddc8a39593c0a9539f0/gnocchi.e6a03acf-f3b6-406b-a263-9a7492964d68/1780920000.0_mean_300.0_v3" 404 70 "GET http://172.18.0.2:8080/v1/AUTH_e169406919034ddc8a39593c0a9539f0/gnocchi.e6a03acf-f3b6-406b-a263-9a7492964d68/1780920000.0_mean_300.0_v3" "txa01af3e394d041a785d94-006a2aee87" "proxy-server 20" 0.0005 "-" 23 0
Jun 11 17:21:11 standalone proxy-server[130048]: 172.18.0.2 172.18.0.100 11/Jun/2026/17/21/11 GET /v1/AUTH_e169406919034ddc8a39593c0a9539f0/gnocchi.e6a03acf-f3b6-406b-a263-9a7492964d68/1780920000.0_mean_300.0_v3 HTTP/1.0 404 - python-swiftclient-3.11.1 gAAAAABqKu292LCK... - 70 - txa01af3e394d041a785d94-006a2aee87 - 0.0057 - - 1781198471.695604563 1781198471.701267719 0
Jun 11 17:21:11 standalone container-server[128066]: 172.20.0.100 - - [11/Jun/2026:17:21:11 +0000] "PUT /d1/752/AUTH_e169406919034ddc8a39593c0a9539f0/gnocchi.d7d57a19-620a-4056-8387-c95637daa2e8/1780920000.0_mean_300.0_v3" 201 - "PUT http://172.18.0.2:8080/d1/526/AUTH_e169406919034ddc8a39593c0a9539f0/gnocchi.d7d57a19-620a-4056-8387-c95637daa2e8/1780920000.0_mean_300.0_v3" "tx90aa15c740c94311abdd2-006a2aee87" "object-server 23" 0.0011 "-" 20 0
Jun 11 17:21:11 standalone object-server[128296]: 172.20.0.100 - - [11/Jun/2026:17:21:11 +0000] "PUT /d1/526/AUTH_e169406919034ddc8a39593c0a9539f0/gnocchi.d7d57a19-620a-4056-8387-c95637daa2e8/1780920000.0_mean_300.0_v3" 201 - "PUT http://172.18.0.2:8080/v1/AUTH_e169406919034ddc8a39593c0a9539f0/gnocchi.d7d57a19-620a-4056-8387-c95637daa2e8/1780920000.0_mean_300.0_v3" "tx90aa15c740c94311abdd2-006a2aee87" "proxy-server 20" 0.0125 "-" 23 0
Jun 11 17:21:11 standalone proxy-server[130048]: 172.18.0.2 172.18.0.100 11/Jun/2026/17/21/11 PUT /v1/AUTH_e169406919034ddc8a39593c0a9539f0/gnocchi.d7d57a19-620a-4056-8387-c95637daa2e8/1780920000.0_mean_300.0_v3 HTTP/1.0 201 - python-swiftclient-3.11.1 gAAAAABqKu292LCK... 16 - - tx90aa15c740c94311abdd2-006a2aee87 - 0.0201 - - 1781198471.705385923 1781198471.725444555 0
Jun 11 17:21:11 standalone container-server[128139]: 172.20.0.100 - - [11/Jun/2026:17:21:11 +0000] "PUT /d1/235/AUTH_e169406919034ddc8a39593c0a9539f0/gnocchi.e6a03acf-f3b6-406b-a263-9a7492964d68/1780920000.0_mean_300.0_v3" 201 - "PUT http://172.18.0.2:8080/d1/22/AUTH_e169406919034ddc8a39593c0a9539f0/gnocchi.e6a03acf-f3b6-406b-a263-9a7492964d68/1780920000.0_mean_300.0_v3" "tx31723b48fd6a4745bc011-006a2aee87" "object-server 25" 0.0004 "-" 23 0
Jun 11 17:21:11 standalone object-server[128300]: 172.20.0.100 - - [11/Jun/2026:17:21:11 +0000] "PUT /d1/22/AUTH_e169406919034ddc8a39593c0a9539f0/gnocchi.e6a03acf-f3b6-406b-a263-9a7492964d68/1780920000.0_mean_300.0_v3" 201 - "PUT http://172.18.0.2:8080/v1/AUTH_e169406919034ddc8a39593c0a9539f0/gnocchi.e6a03acf-f3b6-406b-a263-9a7492964d68/1780920000.0_mean_300.0_v3" "tx31723b48fd6a4745bc011-006a2aee87" "proxy-server 20" 0.0103 "-" 25 0
Jun 11 17:21:11 standalone proxy-server[130048]: 172.18.0.2 172.18.0.100 11/Jun/2026/17/21/11 PUT /v1/AUTH_e169406919034ddc8a39593c0a9539f0/gnocchi.e6a03acf-f3b6-406b-a263-9a7492964d68/1780920000.0_mean_300.0_v3 HTTP/1.0 201 - python-swiftclient-3.11.1 gAAAAABqKu292LCK... 16 - - tx31723b48fd6a4745bc011-006a2aee87 - 0.0156 - - 1781198471.728941202 1781198471.744549513 0
Jun 11 17:21:11 standalone container-server[128112]: 172.20.0.100 - - [11/Jun/2026:17:21:11 +0000] "PUT /d1/752/AUTH_e169406919034ddc8a39593c0a9539f0/gnocchi.d7d57a19-620a-4056-8387-c95637daa2e8/none_v3" 201 - "PUT http://172.18.0.2:8080/d1/209/AUTH_e169406919034ddc8a39593c0a9539f0/gnocchi.d7d57a19-620a-4056-8387-c95637daa2e8/none_v3" "txe89e7c82c04e4ddcb6753-006a2aee87" "object-server 22" 0.0004 "-" 22 0
Jun 11 17:21:11 standalone object-server[128295]: 172.20.0.100 - - [11/Jun/2026:17:21:11 +0000] "PUT /d1/209/AUTH_e169406919034ddc8a39593c0a9539f0/gnocchi.d7d57a19-620a-4056-8387-c95637daa2e8/none_v3" 201 - "PUT http://172.18.0.2:8080/v1/AUTH_e169406919034ddc8a39593c0a9539f0/gnocchi.d7d57a19-620a-4056-8387-c95637daa2e8/none_v3" "txe89e7c82c04e4ddcb6753-006a2aee87" "proxy-server 20" 0.0115 "-" 22 0
Jun 11 17:21:11 standalone proxy-server[130048]: 172.18.0.2 172.18.0.100 11/Jun/2026/17/21/11 PUT /v1/AUTH_e169406919034ddc8a39593c0a9539f0/gnocchi.d7d57a19-620a-4056-8387-c95637daa2e8/none_v3 HTTP/1.0 201 - python-swiftclient-3.11.1 gAAAAABqKu292LCK... 22 - - txe89e7c82c04e4ddcb6753-006a2aee87 - 0.0185 - - 1781198471.748321295 1781198471.766772509 0
Jun 11 17:21:11 standalone container-server[128066]: 172.20.0.100 - - [11/Jun/2026:17:21:11 +0000] "PUT /d1/235/AUTH_e169406919034ddc8a39593c0a9539f0/gnocchi.e6a03acf-f3b6-406b-a263-9a7492964d68/none_v3" 201 - "PUT http://172.18.0.2:8080/d1/755/AUTH_e169406919034ddc8a39593c0a9539f0/gnocchi.e6a03acf-f3b6-406b-a263-9a7492964d68/none_v3" "txda0530e48a304a7f8cee3-006a2aee87" "object-server 22" 0.0006 "-" 20 0
Jun 11 17:21:11 standalone object-server[128295]: 172.20.0.100 - - [11/Jun/2026:17:21:11 +0000] "PUT /d1/755/AUTH_e169406919034ddc8a39593c0a9539f0/gnocchi.e6a03acf-f3b6-406b-a263-9a7492964d68/none_v3" 201 - "PUT http://172.18.0.2:8080/v1/AUTH_e169406919034ddc8a39593c0a9539f0/gnocchi.e6a03acf-f3b6-406b-a263-9a7492964d68/none_v3" "txda0530e48a304a7f8cee3-006a2aee87" "proxy-server 20" 0.0099 "-" 22 0
Jun 11 17:21:11 standalone proxy-server[130048]: 172.18.0.2 172.18.0.100 11/Jun/2026/17/21/11 PUT /v1/AUTH_e169406919034ddc8a39593c0a9539f0/gnocchi.e6a03acf-f3b6-406b-a263-9a7492964d68/none_v3 HTTP/1.0 201 - python-swiftclient-3.11.1 gAAAAABqKu292LCK... 22 - - txda0530e48a304a7f8cee3-006a2aee87 - 0.0153 - - 1781198471.770069599 1781198471.785359859 0
Jun 11 17:21:11 standalone container-server[128066]: 172.20.0.100 - - [11/Jun/2026:17:21:11 +0000] "HEAD /d1/47/AUTH_e169406919034ddc8a39593c0a9539f0/gnocchi.444f0271-762e-4fc1-9f5a-1a17184543ef" 404 - "HEAD http://172.18.0.2:8080/v1/AUTH_e169406919034ddc8a39593c0a9539f0/gnocchi.444f0271-762e-4fc1-9f5a-1a17184543ef?format=json&states=listing" "tx5f07022076f94cc29da65-006a2aee87" "proxy-server 20" 0.0004 "-" 20 0
Jun 11 17:21:11 standalone object-server[128295]: 172.20.0.100 - - [11/Jun/2026:17:21:11 +0000] "GET /d1/197/AUTH_e169406919034ddc8a39593c0a9539f0/gnocchi.444f0271-762e-4fc1-9f5a-1a17184543ef/none_v3" 404 70 "GET http://172.18.0.2:8080/v1/AUTH_e169406919034ddc8a39593c0a9539f0/gnocchi.444f0271-762e-4fc1-9f5a-1a17184543ef/none_v3" "tx5f07022076f94cc29da65-006a2aee87" "proxy-server 20" 0.0006 "-" 22 0
Jun 11 17:21:11 standalone proxy-server[130048]: 172.18.0.2 172.18.0.100 11/Jun/2026/17/21/11 GET /v1/AUTH_e169406919034ddc8a39593c0a9539f0/gnocchi.444f0271-762e-4fc1-9f5a-1a17184543ef/none_v3 HTTP/1.0 404 - python-swiftclient-3.11.1 gAAAAABqKu292LCK... - 70 - tx5f07022076f94cc29da65-006a2aee87 - 0.0125 - - 1781198471.798672438 1781198471.811127186 0
Jun 11 17:21:11 standalone account-server[127999]: 172.20.0.100 - - [11/Jun/2026:17:21:11 +0000] "PUT /d1/246/AUTH_e169406919034ddc8a39593c0a9539f0/gnocchi.444f0271-762e-4fc1-9f5a-1a17184543ef" 201 - "PUT http://172.20.0.100:6001/d1/47/AUTH_e169406919034ddc8a39593c0a9539f0/gnocchi.444f0271-762e-4fc1-9f5a-1a17184543ef" "tx69a537155e184f7db3711-006a2aee87" "container-server 22" 0.0070 "-" 14 0
Jun 11 17:21:11 standalone container-server[128112]: 172.20.0.100 - - [11/Jun/2026:17:21:11 +0000] "PUT /d1/47/AUTH_e169406919034ddc8a39593c0a9539f0/gnocchi.444f0271-762e-4fc1-9f5a-1a17184543ef" 201 - "PUT http://172.18.0.2:8080/v1/AUTH_e169406919034ddc8a39593c0a9539f0/gnocchi.444f0271-762e-4fc1-9f5a-1a17184543ef" "tx69a537155e184f7db3711-006a2aee87" "proxy-server 20" 0.0195 "-" 22 0
Jun 11 17:21:11 standalone proxy-server[130048]: 172.18.0.2 172.18.0.100 11/Jun/2026/17/21/11 PUT /v1/AUTH_e169406919034ddc8a39593c0a9539f0/gnocchi.444f0271-762e-4fc1-9f5a-1a17184543ef HTTP/1.0 201 - python-swiftclient-3.11.1 gAAAAABqKu292LCK... - - - tx69a537155e184f7db3711-006a2aee87 - 0.0248 - - 1781198471.814745665 1781198471.839574814 0
Jun 11 17:21:11 standalone container-server[128112]: 172.20.0.100 - - [11/Jun/2026:17:21:11 +0000] "HEAD /d1/47/AUTH_e169406919034ddc8a39593c0a9539f0/gnocchi.444f0271-762e-4fc1-9f5a-1a17184543ef" 204 - "HEAD http://172.18.0.2:8080/v1/AUTH_e169406919034ddc8a39593c0a9539f0/gnocchi.444f0271-762e-4fc1-9f5a-1a17184543ef?format=json&states=listing" "txd3f5c2d219eb42d8a85e6-006a2aee87" "proxy-server 20" 0.0008 "-" 22 0
Jun 11 17:21:11 standalone proxy-server[130048]: - - 11/Jun/2026/17/21/11 HEAD /v1/AUTH_e169406919034ddc8a39593c0a9539f0/gnocchi.444f0271-762e-4fc1-9f5a-1a17184543ef%3Fformat%3Djson%26states%3Dlisting HTTP/1.0 204 - Swift - - - - txd3f5c2d219eb42d8a85e6-006a2aee87 - 0.0048 RL - 1781198471.845693588 1781198471.850480795 0
Jun 11 17:21:11 standalone container-server[128071]: 172.20.0.100 - - [11/Jun/2026:17:21:11 +0000] "GET /d1/47/AUTH_e169406919034ddc8a39593c0a9539f0/gnocchi.444f0271-762e-4fc1-9f5a-1a17184543ef" 200 2 "GET http://172.18.0.2:8080/v1/AUTH_e169406919034ddc8a39593c0a9539f0/gnocchi.444f0271-762e-4fc1-9f5a-1a17184543ef?format=json&states=listing" "txd3f5c2d219eb42d8a85e6-006a2aee87" "proxy-server 20" 0.0034 "-" 21 0
Jun 11 17:21:11 standalone proxy-server[130048]: 172.18.0.2 172.18.0.100 11/Jun/2026/17/21/11 GET /v1/AUTH_e169406919034ddc8a39593c0a9539f0/gnocchi.444f0271-762e-4fc1-9f5a-1a17184543ef%3Fformat%3Djson%26states%3Dlisting HTTP/1.0 200 - python-swiftclient-3.11.1 gAAAAABqKu292LCK... - 2 - txd3f5c2d219eb42d8a85e6-006a2aee87 - 0.0198 - - 1781198471.843957424 1781198471.863791466 0
Jun 11 17:21:11 standalone object-server[128300]: 172.20.0.100 - - [11/Jun/2026:17:21:11 +0000] "GET /d1/119/AUTH_e169406919034ddc8a39593c0a9539f0/gnocchi.444f0271-762e-4fc1-9f5a-1a17184543ef/1780920000.0_mean_300.0_v3" 404 70 "GET http://172.18.0.2:8080/v1/AUTH_e169406919034ddc8a39593c0a9539f0/gnocchi.444f0271-762e-4fc1-9f5a-1a17184543ef/1780920000.0_mean_300.0_v3" "tx3c86c2e82f0a44c8bc5cb-006a2aee87" "proxy-server 20" 0.0005 "-" 25 0
Jun 11 17:21:11 standalone proxy-server[130048]: 172.18.0.2 172.18.0.100 11/Jun/2026/17/21/11 GET /v1/AUTH_e169406919034ddc8a39593c0a9539f0/gnocchi.444f0271-762e-4fc1-9f5a-1a17184543ef/1780920000.0_mean_300.0_v3 HTTP/1.0 404 - python-swiftclient-3.11.1 gAAAAABqKu292LCK... - 70 - tx3c86c2e82f0a44c8bc5cb-006a2aee87 - 0.0086 - - 1781198471.868426323 1781198471.877010107 0
Jun 11 17:21:11 standalone container-server[128112]: 172.20.0.100 - - [11/Jun/2026:17:21:11 +0000] "PUT /d1/47/AUTH_e169406919034ddc8a39593c0a9539f0/gnocchi.444f0271-762e-4fc1-9f5a-1a17184543ef/1780920000.0_mean_300.0_v3" 201 - "PUT http://172.18.0.2:8080/d1/119/AUTH_e169406919034ddc8a39593c0a9539f0/gnocchi.444f0271-762e-4fc1-9f5a-1a17184543ef/1780920000.0_mean_300.0_v3" "txe48f3c83e2174833a1288-006a2aee87" "object-server 22" 0.0003 "-" 22 0
Jun 11 17:21:11 standalone object-server[128295]: 172.20.0.100 - - [11/Jun/2026:17:21:11 +0000] "PUT /d1/119/AUTH_e169406919034ddc8a39593c0a9539f0/gnocchi.444f0271-762e-4fc1-9f5a-1a17184543ef/1780920000.0_mean_300.0_v3" 201 - "PUT http://172.18.0.2:8080/v1/AUTH_e169406919034ddc8a39593c0a9539f0/gnocchi.444f0271-762e-4fc1-9f5a-1a17184543ef/1780920000.0_mean_300.0_v3" "txe48f3c83e2174833a1288-006a2aee87" "proxy-server 20" 0.0095 "-" 22 0
Jun 11 17:21:11 standalone proxy-server[130048]: 172.18.0.2 172.18.0.100 11/Jun/2026/17/21/11 PUT /v1/AUTH_e169406919034ddc8a39593c0a9539f0/gnocchi.444f0271-762e-4fc1-9f5a-1a17184543ef/1780920000.0_mean_300.0_v3 HTTP/1.0 201 - python-swiftclient-3.11.1 gAAAAABqKu292LCK... 16 - - txe48f3c83e2174833a1288-006a2aee87 - 0.0179 - - 1781198471.881983280 1781198471.899878979 0
Jun 11 17:21:11 standalone container-server[128139]: 172.20.0.100 - - [11/Jun/2026:17:21:11 +0000] "PUT /d1/47/AUTH_e169406919034ddc8a39593c0a9539f0/gnocchi.444f0271-762e-4fc1-9f5a-1a17184543ef/none_v3" 201 - "PUT http://172.18.0.2:8080/d1/197/AUTH_e169406919034ddc8a39593c0a9539f0/gnocchi.444f0271-762e-4fc1-9f5a-1a17184543ef/none_v3" "tx2685537fb720410a9104a-006a2aee87" "object-server 23" 0.0004 "-" 23 0
Jun 11 17:21:11 standalone object-server[128296]: 172.20.0.100 - - [11/Jun/2026:17:21:11 +0000] "PUT /d1/197/AUTH_e169406919034ddc8a39593c0a9539f0/gnocchi.444f0271-762e-4fc1-9f5a-1a17184543ef/none_v3" 201 - "PUT http://172.18.0.2:8080/v1/AUTH_e169406919034ddc8a39593c0a9539f0/gnocchi.444f0271-762e-4fc1-9f5a-1a17184543ef/none_v3" "tx2685537fb720410a9104a-006a2aee87" "proxy-server 20" 0.0102 "-" 23 0
Jun 11 17:21:11 standalone proxy-server[130048]: 172.18.0.2 172.18.0.100 11/Jun/2026/17/21/11 PUT /v1/AUTH_e169406919034ddc8a39593c0a9539f0/gnocchi.444f0271-762e-4fc1-9f5a-1a17184543ef/none_v3 HTTP/1.0 201 - python-swiftclient-3.11.1 gAAAAABqKu292LCK... 22 - - tx2685537fb720410a9104a-006a2aee87 - 0.0185 - - 1781198471.903345823 1781198471.921826124 0
Jun 11 17:21:11 standalone container-server[128071]: 172.20.0.100 - - [11/Jun/2026:17:21:11 +0000] "HEAD /d1/518/AUTH_e169406919034ddc8a39593c0a9539f0/gnocchi.d7061d5a-e59f-4026-a87d-5679bda298a9" 404 - "HEAD http://172.18.0.2:8080/v1/AUTH_e169406919034ddc8a39593c0a9539f0/gnocchi.d7061d5a-e59f-4026-a87d-5679bda298a9?format=json&states=listing" "tx5017522b50e14ad594992-006a2aee87" "proxy-server 20" 0.0005 "-" 21 0
Jun 11 17:21:11 standalone object-server[128300]: 172.20.0.100 - - [11/Jun/2026:17:21:11 +0000] "GET /d1/879/AUTH_e169406919034ddc8a39593c0a9539f0/gnocchi.d7061d5a-e59f-4026-a87d-5679bda298a9/none_v3" 404 70 "GET http://172.18.0.2:8080/v1/AUTH_e169406919034ddc8a39593c0a9539f0/gnocchi.d7061d5a-e59f-4026-a87d-5679bda298a9/none_v3" "tx5017522b50e14ad594992-006a2aee87" "proxy-server 20" 0.0004 "-" 25 0
Jun 11 17:21:11 standalone proxy-server[130048]: 172.18.0.2 172.18.0.100 11/Jun/2026/17/21/11 GET /v1/AUTH_e169406919034ddc8a39593c0a9539f0/gnocchi.d7061d5a-e59f-4026-a87d-5679bda298a9/none_v3 HTTP/1.0 404 - python-swiftclient-3.11.1 gAAAAABqKu292LCK... - 70 - tx5017522b50e14ad594992-006a2aee87 - 0.0132 - - 1781198471.934742212 1781198471.947977304 0
Jun 11 17:21:11 standalone account-server[128003]: 172.20.0.100 - - [11/Jun/2026:17:21:11 +0000] "PUT /d1/246/AUTH_e169406919034ddc8a39593c0a9539f0/gnocchi.d7061d5a-e59f-4026-a87d-5679bda298a9" 201 - "PUT http://172.20.0.100:6001/d1/518/AUTH_e169406919034ddc8a39593c0a9539f0/gnocchi.d7061d5a-e59f-4026-a87d-5679bda298a9" "tx3febf2f43e8248f6bf866-006a2aee87" "container-server 23" 0.0065 "-" 16 0
Jun 11 17:21:11 standalone container-server[128139]: 172.20.0.100 - - [11/Jun/2026:17:21:11 +0000] "PUT /d1/518/AUTH_e169406919034ddc8a39593c0a9539f0/gnocchi.d7061d5a-e59f-4026-a87d-5679bda298a9" 201 - "PUT http://172.18.0.2:8080/v1/AUTH_e169406919034ddc8a39593c0a9539f0/gnocchi.d7061d5a-e59f-4026-a87d-5679bda298a9" "tx3febf2f43e8248f6bf866-006a2aee87" "proxy-server 20" 0.0182 "-" 23 0
Jun 11 17:21:11 standalone proxy-server[130048]: 172.18.0.2 172.18.0.100 11/Jun/2026/17/21/11 PUT /v1/AUTH_e169406919034ddc8a39593c0a9539f0/gnocchi.d7061d5a-e59f-4026-a87d-5679bda298a9 HTTP/1.0 201 - python-swiftclient-3.11.1 gAAAAABqKu292LCK... - - - tx3febf2f43e8248f6bf866-006a2aee87 - 0.0255 - - 1781198471.951897144 1781198471.977378845 0
Jun 11 17:21:11 standalone container-server[128066]: 172.20.0.100 - - [11/Jun/2026:17:21:11 +0000] "HEAD /d1/518/AUTH_e169406919034ddc8a39593c0a9539f0/gnocchi.d7061d5a-e59f-4026-a87d-5679bda298a9" 204 - "HEAD http://172.18.0.2:8080/v1/AUTH_e169406919034ddc8a39593c0a9539f0/gnocchi.d7061d5a-e59f-4026-a87d-5679bda298a9?format=json&states=listing" "txef07e5bf118045038f8d2-006a2aee87" "proxy-server 20" 0.0023 "-" 20 0
Jun 11 17:21:11 standalone proxy-server[130048]: - - 11/Jun/2026/17/21/11 HEAD /v1/AUTH_e169406919034ddc8a39593c0a9539f0/gnocchi.d7061d5a-e59f-4026-a87d-5679bda298a9%3Fformat%3Djson%26states%3Dlisting HTTP/1.0 204 - Swift - - - - txef07e5bf118045038f8d2-006a2aee87 - 0.0072 RL - 1781198471.984305143 1781198471.991527796 0
Jun 11 17:21:12 standalone container-server[128071]: 172.20.0.100 - - [11/Jun/2026:17:21:12 +0000] "GET /d1/518/AUTH_e169406919034ddc8a39593c0a9539f0/gnocchi.d7061d5a-e59f-4026-a87d-5679bda298a9" 200 2 "GET http://172.18.0.2:8080/v1/AUTH_e169406919034ddc8a39593c0a9539f0/gnocchi.d7061d5a-e59f-4026-a87d-5679bda298a9?format=json&states=listing" "txef07e5bf118045038f8d2-006a2aee87" "proxy-server 20" 0.0048 "-" 21 0
Jun 11 17:21:12 standalone proxy-server[130048]: 172.18.0.2 172.18.0.100 11/Jun/2026/17/21/12 GET /v1/AUTH_e169406919034ddc8a39593c0a9539f0/gnocchi.d7061d5a-e59f-4026-a87d-5679bda298a9%3Fformat%3Djson%26states%3Dlisting HTTP/1.0 200 - python-swiftclient-3.11.1 gAAAAABqKu292LCK... - 2 - txef07e5bf118045038f8d2-006a2aee87 - 0.0479 - - 1781198471.982537270 1781198472.030424356 0
Jun 11 17:21:12 standalone object-server[128296]: 172.20.0.100 - - [11/Jun/2026:17:21:12 +0000] "GET /d1/622/AUTH_e169406919034ddc8a39593c0a9539f0/gnocchi.d7061d5a-e59f-4026-a87d-5679bda298a9/1780920000.0_mean_300.0_v3" 404 70 "GET http://172.18.0.2:8080/v1/AUTH_e169406919034ddc8a39593c0a9539f0/gnocchi.d7061d5a-e59f-4026-a87d-5679bda298a9/1780920000.0_mean_300.0_v3" "txe93ae28a5444401aabd14-006a2aee88" "proxy-server 20" 0.0005 "-" 23 0
Jun 11 17:21:12 standalone proxy-server[130048]: 172.18.0.2 172.18.0.100 11/Jun/2026/17/21/12 GET /v1/AUTH_e169406919034ddc8a39593c0a9539f0/gnocchi.d7061d5a-e59f-4026-a87d-5679bda298a9/1780920000.0_mean_300.0_v3 HTTP/1.0 404 - python-swiftclient-3.11.1 gAAAAABqKu292LCK... - 70 - txe93ae28a5444401aabd14-006a2aee88 - 0.0080 - - 1781198472.035017252 1781198472.043030739 0
Jun 11 17:21:12 standalone container-server[128139]: 172.20.0.100 - - [11/Jun/2026:17:21:12 +0000] "PUT /d1/518/AUTH_e169406919034ddc8a39593c0a9539f0/gnocchi.d7061d5a-e59f-4026-a87d-5679bda298a9/1780920000.0_mean_300.0_v3" 201 - "PUT http://172.18.0.2:8080/d1/622/AUTH_e169406919034ddc8a39593c0a9539f0/gnocchi.d7061d5a-e59f-4026-a87d-5679bda298a9/1780920000.0_mean_300.0_v3" "txd233c978a26947ef95275-006a2aee88" "object-server 23" 0.0007 "-" 23 0
Jun 11 17:21:12 standalone object-server[128296]: 172.20.0.100 - - [11/Jun/2026:17:21:12 +0000] "PUT /d1/622/AUTH_e169406919034ddc8a39593c0a9539f0/gnocchi.d7061d5a-e59f-4026-a87d-5679bda298a9/1780920000.0_mean_300.0_v3" 201 - "PUT http://172.18.0.2:8080/v1/AUTH_e169406919034ddc8a39593c0a9539f0/gnocchi.d7061d5a-e59f-4026-a87d-5679bda298a9/1780920000.0_mean_300.0_v3" "txd233c978a26947ef95275-006a2aee88" "proxy-server 20" 0.0103 "-" 23 0
Jun 11 17:21:12 standalone proxy-server[130048]: 172.18.0.2 172.18.0.100 11/Jun/2026/17/21/12 PUT /v1/AUTH_e169406919034ddc8a39593c0a9539f0/gnocchi.d7061d5a-e59f-4026-a87d-5679bda298a9/1780920000.0_mean_300.0_v3 HTTP/1.0 201 - python-swiftclient-3.11.1 gAAAAABqKu292LCK... 16 - - txd233c978a26947ef95275-006a2aee88 - 0.0178 - - 1781198472.047048092 1781198472.064879656 0
Jun 11 17:21:12 standalone container-server[128139]: 172.20.0.100 - - [11/Jun/2026:17:21:12 +0000] "PUT /d1/518/AUTH_e169406919034ddc8a39593c0a9539f0/gnocchi.d7061d5a-e59f-4026-a87d-5679bda298a9/none_v3" 201 - "PUT http://172.18.0.2:8080/d1/879/AUTH_e169406919034ddc8a39593c0a9539f0/gnocchi.d7061d5a-e59f-4026-a87d-5679bda298a9/none_v3" "tx2f088a6bb0ae46ed9d45e-006a2aee88" "object-server 25" 0.0006 "-" 23 0
Jun 11 17:21:12 standalone object-server[128300]: 172.20.0.100 - - [11/Jun/2026:17:21:12 +0000] "PUT /d1/879/AUTH_e169406919034ddc8a39593c0a9539f0/gnocchi.d7061d5a-e59f-4026-a87d-5679bda298a9/none_v3" 201 - "PUT http://172.18.0.2:8080/v1/AUTH_e169406919034ddc8a39593c0a9539f0/gnocchi.d7061d5a-e59f-4026-a87d-5679bda298a9/none_v3" "tx2f088a6bb0ae46ed9d45e-006a2aee88" "proxy-server 20" 0.0111 "-" 25 0
Jun 11 17:21:12 standalone proxy-server[130048]: 172.18.0.2 172.18.0.100 11/Jun/2026/17/21/12 PUT /v1/AUTH_e169406919034ddc8a39593c0a9539f0/gnocchi.d7061d5a-e59f-4026-a87d-5679bda298a9/none_v3 HTTP/1.0 201 - python-swiftclient-3.11.1 gAAAAABqKu292LCK... 22 - - tx2f088a6bb0ae46ed9d45e-006a2aee88 - 0.0183 - - 1781198472.068462849 1781198472.086786032 0
Jun 11 17:21:12 standalone container-server[128112]: 172.20.0.100 - - [11/Jun/2026:17:21:12 +0000] "HEAD /d1/664/AUTH_e169406919034ddc8a39593c0a9539f0/gnocchi.d074836a-7345-4048-8ca6-a387b942fd4e" 404 - "HEAD http://172.18.0.2:8080/v1/AUTH_e169406919034ddc8a39593c0a9539f0/gnocchi.d074836a-7345-4048-8ca6-a387b942fd4e?format=json&states=listing" "txf648b6997dcc4f118f715-006a2aee88" "proxy-server 20" 0.0005 "-" 22 0
Jun 11 17:21:12 standalone object-server[128295]: 172.20.0.100 - - [11/Jun/2026:17:21:12 +0000] "GET /d1/271/AUTH_e169406919034ddc8a39593c0a9539f0/gnocchi.d074836a-7345-4048-8ca6-a387b942fd4e/none_v3" 404 70 "GET http://172.18.0.2:8080/v1/AUTH_e169406919034ddc8a39593c0a9539f0/gnocchi.d074836a-7345-4048-8ca6-a387b942fd4e/none_v3" "txf648b6997dcc4f118f715-006a2aee88" "proxy-server 20" 0.0005 "-" 22 0
Jun 11 17:21:12 standalone proxy-server[130048]: 172.18.0.2 172.18.0.100 11/Jun/2026/17/21/12 GET /v1/AUTH_e169406919034ddc8a39593c0a9539f0/gnocchi.d074836a-7345-4048-8ca6-a387b942fd4e/none_v3 HTTP/1.0 404 - python-swiftclient-3.11.1 gAAAAABqKu292LCK... - 70 - txf648b6997dcc4f118f715-006a2aee88 - 0.0138 - - 1781198472.099275351 1781198472.113059998 0
Jun 11 17:21:12 standalone account-server[128003]: 172.20.0.100 - - [11/Jun/2026:17:21:12 +0000] "PUT /d1/246/AUTH_e169406919034ddc8a39593c0a9539f0/gnocchi.d074836a-7345-4048-8ca6-a387b942fd4e" 201 - "PUT http://172.20.0.100:6001/d1/664/AUTH_e169406919034ddc8a39593c0a9539f0/gnocchi.d074836a-7345-4048-8ca6-a387b942fd4e" "txe70819c8a52f4894a6182-006a2aee88" "container-server 22" 0.0064 "-" 16 0
Jun 11 17:21:12 standalone container-server[128112]: 172.20.0.100 - - [11/Jun/2026:17:21:12 +0000] "PUT /d1/664/AUTH_e169406919034ddc8a39593c0a9539f0/gnocchi.d074836a-7345-4048-8ca6-a387b942fd4e" 201 - "PUT http://172.18.0.2:8080/v1/AUTH_e169406919034ddc8a39593c0a9539f0/gnocchi.d074836a-7345-4048-8ca6-a387b942fd4e" "txe70819c8a52f4894a6182-006a2aee88" "proxy-server 20" 0.0195 "-" 22 0
Jun 11 17:21:12 standalone proxy-server[130048]: 172.18.0.2 172.18.0.100 11/Jun/2026/17/21/12 PUT /v1/AUTH_e169406919034ddc8a39593c0a9539f0/gnocchi.d074836a-7345-4048-8ca6-a387b942fd4e HTTP/1.0 201 - python-swiftclient-3.11.1 gAAAAABqKu292LCK... - - - txe70819c8a52f4894a6182-006a2aee88 - 0.0293 - - 1781198472.116427183 1781198472.145774126 0
Jun 11 17:21:12 standalone container-server[128112]: 172.20.0.100 - - [11/Jun/2026:17:21:12 +0000] "HEAD /d1/664/AUTH_e169406919034ddc8a39593c0a9539f0/gnocchi.d074836a-7345-4048-8ca6-a387b942fd4e" 204 - "HEAD http://172.18.0.2:8080/v1/AUTH_e169406919034ddc8a39593c0a9539f0/gnocchi.d074836a-7345-4048-8ca6-a387b942fd4e?format=json&states=listing" "tx0801093ba0bb49e9819a4-006a2aee88" "proxy-server 20" 0.0018 "-" 22 0
Jun 11 17:21:12 standalone proxy-server[130048]: - - 11/Jun/2026/17/21/12 HEAD /v1/AUTH_e169406919034ddc8a39593c0a9539f0/gnocchi.d074836a-7345-4048-8ca6-a387b942fd4e%3Fformat%3Djson%26states%3Dlisting HTTP/1.0 204 - Swift - - - - tx0801093ba0bb49e9819a4-006a2aee88 - 0.0060 RL - 1781198472.151947498 1781198472.157992363 0
Jun 11 17:21:12 standalone container-server[128071]: 172.20.0.100 - - [11/Jun/2026:17:21:12 +0000] "GET /d1/664/AUTH_e169406919034ddc8a39593c0a9539f0/gnocchi.d074836a-7345-4048-8ca6-a387b942fd4e" 200 2 "GET http://172.18.0.2:8080/v1/AUTH_e169406919034ddc8a39593c0a9539f0/gnocchi.d074836a-7345-4048-8ca6-a387b942fd4e?format=json&states=listing" "tx0801093ba0bb49e9819a4-006a2aee88" "proxy-server 20" 0.0035 "-" 21 0
Jun 11 17:21:12 standalone proxy-server[130048]: 172.18.0.2 172.18.0.100 11/Jun/2026/17/21/12 GET /v1/AUTH_e169406919034ddc8a39593c0a9539f0/gnocchi.d074836a-7345-4048-8ca6-a387b942fd4e%3Fformat%3Djson%26states%3Dlisting HTTP/1.0 200 - python-swiftclient-3.11.1 gAAAAABqKu292LCK... - 2 - tx0801093ba0bb49e9819a4-006a2aee88 - 0.0208 - - 1781198472.150452375 1781198472.171259165 0
Jun 11 17:21:12 standalone object-server[128295]: 172.20.0.100 - - [11/Jun/2026:17:21:12 +0000] "GET /d1/156/AUTH_e169406919034ddc8a39593c0a9539f0/gnocchi.d074836a-7345-4048-8ca6-a387b942fd4e/1780920000.0_mean_300.0_v3" 404 70 "GET http://172.18.0.2:8080/v1/AUTH_e169406919034ddc8a39593c0a9539f0/gnocchi.d074836a-7345-4048-8ca6-a387b942fd4e/1780920000.0_mean_300.0_v3" "txa9e84c683d6d4cc5ab0c6-006a2aee88" "proxy-server 20" 0.0005 "-" 22 0
Jun 11 17:21:12 standalone proxy-server[130048]: 172.18.0.2 172.18.0.100 11/Jun/2026/17/21/12 GET /v1/AUTH_e169406919034ddc8a39593c0a9539f0/gnocchi.d074836a-7345-4048-8ca6-a387b942fd4e/1780920000.0_mean_300.0_v3 HTTP/1.0 404 - python-swiftclient-3.11.1 gAAAAABqKu292LCK... - 70 - txa9e84c683d6d4cc5ab0c6-006a2aee88 - 0.0074 - - 1781198472.175608873 1781198472.182988405 0
Jun 11 17:21:12 standalone container-server[128066]: 172.20.0.100 - - [11/Jun/2026:17:21:12 +0000] "PUT /d1/664/AUTH_e169406919034ddc8a39593c0a9539f0/gnocchi.d074836a-7345-4048-8ca6-a387b942fd4e/1780920000.0_mean_300.0_v3" 201 - "PUT http://172.18.0.2:8080/d1/156/AUTH_e169406919034ddc8a39593c0a9539f0/gnocchi.d074836a-7345-4048-8ca6-a387b942fd4e/1780920000.0_mean_300.0_v3" "tx5b8e7e2f8a7c4d7b999a2-006a2aee88" "object-server 24" 0.0009 "-" 20 0
Jun 11 17:21:12 standalone object-server[128299]: 172.20.0.100 - - [11/Jun/2026:17:21:12 +0000] "PUT /d1/156/AUTH_e169406919034ddc8a39593c0a9539f0/gnocchi.d074836a-7345-4048-8ca6-a387b942fd4e/1780920000.0_mean_300.0_v3" 201 - "PUT http://172.18.0.2:8080/v1/AUTH_e169406919034ddc8a39593c0a9539f0/gnocchi.d074836a-7345-4048-8ca6-a387b942fd4e/1780920000.0_mean_300.0_v3" "tx5b8e7e2f8a7c4d7b999a2-006a2aee88" "proxy-server 20" 0.0126 "-" 24 0
Jun 11 17:21:12 standalone proxy-server[130048]: 172.18.0.2 172.18.0.100 11/Jun/2026/17/21/12 PUT /v1/AUTH_e169406919034ddc8a39593c0a9539f0/gnocchi.d074836a-7345-4048-8ca6-a387b942fd4e/1780920000.0_mean_300.0_v3 HTTP/1.0 201 - python-swiftclient-3.11.1 gAAAAABqKu292LCK... 16 - - tx5b8e7e2f8a7c4d7b999a2-006a2aee88 - 0.0206 - - 1781198472.186779976 1781198472.207330704 0
Jun 11 17:21:12 standalone container-server[128139]: 172.20.0.100 - - [11/Jun/2026:17:21:12 +0000] "PUT /d1/664/AUTH_e169406919034ddc8a39593c0a9539f0/gnocchi.d074836a-7345-4048-8ca6-a387b942fd4e/none_v3" 201 - "PUT http://172.18.0.2:8080/d1/271/AUTH_e169406919034ddc8a39593c0a9539f0/gnocchi.d074836a-7345-4048-8ca6-a387b942fd4e/none_v3" "tx2d5cc818e9364cee81981-006a2aee88" "object-server 23" 0.0008 "-" 23 0
Jun 11 17:21:12 standalone object-server[128296]: 172.20.0.100 - - [11/Jun/2026:17:21:12 +0000] "PUT /d1/271/AUTH_e169406919034ddc8a39593c0a9539f0/gnocchi.d074836a-7345-4048-8ca6-a387b942fd4e/none_v3" 201 - "PUT http://172.18.0.2:8080/v1/AUTH_e169406919034ddc8a39593c0a9539f0/gnocchi.d074836a-7345-4048-8ca6-a387b942fd4e/none_v3" "tx2d5cc818e9364cee81981-006a2aee88" "proxy-server 20" 0.0147 "-" 23 0
Jun 11 17:21:12 standalone proxy-server[130048]: 172.18.0.2 172.18.0.100 11/Jun/2026/17/21/12 PUT /v1/AUTH_e169406919034ddc8a39593c0a9539f0/gnocchi.d074836a-7345-4048-8ca6-a387b942fd4e/none_v3 HTTP/1.0 201 - python-swiftclient-3.11.1 gAAAAABqKu292LCK... 22 - - tx2d5cc818e9364cee81981-006a2aee88 - 0.0228 - - 1781198472.211501360 1781198472.234328985 0
Jun 11 17:21:12 standalone container-server[128071]: 172.20.0.100 - - [11/Jun/2026:17:21:12 +0000] "HEAD /d1/963/AUTH_e169406919034ddc8a39593c0a9539f0/gnocchi.d10c20ca-29e0-437c-a171-5177121a9c1f" 404 - "HEAD http://172.18.0.2:8080/v1/AUTH_e169406919034ddc8a39593c0a9539f0/gnocchi.d10c20ca-29e0-437c-a171-5177121a9c1f?format=json&states=listing" "tx27d146cc681b4e739d0fa-006a2aee88" "proxy-server 20" 0.0006 "-" 21 0
Jun 11 17:21:12 standalone object-server[128300]: 172.20.0.100 - - [11/Jun/2026:17:21:12 +0000] "GET /d1/954/AUTH_e169406919034ddc8a39593c0a9539f0/gnocchi.d10c20ca-29e0-437c-a171-5177121a9c1f/none_v3" 404 70 "GET http://172.18.0.2:8080/v1/AUTH_e169406919034ddc8a39593c0a9539f0/gnocchi.d10c20ca-29e0-437c-a171-5177121a9c1f/none_v3" "tx27d146cc681b4e739d0fa-006a2aee88" "proxy-server 20" 0.0004 "-" 25 0
Jun 11 17:21:12 standalone proxy-server[130048]: 172.18.0.2 172.18.0.100 11/Jun/2026/17/21/12 GET /v1/AUTH_e169406919034ddc8a39593c0a9539f0/gnocchi.d10c20ca-29e0-437c-a171-5177121a9c1f/none_v3 HTTP/1.0 404 - python-swiftclient-3.11.1 gAAAAABqKu292LCK... - 70 - tx27d146cc681b4e739d0fa-006a2aee88 - 0.0132 - - 1781198472.247726679 1781198472.260915041 0
Jun 11 17:21:12 standalone account-server[128020]: 172.20.0.100 - - [11/Jun/2026:17:21:12 +0000] "PUT /d1/246/AUTH_e169406919034ddc8a39593c0a9539f0/gnocchi.d10c20ca-29e0-437c-a171-5177121a9c1f" 201 - "PUT http://172.20.0.100:6001/d1/963/AUTH_e169406919034ddc8a39593c0a9539f0/gnocchi.d10c20ca-29e0-437c-a171-5177121a9c1f" "tx0679000597b342249b5b7-006a2aee88" "container-server 23" 0.0065 "-" 17 0
Jun 11 17:21:12 standalone container-server[128139]: 172.20.0.100 - - [11/Jun/2026:17:21:12 +0000] "PUT /d1/963/AUTH_e169406919034ddc8a39593c0a9539f0/gnocchi.d10c20ca-29e0-437c-a171-5177121a9c1f" 201 - "PUT http://172.18.0.2:8080/v1/AUTH_e169406919034ddc8a39593c0a9539f0/gnocchi.d10c20ca-29e0-437c-a171-5177121a9c1f" "tx0679000597b342249b5b7-006a2aee88" "proxy-server 20" 0.0224 "-" 23 0
Jun 11 17:21:12 standalone proxy-server[130048]: 172.18.0.2 172.18.0.100 11/Jun/2026/17/21/12 PUT /v1/AUTH_e169406919034ddc8a39593c0a9539f0/gnocchi.d10c20ca-29e0-437c-a171-5177121a9c1f HTTP/1.0 201 - python-swiftclient-3.11.1 gAAAAABqKu292LCK... - - - tx0679000597b342249b5b7-006a2aee88 - 0.0286 - - 1781198472.264380693 1781198472.292988062 0
Jun 11 17:21:12 standalone container-server[128112]: 172.20.0.100 - - [11/Jun/2026:17:21:12 +0000] "HEAD /d1/963/AUTH_e169406919034ddc8a39593c0a9539f0/gnocchi.d10c20ca-29e0-437c-a171-5177121a9c1f" 204 - "HEAD http://172.18.0.2:8080/v1/AUTH_e169406919034ddc8a39593c0a9539f0/gnocchi.d10c20ca-29e0-437c-a171-5177121a9c1f?format=json&states=listing" "txba5b8475a08945e88e980-006a2aee88" "proxy-server 20" 0.0022 "-" 22 0
Jun 11 17:21:12 standalone proxy-server[130048]: - - 11/Jun/2026/17/21/12 HEAD /v1/AUTH_e169406919034ddc8a39593c0a9539f0/gnocchi.d10c20ca-29e0-437c-a171-5177121a9c1f%3Fformat%3Djson%26states%3Dlisting HTTP/1.0 204 - Swift - - - - txba5b8475a08945e88e980-006a2aee88 - 0.0067 RL - 1781198472.299016476 1781198472.305752993 0
Jun 11 17:21:12 standalone container-server[128066]: 172.20.0.100 - - [11/Jun/2026:17:21:12 +0000] "GET /d1/963/AUTH_e169406919034ddc8a39593c0a9539f0/gnocchi.d10c20ca-29e0-437c-a171-5177121a9c1f" 200 2 "GET http://172.18.0.2:8080/v1/AUTH_e169406919034ddc8a39593c0a9539f0/gnocchi.d10c20ca-29e0-437c-a171-5177121a9c1f?format=json&states=listing" "txba5b8475a08945e88e980-006a2aee88" "proxy-server 20" 0.0035 "-" 20 0
Jun 11 17:21:12 standalone proxy-server[130048]: 172.18.0.2 172.18.0.100 11/Jun/2026/17/21/12 GET /v1/AUTH_e169406919034ddc8a39593c0a9539f0/gnocchi.d10c20ca-29e0-437c-a171-5177121a9c1f%3Fformat%3Djson%26states%3Dlisting HTTP/1.0 200 - python-swiftclient-3.11.1 gAAAAABqKu292LCK... - 2 - txba5b8475a08945e88e980-006a2aee88 - 0.0195 - - 1781198472.297637701 1781198472.317180872 0
Jun 11 17:21:12 standalone object-server[128300]: 172.20.0.100 - - [11/Jun/2026:17:21:12 +0000] "GET /d1/490/AUTH_e169406919034ddc8a39593c0a9539f0/gnocchi.d10c20ca-29e0-437c-a171-5177121a9c1f/1780920000.0_mean_300.0_v3" 404 70 "GET http://172.18.0.2:8080/v1/AUTH_e169406919034ddc8a39593c0a9539f0/gnocchi.d10c20ca-29e0-437c-a171-5177121a9c1f/1780920000.0_mean_300.0_v3" "tx320fe97e2dc84a59b8be4-006a2aee88" "proxy-server 20" 0.0004 "-" 25 0
Jun 11 17:21:12 standalone proxy-server[130048]: 172.18.0.2 172.18.0.100 11/Jun/2026/17/21/12 GET /v1/AUTH_e169406919034ddc8a39593c0a9539f0/gnocchi.d10c20ca-29e0-437c-a171-5177121a9c1f/1780920000.0_mean_300.0_v3 HTTP/1.0 404 - python-swiftclient-3.11.1 gAAAAABqKu292LCK... - 70 - tx320fe97e2dc84a59b8be4-006a2aee88 - 0.0070 - - 1781198472.322057009 1781198472.329065800 0
Jun 11 17:21:12 standalone container-server[128139]: 172.20.0.100 - - [11/Jun/2026:17:21:12 +0000] "PUT /d1/963/AUTH_e169406919034ddc8a39593c0a9539f0/gnocchi.d10c20ca-29e0-437c-a171-5177121a9c1f/1780920000.0_mean_300.0_v3" 201 - "PUT http://172.18.0.2:8080/d1/490/AUTH_e169406919034ddc8a39593c0a9539f0/gnocchi.d10c20ca-29e0-437c-a171-5177121a9c1f/1780920000.0_mean_300.0_v3" "txd04f3f13cbab4774991c6-006a2aee88" "object-server 24" 0.0008 "-" 23 0
Jun 11 17:21:12 standalone object-server[128299]: 172.20.0.100 - - [11/Jun/2026:17:21:12 +0000] "PUT /d1/490/AUTH_e169406919034ddc8a39593c0a9539f0/gnocchi.d10c20ca-29e0-437c-a171-5177121a9c1f/1780920000.0_mean_300.0_v3" 201 - "PUT http://172.18.0.2:8080/v1/AUTH_e169406919034ddc8a39593c0a9539f0/gnocchi.d10c20ca-29e0-437c-a171-5177121a9c1f/1780920000.0_mean_300.0_v3" "txd04f3f13cbab4774991c6-006a2aee88" "proxy-server 20" 0.0111 "-" 24 0
Jun 11 17:21:12 standalone proxy-server[130048]: 172.18.0.2 172.18.0.100 11/Jun/2026/17/21/12 PUT /v1/AUTH_e169406919034ddc8a39593c0a9539f0/gnocchi.d10c20ca-29e0-437c-a171-5177121a9c1f/1780920000.0_mean_300.0_v3 HTTP/1.0 201 - python-swiftclient-3.11.1 gAAAAABqKu292LCK... 16 - - txd04f3f13cbab4774991c6-006a2aee88 - 0.0185 - - 1781198472.333415508 1781198472.351871490 0
Jun 11 17:21:12 standalone container-server[128066]: 172.20.0.100 - - [11/Jun/2026:17:21:12 +0000] "PUT /d1/963/AUTH_e169406919034ddc8a39593c0a9539f0/gnocchi.d10c20ca-29e0-437c-a171-5177121a9c1f/none_v3" 201 - "PUT http://172.18.0.2:8080/d1/954/AUTH_e169406919034ddc8a39593c0a9539f0/gnocchi.d10c20ca-29e0-437c-a171-5177121a9c1f/none_v3" "tx6f85799766cd476e940ff-006a2aee88" "object-server 22" 0.0008 "-" 20 0
Jun 11 17:21:12 standalone object-server[128295]: 172.20.0.100 - - [11/Jun/2026:17:21:12 +0000] "PUT /d1/954/AUTH_e169406919034ddc8a39593c0a9539f0/gnocchi.d10c20ca-29e0-437c-a171-5177121a9c1f/none_v3" 201 - "PUT http://172.18.0.2:8080/v1/AUTH_e169406919034ddc8a39593c0a9539f0/gnocchi.d10c20ca-29e0-437c-a171-5177121a9c1f/none_v3" "tx6f85799766cd476e940ff-006a2aee88" "proxy-server 20" 0.0120 "-" 22 0
Jun 11 17:21:12 standalone proxy-server[130048]: 172.18.0.2 172.18.0.100 11/Jun/2026/17/21/12 PUT /v1/AUTH_e169406919034ddc8a39593c0a9539f0/gnocchi.d10c20ca-29e0-437c-a171-5177121a9c1f/none_v3 HTTP/1.0 201 - python-swiftclient-3.11.1 gAAAAABqKu292LCK... 22 - - tx6f85799766cd476e940ff-006a2aee88 - 0.0199 - - 1781198472.355663538 1781198472.375519276 0
Jun 11 17:21:12 standalone container-server[128112]: 172.20.0.100 - - [11/Jun/2026:17:21:12 +0000] "HEAD /d1/878/AUTH_e169406919034ddc8a39593c0a9539f0/gnocchi.2c10e2e3-efaf-47df-81ab-7593de6bbd2b" 404 - "HEAD http://172.18.0.2:8080/v1/AUTH_e169406919034ddc8a39593c0a9539f0/gnocchi.2c10e2e3-efaf-47df-81ab-7593de6bbd2b?format=json&states=listing" "txadf2995fa7b84454bf024-006a2aee88" "proxy-server 20" 0.0005 "-" 22 0
Jun 11 17:21:12 standalone object-server[128300]: 172.20.0.100 - - [11/Jun/2026:17:21:12 +0000] "GET /d1/466/AUTH_e169406919034ddc8a39593c0a9539f0/gnocchi.2c10e2e3-efaf-47df-81ab-7593de6bbd2b/none_v3" 404 70 "GET http://172.18.0.2:8080/v1/AUTH_e169406919034ddc8a39593c0a9539f0/gnocchi.2c10e2e3-efaf-47df-81ab-7593de6bbd2b/none_v3" "txadf2995fa7b84454bf024-006a2aee88" "proxy-server 20" 0.0004 "-" 25 0
Jun 11 17:21:12 standalone proxy-server[130048]: 172.18.0.2 172.18.0.100 11/Jun/2026/17/21/12 GET /v1/AUTH_e169406919034ddc8a39593c0a9539f0/gnocchi.2c10e2e3-efaf-47df-81ab-7593de6bbd2b/none_v3 HTTP/1.0 404 - python-swiftclient-3.11.1 gAAAAABqKu292LCK... - 70 - txadf2995fa7b84454bf024-006a2aee88 - 0.0176 - - 1781198472.387310505 1781198472.404919147 0
Jun 11 17:21:12 standalone account-server[128002]: 172.20.0.100 - - [11/Jun/2026:17:21:12 +0000] "PUT /d1/246/AUTH_e169406919034ddc8a39593c0a9539f0/gnocchi.2c10e2e3-efaf-47df-81ab-7593de6bbd2b" 201 - "PUT http://172.20.0.100:6001/d1/878/AUTH_e169406919034ddc8a39593c0a9539f0/gnocchi.2c10e2e3-efaf-47df-81ab-7593de6bbd2b" "tx63dda423ef0e418389093-006a2aee88" "container-server 20" 0.0074 "-" 15 0
Jun 11 17:21:12 standalone container-server[128066]: 172.20.0.100 - - [11/Jun/2026:17:21:12 +0000] "PUT /d1/878/AUTH_e169406919034ddc8a39593c0a9539f0/gnocchi.2c10e2e3-efaf-47df-81ab-7593de6bbd2b" 201 - "PUT http://172.18.0.2:8080/v1/AUTH_e169406919034ddc8a39593c0a9539f0/gnocchi.2c10e2e3-efaf-47df-81ab-7593de6bbd2b" "tx63dda423ef0e418389093-006a2aee88" "proxy-server 20" 0.0205 "-" 20 0
Jun 11 17:21:12 standalone proxy-server[130048]: 172.18.0.2 172.18.0.100 11/Jun/2026/17/21/12 PUT /v1/AUTH_e169406919034ddc8a39593c0a9539f0/gnocchi.2c10e2e3-efaf-47df-81ab-7593de6bbd2b HTTP/1.0 201 - python-swiftclient-3.11.1 gAAAAABqKu292LCK... - - - tx63dda423ef0e418389093-006a2aee88 - 0.0279 - - 1781198472.410606146 1781198472.438555956 0
Jun 11 17:21:12 standalone container-server[128139]: 172.20.0.100 - - [11/Jun/2026:17:21:12 +0000] "HEAD /d1/878/AUTH_e169406919034ddc8a39593c0a9539f0/gnocchi.2c10e2e3-efaf-47df-81ab-7593de6bbd2b" 204 - "HEAD http://172.18.0.2:8080/v1/AUTH_e169406919034ddc8a39593c0a9539f0/gnocchi.2c10e2e3-efaf-47df-81ab-7593de6bbd2b?format=json&states=listing" "tx8baeeaa948e0436c8f2a6-006a2aee88" "proxy-server 20" 0.0020 "-" 23 0
Jun 11 17:21:12 standalone proxy-server[130048]: - - 11/Jun/2026/17/21/12 HEAD /v1/AUTH_e169406919034ddc8a39593c0a9539f0/gnocchi.2c10e2e3-efaf-47df-81ab-7593de6bbd2b%3Fformat%3Djson%26states%3Dlisting HTTP/1.0 204 - Swift - - - - tx8baeeaa948e0436c8f2a6-006a2aee88 - 0.0103 RL - 1781198472.446726322 1781198472.456992626 0
Jun 11 17:21:12 standalone container-server[128066]: 172.20.0.100 - - [11/Jun/2026:17:21:12 +0000] "GET /d1/878/AUTH_e169406919034ddc8a39593c0a9539f0/gnocchi.2c10e2e3-efaf-47df-81ab-7593de6bbd2b" 200 2 "GET http://172.18.0.2:8080/v1/AUTH_e169406919034ddc8a39593c0a9539f0/gnocchi.2c10e2e3-efaf-47df-81ab-7593de6bbd2b?format=json&states=listing" "tx8baeeaa948e0436c8f2a6-006a2aee88" "proxy-server 20" 0.0031 "-" 20 0
Jun 11 17:21:12 standalone proxy-server[130048]: 172.18.0.2 172.18.0.100 11/Jun/2026/17/21/12 GET /v1/AUTH_e169406919034ddc8a39593c0a9539f0/gnocchi.2c10e2e3-efaf-47df-81ab-7593de6bbd2b%3Fformat%3Djson%26states%3Dlisting HTTP/1.0 200 - python-swiftclient-3.11.1 gAAAAABqKu292LCK... - 2 - tx8baeeaa948e0436c8f2a6-006a2aee88 - 0.0253 - - 1781198472.444523335 1781198472.469784498 0
Jun 11 17:21:12 standalone object-server[128300]: 172.20.0.100 - - [11/Jun/2026:17:21:12 +0000] "GET /d1/207/AUTH_e169406919034ddc8a39593c0a9539f0/gnocchi.2c10e2e3-efaf-47df-81ab-7593de6bbd2b/1780920000.0_mean_300.0_v3" 404 70 "GET http://172.18.0.2:8080/v1/AUTH_e169406919034ddc8a39593c0a9539f0/gnocchi.2c10e2e3-efaf-47df-81ab-7593de6bbd2b/1780920000.0_mean_300.0_v3" "txe71928cf7ba044c1ad412-006a2aee88" "proxy-server 20" 0.0004 "-" 25 0
Jun 11 17:21:12 standalone proxy-server[130048]: 172.18.0.2 172.18.0.100 11/Jun/2026/17/21/12 GET /v1/AUTH_e169406919034ddc8a39593c0a9539f0/gnocchi.2c10e2e3-efaf-47df-81ab-7593de6bbd2b/1780920000.0_mean_300.0_v3 HTTP/1.0 404 - python-swiftclient-3.11.1 gAAAAABqKu292LCK... - 70 - txe71928cf7ba044c1ad412-006a2aee88 - 0.0074 - - 1781198472.475105762 1781198472.482553244 0
Jun 11 17:21:12 standalone container-server[128066]: 172.20.0.100 - - [11/Jun/2026:17:21:12 +0000] "PUT /d1/878/AUTH_e169406919034ddc8a39593c0a9539f0/gnocchi.2c10e2e3-efaf-47df-81ab-7593de6bbd2b/1780920000.0_mean_300.0_v3" 201 - "PUT http://172.18.0.2:8080/d1/207/AUTH_e169406919034ddc8a39593c0a9539f0/gnocchi.2c10e2e3-efaf-47df-81ab-7593de6bbd2b/1780920000.0_mean_300.0_v3" "tx9ba708cbd7d24a3993421-006a2aee88" "object-server 24" 0.0007 "-" 20 0
Jun 11 17:21:12 standalone object-server[128299]: 172.20.0.100 - - [11/Jun/2026:17:21:12 +0000] "PUT /d1/207/AUTH_e169406919034ddc8a39593c0a9539f0/gnocchi.2c10e2e3-efaf-47df-81ab-7593de6bbd2b/1780920000.0_mean_300.0_v3" 201 - "PUT http://172.18.0.2:8080/v1/AUTH_e169406919034ddc8a39593c0a9539f0/gnocchi.2c10e2e3-efaf-47df-81ab-7593de6bbd2b/1780920000.0_mean_300.0_v3" "tx9ba708cbd7d24a3993421-006a2aee88" "proxy-server 20" 0.0110 "-" 24 0
Jun 11 17:21:12 standalone proxy-server[130048]: 172.18.0.2 172.18.0.100 11/Jun/2026/17/21/12 PUT /v1/AUTH_e169406919034ddc8a39593c0a9539f0/gnocchi.2c10e2e3-efaf-47df-81ab-7593de6bbd2b/1780920000.0_mean_300.0_v3 HTTP/1.0 201 - python-swiftclient-3.11.1 gAAAAABqKu292LCK... 16 - - tx9ba708cbd7d24a3993421-006a2aee88 - 0.0189 - - 1781198472.486351013 1781198472.505201340 0
Jun 11 17:21:12 standalone container-server[128071]: 172.20.0.100 - - [11/Jun/2026:17:21:12 +0000] "PUT /d1/878/AUTH_e169406919034ddc8a39593c0a9539f0/gnocchi.2c10e2e3-efaf-47df-81ab-7593de6bbd2b/none_v3" 201 - "PUT http://172.18.0.2:8080/d1/466/AUTH_e169406919034ddc8a39593c0a9539f0/gnocchi.2c10e2e3-efaf-47df-81ab-7593de6bbd2b/none_v3" "txf5cab15411184bfc8b3e1-006a2aee88" "object-server 25" 0.0008 "-" 21 0
Jun 11 17:21:12 standalone object-server[128300]: 172.20.0.100 - - [11/Jun/2026:17:21:12 +0000] "PUT /d1/466/AUTH_e169406919034ddc8a39593c0a9539f0/gnocchi.2c10e2e3-efaf-47df-81ab-7593de6bbd2b/none_v3" 201 - "PUT http://172.18.0.2:8080/v1/AUTH_e169406919034ddc8a39593c0a9539f0/gnocchi.2c10e2e3-efaf-47df-81ab-7593de6bbd2b/none_v3" "txf5cab15411184bfc8b3e1-006a2aee88" "proxy-server 20" 0.0121 "-" 25 0
Jun 11 17:21:12 standalone proxy-server[130048]: 172.18.0.2 172.18.0.100 11/Jun/2026/17/21/12 PUT /v1/AUTH_e169406919034ddc8a39593c0a9539f0/gnocchi.2c10e2e3-efaf-47df-81ab-7593de6bbd2b/none_v3 HTTP/1.0 201 - python-swiftclient-3.11.1 gAAAAABqKu292LCK... 22 - - txf5cab15411184bfc8b3e1-006a2aee88 - 0.0212 - - 1781198472.508709908 1781198472.529861927 0
Jun 11 17:21:12 standalone container-server[128066]: 172.20.0.100 - - [11/Jun/2026:17:21:12 +0000] "HEAD /d1/705/AUTH_e169406919034ddc8a39593c0a9539f0/gnocchi.14727c18-e241-4c45-9b58-5ae8dc1bd4b1" 404 - "HEAD http://172.18.0.2:8080/v1/AUTH_e169406919034ddc8a39593c0a9539f0/gnocchi.14727c18-e241-4c45-9b58-5ae8dc1bd4b1?format=json&states=listing" "tx3127303ef3b94104a5dd5-006a2aee88" "proxy-server 20" 0.0005 "-" 20 0
Jun 11 17:21:12 standalone object-server[128299]: 172.20.0.100 - - [11/Jun/2026:17:21:12 +0000] "GET /d1/136/AUTH_e169406919034ddc8a39593c0a9539f0/gnocchi.14727c18-e241-4c45-9b58-5ae8dc1bd4b1/none_v3" 404 70 "GET http://172.18.0.2:8080/v1/AUTH_e169406919034ddc8a39593c0a9539f0/gnocchi.14727c18-e241-4c45-9b58-5ae8dc1bd4b1/none_v3" "tx3127303ef3b94104a5dd5-006a2aee88" "proxy-server 20" 0.0005 "-" 24 0
Jun 11 17:21:12 standalone proxy-server[130048]: 172.18.0.2 172.18.0.100 11/Jun/2026/17/21/12 GET /v1/AUTH_e169406919034ddc8a39593c0a9539f0/gnocchi.14727c18-e241-4c45-9b58-5ae8dc1bd4b1/none_v3 HTTP/1.0 404 - python-swiftclient-3.11.1 gAAAAABqKu292LCK... - 70 - tx3127303ef3b94104a5dd5-006a2aee88 - 0.0138 - - 1781198472.543240547 1781198472.557032347 0
Jun 11 17:21:12 standalone account-server[128020]: 172.20.0.100 - - [11/Jun/2026:17:21:12 +0000] "PUT /d1/246/AUTH_e169406919034ddc8a39593c0a9539f0/gnocchi.14727c18-e241-4c45-9b58-5ae8dc1bd4b1" 201 - "PUT http://172.20.0.100:6001/d1/705/AUTH_e169406919034ddc8a39593c0a9539f0/gnocchi.14727c18-e241-4c45-9b58-5ae8dc1bd4b1" "tx853550c40e144387b08b6-006a2aee88" "container-server 23" 0.0066 "-" 17 0
Jun 11 17:21:12 standalone container-server[128139]: 172.20.0.100 - - [11/Jun/2026:17:21:12 +0000] "PUT /d1/705/AUTH_e169406919034ddc8a39593c0a9539f0/gnocchi.14727c18-e241-4c45-9b58-5ae8dc1bd4b1" 201 - "PUT http://172.18.0.2:8080/v1/AUTH_e169406919034ddc8a39593c0a9539f0/gnocchi.14727c18-e241-4c45-9b58-5ae8dc1bd4b1" "tx853550c40e144387b08b6-006a2aee88" "proxy-server 20" 0.0224 "-" 23 0
Jun 11 17:21:12 standalone proxy-server[130048]: 172.18.0.2 172.18.0.100 11/Jun/2026/17/21/12 PUT /v1/AUTH_e169406919034ddc8a39593c0a9539f0/gnocchi.14727c18-e241-4c45-9b58-5ae8dc1bd4b1 HTTP/1.0 201 - python-swiftclient-3.11.1 gAAAAABqKu292LCK... - - - tx853550c40e144387b08b6-006a2aee88 - 0.0288 - - 1781198472.560569763 1781198472.589338541 0
Jun 11 17:21:12 standalone container-server[128112]: 172.20.0.100 - - [11/Jun/2026:17:21:12 +0000] "HEAD /d1/705/AUTH_e169406919034ddc8a39593c0a9539f0/gnocchi.14727c18-e241-4c45-9b58-5ae8dc1bd4b1" 204 - "HEAD http://172.18.0.2:8080/v1/AUTH_e169406919034ddc8a39593c0a9539f0/gnocchi.14727c18-e241-4c45-9b58-5ae8dc1bd4b1?format=json&states=listing" "tx1aa10db0293a4d709caf7-006a2aee88" "proxy-server 20" 0.0022 "-" 22 0
Jun 11 17:21:12 standalone proxy-server[130048]: - - 11/Jun/2026/17/21/12 HEAD /v1/AUTH_e169406919034ddc8a39593c0a9539f0/gnocchi.14727c18-e241-4c45-9b58-5ae8dc1bd4b1%3Fformat%3Djson%26states%3Dlisting HTTP/1.0 204 - Swift - - - - tx1aa10db0293a4d709caf7-006a2aee88 - 0.0068 RL - 1781198472.595148563 1781198472.601991653 0
Jun 11 17:21:12 standalone container-server[128139]: 172.20.0.100 - - [11/Jun/2026:17:21:12 +0000] "GET /d1/705/AUTH_e169406919034ddc8a39593c0a9539f0/gnocchi.14727c18-e241-4c45-9b58-5ae8dc1bd4b1" 200 2 "GET http://172.18.0.2:8080/v1/AUTH_e169406919034ddc8a39593c0a9539f0/gnocchi.14727c18-e241-4c45-9b58-5ae8dc1bd4b1?format=json&states=listing" "tx1aa10db0293a4d709caf7-006a2aee88" "proxy-server 20" 0.0035 "-" 23 0
Jun 11 17:21:12 standalone proxy-server[130048]: 172.18.0.2 172.18.0.100 11/Jun/2026/17/21/12 GET /v1/AUTH_e169406919034ddc8a39593c0a9539f0/gnocchi.14727c18-e241-4c45-9b58-5ae8dc1bd4b1%3Fformat%3Djson%26states%3Dlisting HTTP/1.0 200 - python-swiftclient-3.11.1 gAAAAABqKu292LCK... - 2 - tx1aa10db0293a4d709caf7-006a2aee88 - 0.0208 - - 1781198472.593457699 1781198472.614255190 0
Jun 11 17:21:12 standalone object-server[128296]: 172.20.0.100 - - [11/Jun/2026:17:21:12 +0000] "GET /d1/676/AUTH_e169406919034ddc8a39593c0a9539f0/gnocchi.14727c18-e241-4c45-9b58-5ae8dc1bd4b1/1780920000.0_mean_300.0_v3" 404 70 "GET http://172.18.0.2:8080/v1/AUTH_e169406919034ddc8a39593c0a9539f0/gnocchi.14727c18-e241-4c45-9b58-5ae8dc1bd4b1/1780920000.0_mean_300.0_v3" "txb977edf57a714568b5dda-006a2aee88" "proxy-server 20" 0.0005 "-" 23 0
Jun 11 17:21:12 standalone proxy-server[130048]: 172.18.0.2 172.18.0.100 11/Jun/2026/17/21/12 GET /v1/AUTH_e169406919034ddc8a39593c0a9539f0/gnocchi.14727c18-e241-4c45-9b58-5ae8dc1bd4b1/1780920000.0_mean_300.0_v3 HTTP/1.0 404 - python-swiftclient-3.11.1 gAAAAABqKu292LCK... - 70 - txb977edf57a714568b5dda-006a2aee88 - 0.0076 - - 1781198472.618828773 1781198472.626416445 0
